CRAN Package Check Results for Package RPPASPACE

Last updated on 2022-01-22 18:51:06 CET.

Flavor Version Tinstall Tcheck Ttotal Status Flags
r-devel-linux-x86_64-debian-clang 1.0.8 23.28 179.14 202.42 OK
r-devel-linux-x86_64-debian-gcc 1.0.8 20.95 130.62 151.57 OK
r-devel-linux-x86_64-fedora-clang 1.0.8 242.54 NOTE
r-devel-linux-x86_64-fedora-gcc 1.0.8 227.93 NOTE
r-devel-windows-x86_64-new-UL 1.0.8 115.00 207.00 322.00 OK
r-devel-windows-x86_64-new-TK 1.0.8 NOTE
r-patched-linux-x86_64 1.0.8 20.93 169.88 190.81 OK
r-release-linux-x86_64 1.0.8 16.58 166.25 182.83 OK
r-release-macos-arm64 1.0.8 NOTE
r-release-macos-x86_64 1.0.8 NOTE
r-release-windows-ix86+x86_64 1.0.8 49.00 192.00 241.00 OK
r-oldrel-macos-x86_64 1.0.8 NOTE
r-oldrel-windows-ix86+x86_64 1.0.8 50.00 195.00 245.00 OK

Check Details

Version: 1.0.8
Check: dependencies in R code
Result: NOTE
    Namespaces in Imports field not imported from:
     ‘SparseM’ ‘nlme’ ‘timeDate’
     All declared Imports should be used.
Flavors: r-devel-linux-x86_64-fedora-clang, r-devel-linux-x86_64-fedora-gcc, r-devel-windows-x86_64-new-TK, r-release-macos-arm64, r-release-macos-x86_64, r-oldrel-macos-x86_64