CRAN Package Check Results for Package RPPanalyzer

Last updated on 2016-12-08 02:48:42.

Flavor Version Tinstall Tcheck Ttotal Status Flags
r-devel-linux-x86_64-debian-clang 1.4.3 6.91 135.88 142.79 OK
r-devel-linux-x86_64-debian-gcc 1.4.3 5.34 135.08 140.42 OK
r-devel-linux-x86_64-fedora-clang 1.4.3 293.87 NOTE --no-stop-on-test-error
r-devel-linux-x86_64-fedora-gcc 1.4.3 282.41 NOTE --no-stop-on-test-error
r-devel-macos-x86_64-clang 1.4.3 197.39 NOTE --no-stop-on-test-error
r-devel-windows-ix86+x86_64 1.4.3 18.00 202.00 220.00 NOTE
r-patched-linux-x86_64 1.4.3 5.15 123.99 129.14 OK
r-patched-solaris-sparc 1.4.3 1473.70 NOTE
r-patched-solaris-x86 1.4.3 287.10 NOTE
r-release-linux-x86_64 1.4.3 5.39 123.63 129.01 OK
r-release-osx-x86_64-mavericks 1.4.3 NOTE
r-release-windows-ix86+x86_64 1.4.3 17.00 182.00 199.00 NOTE
r-oldrel-windows-ix86+x86_64 1.4.3 27.00 201.00 228.00 NOTE

Check Details

Version: 1.4.3
Flags: --no-stop-on-test-error
Check: installed package size
Result: NOTE
     installed size is 5.4Mb
     sub-directories of 1Mb or more:
     extdata 4.5Mb
Flavors: r-devel-linux-x86_64-fedora-clang, r-devel-linux-x86_64-fedora-gcc, r-devel-macos-x86_64-clang

Version: 1.4.3
Check: installed package size
Result: NOTE
     installed size is 5.3Mb
     sub-directories of 1Mb or more:
     extdata 4.5Mb
Flavors: r-devel-windows-ix86+x86_64, r-patched-solaris-sparc, r-patched-solaris-x86, r-release-osx-x86_64-mavericks, r-release-windows-ix86+x86_64, r-oldrel-windows-ix86+x86_64