CRAN Package Check Results for Package RPPanalyzer

Last updated on 2020-08-10 03:48:36 CEST.

Flavor Version Tinstall Tcheck Ttotal Status Flags
r-devel-linux-x86_64-debian-clang 1.4.6 21.85 142.35 164.20 OK
r-devel-linux-x86_64-debian-gcc 1.4.6 16.49 108.34 124.83 OK
r-devel-linux-x86_64-fedora-clang 1.4.6 197.68 NOTE
r-devel-linux-x86_64-fedora-gcc 1.4.6 187.18 OK
r-devel-windows-ix86+x86_64 1.4.6 58.00 214.00 272.00 NOTE
r-patched-linux-x86_64 1.4.6 12.66 139.99 152.65 OK
r-patched-solaris-x86 1.4.6 269.10 NOTE
r-release-linux-x86_64 1.4.6 15.83 138.30 154.13 OK
r-release-macos-x86_64 1.4.6 NOTE
r-release-windows-ix86+x86_64 1.4.6 54.00 230.00 284.00 NOTE
r-oldrel-macos-x86_64 1.4.6 NOTE
r-oldrel-windows-ix86+x86_64 1.4.6 32.00 140.00 172.00 NOTE

Check Details

Version: 1.4.6
Check: installed package size
Result: NOTE
     installed size is 5.4Mb
     sub-directories of 1Mb or more:
     extdata 4.5Mb
Flavors: r-devel-linux-x86_64-fedora-clang, r-devel-windows-ix86+x86_64, r-patched-solaris-x86, r-release-macos-x86_64, r-release-windows-ix86+x86_64, r-oldrel-macos-x86_64, r-oldrel-windows-ix86+x86_64