CRAN Package Check Results for Package RPPanalyzer

Last updated on 2018-05-21 04:49:24 CEST.

Flavor Version Tinstall Tcheck Ttotal Status Flags
r-devel-linux-x86_64-debian-clang 1.4.5 10.28 159.60 169.88 OK
r-devel-linux-x86_64-debian-gcc 1.4.5 11.79 142.11 153.90 OK
r-devel-linux-x86_64-fedora-clang 1.4.5 242.92 NOTE
r-devel-linux-x86_64-fedora-gcc 1.4.5 243.95 NOTE
r-devel-windows-ix86+x86_64 1.4.5 21.00 203.00 224.00 NOTE
r-patched-linux-x86_64 1.4.5 11.63 169.45 181.08 OK
r-patched-solaris-x86 1.4.5 303.50 NOTE
r-release-linux-x86_64 1.4.5 9.08 167.17 176.25 OK
r-release-windows-ix86+x86_64 1.4.5 16.00 182.00 198.00 NOTE
r-release-osx-x86_64 1.4.5 NOTE
r-oldrel-windows-ix86+x86_64 1.4.5 17.00 194.00 211.00 NOTE
r-oldrel-osx-x86_64 1.4.5 NOTE

Check Details

Version: 1.4.5
Check: installed package size
Result: NOTE
     installed size is 5.5Mb
     sub-directories of 1Mb or more:
     extdata 4.5Mb
Flavors: r-devel-linux-x86_64-fedora-clang, r-devel-linux-x86_64-fedora-gcc, r-devel-windows-ix86+x86_64, r-patched-solaris-x86, r-release-windows-ix86+x86_64, r-release-osx-x86_64, r-oldrel-windows-ix86+x86_64, r-oldrel-osx-x86_64