CRAN Package Check Results for Package RPPanalyzer

Last updated on 2014-04-23 20:47:21.

Flavor Version Tinstall Tcheck Ttotal Status Flags
r-devel-linux-x86_64-debian-clang 1.2.2 5.38 63.64 69.03 NOTE
r-devel-linux-x86_64-debian-gcc 1.2.2 5.39 63.36 68.74 NOTE
r-devel-linux-x86_64-fedora-clang 1.2.2 140.20 NOTE
r-devel-linux-x86_64-fedora-gcc 1.2.2 132.11 NOTE
r-devel-osx-x86_64-clang 1.2.2 137.27 NOTE
r-devel-osx-x86_64-gcc 1.2.2 ERROR
r-devel-windows-ix86+x86_64 1.2.2 16.00 137.00 153.00 NOTE
r-patched-linux-x86_64 1.2.2 5.47 63.58 69.04 NOTE
r-patched-solaris-sparc 1.2.2 751.40 NOTE
r-patched-solaris-x86 1.2.2 171.40 NOTE
r-release-linux-ix86 1.2.2 8.00 106.00 114.00 NOTE
r-release-linux-x86_64 1.2.2 5.55 64.06 69.61 NOTE
r-release-osx-x86_64-mavericks 1.2.2 ERROR
r-release-osx-x86_64-snowleopard 1.2.2 ERROR
r-release-windows-ix86+x86_64 1.2.2 16.00 96.00 112.00 NOTE
r-oldrel-windows-ix86+x86_64 1.2.2 17.00 100.00 117.00 NOTE

Check Details

Version: 1.2.2
Check: installed package size
Result: NOTE
     installed size is 5.5Mb
     sub-directories of 1Mb or more:
     extdata 4.6Mb
Flavors: r-devel-linux-x86_64-debian-clang, r-devel-linux-x86_64-debian-gcc, r-devel-linux-x86_64-fedora-clang, r-devel-linux-x86_64-fedora-gcc, r-devel-osx-x86_64-clang, r-devel-windows-ix86+x86_64, r-patched-linux-x86_64, r-patched-solaris-sparc, r-patched-solaris-x86, r-release-linux-ix86, r-release-linux-x86_64, r-release-windows-ix86+x86_64, r-oldrel-windows-ix86+x86_64

Version: 1.2.2
Check: package dependencies
Result: ERROR
    Packages required but not available:
     ‘quantreg’ ‘limma’ ‘ggplot2’ ‘Hmisc’ ‘Biobase’
    
    See the information on DESCRIPTION files in the chapter ‘Creating R
    packages’ of the ‘Writing R Extensions’ manual.
Flavor: r-devel-osx-x86_64-gcc

Version: 1.2.2
Check: package dependencies
Result: ERROR
    Packages required but not available: ‘limma’ ‘Biobase’
    
    See the information on DESCRIPTION files in the chapter ‘Creating R
    packages’ of the ‘Writing R Extensions’ manual.
Flavors: r-release-osx-x86_64-mavericks, r-release-osx-x86_64-snowleopard