CRAN Package Check Results for Package RPPanalyzer

Last updated on 2016-06-28 10:47:32.

Flavor Version Tinstall Tcheck Ttotal Status Flags
r-devel-linux-x86_64-debian-gcc 1.4.3 5.12 124.06 129.18 NOTE
r-devel-linux-x86_64-fedora-clang 1.4.3 236.58 NOTE
r-devel-linux-x86_64-fedora-gcc 1.4.3 228.32 NOTE
r-devel-osx-x86_64-clang 1.4.3 185.75 NOTE
r-devel-windows-ix86+x86_64 1.4.3 26.00 203.00 229.00 NOTE
r-patched-linux-x86_64 1.4.3 5.30 115.44 120.74 NOTE
r-patched-solaris-sparc 1.4.3 1416.90 NOTE
r-patched-solaris-x86 1.4.3 280.20 NOTE
r-release-linux-x86_64 1.4.3 5.37 114.73 120.10 NOTE
r-release-osx-x86_64-mavericks 1.4.3 NOTE
r-release-windows-ix86+x86_64 1.4.3 20.00 257.00 277.00 NOTE
r-oldrel-windows-ix86+x86_64 1.4.3 25.00 206.00 231.00 NOTE

Check Details

Version: 1.4.3
Check: installed package size
Result: NOTE
     installed size is 5.4Mb
     sub-directories of 1Mb or more:
     extdata 4.5Mb
Flavors: r-devel-linux-x86_64-debian-gcc, r-devel-linux-x86_64-fedora-clang, r-devel-linux-x86_64-fedora-gcc, r-devel-osx-x86_64-clang, r-devel-windows-ix86+x86_64, r-patched-linux-x86_64, r-patched-solaris-sparc, r-patched-solaris-x86, r-release-linux-x86_64, r-release-osx-x86_64-mavericks, r-release-windows-ix86+x86_64, r-oldrel-windows-ix86+x86_64