CRAN Package Check Results for Package RPPanalyzer

Last updated on 2017-02-26 10:48:21.

Flavor Version Tinstall Tcheck Ttotal Status Flags
r-devel-linux-x86_64-debian-clang 1.4.3 5.38 124.99 130.37 OK
r-devel-linux-x86_64-debian-gcc 1.4.3 5.60 122.97 128.57 OK
r-devel-linux-x86_64-fedora-clang 1.4.3 273.07 NOTE --no-stop-on-test-error
r-devel-linux-x86_64-fedora-gcc 1.4.3 274.56 NOTE --no-stop-on-test-error
r-devel-macos-x86_64-clang 1.4.3 196.96 NOTE --no-stop-on-test-error
r-devel-windows-ix86+x86_64 1.4.3 27.00 286.00 313.00 NOTE
r-patched-linux-x86_64 1.4.3 5.52 112.08 117.60 OK
r-patched-solaris-sparc 1.4.3 1471.10 NOTE
r-patched-solaris-x86 1.4.3 267.40 NOTE
r-release-linux-x86_64 1.4.3 5.45 119.62 125.06 OK
r-release-osx-x86_64-mavericks 1.4.3 NOTE
r-release-windows-ix86+x86_64 1.4.3 23.00 191.00 214.00 NOTE
r-oldrel-windows-ix86+x86_64 1.4.3 26.00 278.00 304.00 NOTE

Check Details

Version: 1.4.3
Flags: --no-stop-on-test-error
Check: installed package size
Result: NOTE
     installed size is 5.4Mb
     sub-directories of 1Mb or more:
     extdata 4.5Mb
Flavors: r-devel-linux-x86_64-fedora-clang, r-devel-linux-x86_64-fedora-gcc, r-devel-macos-x86_64-clang

Version: 1.4.3
Check: installed package size
Result: NOTE
     installed size is 5.3Mb
     sub-directories of 1Mb or more:
     extdata 4.5Mb
Flavors: r-devel-windows-ix86+x86_64, r-patched-solaris-sparc, r-patched-solaris-x86, r-release-osx-x86_64-mavericks, r-release-windows-ix86+x86_64, r-oldrel-windows-ix86+x86_64