CRAN Package Check Results for Package RPPanalyzer

Last updated on 2016-09-29 12:48:05.

Flavor Version Tinstall Tcheck Ttotal Status Flags
r-devel-linux-x86_64-debian-clang 1.4.3 5.34 123.71 129.05 NOTE
r-devel-linux-x86_64-debian-gcc 1.4.3 5.24 124.27 129.51 NOTE
r-devel-linux-x86_64-fedora-clang 1.4.3 248.35 NOTE
r-devel-linux-x86_64-fedora-gcc 1.4.3 238.16 NOTE
r-devel-macos-x86_64-clang 1.4.3 172.62 NOTE
r-devel-windows-ix86+x86_64 1.4.3 25.00 259.00 284.00 NOTE
r-patched-linux-x86_64 1.4.3 5.47 124.18 129.65 NOTE
r-patched-solaris-sparc 1.4.3 1416.90 NOTE
r-patched-solaris-x86 1.4.3 275.10 NOTE
r-release-linux-x86_64 1.4.3 5.26 127.23 132.49 NOTE
r-release-osx-x86_64-mavericks 1.4.3 NOTE
r-release-windows-ix86+x86_64 1.4.3 25.00 253.00 278.00 NOTE
r-oldrel-windows-ix86+x86_64 1.4.3 24.00 260.00 284.00 NOTE

Check Details

Version: 1.4.3
Check: installed package size
Result: NOTE
     installed size is 5.4Mb
     sub-directories of 1Mb or more:
     extdata 4.5Mb
Flavors: r-devel-linux-x86_64-debian-clang, r-devel-linux-x86_64-debian-gcc, r-devel-linux-x86_64-fedora-clang, r-devel-linux-x86_64-fedora-gcc, r-devel-macos-x86_64-clang, r-devel-windows-ix86+x86_64, r-patched-linux-x86_64, r-patched-solaris-sparc, r-patched-solaris-x86, r-release-linux-x86_64, r-release-osx-x86_64-mavericks, r-release-windows-ix86+x86_64, r-oldrel-windows-ix86+x86_64