CRAN Package Check Results for Package RPPanalyzer

Last updated on 2017-05-26 03:48:44.

Flavor Version Tinstall Tcheck Ttotal Status Flags
r-devel-linux-x86_64-debian-clang 1.4.3 5.31 125.41 130.72 OK
r-devel-linux-x86_64-debian-gcc 1.4.3 5.23 126.12 131.35 OK
r-devel-linux-x86_64-fedora-clang 1.4.3 277.25 NOTE --no-stop-on-test-error
r-devel-linux-x86_64-fedora-gcc 1.4.3 273.75 NOTE --no-stop-on-test-error
r-devel-windows-ix86+x86_64 1.4.3 17.00 220.00 237.00 NOTE
r-patched-linux-x86_64 1.4.3 5.51 127.17 132.68 OK
r-patched-solaris-sparc 1.4.3 1598.80 NOTE
r-patched-solaris-x86 1.4.3 325.20 NOTE
r-release-linux-x86_64 1.4.3 5.26 128.54 133.80 OK
r-release-windows-ix86+x86_64 1.4.3 20.00 325.00 345.00 NOTE
r-release-osx-x86_64 1.4.3 WARN
r-oldrel-windows-ix86+x86_64 1.4.3 29.00 213.00 242.00 NOTE
r-oldrel-osx-x86_64 1.4.3 NOTE

Check Details

Version: 1.4.3
Flags: --no-stop-on-test-error
Check: installed package size
Result: NOTE
     installed size is 5.4Mb
     sub-directories of 1Mb or more:
     extdata 4.5Mb
Flavors: r-devel-linux-x86_64-fedora-clang, r-devel-linux-x86_64-fedora-gcc

Version: 1.4.3
Check: installed package size
Result: NOTE
     installed size is 5.3Mb
     sub-directories of 1Mb or more:
     extdata 4.5Mb
Flavors: r-devel-windows-ix86+x86_64, r-patched-solaris-sparc, r-patched-solaris-x86, r-release-windows-ix86+x86_64, r-release-osx-x86_64, r-oldrel-windows-ix86+x86_64, r-oldrel-osx-x86_64

Version: 1.4.3
Check: re-building of vignette outputs
Result: WARN
    Error in re-building vignettes:
     ...
    Error in texi2dvi(file = file, pdf = TRUE, clean = clean, quiet = quiet, :
     Running 'texi2dvi' on 'RPPanalyzer.tex' failed.
    LaTeX errors:
    ! LaTeX Error: File `multirow.sty' not found.
    
    Type X to quit or <RETURN> to proceed,
    or enter new name. (Default extension: sty)
    
    ! Emergency stop.
    <read *>
    
    l.10 \usepackage
     {Sweave}^^M
    ! ==> Fatal error occurred, no output PDF file produced!
    Calls: buildVignettes -> texi2pdf -> texi2dvi
    Execution halted
Flavor: r-release-osx-x86_64