CRAN Package Check Results for Package RPPanalyzer

Last updated on 2017-01-20 16:47:34.

Flavor Version Tinstall Tcheck Ttotal Status Flags
r-devel-linux-x86_64-debian-clang 1.4.3 5.40 134.19 139.59 OK
r-devel-linux-x86_64-debian-gcc 1.4.3 5.25 135.10 140.35 OK
r-devel-linux-x86_64-fedora-clang 1.4.3 273.33 NOTE --no-stop-on-test-error
r-devel-linux-x86_64-fedora-gcc 1.4.3 271.55 NOTE --no-stop-on-test-error
r-devel-macos-x86_64-clang 1.4.3 195.84 NOTE --no-stop-on-test-error
r-devel-windows-ix86+x86_64 1.4.3 25.00 217.00 242.00 NOTE
r-patched-linux-x86_64 1.4.3 5.58 125.47 131.04 OK
r-patched-solaris-sparc 1.4.3 1471.10 NOTE
r-patched-solaris-x86 1.4.3 288.70 NOTE
r-release-linux-x86_64 1.4.3 5.50 124.04 129.54 OK
r-release-osx-x86_64-mavericks 1.4.3 NOTE
r-release-windows-ix86+x86_64 1.4.3 14.00 199.00 213.00 NOTE
r-oldrel-windows-ix86+x86_64 1.4.3 29.00 264.00 293.00 NOTE

Check Details

Version: 1.4.3
Flags: --no-stop-on-test-error
Check: installed package size
Result: NOTE
     installed size is 5.4Mb
     sub-directories of 1Mb or more:
     extdata 4.5Mb
Flavors: r-devel-linux-x86_64-fedora-clang, r-devel-linux-x86_64-fedora-gcc, r-devel-macos-x86_64-clang

Version: 1.4.3
Check: installed package size
Result: NOTE
     installed size is 5.3Mb
     sub-directories of 1Mb or more:
     extdata 4.5Mb
Flavors: r-devel-windows-ix86+x86_64, r-patched-solaris-sparc, r-patched-solaris-x86, r-release-osx-x86_64-mavericks, r-release-windows-ix86+x86_64, r-oldrel-windows-ix86+x86_64