CRAN Package Check Results for Package RPPanalyzer

Last updated on 2017-03-30 19:48:08.

Flavor Version Tinstall Tcheck Ttotal Status Flags
r-devel-linux-x86_64-debian-clang 1.4.3 5.26 123.79 129.04 OK
r-devel-linux-x86_64-debian-gcc 1.4.3 5.15 126.03 131.18 OK
r-devel-linux-x86_64-fedora-clang 1.4.3 275.98 NOTE --no-stop-on-test-error
r-devel-linux-x86_64-fedora-gcc 1.4.3 273.05 NOTE --no-stop-on-test-error
r-devel-macos-x86_64-clang 1.4.3 195.32 NOTE --no-stop-on-test-error
r-devel-windows-ix86+x86_64 1.4.3 20.00 216.00 236.00 NOTE
r-patched-linux-x86_64 1.4.3 5.14 123.01 128.15 OK
r-patched-solaris-sparc 1.4.3 1598.80 NOTE
r-patched-solaris-x86 1.4.3 322.00 NOTE
r-release-linux-x86_64 1.4.3 5.38 115.05 120.42 OK
r-release-osx-x86_64-mavericks 1.4.3 NOTE
r-release-windows-ix86+x86_64 1.4.3 40.00 236.00 276.00 WARN
r-oldrel-windows-ix86+x86_64 1.4.3 18.00 219.00 237.00 NOTE

Check Details

Version: 1.4.3
Flags: --no-stop-on-test-error
Check: installed package size
Result: NOTE
     installed size is 5.4Mb
     sub-directories of 1Mb or more:
     extdata 4.5Mb
Flavors: r-devel-linux-x86_64-fedora-clang, r-devel-linux-x86_64-fedora-gcc, r-devel-macos-x86_64-clang

Version: 1.4.3
Check: installed package size
Result: NOTE
     installed size is 5.3Mb
     sub-directories of 1Mb or more:
     extdata 4.5Mb
Flavors: r-devel-windows-ix86+x86_64, r-patched-solaris-sparc, r-patched-solaris-x86, r-release-osx-x86_64-mavericks, r-release-windows-ix86+x86_64, r-oldrel-windows-ix86+x86_64

Version: 1.4.3
Check: re-building of vignette outputs
Result: WARN
    Error in re-building vignettes:
     ...
    Warning: running command '"D:\compiler\texmf\miktex\bin\texify.exe" --quiet --pdf "RPPanalyzer.tex" --max-iterations=20 -I "D:/RCompile/recent/R-3.3.3/share/texmf/tex/latex" -I "D:/RCompile/recent/R-3.3.3/share/texmf/bibtex/bst"' had status 1
    Error in find_vignette_product(name, by = "texi2pdf", engine = engine) :
     Failed to locate the 'texi2pdf' output file (by engine 'utils::Sweave') for vignette with name 'RPPanalyzer'. The following files exist in directory '.': 'Figure1.png', 'RPPanalyzer-concordance.tex', 'RPPanalyzer.rnw', 'RPPanalyzer.tex', 'b2-clj4700dn-p2', 'papers_RPPanalyzer.bib', 'workflow_RPPanalyzer.png'
    Calls: buildVignettes -> find_vignette_product
    Execution halted
Flavor: r-release-windows-ix86+x86_64