CRAN Package Check Results for Package RPPanalyzer

Last updated on 2017-11-20 23:50:05 CET.

Flavor Version Tinstall Tcheck Ttotal Status Flags
r-devel-linux-x86_64-debian-clang 1.4.4 4.56 113.34 117.89 OK
r-devel-linux-x86_64-debian-gcc 1.4.4 6.42 274.73 281.16 OK
r-devel-linux-x86_64-fedora-clang 1.4.4 221.39 NOTE
r-devel-linux-x86_64-fedora-gcc 1.4.4 288.48 NOTE
r-devel-windows-ix86+x86_64 1.4.4 17.00 205.00 222.00 NOTE
r-patched-linux-x86_64 1.4.4 5.22 125.02 130.24 OK
r-patched-solaris-x86 1.4.4 326.10 NOTE
r-release-linux-x86_64 1.4.4 5.56 130.21 135.77 OK
r-release-windows-ix86+x86_64 1.4.4 17.00 217.00 234.00 NOTE
r-release-osx-x86_64 1.4.4 WARN
r-oldrel-windows-ix86+x86_64 1.4.4 14.00 269.00 283.00 NOTE
r-oldrel-osx-x86_64 1.4.4 NOTE

Check Details

Version: 1.4.4
Check: installed package size
Result: NOTE
     installed size is 5.4Mb
     sub-directories of 1Mb or more:
     extdata 4.5Mb
Flavors: r-devel-linux-x86_64-fedora-clang, r-devel-linux-x86_64-fedora-gcc, r-devel-windows-ix86+x86_64, r-patched-solaris-x86, r-release-windows-ix86+x86_64, r-release-osx-x86_64, r-oldrel-windows-ix86+x86_64, r-oldrel-osx-x86_64

Version: 1.4.4
Check: re-building of vignette outputs
Result: WARN
    Error in re-building vignettes:
     ...
    Error in texi2dvi(file = file, pdf = TRUE, clean = clean, quiet = quiet, :
     Running 'texi2dvi' on 'RPPanalyzer.tex' failed.
    LaTeX errors:
    ! LaTeX Error: File `comment.sty' not found.
    
    Type X to quit or <RETURN> to proceed,
    or enter new name. (Default extension: sty)
    
    ! Emergency stop.
    <read *>
    
    l.14 \usepackage
     {caption}^^M
    ! ==> Fatal error occurred, no output PDF file produced!
    Calls: buildVignettes -> texi2pdf -> texi2dvi
    Execution halted
Flavor: r-release-osx-x86_64