CRAN Package Check Results for Package RPPanalyzer

Last updated on 2016-05-31 21:46:52.

Flavor Version Tinstall Tcheck Ttotal Status Flags
r-devel-linux-x86_64-debian-gcc 1.4.3 5.76 125.89 131.65 NOTE
r-devel-linux-x86_64-fedora-clang 1.4.3 234.91 NOTE
r-devel-linux-x86_64-fedora-gcc 1.4.3 232.71 NOTE
r-devel-osx-x86_64-clang 1.4.3 246.12 NOTE
r-devel-windows-ix86+x86_64 1.4.3 16.00 204.00 220.00 NOTE
r-patched-linux-x86_64 1.4.3 5.46 118.22 123.68 NOTE
r-patched-solaris-sparc 1.4.3 1432.30 NOTE
r-patched-solaris-x86 1.4.3 286.00 NOTE
r-release-linux-x86_64 1.4.3 5.12 112.46 117.57 NOTE
r-release-osx-x86_64-mavericks 1.4.3 NOTE
r-release-windows-ix86+x86_64 1.4.3 20.00 263.00 283.00 NOTE
r-oldrel-windows-ix86+x86_64 1.4.3 18.00 209.00 227.00 NOTE

Check Details

Version: 1.4.3
Check: installed package size
Result: NOTE
     installed size is 5.4Mb
     sub-directories of 1Mb or more:
     extdata 4.5Mb
Flavors: r-devel-linux-x86_64-debian-gcc, r-devel-linux-x86_64-fedora-clang, r-devel-linux-x86_64-fedora-gcc, r-devel-osx-x86_64-clang, r-devel-windows-ix86+x86_64, r-patched-linux-x86_64, r-patched-solaris-sparc, r-patched-solaris-x86, r-release-linux-x86_64, r-release-osx-x86_64-mavericks, r-release-windows-ix86+x86_64, r-oldrel-windows-ix86+x86_64