CRAN Package Check Results for Package RPPanalyzer

Last updated on 2016-08-30 23:47:46.

Flavor Version Tinstall Tcheck Ttotal Status Flags
r-devel-linux-x86_64-debian-clang 1.4.3 5.36 130.21 135.57 NOTE
r-devel-linux-x86_64-debian-gcc 1.4.3 5.36 129.03 134.39 NOTE
r-devel-linux-x86_64-fedora-clang 1.4.3 255.40 NOTE
r-devel-linux-x86_64-fedora-gcc 1.4.3 243.61 NOTE
r-devel-osx-x86_64-clang 1.4.3 187.66 NOTE
r-devel-windows-ix86+x86_64 1.4.3 26.00 206.00 232.00 NOTE
r-patched-linux-x86_64 1.4.3 5.18 122.33 127.51 NOTE
r-patched-solaris-sparc 1.4.3 1416.90 NOTE
r-patched-solaris-x86 1.4.3 271.10 NOTE
r-release-linux-x86_64 1.4.3 5.12 121.49 126.61 NOTE
r-release-osx-x86_64-mavericks 1.4.3 NOTE
r-release-windows-ix86+x86_64 1.4.3 21.00 195.00 216.00 NOTE
r-oldrel-windows-ix86+x86_64 1.4.3 24.00 218.00 242.00 NOTE

Check Details

Version: 1.4.3
Check: installed package size
Result: NOTE
     installed size is 5.4Mb
     sub-directories of 1Mb or more:
     extdata 4.5Mb
Flavors: r-devel-linux-x86_64-debian-clang, r-devel-linux-x86_64-debian-gcc, r-devel-linux-x86_64-fedora-clang, r-devel-linux-x86_64-fedora-gcc, r-devel-osx-x86_64-clang, r-devel-windows-ix86+x86_64, r-patched-linux-x86_64, r-patched-solaris-sparc, r-patched-solaris-x86, r-release-linux-x86_64, r-release-osx-x86_64-mavericks, r-release-windows-ix86+x86_64, r-oldrel-windows-ix86+x86_64