CRAN Package Check Results for Package RPPanalyzer

Last updated on 2014-09-16 03:48:54.

Flavor Version Tinstall Tcheck Ttotal Status Flags
r-devel-linux-x86_64-debian-clang 1.3 5.20 61.46 66.66 NOTE
r-devel-linux-x86_64-debian-gcc 1.3 5.01 63.52 68.54 NOTE
r-devel-linux-x86_64-fedora-clang 1.3 136.57 NOTE
r-devel-linux-x86_64-fedora-gcc 1.3 144.55 NOTE
r-devel-osx-x86_64-clang 1.3 114.78 NOTE
r-devel-windows-ix86+x86_64 1.3 18.00 95.00 113.00 NOTE
r-patched-linux-x86_64 1.3 6.08 60.05 66.13 NOTE
r-patched-solaris-sparc 1.3 797.80 NOTE
r-patched-solaris-x86 1.3 170.60 NOTE
r-release-linux-ix86 1.3 6.32 74.98 81.29 NOTE
r-release-linux-x86_64 1.3 5.71 63.71 69.42 NOTE
r-release-osx-x86_64-mavericks 1.3 NOTE
r-release-osx-x86_64-snowleopard 1.3 NOTE
r-release-windows-ix86+x86_64 1.3 21.00 111.00 132.00 NOTE
r-oldrel-windows-ix86+x86_64 1.3 19.00 110.00 129.00 NOTE

Check Details

Version: 1.3
Check: installed package size
Result: NOTE
     installed size is 5.4Mb
     sub-directories of 1Mb or more:
     extdata 4.5Mb
Flavors: r-devel-linux-x86_64-debian-clang, r-devel-linux-x86_64-debian-gcc, r-devel-linux-x86_64-fedora-clang, r-devel-linux-x86_64-fedora-gcc, r-devel-osx-x86_64-clang, r-devel-windows-ix86+x86_64, r-patched-linux-x86_64, r-patched-solaris-sparc, r-patched-solaris-x86, r-release-linux-ix86, r-release-linux-x86_64, r-release-osx-x86_64-mavericks, r-release-osx-x86_64-snowleopard, r-release-windows-ix86+x86_64, r-oldrel-windows-ix86+x86_64

Version: 1.3
Check: re-building of vignette outputs
Result: NOTE
    Error in re-building vignettes:
     ...
    Error in texi2dvi(file = file, pdf = TRUE, clean = clean, quiet = quiet, :
     Running 'texi2dvi' on 'RPPanalyzer.tex' failed.
    LaTeX errors:
    ! LaTeX Error: File `multirow.sty' not found.
    
    Type X to quit or <RETURN> to proceed,
    or enter new name. (Default extension: sty)
    
    vign_test/RPPanalyzer/vignettes/RPPanalyzer.tex:10: ==> Fatal error occurred,
    no output PDF file produced!
    Calls: buildVignettes -> texi2pdf -> texi2dvi
    Execution halted
Flavor: r-release-osx-x86_64-mavericks