Last updated on 2022-05-23 14:53:37 CEST.
Flavor | Version | Tinstall | Tcheck | Ttotal | Status | Flags |
---|---|---|---|---|---|---|
r-devel-linux-x86_64-debian-clang | 1.4.7 | 23.49 | 183.85 | 207.34 | OK | |
r-devel-linux-x86_64-debian-gcc | 1.4.7 | 17.51 | 134.17 | 151.68 | OK | |
r-devel-linux-x86_64-fedora-clang | 1.4.7 | 260.62 | NOTE | |||
r-devel-linux-x86_64-fedora-gcc | 1.4.7 | 237.82 | OK | |||
r-devel-windows-x86_64 | 1.4.7 | 58.00 | 211.00 | 269.00 | NOTE | |
r-patched-linux-x86_64 | 1.4.7 | 16.13 | 169.46 | 185.59 | OK | |
r-release-linux-x86_64 | 1.4.7 | OK | ||||
r-release-macos-arm64 | 1.4.7 | 70.00 | NOTE | |||
r-release-macos-x86_64 | 1.4.7 | 110.00 | NOTE | |||
r-release-windows-x86_64 | 1.4.7 | 66.00 | 216.00 | 282.00 | NOTE | |
r-oldrel-macos-arm64 | 1.4.7 | 80.00 | NOTE | |||
r-oldrel-macos-x86_64 | 1.4.7 | 134.00 | NOTE | |||
r-oldrel-windows-ix86+x86_64 | 1.4.7 | 46.00 | 199.00 | 245.00 | NOTE |
Version: 1.4.7
Check: installed package size
Result: NOTE
installed size is 5.4Mb
sub-directories of 1Mb or more:
extdata 4.5Mb
Flavors: r-devel-linux-x86_64-fedora-clang, r-devel-windows-x86_64, r-release-macos-arm64, r-release-macos-x86_64, r-release-windows-x86_64, r-oldrel-macos-arm64, r-oldrel-macos-x86_64, r-oldrel-windows-ix86+x86_64