CRAN Package Check Results for Package RPPanalyzer

Last updated on 2020-01-25 16:47:52 CET.

Flavor Version Tinstall Tcheck Ttotal Status Flags
r-devel-linux-x86_64-debian-clang 1.4.5 18.44 201.68 220.12 NOTE
r-devel-linux-x86_64-debian-gcc 1.4.5 17.32 149.26 166.58 NOTE
r-devel-linux-x86_64-fedora-clang 1.4.5 256.19 WARN
r-devel-linux-x86_64-fedora-gcc 1.4.5 251.29 NOTE
r-devel-windows-ix86+x86_64 1.4.5 68.00 299.00 367.00 NOTE
r-devel-windows-ix86+x86_64-gcc8 1.4.5 59.00 231.00 290.00 NOTE
r-patched-linux-x86_64 1.4.5 13.95 174.65 188.60 OK
r-patched-solaris-x86 1.4.5 354.10 NOTE
r-release-linux-x86_64 1.4.5 16.12 174.62 190.74 OK
r-release-windows-ix86+x86_64 1.4.5 32.00 262.00 294.00 NOTE
r-release-osx-x86_64 1.4.5 NOTE
r-oldrel-windows-ix86+x86_64 1.4.5 19.00 185.00 204.00 NOTE
r-oldrel-osx-x86_64 1.4.5 NOTE

Check Details

Version: 1.4.5
Check: for non-standard things in the check directory
Result: NOTE
    Found the following files/directories:
     'Datasample.mads.txt' 'Datasample.medians.txt' 'control_plot.pdf'
     'correlation_plot.pdf' 'dataIII_qqplot.pdf' 'kruskalBoxplot.pdf'
     'plotQC.pdf' 'simpleBoxplot.pdf' 'wilcoxonBoxplot.pdf'
Flavors: r-devel-linux-x86_64-debian-clang, r-devel-linux-x86_64-debian-gcc, r-devel-linux-x86_64-fedora-clang, r-devel-linux-x86_64-fedora-gcc

Version: 1.4.5
Check: package dependencies
Result: WARN
    Requires orphaned package: ‘gplots’
Flavor: r-devel-linux-x86_64-fedora-clang

Version: 1.4.5
Check: installed package size
Result: NOTE
     installed size is 5.5Mb
     sub-directories of 1Mb or more:
     extdata 4.5Mb
Flavors: r-devel-linux-x86_64-fedora-clang, r-devel-windows-ix86+x86_64, r-devel-windows-ix86+x86_64-gcc8, r-patched-solaris-x86, r-release-windows-ix86+x86_64, r-release-osx-x86_64, r-oldrel-windows-ix86+x86_64, r-oldrel-osx-x86_64