CRAN Package Check Results for Package RPPanalyzer

Last updated on 2016-07-23 14:48:37.

Flavor Version Tinstall Tcheck Ttotal Status Flags
r-devel-linux-x86_64-debian-clang 1.4.3 6.43 142.37 148.80 NOTE
r-devel-linux-x86_64-debian-gcc 1.4.3 7.29 143.66 150.94 NOTE
r-devel-linux-x86_64-fedora-clang 1.4.3 244.51 NOTE
r-devel-linux-x86_64-fedora-gcc 1.4.3 235.63 NOTE
r-devel-osx-x86_64-clang 1.4.3 189.84 NOTE
r-devel-windows-ix86+x86_64 1.4.3 24.00 215.00 239.00 NOTE
r-patched-linux-x86_64 1.4.3 5.95 138.25 144.20 NOTE
r-patched-solaris-sparc 1.4.3 1416.90 NOTE
r-patched-solaris-x86 1.4.3 272.30 NOTE
r-release-linux-x86_64 1.4.3 6.29 133.42 139.71 NOTE
r-release-osx-x86_64-mavericks 1.4.3 NOTE
r-release-windows-ix86+x86_64 1.4.3 16.00 203.00 219.00 NOTE
r-oldrel-windows-ix86+x86_64 1.4.3 26.00 272.00 298.00 NOTE

Check Details

Version: 1.4.3
Check: installed package size
Result: NOTE
     installed size is 5.4Mb
     sub-directories of 1Mb or more:
     extdata 4.5Mb
Flavors: r-devel-linux-x86_64-debian-clang, r-devel-linux-x86_64-debian-gcc, r-devel-linux-x86_64-fedora-clang, r-devel-linux-x86_64-fedora-gcc, r-devel-osx-x86_64-clang, r-devel-windows-ix86+x86_64, r-patched-linux-x86_64, r-patched-solaris-sparc, r-patched-solaris-x86, r-release-linux-x86_64, r-release-osx-x86_64-mavericks, r-release-windows-ix86+x86_64, r-oldrel-windows-ix86+x86_64