CRAN Package Check Results for Package RPostgreSQL

Last updated on 2020-04-10 01:49:23 CEST.

Flavor Version Tinstall Tcheck Ttotal Status Flags
r-devel-linux-x86_64-debian-clang 0.6-2 9.97 43.24 53.21 NOTE
r-devel-linux-x86_64-debian-gcc 0.6-2 7.38 34.30 41.68 NOTE
r-devel-linux-x86_64-fedora-clang 0.6-2 64.71 NOTE
r-devel-linux-x86_64-fedora-gcc 0.6-2 65.95 NOTE
r-devel-windows-ix86+x86_64 0.6-2 110.00 0.00 110.00 FAIL
r-devel-windows-ix86+x86_64-gcc8 0.6-2 130.00 112.00 242.00 WARN
r-patched-linux-x86_64 0.6-2 8.84 42.90 51.74 NOTE
r-patched-osx-x86_64 0.6-2 NOTE
r-patched-solaris-x86 0.6-2 95.60 NOTE
r-release-linux-x86_64 0.6-2 6.47 39.50 45.97 NOTE
r-release-windows-ix86+x86_64 0.6-2 107.00 166.00 273.00 NOTE
r-release-osx-x86_64 0.6-2 NOTE
r-oldrel-windows-ix86+x86_64 0.6-2 199.00 0.00 199.00 FAIL
r-oldrel-osx-x86_64 0.6-2 NOTE

Check Details

Version: 0.6-2
Check: top-level files
Result: NOTE
    Found a 'configure.in' file: 'configure.ac' has long been preferred.
     Output from running autoreconf:
     aclocal: warning: autoconf input should be named 'configure.ac', not 'configure.in'
Flavors: r-devel-linux-x86_64-debian-clang, r-devel-linux-x86_64-debian-gcc, r-devel-linux-x86_64-fedora-clang, r-devel-linux-x86_64-fedora-gcc, r-patched-linux-x86_64, r-release-linux-x86_64

Version: 0.6-2
Check: include directives in Makefiles
Result: NOTE
    Found the following Makefile(s) with an include directive with a pathname using R_HOME:
     src/libpq/Makefile.win
    Even though not recommended, variable R_HOME may contain spaces.
    Makefile directives use space as a separator and there is no portable
    way to quote/escape the space in Make rules and directives. However,
    one can and should quote pathnames when passed from Makefile to the
    shell, and this can be done specifically when invoking Make recursively.
    It is therefore recommended to use the Make '-f' option to include files
    in directories specified using R_HOME. This option can be specified
    multiple times to include multiple Makefiles. Note that 'Makeconf' is
    included automatically into top-level makefile of a package.
    More information can be found in 'Writing R Extensions'.
Flavors: r-devel-linux-x86_64-debian-clang, r-devel-linux-x86_64-debian-gcc, r-devel-linux-x86_64-fedora-clang, r-devel-linux-x86_64-fedora-gcc, r-devel-windows-ix86+x86_64, r-devel-windows-ix86+x86_64-gcc8, r-patched-linux-x86_64, r-patched-osx-x86_64, r-patched-solaris-x86, r-release-linux-x86_64, r-release-windows-ix86+x86_64, r-release-osx-x86_64, r-oldrel-windows-ix86+x86_64, r-oldrel-osx-x86_64

Version: 0.6-2
Check: top-level files
Result: NOTE
    Found a 'configure.in' file: 'configure.ac' has long been preferred.
Flavors: r-devel-windows-ix86+x86_64, r-devel-windows-ix86+x86_64-gcc8, r-patched-osx-x86_64, r-patched-solaris-x86, r-release-windows-ix86+x86_64, r-release-osx-x86_64

Version: 0.6-2
Check: running tests for arch ‘i386’
Result: FAIL
    Check process probably crashed or hung up for 20 minutes ... killed
    Most likely this happened in the example checks (?),
    if not, ignore the following last lines of example output:
    
    ======== End of example output (where/before crash/hang up occured ?) ========
Flavors: r-devel-windows-ix86+x86_64, r-oldrel-windows-ix86+x86_64

Version: 0.6-2
Check: whether package can be installed
Result: WARN
    Found the following significant warnings:
     fe-protocol2.c:1615:2: warning: 'strncpy' specified bound 32 equals destination size [-Wstringop-truncation]
     fe-protocol2.c:1616:2: warning: 'strncpy' specified bound 64 equals destination size [-Wstringop-truncation]
     fe-protocol2.c:1620:3: warning: 'strncpy' specified bound 64 equals destination size [-Wstringop-truncation]
Flavor: r-devel-windows-ix86+x86_64-gcc8