CRAN Package Check Results for Package RPostgreSQL

Last updated on 2021-10-23 00:49:07 CEST.

Flavor Version Tinstall Tcheck Ttotal Status Flags
r-devel-linux-x86_64-debian-clang 0.7-2 11.14 43.98 55.12 OK
r-devel-linux-x86_64-debian-gcc 0.7-2 8.01 34.60 42.61 OK
r-devel-linux-x86_64-fedora-clang 0.7-3 75.20 OK
r-devel-linux-x86_64-fedora-gcc 0.7-3 65.52 OK
r-devel-windows-x86_64 0.7-2 84.00 68.00 152.00 OK
r-devel-windows-x86_64-gcc10-UCRT 0.7-2 OK
r-patched-linux-x86_64 0.7-2 11.75 43.37 55.12 OK
r-patched-solaris-x86 0.7-3 92.30 OK
r-release-linux-x86_64 0.7-2 10.57 43.21 53.78 OK
r-release-macos-arm64 0.7 OK
r-release-macos-x86_64 0.7-2 ERROR
r-release-windows-ix86+x86_64 0.7-2 110.00 120.00 230.00 OK
r-oldrel-macos-x86_64 0.7-2 ERROR
r-oldrel-windows-ix86+x86_64 0.7-3 106.00 89.00 195.00 OK

Check Details

Version: 0.7-2
Check: whether package can be installed
Result: ERROR
    Installation failed.
Flavors: r-release-macos-x86_64, r-oldrel-macos-x86_64