CRAN Package Check Results for Package RProtoBuf

Last updated on 2016-12-05 12:51:51.

Flavor Version Tinstall Tcheck Ttotal Status Flags
r-devel-linux-x86_64-debian-clang 0.4.7 122.77 53.66 176.44 OK
r-devel-linux-x86_64-debian-gcc 0.4.7 131.45 53.65 185.09 OK
r-devel-linux-x86_64-fedora-clang 0.4.7 354.36 NOTE --no-stop-on-test-error
r-devel-linux-x86_64-fedora-gcc 0.4.7 355.38 NOTE --no-stop-on-test-error
r-devel-macos-x86_64-clang 0.4.7 228.98 OK
r-devel-windows-ix86+x86_64 0.4.7 325.00 159.00 484.00 NOTE
r-patched-linux-x86_64 0.4.7 104.85 48.24 153.09 OK
r-release-linux-x86_64 0.4.7 106.06 48.77 154.82 OK
r-release-osx-x86_64-mavericks 0.4.7 NOTE
r-release-windows-ix86+x86_64 0.4.7 444.00 115.00 559.00 NOTE
r-oldrel-windows-ix86+x86_64 0.4.7 398.00 167.00 565.00 NOTE

Memtest notes: gcc6-ASAN gcc7-ASAN

Check Details

Version: 0.4.7
Flags: --no-stop-on-test-error
Check: installed package size
Result: NOTE
     installed size is 6.7Mb
     sub-directories of 1Mb or more:
     libs 4.9Mb
Flavors: r-devel-linux-x86_64-fedora-clang, r-devel-linux-x86_64-fedora-gcc

Version: 0.4.7
Check: installed package size
Result: NOTE
     installed size is 5.4Mb
     sub-directories of 1Mb or more:
     libs 3.7Mb
Flavors: r-devel-windows-ix86+x86_64, r-release-osx-x86_64-mavericks, r-release-windows-ix86+x86_64, r-oldrel-windows-ix86+x86_64

Version: 0.4.7
Check: re-building of vignette outputs
Result: NOTE
    Error in re-building vignettes:
     ...
     input string 348 is invalid in this locale
    Warning in grepl("(Rerun to get|biblatex.*\\(re\\)run)", readLines(log, :
     input string 354 is invalid in this locale
    Error in texi2dvi(file = file, pdf = TRUE, clean = clean, quiet = quiet, :
     Running 'texi2dvi' on 'RProtoBuf-paper.tex' failed.
    LaTeX errors:
    ! Undefined control sequence.
    l.23 ...<a2>i^^ZVn3*<80><b0>^^X<89>^^H8<e5>ryqq<b1>^^W<d3><d2>_PV<af><d7>MӔۃ\<c9>
     [<bd>^<cf>f<b3><9f>}<f6><99>i<9a><b0><ae><a0>,<93><c9>lmm<c9>w<a4>iZ...
    The control sequence at the end of the top line
    of your error message was never \def'ed. If you have
    ! LaTeX Error: Missing \begin{document}.
    
    See the LaTeX manual or LaTeX Companion for explanation.
    Type H <return> for immediate help.
     ...
    ! Extra }, or forgotten \endgroup.
    l.24 ...<af><d7>q^^T^^Yc<d3><d3><d3>D<e4><fb>>^^Q<c1>^^?<f4><de><e5>^^[<a4>r<b6><a9><d6>Q<9a><f6>"<8b>e}
     X<ce>|><8f><bc><f8><d0>V^^Nc^^L6
    I've deleted a group-closing symbol because it seems to be
    spurious, as in `$x}$'. But perhaps the } is legitimate and
    ! Extra }, or forgotten \endgroup.
    l.25 ^^AW&<93> ^^G<96>
    Calls: buildVignettes -> texi2pdf -> texi2dvi
    Execution halted
Flavor: r-release-osx-x86_64-mavericks