CRAN Package Check Results for Package RProtoBuf

Last updated on 2015-09-05 07:47:04.

Flavor Version Tinstall Tcheck Ttotal Status Flags
r-devel-linux-x86_64-debian-clang 0.4.3 99.14 40.90 140.04 NOTE
r-devel-linux-x86_64-debian-gcc 0.4.3 123.37 41.53 164.90 NOTE
r-devel-linux-x86_64-fedora-gcc 0.4.3 307.24 NOTE
r-devel-osx-x86_64-clang 0.4.3 204.65 OK
r-devel-windows-ix86+x86_64 0.4.2 ERROR
r-patched-linux-x86_64 0.4.3 121.64 45.08 166.72 NOTE
r-release-linux-x86_64 0.4.3 121.46 43.80 165.26 NOTE
r-release-osx-x86_64-mavericks 0.4.3 ERROR
r-release-windows-ix86+x86_64 0.4.2 60107.00 2.00 60109.00 ERROR
r-oldrel-windows-ix86+x86_64 0.4.3 399.00 178.00 577.00 NOTE

Check Details

Version: 0.4.3
Check: installed package size
Result: NOTE
     installed size is 6.2Mb
     sub-directories of 1Mb or more:
     libs 5.0Mb
Flavors: r-devel-linux-x86_64-debian-clang, r-devel-linux-x86_64-debian-gcc, r-devel-linux-x86_64-fedora-gcc, r-patched-linux-x86_64, r-release-linux-x86_64, r-release-osx-x86_64-mavericks, r-oldrel-windows-ix86+x86_64

Version: 0.4.2
Check: whether package can be installed
Result: ERROR
    Installation failed.
Flavors: r-devel-windows-ix86+x86_64, r-release-windows-ix86+x86_64

Version: 0.4.3
Check: examples
Result: ERROR
    Running examples in ‘RProtoBuf-Ex.R’ failed
    The error most likely occurred in:
    
    > ### Name: add-methods
    > ### Title: add elements of a repeated field of a message
    > ### Aliases: add add-methods add,Message-method
    > ### Keywords: methods
    >
    > ### ** Examples
    >
    > unitest.proto.file <- system.file("unitTests", "data", "unittest.proto",
    + package = "RProtoBuf" )
    > readProtoFiles(file = unitest.proto.file)
    
     *** caught segfault ***
    address 0x19, cause 'memory not mapped'
    
    Traceback:
     1: .Call("readProtoFiles", files, directories, PACKAGE = "RProtoBuf")
     2: readProtoFiles(file = unitest.proto.file)
    aborting ...
Flavor: r-release-osx-x86_64-mavericks

Version: 0.4.3
Check: tests
Result: ERROR
    Running the tests in ‘tests/runUnitTests.R’ failed.
    Last 13 lines of output:
     1: .Call("readProtoFiles", files, directories, PACKAGE = "RProtoBuf")
     2: readProtoFiles(file = unittest.proto.file)
     3: func()
     4: system.time(func())
     5: doTryCatch(return(expr), name, parentenv, handler)
     6: tryCatchOne(expr, names, parentenv, handlers[[1L]])
     7: tryCatchList(expr, classes, parentenv, handlers)
     8: tryCatch(expr, error = function(e) { call <- conditionCall(e) if (!is.null(call)) { if (identical(call[[1L]], quote(doTryCatch))) call <- sys.call(-4L) dcall <- deparse(call)[1L] prefix <- paste("Error in", dcall, ": ") LONG <- 75L msg <- conditionMessage(e) sm <- strsplit(msg, "\n")[[1L]] w <- 14L + nchar(dcall, type = "w") + nchar(sm[1L], type = "w") if (is.na(w)) w <- 14L + nchar(dcall, type = "b") + nchar(sm[1L], type = "b") if (w > LONG) prefix <- paste0(prefix, "\n ") } else prefix <- "Error : " msg <- paste0(prefix, conditionMessage(e), "\n") .Internal(seterrmessage(msg[1L])) if (!silent && identical(getOption("show.error.messages"), TRUE)) { cat(msg, file = stderr()) .Internal(printDeferredWarnings()) } invisible(structure(msg, class = "try-error", condition = e))})
     9: try(system.time(func()))
     10: .executeTestCase(funcName, envir = sandbox, setUpFunc = .setUp, tearDownFunc = .tearDown)
     11: .sourceTestFile(testFile, testSuite$testFuncRegexp)
     12: runTestSuite(testSuite)
     aborting ...
Flavor: r-release-osx-x86_64-mavericks

Version: 0.4.3
Check: running R code from vignettes
Result: ERROR
    Errors in running code in vignettes:
    when running code in ‘RProtoBuf-intro.Rnw’
     ...
     5: withVisible(eval(ei, envir))
     6: source(output, echo = TRUE)
     7: doTryCatch(return(expr), name, parentenv, handler)
     8: tryCatchOne(expr, names, parentenv, handlers[[1L]])
     9: tryCatchList(expr, classes, parentenv, handlers)
    10: tryCatch({ source(output, echo = TRUE)}, error = function(e) { cat("\n When sourcing ", sQuote(output), ":\n", sep = "") stop(conditionMessage(e), call. = FALSE, domain = NA)})
    11: tools:::.run_one_vignette("RProtoBuf-intro.Rnw", "/Builds/CRAN-QA-Simon/packages/mavericks-x86_64/results/3.2/RProtoBuf.Rcheck/00_pkg_src/RProtoBuf/vignettes", pkgdir = "/Builds/CRAN-QA-Simon/packages/mavericks-x86_64/results/3.2/RProtoBuf.Rcheck/00_pkg_src/RProtoBuf")
    aborting ...
    
    ... incomplete output. Crash?
    when running code in ‘RProtoBuf-unitTests.Rnw’
     ...
    15: withVisible(eval(ei, envir))
    16: source(output, echo = TRUE)
    17: doTryCatch(return(expr), name, parentenv, handler)
    18: tryCatchOne(expr, names, parentenv, handlers[[1L]])
    19: tryCatchList(expr, classes, parentenv, handlers)
    20: tryCatch({ source(output, echo = TRUE)}, error = function(e) { cat("\n When sourcing ", sQuote(output), ":\n", sep = "") stop(conditionMessage(e), call. = FALSE, domain = NA)})
    21: tools:::.run_one_vignette("RProtoBuf-unitTests.Rnw", "/Builds/CRAN-QA-Simon/packages/mavericks-x86_64/results/3.2/RProtoBuf.Rcheck/00_pkg_src/RProtoBuf/vignettes", pkgdir = "/Builds/CRAN-QA-Simon/packages/mavericks-x86_64/results/3.2/RProtoBuf.Rcheck/00_pkg_src/RProtoBuf")
    aborting ...
    
    ... incomplete output. Crash?
Flavor: r-release-osx-x86_64-mavericks

Version: 0.4.3
Check: re-building of vignette outputs
Result: NOTE
    Error in re-building vignettes:
     ...
    
     *** caught segfault ***
    address 0x100000001, cause 'memory not mapped'
    
    Traceback:
     1: .Call("readProtoFiles", files, directories, PACKAGE = "RProtoBuf")
     2: readProtoFiles(file = unittest.proto.file)
     3: eval(expr, envir, enclos)
     4: eval(expr, .GlobalEnv)
     5: withVisible(eval(expr, .GlobalEnv))
     6: doTryCatch(return(expr), name, parentenv, handler)
     7: tryCatchOne(expr, names, parentenv, handlers[[1L]])
     8: tryCatchList(expr, classes, parentenv, handlers)
     9: tryCatch(expr, error = function(e) { call <- conditionCall(e) if (!is.null(call)) { if (identical(call[[1L]], quote(doTryCatch))) call <- sys.call(-4L) dcall <- deparse(call)[1L] prefix <- paste("Error in", dcall, ": ") LONG <- 75L msg <- conditionMessage(e) sm <- strsplit(msg, "\n")[[1L]] w <- 14L + nchar(dcall, type = "w") + nchar(sm[1L], type = "w") if (is.na(w)) w <- 14L + nchar(dcall, type = "b") + nchar(sm[1L], type = "b") if (w > LONG) prefix <- paste0(prefix, "\n ") } else prefix <- "Error : " msg <- paste0(prefix, conditionMessage(e), "\n") .Internal(seterrmessage(msg[1L])) if (!silent && identical(getOption("show.error.messages"), TRUE)) { cat(msg, file = stderr()) .Internal(printDeferredWarnings()) } invisible(structure(msg, class = "try-error", condition = e))})
    10: try(withVisible(eval(expr, .GlobalEnv)), silent = TRUE)
    11: evalFunc(ce, options)
    12: driver$runcode(drobj, chunk, chunkopts)
    13: Sweave(file, driver = driver, syntax = syntax, encoding = encoding, ...)
    14: engine$weave(file, quiet = quiet, encoding = enc)
    15: doTryCatch(return(expr), name, parentenv, handler)
    16: tryCatchOne(expr, names, parentenv, handlers[[1L]])
    17: tryCatchList(expr, classes, parentenv, handlers)
    18: tryCatch({ engine$weave(file, quiet = quiet, encoding = enc) setwd(startdir) find_vignette_product(name, by = "weave", engine = engine)}, error = function(e) { stop(gettextf("processing vignette '%s' failed with diagnostics:\n%s", file, conditionMessage(e)), domain = NA, call. = FALSE)})
    19: buildVignettes(dir = "/Builds/CRAN-QA-Simon/packages/mavericks-x86_64/results/3.2/RProtoBuf.Rcheck/vign_test/RProtoBuf")
    aborting ...
Flavor: r-release-osx-x86_64-mavericks