CRAN Package Check Results for Package RProtoBuf

Last updated on 2016-06-27 19:49:42.

Flavor Version Tinstall Tcheck Ttotal Status Flags
r-devel-linux-x86_64-debian-gcc 0.4.3 122.38 41.11 163.48 NOTE
r-devel-linux-x86_64-fedora-clang 0.4.3 315.12 NOTE
r-devel-linux-x86_64-fedora-gcc 0.4.3 304.62 NOTE
r-devel-osx-x86_64-clang 0.4.3 202.18 OK
r-patched-linux-x86_64 0.4.3 103.29 42.37 145.66 NOTE
r-release-linux-x86_64 0.4.3 99.47 40.46 139.93 NOTE
r-release-osx-x86_64-mavericks 0.4.3 NOTE
r-release-windows-ix86+x86_64 0.4.3 216.00 4.00 220.00 ERROR

Check Details

Version: 0.4.3
Check: installed package size
Result: NOTE
     installed size is 9.2Mb
     sub-directories of 1Mb or more:
     libs 8.0Mb
Flavors: r-devel-linux-x86_64-debian-gcc, r-devel-linux-x86_64-fedora-clang, r-devel-linux-x86_64-fedora-gcc, r-patched-linux-x86_64, r-release-linux-x86_64, r-release-osx-x86_64-mavericks

Version: 0.4.3
Check: whether package can be installed
Result: ERROR
    Installation failed.
Flavor: r-release-windows-ix86+x86_64