CRAN Package Check Results for Package RProtoBuf

Last updated on 2014-08-29 17:47:43.

Flavor Version Tinstall Tcheck Ttotal Status Flags
r-devel-linux-x86_64-debian-clang 0.4.1 83.28 45.69 128.97 NOTE
r-devel-linux-x86_64-debian-gcc 0.4.1 114.84 44.44 159.28 NOTE
r-devel-linux-x86_64-fedora-gcc 0.4.1 291.97 NOTE
r-devel-osx-x86_64-clang 0.4.1 228.29 OK
r-devel-windows-ix86+x86_64 0.4.1 275.00 107.00 382.00 NOTE
r-patched-linux-x86_64 0.4.1 112.71 46.97 159.68 NOTE
r-release-linux-ix86 0.4.1 141.40 58.40 199.80 NOTE
r-release-linux-x86_64 0.4.1 112.02 46.44 158.46 NOTE
r-release-osx-x86_64-mavericks 0.4.1 NOTE
r-release-osx-x86_64-snowleopard 0.4.1 NOTE
r-release-windows-ix86+x86_64 0.4.1 281.00 147.00 428.00 NOTE
r-oldrel-windows-ix86+x86_64 0.4.1 404.00 133.00 537.00 NOTE

Check Details

Version: 0.4.1
Check: installed package size
Result: NOTE
     installed size is 5.5Mb
     sub-directories of 1Mb or more:
     libs 4.3Mb
Flavors: r-devel-linux-x86_64-debian-clang, r-devel-linux-x86_64-debian-gcc, r-devel-linux-x86_64-fedora-gcc, r-devel-windows-ix86+x86_64, r-patched-linux-x86_64, r-release-linux-ix86, r-release-linux-x86_64, r-release-osx-x86_64-mavericks, r-release-osx-x86_64-snowleopard, r-release-windows-ix86+x86_64, r-oldrel-windows-ix86+x86_64

Version: 0.4.1
Check: re-building of vignette outputs
Result: NOTE
    Error in re-building vignettes:
     ...
    Error in texi2dvi(file = file, pdf = TRUE, clean = clean, quiet = quiet, :
     Running 'texi2dvi' on 'RProtoBuf-intro.tex' failed.
    LaTeX errors:
    ! LaTeX Error: File `mathdesign.sty' not found.
    
    Type X to quit or <RETURN> to proceed,
    or enter new name. (Default extension: sty)
    
    gn_test/RProtoBuf/vignettes/RProtoBuf-intro.tex:399: ==> Fatal error occurred,
     no output PDF file produced!
    Calls: buildVignettes -> texi2pdf -> texi2dvi
    Execution halted
Flavor: r-release-osx-x86_64-mavericks