CRAN Package Check Results for Package RProtoBuf

Last updated on 2016-08-25 06:47:47.

Flavor Version Tinstall Tcheck Ttotal Status Flags
r-devel-linux-x86_64-debian-clang 0.4.4 117.23 48.04 165.27 NOTE
r-devel-linux-x86_64-debian-gcc 0.4.4 123.27 48.49 171.76 NOTE
r-devel-linux-x86_64-fedora-clang 0.4.4 345.18 NOTE
r-devel-linux-x86_64-fedora-gcc 0.4.4 334.07 NOTE
r-devel-osx-x86_64-clang 0.4.4 214.33 NOTE
r-devel-windows-ix86+x86_64 0.4.4 421.00 118.00 539.00 NOTE
r-patched-linux-x86_64 0.4.4 100.37 47.41 147.78 NOTE
r-release-linux-x86_64 0.4.4 101.25 48.32 149.56 NOTE
r-release-osx-x86_64-mavericks 0.4.4 NOTE
r-release-windows-ix86+x86_64 0.4.4 411.00 147.00 558.00 NOTE
r-oldrel-windows-ix86+x86_64 0.4.4 297.00 187.00 484.00 NOTE

Memtest notes: gcc6-ASAN gcc7-ASAN

Check Details

Version: 0.4.4
Check: installed package size
Result: NOTE
     installed size is 7.4Mb
     sub-directories of 1Mb or more:
     libs 5.6Mb
Flavors: r-devel-linux-x86_64-debian-clang, r-devel-linux-x86_64-debian-gcc, r-devel-linux-x86_64-fedora-clang, r-devel-linux-x86_64-fedora-gcc, r-devel-windows-ix86+x86_64, r-patched-linux-x86_64, r-release-linux-x86_64, r-release-osx-x86_64-mavericks, r-release-windows-ix86+x86_64, r-oldrel-windows-ix86+x86_64

Version: 0.4.4
Check: files in ‘vignettes’
Result: NOTE
    The following files are already in R: ‘jss.cls’
    Please remove them from your package.
Flavors: r-devel-linux-x86_64-debian-clang, r-devel-linux-x86_64-debian-gcc, r-devel-linux-x86_64-fedora-clang, r-devel-linux-x86_64-fedora-gcc, r-devel-osx-x86_64-clang, r-devel-windows-ix86+x86_64, r-patched-linux-x86_64, r-release-linux-x86_64, r-release-osx-x86_64-mavericks, r-release-windows-ix86+x86_64, r-oldrel-windows-ix86+x86_64

Version: 0.4.4
Check: re-building of vignette outputs
Result: NOTE
    Error in re-building vignettes:
     ...
     input string 347 is invalid in this locale
    Warning in grepl("(Rerun to get|biblatex.*\\(re\\)run)", readLines(log, :
     input string 353 is invalid in this locale
    Error in texi2dvi(file = file, pdf = TRUE, clean = clean, quiet = quiet, :
     Running 'texi2dvi' on 'RProtoBuf-paper.tex' failed.
    LaTeX errors:
    ! Undefined control sequence.
    l.23 ...<a2>i^^ZVn3*<80><b0>^^X<89>^^H8<e5>ryqq<b1>^^W<d3><d2>_PV<af><d7>MӔۃ\<c9>
     [<bd>^<cf>f<b3><9f>}<f6><99>i<9a><b0><ae><a0>,<93><c9>lmm<c9>w<a4>iZ...
    The control sequence at the end of the top line
    of your error message was never \def'ed. If you have
    ! LaTeX Error: Missing \begin{document}.
    
    See the LaTeX manual or LaTeX Companion for explanation.
    Type H <return> for immediate help.
     ...
    ! Extra }, or forgotten \endgroup.
    l.24 ...<af><d7>q^^T^^Yc<d3><d3><d3>D<e4><fb>>^^Q<c1>^^?<f4><de><e5>^^[<a4>r<b6><a9><d6>Q<9a><f6>"<8b>e}
     X<ce>|><8f><bc><f8><d0>V^^Nc^^L6
    I've deleted a group-closing symbol because it seems to be
    spurious, as in `$x}$'. But perhaps the } is legitimate and
    ! Extra }, or forgotten \endgroup.
    l.25 ^^AW&<93> ^^G<96>
    Calls: buildVignettes -> texi2pdf -> texi2dvi
    Execution halted
Flavor: r-release-osx-x86_64-mavericks