CRAN Package Check Results for Package RProtoBuf

Last updated on 2016-05-27 11:50:22.

Flavor Version Tinstall Tcheck Ttotal Status Flags
r-devel-linux-x86_64-debian-gcc 0.4.3 126.93 42.45 169.38 NOTE
r-devel-linux-x86_64-fedora-clang 0.4.3 303.23 NOTE
r-devel-linux-x86_64-fedora-gcc 0.4.3 309.93 NOTE
r-devel-osx-x86_64-clang 0.4.3 210.39 OK
r-patched-linux-x86_64 0.4.3 103.17 41.22 144.39 NOTE
r-release-linux-x86_64 0.4.3 104.18 41.16 145.34 NOTE
r-release-osx-x86_64-mavericks 0.4.3 NOTE
r-release-windows-ix86+x86_64 0.4.3 216.00 4.00 220.00 ERROR

Check Details

Version: 0.4.3
Check: installed package size
Result: NOTE
     installed size is 9.2Mb
     sub-directories of 1Mb or more:
     libs 8.0Mb
Flavors: r-devel-linux-x86_64-debian-gcc, r-devel-linux-x86_64-fedora-clang, r-devel-linux-x86_64-fedora-gcc, r-patched-linux-x86_64, r-release-linux-x86_64, r-release-osx-x86_64-mavericks

Version: 0.4.3
Check: whether package can be installed
Result: ERROR
    Installation failed.
Flavor: r-release-windows-ix86+x86_64