CRAN Package Check Results for Package RProtoBuf

Last updated on 2015-07-28 15:48:21.

Flavor Version Tinstall Tcheck Ttotal Status Flags
r-devel-linux-x86_64-debian-clang 0.4.2 100.11 42.78 142.88 NOTE
r-devel-linux-x86_64-debian-gcc 0.4.2 120.41 42.28 162.70 NOTE
r-devel-linux-x86_64-fedora-gcc 0.4.2 256.51 NOTE
r-devel-osx-x86_64-clang 0.4.2 214.68 NOTE
r-devel-windows-ix86+x86_64 0.4.2 ERROR
r-patched-linux-x86_64 0.4.2 121.41 44.07 165.48 NOTE
r-release-linux-x86_64 0.4.2 123.01 41.88 164.89 NOTE
r-release-osx-x86_64-mavericks 0.4.2 NOTE
r-release-windows-ix86+x86_64 0.4.2 60107.00 2.00 60109.00 ERROR
r-oldrel-windows-ix86+x86_64 0.4.2 298.00 175.00 473.00 NOTE

Check Details

Version: 0.4.2
Check: installed package size
Result: NOTE
     installed size is 6.2Mb
     sub-directories of 1Mb or more:
     libs 5.0Mb
Flavors: r-devel-linux-x86_64-debian-clang, r-devel-linux-x86_64-debian-gcc, r-devel-linux-x86_64-fedora-gcc, r-patched-linux-x86_64, r-release-linux-x86_64, r-release-osx-x86_64-mavericks, r-oldrel-windows-ix86+x86_64

Version: 0.4.2
Check: DESCRIPTION meta-information
Result: NOTE
    Malformed Description field: should contain one or more complete sentences.
Flavors: r-devel-linux-x86_64-debian-clang, r-devel-linux-x86_64-debian-gcc, r-devel-linux-x86_64-fedora-gcc, r-devel-osx-x86_64-clang, r-patched-linux-x86_64, r-release-linux-x86_64, r-release-osx-x86_64-mavericks

Version: 0.4.2
Check: R code for possible problems
Result: NOTE
    asMessage: no visible global function definition for ‘as’
    unrexp: no visible global function definition for ‘is’
    add,Message: no visible global function definition for ‘is’
    Undefined global functions or variables:
     as is
    Consider adding
     importFrom("methods", "as", "is")
    to your NAMESPACE.
Flavors: r-devel-linux-x86_64-debian-clang, r-devel-linux-x86_64-debian-gcc, r-devel-linux-x86_64-fedora-gcc

Version: 0.4.2
Check: whether package can be installed
Result: ERROR
    Installation failed.
Flavors: r-devel-windows-ix86+x86_64, r-release-windows-ix86+x86_64