CRAN Package Check Results for Package RProtoBuf

Last updated on 2014-11-22 20:47:03.

Flavor Version Tinstall Tcheck Ttotal Status Flags
r-devel-linux-x86_64-debian-clang 0.4.1 93.59 49.10 142.68 NOTE
r-devel-linux-x86_64-debian-gcc 0.4.1 114.98 46.88 161.86 NOTE
r-devel-linux-x86_64-fedora-gcc 0.4.1 293.23 NOTE
r-devel-osx-x86_64-clang 0.4.1 217.85 OK
r-devel-windows-ix86+x86_64 0.4.1 268.00 103.00 371.00 OK
r-patched-linux-x86_64 0.4.1 113.71 48.02 161.73 NOTE
r-release-linux-ix86 0.4.1 139.25 56.92 196.17 NOTE
r-release-linux-x86_64 0.4.1 114.52 49.19 163.71 NOTE
r-release-osx-x86_64-mavericks 0.4.1 NOTE
r-release-osx-x86_64-snowleopard 0.4.1 NOTE
r-release-windows-ix86+x86_64 0.4.1 276.00 107.00 383.00 OK
r-oldrel-windows-ix86+x86_64 0.4.1 261.00 123.00 384.00 OK

Check Details

Version: 0.4.1
Check: installed package size
Result: NOTE
     installed size is 6.2Mb
     sub-directories of 1Mb or more:
     libs 5.0Mb
Flavors: r-devel-linux-x86_64-debian-clang, r-devel-linux-x86_64-debian-gcc, r-devel-linux-x86_64-fedora-gcc, r-patched-linux-x86_64, r-release-linux-ix86, r-release-linux-x86_64, r-release-osx-x86_64-mavericks, r-release-osx-x86_64-snowleopard

Version: 0.4.1
Check: re-building of vignette outputs
Result: NOTE
    Error in re-building vignettes:
     ...
    Error in texi2dvi(file = file, pdf = TRUE, clean = clean, quiet = quiet, :
     Running 'texi2dvi' on 'RProtoBuf-intro.tex' failed.
    LaTeX errors:
    ! LaTeX Error: File `mathdesign.sty' not found.
    
    Type X to quit or <RETURN> to proceed,
    or enter new name. (Default extension: sty)
    
    gn_test/RProtoBuf/vignettes/RProtoBuf-intro.tex:399: ==> Fatal error occurred,
     no output PDF file produced!
    Calls: buildVignettes -> texi2pdf -> texi2dvi
    Execution halted
Flavor: r-release-osx-x86_64-mavericks