CRAN Package Check Results for Package RProtoBuf

Last updated on 2016-09-28 05:48:30.

Flavor Version Tinstall Tcheck Ttotal Status Flags
r-devel-linux-x86_64-debian-clang 0.4.6 119.59 47.75 167.34 NOTE
r-devel-linux-x86_64-debian-gcc 0.4.6 132.48 50.12 182.59 NOTE
r-devel-linux-x86_64-fedora-clang 0.4.6 334.27 NOTE
r-devel-linux-x86_64-fedora-gcc 0.4.6 330.52 NOTE
r-devel-macos-x86_64-clang 0.4.6 216.55 OK
r-devel-windows-ix86+x86_64 0.4.6 418.00 149.00 567.00 NOTE
r-patched-linux-x86_64 0.4.6 104.20 49.05 153.24 NOTE
r-release-linux-x86_64 0.4.6 109.33 49.97 159.30 NOTE
r-release-osx-x86_64-mavericks 0.4.6 NOTE
r-release-windows-ix86+x86_64 0.4.6 412.00 114.00 526.00 NOTE
r-oldrel-windows-ix86+x86_64 0.4.6 421.00 202.00 623.00 NOTE

Memtest notes: gcc6-ASAN gcc7-ASAN

Check Details

Version: 0.4.6
Check: installed package size
Result: NOTE
     installed size is 7.5Mb
     sub-directories of 1Mb or more:
     libs 5.7Mb
Flavors: r-devel-linux-x86_64-debian-clang, r-devel-linux-x86_64-debian-gcc, r-devel-linux-x86_64-fedora-clang, r-devel-linux-x86_64-fedora-gcc, r-devel-windows-ix86+x86_64, r-patched-linux-x86_64, r-release-linux-x86_64, r-release-osx-x86_64-mavericks, r-release-windows-ix86+x86_64, r-oldrel-windows-ix86+x86_64

Version: 0.4.6
Check: re-building of vignette outputs
Result: NOTE
    Error in re-building vignettes:
     ...
     input string 348 is invalid in this locale
    Warning in grepl("(Rerun to get|biblatex.*\\(re\\)run)", readLines(log, :
     input string 354 is invalid in this locale
    Error in texi2dvi(file = file, pdf = TRUE, clean = clean, quiet = quiet, :
     Running 'texi2dvi' on 'RProtoBuf-paper.tex' failed.
    LaTeX errors:
    ! Undefined control sequence.
    l.23 ...<a2>i^^ZVn3*<80><b0>^^X<89>^^H8<e5>ryqq<b1>^^W<d3><d2>_PV<af><d7>MӔۃ\<c9>
     [<bd>^<cf>f<b3><9f>}<f6><99>i<9a><b0><ae><a0>,<93><c9>lmm<c9>w<a4>iZ...
    The control sequence at the end of the top line
    of your error message was never \def'ed. If you have
    ! LaTeX Error: Missing \begin{document}.
    
    See the LaTeX manual or LaTeX Companion for explanation.
    Type H <return> for immediate help.
     ...
    ! Extra }, or forgotten \endgroup.
    l.24 ...<af><d7>q^^T^^Yc<d3><d3><d3>D<e4><fb>>^^Q<c1>^^?<f4><de><e5>^^[<a4>r<b6><a9><d6>Q<9a><f6>"<8b>e}
     X<ce>|><8f><bc><f8><d0>V^^Nc^^L6
    I've deleted a group-closing symbol because it seems to be
    spurious, as in `$x}$'. But perhaps the } is legitimate and
    ! Extra }, or forgotten \endgroup.
    l.25 ^^AW&<93> ^^G<96>
    Calls: buildVignettes -> texi2pdf -> texi2dvi
    Execution halted
Flavor: r-release-osx-x86_64-mavericks