CRAN Package Check Results for Package RProtoBuf

Last updated on 2015-05-07 08:47:40.

Flavor Version Tinstall Tcheck Ttotal Status Flags
r-devel-linux-x86_64-debian-clang 0.4.2 103.12 43.40 146.52 NOTE
r-devel-linux-x86_64-debian-gcc 0.4.2 120.68 43.27 163.96 NOTE
r-devel-linux-x86_64-fedora-gcc 0.4.2 300.59 NOTE
r-devel-osx-x86_64-clang 0.4.2 196.77 NOTE
r-devel-windows-ix86+x86_64 0.4.2 ERROR
r-patched-linux-x86_64 0.4.2 121.57 42.83 164.40 NOTE
r-release-linux-x86_64 0.4.2 120.92 42.67 163.59 NOTE
r-release-osx-x86_64-mavericks 0.4.2 NOTE
r-release-osx-x86_64-snowleopard 0.4.2 NOTE
r-release-windows-ix86+x86_64 0.4.2 60107.00 2.00 60109.00 ERROR
r-oldrel-windows-ix86+x86_64 0.4.2 306.00 122.00 428.00 NOTE

Check Details

Version: 0.4.2
Check: installed package size
Result: NOTE
     installed size is 6.5Mb
     sub-directories of 1Mb or more:
     libs 5.3Mb
Flavors: r-devel-linux-x86_64-debian-clang, r-devel-linux-x86_64-debian-gcc, r-devel-linux-x86_64-fedora-gcc, r-patched-linux-x86_64, r-release-linux-x86_64, r-release-osx-x86_64-mavericks, r-release-osx-x86_64-snowleopard, r-oldrel-windows-ix86+x86_64

Version: 0.4.2
Check: DESCRIPTION meta-information
Result: NOTE
    Malformed Description field: should contain one or more complete sentences.
Flavors: r-devel-linux-x86_64-debian-clang, r-devel-linux-x86_64-debian-gcc, r-devel-linux-x86_64-fedora-gcc, r-devel-osx-x86_64-clang, r-patched-linux-x86_64, r-release-linux-x86_64, r-release-osx-x86_64-mavericks, r-release-osx-x86_64-snowleopard

Version: 0.4.2
Check: whether package can be installed
Result: ERROR
    Installation failed.
Flavors: r-devel-windows-ix86+x86_64, r-release-windows-ix86+x86_64