CRAN Package Check Results for Package RProtoBuf

Last updated on 2014-07-29 13:47:04.

Flavor Version Tinstall Tcheck Ttotal Status Flags
r-devel-linux-x86_64-debian-clang 0.4.1 86.83 45.59 132.42 NOTE
r-devel-linux-x86_64-debian-gcc 0.4.1 113.24 44.96 158.20 NOTE
r-devel-linux-x86_64-fedora-gcc 0.4.1 290.86 NOTE
r-devel-osx-x86_64-clang 0.4.1 235.12 OK
r-devel-windows-ix86+x86_64 0.4.1 274.00 107.00 381.00 NOTE
r-patched-linux-x86_64 0.4.1 117.69 44.95 162.64 NOTE
r-release-linux-ix86 0.4.1 139.71 59.31 199.02 NOTE
r-release-linux-x86_64 0.4.1 116.75 45.65 162.40 NOTE
r-release-osx-x86_64-mavericks 0.4.1 ERROR
r-release-osx-x86_64-snowleopard 0.4.1 NOTE
r-release-windows-ix86+x86_64 0.4.1 280.00 112.00 392.00 NOTE
r-oldrel-windows-ix86+x86_64 0.4.1 264.00 124.00 388.00 OK

Check Details

Version: 0.4.1
Check: installed package size
Result: NOTE
     installed size is 5.5Mb
     sub-directories of 1Mb or more:
     libs 4.3Mb
Flavors: r-devel-linux-x86_64-debian-clang, r-devel-linux-x86_64-debian-gcc, r-devel-linux-x86_64-fedora-gcc, r-devel-windows-ix86+x86_64, r-patched-linux-x86_64, r-release-linux-ix86, r-release-linux-x86_64, r-release-osx-x86_64-snowleopard, r-release-windows-ix86+x86_64

Version: 0.4.1
Check: whether package can be installed
Result: ERROR
    Installation failed.
    See /Builds/CRAN-QA-Simon/packages/mavericks-x86_64/results/3.1/RProtoBuf.Rcheck/00install.out for details.
Flavor: r-release-osx-x86_64-mavericks