CRAN Package Check Results for Package RProtoBuf

Last updated on 2018-04-24 03:48:47 CEST.

Flavor Version Tinstall Tcheck Ttotal Status Flags
r-devel-linux-x86_64-debian-clang 0.4.11 199.34 127.64 326.98 OK
r-devel-linux-x86_64-debian-gcc 0.4.11 160.38 113.56 273.94 OK
r-devel-linux-x86_64-fedora-clang 0.4.11 494.10 NOTE
r-devel-linux-x86_64-fedora-gcc 0.4.11 480.48 NOTE
r-devel-windows-ix86+x86_64 0.4.11 588.00 192.00 780.00 NOTE
r-devel-osx-x86_64 0.4.11 NOTE
r-patched-linux-x86_64 0.4.11 221.93 141.58 363.51 OK
r-release-linux-x86_64 0.4.11 209.22 141.92 351.14 OK
r-release-windows-ix86+x86_64 0.4.11 492.00 180.00 672.00 NOTE
r-release-osx-x86_64 0.4.11 NOTE
r-oldrel-windows-ix86+x86_64 0.4.11 445.00 199.00 644.00 NOTE

Check Details

Version: 0.4.11
Check: installed package size
Result: NOTE
     installed size is 9.4Mb
     sub-directories of 1Mb or more:
     doc 1.1Mb
     libs 7.3Mb
Flavors: r-devel-linux-x86_64-fedora-clang, r-devel-linux-x86_64-fedora-gcc, r-devel-windows-ix86+x86_64, r-devel-osx-x86_64, r-release-windows-ix86+x86_64, r-release-osx-x86_64, r-oldrel-windows-ix86+x86_64