CRAN Package Check Results for Package RProtoBuf

Last updated on 2014-12-18 19:50:46.

Flavor Version Tinstall Tcheck Ttotal Status Flags
r-devel-linux-x86_64-debian-clang 0.4.2 90.32 50.64 140.96 NOTE
r-devel-linux-x86_64-debian-gcc 0.4.2 113.89 48.63 162.52 NOTE
r-devel-linux-x86_64-fedora-gcc 0.4.2 296.66 NOTE
r-devel-osx-x86_64-clang 0.4.2 204.91 OK
r-devel-windows-ix86+x86_64 0.4.2 275.00 154.00 429.00 NOTE
r-patched-linux-x86_64 0.4.2 118.94 51.10 170.04 NOTE
r-release-linux-ix86 0.4.2 139.63 60.09 199.72 NOTE
r-release-linux-x86_64 0.4.2 114.27 49.92 164.19 NOTE
r-release-osx-x86_64-mavericks 0.4.2 ERROR
r-release-osx-x86_64-snowleopard 0.4.2 NOTE
r-release-windows-ix86+x86_64 0.4.2 198.00 121.00 319.00 NOTE
r-oldrel-windows-ix86+x86_64 0.4.2 194.00 112.00 306.00 NOTE

Check Details

Version: 0.4.2
Check: installed package size
Result: NOTE
     installed size is 6.2Mb
     sub-directories of 1Mb or more:
     libs 5.0Mb
Flavors: r-devel-linux-x86_64-debian-clang, r-devel-linux-x86_64-debian-gcc, r-devel-linux-x86_64-fedora-gcc, r-devel-windows-ix86+x86_64, r-patched-linux-x86_64, r-release-linux-ix86, r-release-linux-x86_64, r-release-osx-x86_64-mavericks, r-release-osx-x86_64-snowleopard, r-release-windows-ix86+x86_64, r-oldrel-windows-ix86+x86_64

Version: 0.4.2
Check: examples
Result: ERROR
    Running examples in ‘RProtoBuf-Ex.R’ failed
    The error most likely occurred in:
    
    > ### Name: add-methods
    > ### Title: add elements of a repeated field of a message
    > ### Aliases: add add-methods add,Message-method
    > ### Keywords: methods
    >
    > ### ** Examples
    >
    > unitest.proto.file <- system.file("unitTests", "data", "unittest.proto",
    + package = "RProtoBuf" )
    > readProtoFiles(file = unitest.proto.file)
    
     *** caught segfault ***
    address 0x0, cause 'unknown'
    
    Traceback:
     1: .Call("readProtoFiles", files, directories, PACKAGE = "RProtoBuf")
     2: readProtoFiles(file = unitest.proto.file)
    aborting ...
Flavor: r-release-osx-x86_64-mavericks