CRAN Package Check Results for Package RProtoBuf

Last updated on 2014-04-24 19:54:07.

Flavor Version Tinstall Tcheck Ttotal Status Flags
r-devel-linux-x86_64-debian-clang 0.4.1 82.99 48.26 131.25 NOTE
r-devel-linux-x86_64-debian-gcc 0.4.1 104.38 48.56 152.94 NOTE
r-devel-linux-x86_64-fedora-clang 0.4.1 68.10 NOTE --install=fake
r-devel-linux-x86_64-fedora-gcc 0.4.1 295.40 NOTE
r-devel-osx-x86_64-clang 0.4.1 238.13 OK
r-devel-osx-x86_64-gcc 0.4.1 NOTE
r-devel-windows-ix86+x86_64 0.4.1 283.00 104.00 387.00 OK
r-patched-linux-x86_64 0.4.1 103.81 49.19 153.00 NOTE
r-release-linux-ix86 0.4.1 157.00 82.00 239.00 NOTE
r-release-linux-x86_64 0.4.1 104.51 49.46 153.97 NOTE
r-release-osx-x86_64-mavericks 0.4.1 ERROR
r-release-osx-x86_64-snowleopard 0.4.1 NOTE
r-release-windows-ix86+x86_64 0.4.1 418.00 144.00 562.00 OK
r-oldrel-windows-ix86+x86_64 0.4.1 194.00 101.00 295.00 OK

Check Details

Version: 0.4.1
Check: installed package size
Result: NOTE
     installed size is 5.4Mb
     sub-directories of 1Mb or more:
     libs 4.2Mb
Flavors: r-devel-linux-x86_64-debian-clang, r-devel-linux-x86_64-debian-gcc, r-devel-linux-x86_64-fedora-gcc, r-devel-osx-x86_64-gcc, r-patched-linux-x86_64, r-release-linux-ix86, r-release-linux-x86_64, r-release-osx-x86_64-snowleopard

Version: 0.4.1
Flags: --install=fake
Check: R code for possible problems
Result: NOTE
    rexp_complex : <anonymous>: no visible binding for global variable
     ‘rexp.CMPLX’
    rexp_complex: no visible binding for global variable ‘rexp.REXP’
    rexp_double: no visible binding for global variable ‘rexp.REXP’
    rexp_integer: no visible binding for global variable ‘rexp.REXP’
    rexp_list: no visible binding for global variable ‘rexp.REXP’
    rexp_logical: no visible binding for global variable ‘rexp.REXP’
    rexp_null: no visible binding for global variable ‘rexp.REXP’
    rexp_raw: no visible binding for global variable ‘rexp.REXP’
    rexp_string : <anonymous>: no visible binding for global variable
     ‘rexp.STRING’
    rexp_string: no visible binding for global variable ‘rexp.REXP’
    unserialize_pb: no visible binding for global variable ‘rexp.REXP’
Flavor: r-devel-linux-x86_64-fedora-clang

Version: 0.4.1
Check: whether package can be installed
Result: ERROR
    Installation failed.
    See ‘/Builds/CRAN-QA-Simon/packages/mavericks-x86_64/results/3.1/RProtoBuf.Rcheck/00install.out’ for details.
Flavor: r-release-osx-x86_64-mavericks