CRAN Package Check Results for Package RProtoBuf

Last updated on 2015-03-27 10:48:10.

Flavor Version Tinstall Tcheck Ttotal Status Flags
r-devel-linux-x86_64-debian-clang 0.4.2 99.62 45.36 144.98 NOTE
r-devel-linux-x86_64-debian-gcc 0.4.2 118.02 43.01 161.02 NOTE
r-devel-linux-x86_64-fedora-gcc 0.4.2 301.61 NOTE
r-devel-osx-x86_64-clang 0.4.2 200.79 NOTE
r-prerel-windows-ix86+x86_64 0.4.2 60107.00 2.00 60109.00 ERROR
r-prerel-linux-x86_64 0.4.2 120.07 41.91 161.98 NOTE
r-release-linux-x86_64 0.4.2 120.72 52.36 173.08 NOTE
r-release-osx-x86_64-mavericks 0.4.2 ERROR
r-release-osx-x86_64-snowleopard 0.4.2 NOTE
r-release-windows-ix86+x86_64 0.4.2 314.00 117.00 431.00 NOTE
r-oldrel-windows-ix86+x86_64 0.4.2 304.00 140.00 444.00 NOTE

Check Details

Version: 0.4.2
Check: installed package size
Result: NOTE
     installed size is 6.3Mb
     sub-directories of 1Mb or more:
     libs 5.1Mb
Flavors: r-devel-linux-x86_64-debian-clang, r-devel-linux-x86_64-debian-gcc, r-devel-linux-x86_64-fedora-gcc, r-prerel-linux-x86_64, r-release-linux-x86_64, r-release-osx-x86_64-mavericks, r-release-osx-x86_64-snowleopard, r-release-windows-ix86+x86_64, r-oldrel-windows-ix86+x86_64

Version: 0.4.2
Check: DESCRIPTION meta-information
Result: NOTE
    Malformed Description field: should contain one or more complete sentences.
Flavors: r-devel-linux-x86_64-debian-clang, r-devel-linux-x86_64-debian-gcc, r-devel-linux-x86_64-fedora-gcc, r-devel-osx-x86_64-clang, r-prerel-linux-x86_64

Version: 0.4.2
Check: whether package can be installed
Result: ERROR
    Installation failed.
Flavor: r-prerel-windows-ix86+x86_64

Version: 0.4.2
Check: examples
Result: ERROR
    Running examples in ‘RProtoBuf-Ex.R’ failed
    The error most likely occurred in:
    
    > ### Name: add-methods
    > ### Title: add elements of a repeated field of a message
    > ### Aliases: add add-methods add,Message-method
    > ### Keywords: methods
    >
    > ### ** Examples
    >
    > unitest.proto.file <- system.file("unitTests", "data", "unittest.proto",
    + package = "RProtoBuf" )
    > readProtoFiles(file = unitest.proto.file)
    
     *** caught segfault ***
    address 0x0, cause 'unknown'
    
    Traceback:
     1: .Call("readProtoFiles", files, directories, PACKAGE = "RProtoBuf")
     2: readProtoFiles(file = unitest.proto.file)
    aborting ...
Flavor: r-release-osx-x86_64-mavericks