CRAN Package Check Results for Package RProtoBuf

Last updated on 2014-10-02 11:48:16.

Flavor Version Tinstall Tcheck Ttotal Status Flags
r-devel-linux-x86_64-debian-clang 0.4.1 92.60 47.08 139.68 NOTE
r-devel-linux-x86_64-debian-gcc 0.4.1 120.80 47.08 167.88 NOTE
r-devel-linux-x86_64-fedora-gcc 0.4.1 305.30 NOTE
r-devel-osx-x86_64-clang 0.4.1 99.91 ERROR
r-devel-windows-ix86+x86_64 0.4.1 246.00 107.00 353.00 OK
r-patched-linux-x86_64 0.4.1 114.37 49.44 163.81 NOTE
r-release-linux-ix86 0.4.1 140.00 58.72 198.72 NOTE
r-release-linux-x86_64 0.4.1 114.62 48.94 163.56 NOTE
r-release-osx-x86_64-mavericks 0.4.1 NOTE
r-release-osx-x86_64-snowleopard 0.4.1 NOTE
r-release-windows-ix86+x86_64 0.4.1 260.00 119.00 379.00 OK
r-oldrel-windows-ix86+x86_64 0.4.1 261.00 123.00 384.00 OK

Check Details

Version: 0.4.1
Check: installed package size
Result: NOTE
     installed size is 6.2Mb
     sub-directories of 1Mb or more:
     libs 5.0Mb
Flavors: r-devel-linux-x86_64-debian-clang, r-devel-linux-x86_64-debian-gcc, r-devel-linux-x86_64-fedora-gcc, r-patched-linux-x86_64, r-release-linux-ix86, r-release-linux-x86_64, r-release-osx-x86_64-mavericks, r-release-osx-x86_64-snowleopard

Version: 0.4.1
Check: examples
Result: ERROR
    Running examples in ‘RProtoBuf-Ex.R’ failed
    The error most likely occurred in:
    
    > ### Name: add-methods
    > ### Title: add elements of a repeated field of a message
    > ### Aliases: add add-methods add,Message-method
    > ### Keywords: methods
    >
    > ### ** Examples
    >
    > unitest.proto.file <- system.file("unitTests", "data", "unittest.proto",
    + package = "RProtoBuf" )
    > readProtoFiles(file = unitest.proto.file)
    
     *** caught segfault ***
    address 0x11000022, cause 'memory not mapped'
    
    Traceback:
     1: .Call("readProtoFiles", files, directories, PACKAGE = "RProtoBuf")
     2: readProtoFiles(file = unitest.proto.file)
    aborting ...
Flavor: r-devel-osx-x86_64-clang

Version: 0.4.1
Check: re-building of vignette outputs
Result: NOTE
    Error in re-building vignettes:
     ...
    Error in texi2dvi(file = file, pdf = TRUE, clean = clean, quiet = quiet, :
     Running 'texi2dvi' on 'RProtoBuf-intro.tex' failed.
    LaTeX errors:
    ! LaTeX Error: File `mathdesign.sty' not found.
    
    Type X to quit or <RETURN> to proceed,
    or enter new name. (Default extension: sty)
    
    gn_test/RProtoBuf/vignettes/RProtoBuf-intro.tex:399: ==> Fatal error occurred,
     no output PDF file produced!
    Calls: buildVignettes -> texi2pdf -> texi2dvi
    Execution halted
Flavor: r-release-osx-x86_64-mavericks