CRAN Package Check Results for Package RPyGeo

Last updated on 2015-04-25 12:46:22.

Flavor Version Tinstall Tcheck Ttotal Status Flags
r-devel-windows-ix86+x86_64 0.9-3 6.00 32.00 38.00 NOTE
r-release-osx-x86_64-mavericks 0.9-3 NOTE
r-release-osx-x86_64-snowleopard 0.9-3 NOTE
r-release-windows-ix86+x86_64 0.9-3 6.00 35.00 41.00 NOTE
r-oldrel-windows-ix86+x86_64 0.9-3 9.00 51.00 60.00 NOTE

Check Details

Version: 0.9-3
Check: dependencies in R code
Result: NOTE
    'library' or 'require' call to 'shapefiles' which was already attached by Depends.
     Please remove these calls from your code.
Flavors: r-devel-windows-ix86+x86_64, r-release-windows-ix86+x86_64, r-oldrel-windows-ix86+x86_64

Version: 0.9-3
Check: R code for possible problems
Result: NOTE
    rpygeo.geoprocessor: warning in system(py.call, invisible = TRUE,
     minimize = TRUE, wait = wait): partial argument match of 'minimize'
     to 'minimized'
Flavors: r-devel-windows-ix86+x86_64, r-release-windows-ix86+x86_64, r-oldrel-windows-ix86+x86_64