CRAN Package Check Results for Package RPyGeo

Last updated on 2015-07-28 23:47:49.

Flavor Version Tinstall Tcheck Ttotal Status Flags
r-devel-windows-ix86+x86_64 0.9-3 5.00 38.00 43.00 NOTE
r-release-osx-x86_64-mavericks 0.9-3 NOTE
r-release-windows-ix86+x86_64 0.9-3 8.00 36.00 44.00 NOTE
r-oldrel-windows-ix86+x86_64 0.9-3 11.00 58.00 69.00 NOTE

Check Details

Version: 0.9-3
Check: dependencies in R code
Result: NOTE
    'library' or 'require' call to 'shapefiles' which was already attached by Depends.
     Please remove these calls from your code.
Flavors: r-devel-windows-ix86+x86_64, r-release-windows-ix86+x86_64, r-oldrel-windows-ix86+x86_64

Version: 0.9-3
Check: R code for possible problems
Result: NOTE
    rpygeo.geoprocessor: warning in system(py.call, invisible = TRUE,
     minimize = TRUE, wait = wait): partial argument match of 'minimize'
     to 'minimized'
Flavors: r-devel-windows-ix86+x86_64, r-release-windows-ix86+x86_64, r-oldrel-windows-ix86+x86_64

Version: 0.9-3
Check: dependencies in R code
Result: NOTE
    'library' or 'require' calls to packages already attached by Depends:
     ‘RSAGA’ ‘shapefiles’
     Please remove these calls from your code.
Flavor: r-release-osx-x86_64-mavericks