CRAN Package Check Results for Package RQDA

Last updated on 2015-04-27 17:48:31.

Flavor Version Tinstall Tcheck Ttotal Status Flags
r-devel-linux-x86_64-debian-clang 0.2-7 4.53 55.19 59.72 NOTE
r-devel-linux-x86_64-debian-gcc 0.2-7 3.86 53.79 57.65 NOTE
r-devel-linux-x86_64-fedora-clang 0.2-7 121.14 NOTE
r-devel-linux-x86_64-fedora-gcc 0.2-7 109.49 NOTE
r-devel-osx-x86_64-clang 0.2-7 103.25 NOTE
r-devel-windows-ix86+x86_64 0.2-7 11.00 81.00 92.00 NOTE
r-patched-linux-x86_64 0.2-7 4.36 53.49 57.85 NOTE
r-patched-solaris-sparc 0.2-7 696.10 NOTE
r-patched-solaris-x86 0.2-7 163.00 NOTE
r-release-linux-x86_64 0.2-7 4.00 53.77 57.77 NOTE
r-release-osx-x86_64-mavericks 0.2-7 ERROR
r-release-osx-x86_64-snowleopard 0.2-7 ERROR
r-release-windows-ix86+x86_64 0.2-7 16.00 107.00 123.00 NOTE
r-oldrel-windows-ix86+x86_64 0.2-7 16.00 105.00 121.00 NOTE

Check Details

Version: 0.2-7
Check: package dependencies
Result: NOTE
    Package which this enhances but not available for checking: ‘rjpod’
Flavors: r-devel-linux-x86_64-debian-clang, r-devel-linux-x86_64-debian-gcc, r-devel-linux-x86_64-fedora-clang, r-devel-linux-x86_64-fedora-gcc, r-devel-osx-x86_64-clang, r-devel-windows-ix86+x86_64, r-patched-solaris-sparc, r-patched-solaris-x86, r-release-linux-x86_64, r-release-windows-ix86+x86_64, r-oldrel-windows-ix86+x86_64

Version: 0.2-7
Check: package dependencies
Result: ERROR
    Packages required but not available: ‘gWidgetsRGtk2’ ‘RGtk2’
    
    Package which this enhances but not available for checking: ‘rjpod’
    
    See section ‘The DESCRIPTION file’ in the ‘Writing R Extensions’
    manual.
Flavor: r-release-osx-x86_64-mavericks

Version: 0.2-7
Check: package dependencies
Result: ERROR
    Package required but not available: ‘igraph’
    
    Package which this enhances but not available for checking: ‘rjpod’
    
    See section ‘The DESCRIPTION file’ in the ‘Writing R Extensions’
    manual.
Flavor: r-release-osx-x86_64-snowleopard