CRAN Package Check Results for Package RQDA

Last updated on 2017-03-27 21:49:09.

Flavor Version Tinstall Tcheck Ttotal Status Flags
r-devel-linux-x86_64-debian-clang 0.2-8 3.78 56.26 60.05 NOTE
r-devel-linux-x86_64-debian-gcc 0.2-8 3.48 57.64 61.11 NOTE
r-devel-linux-x86_64-fedora-clang 0.2-8 115.18 NOTE --no-stop-on-test-error
r-devel-linux-x86_64-fedora-gcc 0.2-8 111.66 NOTE --no-stop-on-test-error
r-devel-macos-x86_64-clang 0.2-8 89.73 NOTE --no-stop-on-test-error
r-devel-windows-ix86+x86_64 0.2-8 10.00 88.00 98.00 NOTE
r-patched-linux-x86_64 0.2-8 3.50 57.56 61.06 NOTE
r-patched-solaris-sparc 0.2-8 675.60 NOTE
r-patched-solaris-x86 0.2-8 145.10 NOTE
r-release-linux-x86_64 0.2-8 3.51 55.38 58.89 NOTE
r-release-osx-x86_64-mavericks 0.2-8 NOTE
r-release-windows-ix86+x86_64 0.2-8 14.00 86.00 100.00 NOTE
r-oldrel-windows-ix86+x86_64 0.2-8 12.00 99.00 111.00 NOTE

Check Details

Version: 0.2-8
Check: package dependencies
Result: NOTE
    Package which this enhances but not available for checking: ‘rjpod’
Flavors: r-devel-linux-x86_64-debian-clang, r-devel-linux-x86_64-debian-gcc, r-devel-windows-ix86+x86_64, r-patched-linux-x86_64, r-patched-solaris-sparc, r-patched-solaris-x86, r-release-linux-x86_64, r-release-osx-x86_64-mavericks, r-release-windows-ix86+x86_64, r-oldrel-windows-ix86+x86_64

Version: 0.2-8
Flags: --no-stop-on-test-error
Check: package dependencies
Result: NOTE
    Package which this enhances but not available for checking: ‘rjpod’
Flavors: r-devel-linux-x86_64-fedora-clang, r-devel-linux-x86_64-fedora-gcc, r-devel-macos-x86_64-clang