CRAN Package Check Results for Package RQDA

Last updated on 2017-01-22 06:47:32.

Flavor Version Tinstall Tcheck Ttotal Status Flags
r-devel-linux-x86_64-debian-clang 0.2-8 3.59 55.64 59.24 NOTE
r-devel-linux-x86_64-debian-gcc 0.2-8 3.79 59.53 63.31 NOTE
r-devel-linux-x86_64-fedora-clang 0.2-8 114.12 NOTE --no-stop-on-test-error
r-devel-linux-x86_64-fedora-gcc 0.2-8 111.41 NOTE --no-stop-on-test-error
r-devel-macos-x86_64-clang 0.2-8 90.14 NOTE --no-stop-on-test-error
r-devel-windows-ix86+x86_64 0.2-8 15.00 91.00 106.00 NOTE
r-patched-linux-x86_64 0.2-8 3.71 55.57 59.28 NOTE
r-patched-solaris-sparc 0.2-8 664.90 NOTE
r-patched-solaris-x86 0.2-8 136.90 NOTE
r-release-linux-x86_64 0.2-8 3.28 55.04 58.31 NOTE
r-release-osx-x86_64-mavericks 0.2-8 NOTE
r-release-windows-ix86+x86_64 0.2-8 29.00 125.00 154.00 NOTE
r-oldrel-windows-ix86+x86_64 0.2-8 17.00 149.00 166.00 NOTE

Check Details

Version: 0.2-8
Check: package dependencies
Result: NOTE
    Package which this enhances but not available for checking: ‘rjpod’
Flavors: r-devel-linux-x86_64-debian-clang, r-devel-linux-x86_64-debian-gcc, r-devel-windows-ix86+x86_64, r-patched-linux-x86_64, r-patched-solaris-sparc, r-patched-solaris-x86, r-release-linux-x86_64, r-release-osx-x86_64-mavericks, r-release-windows-ix86+x86_64, r-oldrel-windows-ix86+x86_64

Version: 0.2-8
Flags: --no-stop-on-test-error
Check: package dependencies
Result: NOTE
    Package which this enhances but not available for checking: ‘rjpod’
Flavors: r-devel-linux-x86_64-fedora-clang, r-devel-linux-x86_64-fedora-gcc, r-devel-macos-x86_64-clang