CRAN Package Check Results for Package RQDA

Last updated on 2014-11-28 05:47:30.

Flavor Version Tinstall Tcheck Ttotal Status Flags
r-devel-linux-x86_64-debian-clang 0.2-7 4.13 65.14 69.27 NOTE
r-devel-linux-x86_64-debian-gcc 0.2-7 4.24 63.17 67.40 NOTE
r-devel-linux-x86_64-fedora-clang 0.2-7 157.95 NOTE
r-devel-linux-x86_64-fedora-gcc 0.2-7 163.25 NOTE
r-devel-osx-x86_64-clang 0.2-7 127.22 NOTE
r-devel-windows-ix86+x86_64 0.2-7 16.00 92.00 108.00 NOTE
r-patched-linux-x86_64 0.2-7 4.46 67.34 71.80 NOTE
r-patched-solaris-sparc 0.2-7 772.30 NOTE
r-patched-solaris-x86 0.2-7 205.30 NOTE
r-release-linux-ix86 0.2-7 5.04 76.77 81.81 NOTE
r-release-linux-x86_64 0.2-7 4.67 66.67 71.34 NOTE
r-release-osx-x86_64-mavericks 0.2-7 ERROR
r-release-osx-x86_64-snowleopard 0.2-7 NOTE
r-release-windows-ix86+x86_64 0.2-7 19.00 103.00 122.00 NOTE
r-oldrel-windows-ix86+x86_64 0.2-7 18.00 98.00 116.00 NOTE

Check Details

Version: 0.2-7
Check: package dependencies
Result: NOTE
    Package which this enhances but not available for checking: ‘rjpod’
Flavors: r-devel-linux-x86_64-debian-clang, r-devel-linux-x86_64-debian-gcc, r-devel-linux-x86_64-fedora-clang, r-devel-linux-x86_64-fedora-gcc, r-devel-osx-x86_64-clang, r-devel-windows-ix86+x86_64, r-patched-linux-x86_64, r-patched-solaris-sparc, r-patched-solaris-x86, r-release-linux-ix86, r-release-linux-x86_64, r-release-osx-x86_64-snowleopard, r-release-windows-ix86+x86_64, r-oldrel-windows-ix86+x86_64

Version: 0.2-7
Check: package dependencies
Result: ERROR
    Packages required but not available: ‘gWidgetsRGtk2’ ‘RGtk2’
    
    Package which this enhances but not available for checking: ‘rjpod’
    
    See the information on DESCRIPTION files in the chapter ‘Creating R
    packages’ of the ‘Writing R Extensions’ manual.
Flavor: r-release-osx-x86_64-mavericks