CRAN Package Check Results for Package RQDA

Last updated on 2018-09-26 08:48:29 CEST.

Flavor Version Tinstall Tcheck Ttotal Status Flags
r-devel-linux-x86_64-debian-clang 0.3-1 12.79 102.33 115.12 NOTE
r-devel-linux-x86_64-debian-gcc 0.3-1 13.21 80.77 93.98 NOTE
r-devel-linux-x86_64-fedora-clang 0.3-1 136.63 NOTE
r-devel-linux-x86_64-fedora-gcc 0.3-1 134.33 NOTE
r-devel-windows-ix86+x86_64 0.3-1 32.00 135.00 167.00 NOTE
r-patched-linux-x86_64 0.3-1 11.06 92.47 103.53 NOTE
r-patched-solaris-x86 0.3-1 178.60 NOTE
r-release-linux-x86_64 0.3-1 12.06 93.92 105.98 NOTE
r-release-windows-ix86+x86_64 0.3-1 20.00 125.00 145.00 NOTE
r-release-osx-x86_64 0.3-1 ERROR
r-oldrel-windows-ix86+x86_64 0.3-1 10.00 123.00 133.00 NOTE
r-oldrel-osx-x86_64 0.3-1 ERROR

Check Details

Version: 0.3-1
Check: package dependencies
Result: NOTE
    Package which this enhances but not available for checking: ‘rjpod’
Flavors: r-devel-linux-x86_64-debian-clang, r-devel-linux-x86_64-debian-gcc, r-devel-linux-x86_64-fedora-clang, r-devel-linux-x86_64-fedora-gcc, r-devel-windows-ix86+x86_64, r-patched-linux-x86_64, r-patched-solaris-x86, r-release-linux-x86_64, r-release-windows-ix86+x86_64, r-oldrel-windows-ix86+x86_64

Version: 0.3-1
Check: package dependencies
Result: ERROR
    Packages required but not available: ‘gWidgetsRGtk2’ ‘RGtk2’
    
    Package which this enhances but not available for checking: ‘rjpod’
    
    See section ‘The DESCRIPTION file’ in the ‘Writing R Extensions’
    manual.
Flavors: r-release-osx-x86_64, r-oldrel-osx-x86_64