CRAN Package Check Results for Package RQDA

Last updated on 2017-08-17 05:48:47.

Flavor Version Tinstall Tcheck Ttotal Status Flags
r-devel-linux-x86_64-debian-clang 0.3-0 3.70 58.52 62.23 NOTE
r-devel-linux-x86_64-debian-gcc 0.3-0 3.69 58.38 62.06 NOTE
r-devel-linux-x86_64-fedora-clang 0.3-0 115.91 NOTE
r-devel-linux-x86_64-fedora-gcc 0.3-0 123.30 NOTE
r-devel-windows-ix86+x86_64 0.3-0 10.00 95.00 105.00 NOTE
r-patched-linux-x86_64 0.3-0 4.00 63.30 67.31 NOTE
r-patched-solaris-x86 0.3-0 151.70 NOTE
r-release-linux-x86_64 0.3-0 3.84 61.63 65.47 NOTE
r-release-windows-ix86+x86_64 0.3-0 12.00 101.00 113.00 NOTE
r-release-osx-x86_64 0.3-0 ERROR
r-oldrel-windows-ix86+x86_64 0.3-0 13.00 86.00 99.00 NOTE
r-oldrel-osx-x86_64 0.3-0 NOTE

Check Details

Version: 0.3-0
Check: package dependencies
Result: NOTE
    Package which this enhances but not available for checking: ‘rjpod’
Flavors: r-devel-linux-x86_64-debian-clang, r-devel-linux-x86_64-debian-gcc, r-devel-linux-x86_64-fedora-clang, r-devel-linux-x86_64-fedora-gcc, r-devel-windows-ix86+x86_64, r-patched-linux-x86_64, r-patched-solaris-x86, r-release-linux-x86_64, r-release-windows-ix86+x86_64, r-oldrel-windows-ix86+x86_64, r-oldrel-osx-x86_64

Version: 0.3-0
Check: package dependencies
Result: ERROR
    Packages required but not available: ‘gWidgetsRGtk2’ ‘RGtk2’
    
    Package which this enhances but not available for checking: ‘rjpod’
    
    See section ‘The DESCRIPTION file’ in the ‘Writing R Extensions’
    manual.
Flavor: r-release-osx-x86_64