CRAN Package Check Results for Package RQDA

Last updated on 2017-05-23 04:48:55.

Flavor Version Tinstall Tcheck Ttotal Status Flags
r-devel-linux-x86_64-debian-clang 0.2-8 3.57 57.03 60.60 NOTE
r-devel-linux-x86_64-debian-gcc 0.2-8 3.43 56.14 59.57 NOTE
r-devel-linux-x86_64-fedora-clang 0.2-8 115.35 NOTE --no-stop-on-test-error
r-devel-linux-x86_64-fedora-gcc 0.2-8 109.62 NOTE --no-stop-on-test-error
r-devel-windows-ix86+x86_64 0.2-8 19.00 91.00 110.00 NOTE
r-patched-linux-x86_64 0.2-8 3.53 57.42 60.94 NOTE
r-patched-solaris-sparc 0.2-8 675.60 NOTE
r-patched-solaris-x86 0.2-8 143.30 NOTE
r-release-linux-x86_64 0.2-8 3.52 57.36 60.88 NOTE
r-release-windows-ix86+x86_64 0.2-8 13.00 130.00 143.00 NOTE
r-release-osx-x86_64 0.2-8 ERROR
r-oldrel-windows-ix86+x86_64 0.2-8 15.00 122.00 137.00 NOTE
r-oldrel-osx-x86_64 0.2-8 NOTE

Check Details

Version: 0.2-8
Check: package dependencies
Result: NOTE
    Package which this enhances but not available for checking: ‘rjpod’
Flavors: r-devel-linux-x86_64-debian-clang, r-devel-linux-x86_64-debian-gcc, r-devel-windows-ix86+x86_64, r-patched-linux-x86_64, r-patched-solaris-sparc, r-patched-solaris-x86, r-release-linux-x86_64, r-release-windows-ix86+x86_64, r-oldrel-windows-ix86+x86_64, r-oldrel-osx-x86_64

Version: 0.2-8
Flags: --no-stop-on-test-error
Check: package dependencies
Result: NOTE
    Package which this enhances but not available for checking: ‘rjpod’
Flavors: r-devel-linux-x86_64-fedora-clang, r-devel-linux-x86_64-fedora-gcc

Version: 0.2-8
Check: package dependencies
Result: ERROR
    Packages required but not available: ‘gWidgetsRGtk2’ ‘RGtk2’
    
    Package which this enhances but not available for checking: ‘rjpod’
    
    See section ‘The DESCRIPTION file’ in the ‘Writing R Extensions’
    manual.
Flavor: r-release-osx-x86_64