CRAN Package Check Results for Package RQDA

Last updated on 2014-10-25 15:48:35.

Flavor Version Tinstall Tcheck Ttotal Status Flags
r-devel-linux-x86_64-debian-clang 0.2-6 4.43 62.34 66.76 NOTE
r-devel-linux-x86_64-debian-gcc 0.2-6 4.03 63.21 67.24 NOTE
r-devel-linux-x86_64-fedora-clang 0.2-6 149.92 WARN
r-devel-linux-x86_64-fedora-gcc 0.2-6 142.99 NOTE
r-devel-osx-x86_64-clang 0.2-6 131.16 WARN
r-devel-windows-ix86+x86_64 0.2-6 15.00 86.00 101.00 NOTE
r-patched-linux-x86_64 0.2-6 4.32 65.83 70.16 WARN
r-patched-solaris-sparc 0.2-6 805.30 WARN
r-patched-solaris-x86 0.2-6 177.70 WARN
r-release-linux-ix86 0.2-6 5.65 82.98 88.63 NOTE
r-release-linux-x86_64 0.2-6 5.69 67.28 72.97 NOTE
r-release-osx-x86_64-mavericks 0.2-6 ERROR
r-release-osx-x86_64-snowleopard 0.2-6 NOTE
r-release-windows-ix86+x86_64 0.2-6 16.00 100.00 116.00 NOTE
r-oldrel-windows-ix86+x86_64 0.2-6 18.00 102.00 120.00 WARN

Check Details

Version: 0.2-6
Check: package dependencies
Result: NOTE
    Package which this enhances but not available for checking: ‘rjpod’
Flavors: r-devel-linux-x86_64-debian-clang, r-devel-linux-x86_64-debian-gcc, r-devel-linux-x86_64-fedora-clang, r-devel-linux-x86_64-fedora-gcc, r-devel-osx-x86_64-clang, r-devel-windows-ix86+x86_64, r-patched-linux-x86_64, r-patched-solaris-sparc, r-patched-solaris-x86, r-release-linux-ix86, r-release-linux-x86_64, r-release-osx-x86_64-snowleopard, r-release-windows-ix86+x86_64, r-oldrel-windows-ix86+x86_64

Version: 0.2-6
Check: Rd cross-references
Result: WARN
    Missing link or links in documentation object 'RQDAQuery.rd':
     ‘[RSQLite]{dbSendQuery-methods}’
    
    See the information in section 'Cross-references' of the 'Writing R
    Extensions' manual.
Flavors: r-devel-linux-x86_64-fedora-clang, r-devel-osx-x86_64-clang, r-patched-linux-x86_64, r-patched-solaris-sparc, r-patched-solaris-x86

Version: 0.2-6
Check: package dependencies
Result: ERROR
    Packages required but not available: ‘gWidgetsRGtk2’ ‘RGtk2’
    
    Package which this enhances but not available for checking: ‘rjpod’
    
    See the information on DESCRIPTION files in the chapter ‘Creating R
    packages’ of the ‘Writing R Extensions’ manual.
Flavor: r-release-osx-x86_64-mavericks

Version: 0.2-6
Check: Rd cross-references
Result: WARN
    Missing link or links in documentation object 'D:/temp/Rtmp0AdJwl/R.INSTALL267473a223c/RQDA/man/RQDAQuery.rd':
     '[RSQLite]{dbSendQuery-methods}'
    
    See the information in section 'Cross-references' of the 'Writing R
    Extensions' manual.
Flavor: r-oldrel-windows-ix86+x86_64