CRAN Package Check Results for Package RQDA

Last updated on 2015-02-26 23:47:55.

Flavor Version Tinstall Tcheck Ttotal Status Flags
r-devel-linux-x86_64-debian-clang 0.2-7 3.59 55.20 58.79 NOTE
r-devel-linux-x86_64-debian-gcc 0.2-7 3.64 53.25 56.89 NOTE
r-devel-linux-x86_64-fedora-clang 0.2-7 121.39 NOTE
r-devel-linux-x86_64-fedora-gcc 0.2-7 106.15 NOTE
r-devel-osx-x86_64-clang 0.2-7 107.60 NOTE
r-devel-windows-ix86+x86_64 0.2-7 18.00 80.00 98.00 NOTE
r-patched-linux-x86_64 0.2-7 5.09 67.47 72.56 NOTE
r-patched-solaris-sparc 0.2-7 861.90 NOTE
r-patched-solaris-x86 0.2-7 212.00 NOTE
r-release-linux-ix86 0.2-7 5.30 79.77 85.06 NOTE
r-release-linux-x86_64 0.2-7 4.93 71.15 76.08 NOTE
r-release-osx-x86_64-mavericks 0.2-7 ERROR
r-release-osx-x86_64-snowleopard 0.2-7 NOTE
r-release-windows-ix86+x86_64 0.2-7 20.00 110.00 130.00 NOTE
r-oldrel-windows-ix86+x86_64 0.2-7 16.00 158.00 174.00 NOTE

Check Details

Version: 0.2-7
Check: package dependencies
Result: NOTE
    Package which this enhances but not available for checking: ‘rjpod’
Flavors: r-devel-linux-x86_64-debian-clang, r-devel-linux-x86_64-debian-gcc, r-devel-linux-x86_64-fedora-clang, r-devel-linux-x86_64-fedora-gcc, r-devel-osx-x86_64-clang, r-devel-windows-ix86+x86_64, r-patched-linux-x86_64, r-patched-solaris-sparc, r-patched-solaris-x86, r-release-linux-ix86, r-release-linux-x86_64, r-release-osx-x86_64-snowleopard, r-release-windows-ix86+x86_64, r-oldrel-windows-ix86+x86_64

Version: 0.2-7
Check: package dependencies
Result: ERROR
    Packages required but not available: ‘gWidgetsRGtk2’ ‘RGtk2’
    
    Package which this enhances but not available for checking: ‘rjpod’
    
    See section ‘The DESCRIPTION file’ in the ‘Writing R Extensions’
    manual.
Flavor: r-release-osx-x86_64-mavericks