CRAN Package Check Results for Package RQDA

Last updated on 2018-02-21 13:51:02 CET.

Flavor Version Tinstall Tcheck Ttotal Status Flags
r-devel-linux-x86_64-debian-clang 0.3-0 16.99 94.46 111.45 NOTE
r-devel-linux-x86_64-debian-gcc 0.3-0 14.22 71.70 85.92 NOTE
r-devel-linux-x86_64-fedora-clang 0.3-0 130.66 NOTE
r-devel-linux-x86_64-fedora-gcc 0.3-0 127.46 NOTE
r-devel-windows-ix86+x86_64 0.3-0 19.00 101.00 120.00 NOTE
r-patched-linux-x86_64 0.3-0 5.91 95.38 101.29 NOTE
r-patched-solaris-x86 0.3-0 154.30 NOTE
r-release-linux-x86_64 0.3-0 5.78 94.86 100.64 NOTE
r-release-windows-ix86+x86_64 0.3-0 15.00 128.00 143.00 NOTE
r-release-osx-x86_64 0.3-0 ERROR
r-oldrel-windows-ix86+x86_64 0.3-0 11.00 100.00 111.00 NOTE
r-oldrel-osx-x86_64 0.3-0 NOTE

Check Details

Version: 0.3-0
Check: package dependencies
Result: NOTE
    Package which this enhances but not available for checking: ‘rjpod’
Flavors: r-devel-linux-x86_64-debian-clang, r-devel-linux-x86_64-debian-gcc, r-devel-linux-x86_64-fedora-clang, r-devel-linux-x86_64-fedora-gcc, r-devel-windows-ix86+x86_64, r-patched-linux-x86_64, r-patched-solaris-x86, r-release-linux-x86_64, r-release-windows-ix86+x86_64, r-oldrel-windows-ix86+x86_64, r-oldrel-osx-x86_64

Version: 0.3-0
Check: package dependencies
Result: ERROR
    Packages required but not available: ‘gWidgetsRGtk2’ ‘RGtk2’
    
    Package which this enhances but not available for checking: ‘rjpod’
    
    See section ‘The DESCRIPTION file’ in the ‘Writing R Extensions’
    manual.
Flavor: r-release-osx-x86_64