CRAN Package Check Results for Package RQDA

Last updated on 2014-08-21 05:47:03.

Flavor Version Tinstall Tcheck Ttotal Status Flags
r-devel-linux-x86_64-debian-clang 0.2-6 4.05 64.27 68.32 NOTE
r-devel-linux-x86_64-debian-gcc 0.2-6 4.81 61.59 66.40 NOTE
r-devel-linux-x86_64-fedora-clang 0.2-6 166.53 NOTE
r-devel-linux-x86_64-fedora-gcc 0.2-6 154.57 NOTE
r-devel-osx-x86_64-clang 0.2-6 118.60 NOTE
r-devel-windows-ix86+x86_64 0.2-6 15.00 92.00 107.00 NOTE
r-patched-linux-x86_64 0.2-6 4.65 65.69 70.34 NOTE
r-patched-solaris-sparc 0.2-6 812.50 NOTE
r-patched-solaris-x86 0.2-6 196.50 NOTE
r-release-linux-ix86 0.2-6 5.52 81.31 86.84 NOTE
r-release-linux-x86_64 0.2-6 4.43 65.93 70.36 NOTE
r-release-osx-x86_64-mavericks 0.2-6 ERROR
r-release-osx-x86_64-snowleopard 0.2-6 NOTE
r-release-windows-ix86+x86_64 0.2-6 14.00 101.00 115.00 NOTE
r-oldrel-windows-ix86+x86_64 0.2-6 17.00 90.00 107.00 NOTE

Check Details

Version: 0.2-6
Check: package dependencies
Result: NOTE
    Package which this enhances but not available for checking: ‘rjpod’
Flavors: r-devel-linux-x86_64-debian-clang, r-devel-linux-x86_64-debian-gcc, r-devel-linux-x86_64-fedora-clang, r-devel-linux-x86_64-fedora-gcc, r-devel-osx-x86_64-clang, r-devel-windows-ix86+x86_64, r-patched-linux-x86_64, r-patched-solaris-sparc, r-patched-solaris-x86, r-release-linux-ix86, r-release-linux-x86_64, r-release-osx-x86_64-snowleopard, r-release-windows-ix86+x86_64, r-oldrel-windows-ix86+x86_64

Version: 0.2-6
Check: package dependencies
Result: ERROR
    Packages required but not available: ‘gWidgetsRGtk2’ ‘RGtk2’
    
    Package which this enhances but not available for checking: ‘rjpod’
    
    See the information on DESCRIPTION files in the chapter ‘Creating R
    packages’ of the ‘Writing R Extensions’ manual.
Flavor: r-release-osx-x86_64-mavericks