CRAN Package Check Results for Package RQDA

Last updated on 2017-10-17 03:49:01.

Flavor Version Tinstall Tcheck Ttotal Status Flags
r-devel-linux-x86_64-debian-clang 0.3-0 3.83 62.60 66.43 NOTE
r-devel-linux-x86_64-debian-gcc 0.3-0 4.13 63.19 67.32 NOTE
r-devel-linux-x86_64-fedora-clang 0.3-0 119.20 NOTE
r-devel-linux-x86_64-fedora-gcc 0.3-0 118.91 NOTE
r-devel-windows-ix86+x86_64 0.3-0 10.00 93.00 103.00 NOTE
r-patched-linux-x86_64 0.3-0 3.95 61.49 65.44 NOTE
r-patched-solaris-x86 0.3-0 158.60 NOTE
r-release-linux-x86_64 0.3-0 4.16 58.90 63.06 NOTE
r-release-windows-ix86+x86_64 0.3-0 15.00 95.00 110.00 NOTE
r-release-osx-x86_64 0.3-0 ERROR
r-oldrel-windows-ix86+x86_64 0.3-0 16.00 123.00 139.00 NOTE
r-oldrel-osx-x86_64 0.3-0 NOTE

Check Details

Version: 0.3-0
Check: package dependencies
Result: NOTE
    Package which this enhances but not available for checking: ‘rjpod’
Flavors: r-devel-linux-x86_64-debian-clang, r-devel-linux-x86_64-debian-gcc, r-devel-linux-x86_64-fedora-clang, r-devel-linux-x86_64-fedora-gcc, r-devel-windows-ix86+x86_64, r-patched-linux-x86_64, r-patched-solaris-x86, r-release-linux-x86_64, r-release-windows-ix86+x86_64, r-oldrel-windows-ix86+x86_64, r-oldrel-osx-x86_64

Version: 0.3-0
Check: package dependencies
Result: ERROR
    Packages required but not available: ‘gWidgetsRGtk2’ ‘RGtk2’
    
    Package which this enhances but not available for checking: ‘rjpod’
    
    See section ‘The DESCRIPTION file’ in the ‘Writing R Extensions’
    manual.
Flavor: r-release-osx-x86_64