CRAN Package Check Results for Package RQDA

Last updated on 2014-12-20 03:49:40.

Flavor Version Tinstall Tcheck Ttotal Status Flags
r-devel-linux-x86_64-debian-clang 0.2-7 4.26 65.06 69.32 NOTE
r-devel-linux-x86_64-debian-gcc 0.2-7 3.95 62.71 66.66 NOTE
r-devel-linux-x86_64-fedora-clang 0.2-7 158.73 NOTE
r-devel-linux-x86_64-fedora-gcc 0.2-7 148.54 NOTE
r-devel-osx-x86_64-clang 0.2-7 128.87 NOTE
r-devel-windows-ix86+x86_64 0.2-7 17.00 94.00 111.00 NOTE
r-patched-linux-x86_64 0.2-7 5.62 66.20 71.82 NOTE
r-patched-solaris-sparc 0.2-7 772.30 NOTE
r-patched-solaris-x86 0.2-7 207.60 NOTE
r-release-linux-ix86 0.2-7 5.15 78.04 83.18 NOTE
r-release-linux-x86_64 0.2-7 4.34 65.70 70.04 NOTE
r-release-osx-x86_64-mavericks 0.2-7 ERROR
r-release-osx-x86_64-snowleopard 0.2-7 NOTE
r-release-windows-ix86+x86_64 0.2-7 19.00 106.00 125.00 NOTE
r-oldrel-windows-ix86+x86_64 0.2-7 18.00 100.00 118.00 NOTE

Check Details

Version: 0.2-7
Check: package dependencies
Result: NOTE
    Package which this enhances but not available for checking: ‘rjpod’
Flavors: r-devel-linux-x86_64-debian-clang, r-devel-linux-x86_64-debian-gcc, r-devel-linux-x86_64-fedora-clang, r-devel-linux-x86_64-fedora-gcc, r-devel-osx-x86_64-clang, r-devel-windows-ix86+x86_64, r-patched-linux-x86_64, r-patched-solaris-sparc, r-patched-solaris-x86, r-release-linux-ix86, r-release-linux-x86_64, r-release-osx-x86_64-snowleopard, r-release-windows-ix86+x86_64, r-oldrel-windows-ix86+x86_64

Version: 0.2-7
Check: package dependencies
Result: ERROR
    Packages required but not available: ‘gWidgetsRGtk2’ ‘RGtk2’
    
    Package which this enhances but not available for checking: ‘rjpod’
    
    See the information on DESCRIPTION files in the chapter ‘Creating R
    packages’ of the ‘Writing R Extensions’ manual.
Flavor: r-release-osx-x86_64-mavericks