CRAN Package Check Results for Package RQDA

Last updated on 2017-12-12 08:48:40 CET.

Flavor Version Tinstall Tcheck Ttotal Status Flags
r-devel-linux-x86_64-debian-clang 0.3-0 4.27 79.36 83.63 NOTE
r-devel-linux-x86_64-debian-gcc 0.3-0 4.31 71.96 76.27 NOTE
r-devel-linux-x86_64-fedora-clang 0.3-0 106.56 NOTE
r-devel-linux-x86_64-fedora-gcc 0.3-0 104.97 NOTE
r-devel-windows-ix86+x86_64 0.3-0 71.00 4.00 75.00 ERROR
r-patched-linux-x86_64 0.3-0 5.01 96.78 101.79 NOTE
r-patched-solaris-x86 0.3-0 151.70 NOTE
r-release-linux-x86_64 0.3-0 4.99 96.90 101.89 NOTE
r-release-windows-ix86+x86_64 0.3-0 27.00 5.00 32.00 ERROR
r-release-osx-x86_64 0.3-0 ERROR
r-oldrel-windows-ix86+x86_64 0.3-0 38.00 7.00 45.00 ERROR
r-oldrel-osx-x86_64 0.3-0 NOTE

Check Details

Version: 0.3-0
Check: package dependencies
Result: NOTE
    Package which this enhances but not available for checking: ‘rjpod’
Flavors: r-devel-linux-x86_64-debian-clang, r-devel-linux-x86_64-debian-gcc, r-devel-linux-x86_64-fedora-clang, r-devel-linux-x86_64-fedora-gcc, r-devel-windows-ix86+x86_64, r-patched-linux-x86_64, r-patched-solaris-x86, r-release-linux-x86_64, r-release-windows-ix86+x86_64, r-oldrel-windows-ix86+x86_64, r-oldrel-osx-x86_64

Version: 0.3-0
Check: whether package can be installed
Result: ERROR
    Installation failed.
Flavors: r-devel-windows-ix86+x86_64, r-release-windows-ix86+x86_64, r-oldrel-windows-ix86+x86_64

Version: 0.3-0
Check: package dependencies
Result: ERROR
    Packages required but not available: ‘gWidgetsRGtk2’ ‘RGtk2’
    
    Package which this enhances but not available for checking: ‘rjpod’
    
    See section ‘The DESCRIPTION file’ in the ‘Writing R Extensions’
    manual.
Flavor: r-release-osx-x86_64