CRAN Package Check Results for Package RQDA

Last updated on 2017-02-25 03:48:38.

Flavor Version Tinstall Tcheck Ttotal Status Flags
r-devel-linux-x86_64-debian-clang 0.2-8 3.76 56.96 60.72 NOTE
r-devel-linux-x86_64-debian-gcc 0.2-8 3.46 59.36 62.82 NOTE
r-devel-linux-x86_64-fedora-clang 0.2-8 113.76 NOTE --no-stop-on-test-error
r-devel-linux-x86_64-fedora-gcc 0.2-8 111.70 NOTE --no-stop-on-test-error
r-devel-macos-x86_64-clang 0.2-8 89.19 NOTE --no-stop-on-test-error
r-devel-windows-ix86+x86_64 0.2-8 26.00 92.00 118.00 NOTE
r-patched-linux-x86_64 0.2-8 3.53 56.96 60.49 NOTE
r-patched-solaris-sparc 0.2-8 664.90 NOTE
r-patched-solaris-x86 0.2-8 136.20 NOTE
r-release-linux-x86_64 0.2-8 3.86 56.96 60.82 NOTE
r-release-osx-x86_64-mavericks 0.2-8 NOTE
r-release-windows-ix86+x86_64 0.2-8 14.00 123.00 137.00 NOTE
r-oldrel-windows-ix86+x86_64 0.2-8 19.00 131.00 150.00 NOTE

Check Details

Version: 0.2-8
Check: package dependencies
Result: NOTE
    Package which this enhances but not available for checking: ‘rjpod’
Flavors: r-devel-linux-x86_64-debian-clang, r-devel-linux-x86_64-debian-gcc, r-devel-windows-ix86+x86_64, r-patched-linux-x86_64, r-patched-solaris-sparc, r-patched-solaris-x86, r-release-linux-x86_64, r-release-osx-x86_64-mavericks, r-release-windows-ix86+x86_64, r-oldrel-windows-ix86+x86_64

Version: 0.2-8
Flags: --no-stop-on-test-error
Check: package dependencies
Result: NOTE
    Package which this enhances but not available for checking: ‘rjpod’
Flavors: r-devel-linux-x86_64-fedora-clang, r-devel-linux-x86_64-fedora-gcc, r-devel-macos-x86_64-clang