CRAN Package Check Results for Package RQDA

Last updated on 2017-06-23 14:47:31.

Flavor Version Tinstall Tcheck Ttotal Status Flags
r-devel-linux-x86_64-debian-clang 0.2-8 3.65 60.01 63.66 WARN
r-devel-linux-x86_64-debian-gcc 0.2-8 3.52 58.98 62.49 WARN
r-devel-linux-x86_64-fedora-clang 0.2-8 123.70 WARN
r-devel-linux-x86_64-fedora-gcc 0.2-8 129.26 WARN
r-devel-windows-ix86+x86_64 0.2-8 22.00 120.00 142.00 WARN
r-patched-linux-x86_64 0.2-8 3.97 59.56 63.52 WARN
r-patched-solaris-sparc 0.2-8 675.60 NOTE
r-patched-solaris-x86 0.2-8 139.40 WARN
r-release-linux-x86_64 0.2-8 4.05 59.23 63.28 WARN
r-release-windows-ix86+x86_64 0.2-8 12.00 96.00 108.00 WARN
r-release-osx-x86_64 0.2-8 ERROR
r-oldrel-windows-ix86+x86_64 0.2-8 20.00 119.00 139.00 WARN
r-oldrel-osx-x86_64 0.2-8 NOTE

Check Details

Version: 0.2-8
Check: package dependencies
Result: NOTE
    Package which this enhances but not available for checking: ‘rjpod’
Flavors: r-devel-linux-x86_64-debian-clang, r-devel-linux-x86_64-debian-gcc, r-devel-linux-x86_64-fedora-clang, r-devel-linux-x86_64-fedora-gcc, r-devel-windows-ix86+x86_64, r-patched-linux-x86_64, r-patched-solaris-sparc, r-patched-solaris-x86, r-release-linux-x86_64, r-release-windows-ix86+x86_64, r-oldrel-windows-ix86+x86_64, r-oldrel-osx-x86_64

Version: 0.2-8
Check: Rd cross-references
Result: WARN
    Missing link or links in documentation object 'RQDAQuery.rd':
     ‘[RSQLite]{sqlite-query}’
    
    See section 'Cross-references' in the 'Writing R Extensions' manual.
Flavors: r-devel-linux-x86_64-debian-clang, r-devel-linux-x86_64-debian-gcc, r-devel-linux-x86_64-fedora-clang, r-devel-linux-x86_64-fedora-gcc, r-devel-windows-ix86+x86_64, r-patched-linux-x86_64, r-patched-solaris-x86, r-release-linux-x86_64, r-release-windows-ix86+x86_64, r-oldrel-windows-ix86+x86_64

Version: 0.2-8
Check: package dependencies
Result: ERROR
    Packages required but not available: ‘gWidgetsRGtk2’ ‘RGtk2’
    
    Package which this enhances but not available for checking: ‘rjpod’
    
    See section ‘The DESCRIPTION file’ in the ‘Writing R Extensions’
    manual.
Flavor: r-release-osx-x86_64