CRAN Package Check Results for Package RQDA

Last updated on 2017-04-24 08:48:16.

Flavor Version Tinstall Tcheck Ttotal Status Flags
r-devel-linux-x86_64-debian-clang 0.2-8 3.51 59.42 62.93 NOTE
r-devel-linux-x86_64-debian-gcc 0.2-8 3.45 59.30 62.74 NOTE
r-devel-linux-x86_64-fedora-clang 0.2-8 115.97 NOTE --no-stop-on-test-error
r-devel-linux-x86_64-fedora-gcc 0.2-8 112.38 NOTE --no-stop-on-test-error
r-devel-windows-ix86+x86_64 0.2-8 15.00 102.00 117.00 NOTE
r-patched-linux-x86_64 0.2-8 3.62 58.54 62.16 NOTE
r-patched-solaris-sparc 0.2-8 675.60 NOTE
r-patched-solaris-x86 0.2-8 143.10 NOTE
r-release-linux-x86_64 0.2-8 3.65 56.60 60.26 NOTE
r-release-windows-ix86+x86_64 0.2-8 12.00 86.00 98.00 NOTE
r-release-osx-x86_64 0.2-8 ERROR
r-oldrel-windows-ix86+x86_64 0.2-8 12.00 88.00 100.00 NOTE
r-oldrel-osx-x86_64 0.2-8 NOTE

Check Details

Version: 0.2-8
Check: package dependencies
Result: NOTE
    Package which this enhances but not available for checking: ‘rjpod’
Flavors: r-devel-linux-x86_64-debian-clang, r-devel-linux-x86_64-debian-gcc, r-devel-windows-ix86+x86_64, r-patched-linux-x86_64, r-patched-solaris-sparc, r-patched-solaris-x86, r-release-linux-x86_64, r-release-windows-ix86+x86_64, r-oldrel-windows-ix86+x86_64, r-oldrel-osx-x86_64

Version: 0.2-8
Flags: --no-stop-on-test-error
Check: package dependencies
Result: NOTE
    Package which this enhances but not available for checking: ‘rjpod’
Flavors: r-devel-linux-x86_64-fedora-clang, r-devel-linux-x86_64-fedora-gcc

Version: 0.2-8
Check: package dependencies
Result: ERROR
    Packages required but not available: ‘gWidgetsRGtk2’ ‘RGtk2’
    
    Package which this enhances but not available for checking: ‘rjpod’
    
    See section ‘The DESCRIPTION file’ in the ‘Writing R Extensions’
    manual.
Flavor: r-release-osx-x86_64