CRAN Package Check Results for Package RQDA

Last updated on 2015-01-31 04:48:04.

Flavor Version Tinstall Tcheck Ttotal Status Flags
r-devel-linux-x86_64-debian-clang 0.2-7 5.03 55.44 60.47 NOTE
r-devel-linux-x86_64-debian-gcc 0.2-7 3.70 52.63 56.33 NOTE
r-devel-linux-x86_64-fedora-clang 0.2-7 142.85 NOTE
r-devel-linux-x86_64-fedora-gcc 0.2-7 135.85 NOTE
r-devel-osx-x86_64-clang 0.2-7 130.93 NOTE
r-devel-windows-ix86+x86_64 0.2-7 20.00 75.00 95.00 NOTE
r-patched-linux-x86_64 0.2-7 4.47 67.85 72.32 NOTE
r-patched-solaris-sparc 0.2-7 861.90 NOTE
r-patched-solaris-x86 0.2-7 212.80 NOTE
r-release-linux-ix86 0.2-7 5.15 78.00 83.14 NOTE
r-release-linux-x86_64 0.2-7 4.42 67.02 71.44 NOTE
r-release-osx-x86_64-mavericks 0.2-7 ERROR
r-release-osx-x86_64-snowleopard 0.2-7 NOTE
r-release-windows-ix86+x86_64 0.2-7 18.00 109.00 127.00 NOTE
r-oldrel-windows-ix86+x86_64 0.2-7 22.00 104.00 126.00 NOTE

Check Details

Version: 0.2-7
Check: package dependencies
Result: NOTE
    Package which this enhances but not available for checking: ‘rjpod’
Flavors: r-devel-linux-x86_64-debian-clang, r-devel-linux-x86_64-debian-gcc, r-devel-linux-x86_64-fedora-clang, r-devel-linux-x86_64-fedora-gcc, r-devel-osx-x86_64-clang, r-devel-windows-ix86+x86_64, r-patched-linux-x86_64, r-patched-solaris-sparc, r-patched-solaris-x86, r-release-linux-ix86, r-release-linux-x86_64, r-release-osx-x86_64-snowleopard, r-release-windows-ix86+x86_64, r-oldrel-windows-ix86+x86_64

Version: 0.2-7
Check: package dependencies
Result: ERROR
    Packages required but not available: ‘gWidgetsRGtk2’ ‘RGtk2’
    
    Package which this enhances but not available for checking: ‘rjpod’
    
    See the information on DESCRIPTION files in the chapter ‘Creating R
    packages’ of the ‘Writing R Extensions’ manual.
Flavor: r-release-osx-x86_64-mavericks