CRAN Package Check Results for Package RQDA

Last updated on 2016-12-10 23:48:59.

Flavor Version Tinstall Tcheck Ttotal Status Flags
r-devel-linux-x86_64-debian-clang 0.2-7 3.54 55.14 58.67 WARN
r-devel-linux-x86_64-debian-gcc 0.2-7 3.80 56.17 59.97 WARN
r-devel-linux-x86_64-fedora-clang 0.2-7 120.60 WARN --no-stop-on-test-error
r-devel-linux-x86_64-fedora-gcc 0.2-7 113.85 WARN --no-stop-on-test-error
r-devel-macos-x86_64-clang 0.2-7 89.56 WARN --no-stop-on-test-error
r-devel-windows-ix86+x86_64 0.2-7 12.00 128.00 140.00 WARN
r-patched-linux-x86_64 0.2-7 3.48 52.39 55.88 WARN
r-patched-solaris-sparc 0.2-7 611.30 WARN
r-patched-solaris-x86 0.2-7 133.20 WARN
r-release-linux-x86_64 0.2-7 3.39 53.49 56.88 WARN
r-release-osx-x86_64-mavericks 0.2-7 ERROR
r-release-windows-ix86+x86_64 0.2-7 16.00 90.00 106.00 WARN
r-oldrel-windows-ix86+x86_64 0.2-7 18.00 93.00 111.00 WARN

Check Details

Version: 0.2-7
Check: package dependencies
Result: NOTE
    Package which this enhances but not available for checking: ‘rjpod’
Flavors: r-devel-linux-x86_64-debian-clang, r-devel-linux-x86_64-debian-gcc, r-devel-windows-ix86+x86_64, r-patched-linux-x86_64, r-patched-solaris-sparc, r-patched-solaris-x86, r-release-linux-x86_64, r-release-osx-x86_64-mavericks, r-release-windows-ix86+x86_64, r-oldrel-windows-ix86+x86_64

Version: 0.2-7
Check: R code for possible problems
Result: NOTE
    AddCaseButton : <anonymous>: no visible global function definition for
     ‘slot’
    ClearMark: no visible global function definition for ‘slot’
    CodingMemoButton : InsertCodingMemoAnchor: no visible global function
     definition for ‘slot’
    DeleteButton: no visible global function definition for ‘slot’
    EditFileFun: no visible global function definition for ‘slot’
    GetAttr: no visible global function definition for ‘reshape’
    HL: no visible global function definition for ‘slot’
    InsertAnchor: no visible global function definition for ‘slot’
    InsertAnnotation: no visible global function definition for ‘slot’
    RQDA : <anonymous>: no visible global function definition for
     ‘browseURL’
    RQDA: no visible global function definition for ‘packageDescription’
    RQDA : <anonymous>: no visible global function definition for
     ‘citation’
    ScrollToItem: no visible global function definition for ‘slot’
    UnMarkCodeFun: no visible global function definition for ‘slot’
    UnMarkCodeFunByRowid: no visible global function definition for ‘slot’
    UpdateWidget: no visible global function definition for ‘slot’
    ViewFileFunHelper: no visible global function definition for ‘slot’
    addSettingGUI: no visible global function definition for ‘colors’
    countAnchors: no visible global function definition for ‘slot’
    d3CodeCategory: no visible global function definition for ‘browseURL’
    filesByCodes: no visible global function definition for ‘reshape’
    getAttr: no visible global function definition for ‘reshape’
    is_projOpen: no visible global function definition for ‘getFunction’
    mark: no visible global function definition for ‘slot’
    markRange: no visible global function definition for ‘slot’
    open_proj: no visible global function definition for ‘getFunction’
    plot.crossCodes : <anonymous>: no visible global function definition
     for ‘plot’
    searchWord: no visible global function definition for ‘slot’
    sindex: no visible global function definition for ‘slot’
    viewCaseAttr: no visible global function definition for ‘reshape’
    viewFileAttr: no visible global function definition for ‘reshape’
    viewPlainFile: no visible global function definition for ‘slot’
    Undefined global functions or variables:
     browseURL citation colors getFunction packageDescription plot reshape
     slot
    Consider adding
     importFrom("grDevices", "colors")
     importFrom("graphics", "plot")
     importFrom("methods", "getFunction", "slot")
     importFrom("stats", "reshape")
     importFrom("utils", "browseURL", "citation", "packageDescription")
    to your NAMESPACE file (and ensure that your DESCRIPTION Imports field
    contains 'methods').
Flavors: r-devel-linux-x86_64-debian-clang, r-devel-linux-x86_64-debian-gcc, r-devel-windows-ix86+x86_64, r-patched-linux-x86_64, r-patched-solaris-sparc, r-patched-solaris-x86, r-release-linux-x86_64, r-release-windows-ix86+x86_64

Version: 0.2-7
Check: Rd cross-references
Result: WARN
    Missing link or links in documentation object 'RQDAQuery.rd':
     ‘[RSQLite]{query}’
    
    See section 'Cross-references' in the 'Writing R Extensions' manual.
Flavors: r-devel-linux-x86_64-debian-clang, r-devel-linux-x86_64-debian-gcc, r-devel-windows-ix86+x86_64, r-patched-linux-x86_64, r-patched-solaris-sparc, r-patched-solaris-x86, r-release-linux-x86_64, r-release-windows-ix86+x86_64, r-oldrel-windows-ix86+x86_64

Version: 0.2-7
Flags: --no-stop-on-test-error
Check: package dependencies
Result: NOTE
    Package which this enhances but not available for checking: ‘rjpod’
Flavors: r-devel-linux-x86_64-fedora-clang, r-devel-linux-x86_64-fedora-gcc, r-devel-macos-x86_64-clang

Version: 0.2-7
Flags: --no-stop-on-test-error
Check: R code for possible problems
Result: NOTE
    AddCaseButton : <anonymous>: no visible global function definition for
     ‘slot’
    ClearMark: no visible global function definition for ‘slot’
    CodingMemoButton : InsertCodingMemoAnchor: no visible global function
     definition for ‘slot’
    DeleteButton: no visible global function definition for ‘slot’
    EditFileFun: no visible global function definition for ‘slot’
    GetAttr: no visible global function definition for ‘reshape’
    HL: no visible global function definition for ‘slot’
    InsertAnchor: no visible global function definition for ‘slot’
    InsertAnnotation: no visible global function definition for ‘slot’
    RQDA : <anonymous>: no visible global function definition for
     ‘browseURL’
    RQDA: no visible global function definition for ‘packageDescription’
    RQDA : <anonymous>: no visible global function definition for
     ‘citation’
    ScrollToItem: no visible global function definition for ‘slot’
    UnMarkCodeFun: no visible global function definition for ‘slot’
    UnMarkCodeFunByRowid: no visible global function definition for ‘slot’
    UpdateWidget: no visible global function definition for ‘slot’
    ViewFileFunHelper: no visible global function definition for ‘slot’
    addSettingGUI: no visible global function definition for ‘colors’
    countAnchors: no visible global function definition for ‘slot’
    d3CodeCategory: no visible global function definition for ‘browseURL’
    filesByCodes: no visible global function definition for ‘reshape’
    getAttr: no visible global function definition for ‘reshape’
    is_projOpen: no visible global function definition for ‘getFunction’
    mark: no visible global function definition for ‘slot’
    markRange: no visible global function definition for ‘slot’
    open_proj: no visible global function definition for ‘getFunction’
    plot.crossCodes : <anonymous>: no visible global function definition
     for ‘plot’
    searchWord: no visible global function definition for ‘slot’
    sindex: no visible global function definition for ‘slot’
    viewCaseAttr: no visible global function definition for ‘reshape’
    viewFileAttr: no visible global function definition for ‘reshape’
    viewPlainFile: no visible global function definition for ‘slot’
    Undefined global functions or variables:
     browseURL citation colors getFunction packageDescription plot reshape
     slot
    Consider adding
     importFrom("grDevices", "colors")
     importFrom("graphics", "plot")
     importFrom("methods", "getFunction", "slot")
     importFrom("stats", "reshape")
     importFrom("utils", "browseURL", "citation", "packageDescription")
    to your NAMESPACE file (and ensure that your DESCRIPTION Imports field
    contains 'methods').
Flavors: r-devel-linux-x86_64-fedora-clang, r-devel-linux-x86_64-fedora-gcc, r-devel-macos-x86_64-clang

Version: 0.2-7
Flags: --no-stop-on-test-error
Check: Rd cross-references
Result: WARN
    Missing link or links in documentation object 'RQDAQuery.rd':
     ‘[RSQLite]{query}’
    
    See section 'Cross-references' in the 'Writing R Extensions' manual.
Flavors: r-devel-linux-x86_64-fedora-clang, r-devel-linux-x86_64-fedora-gcc, r-devel-macos-x86_64-clang

Version: 0.2-7
Check: whether package can be installed
Result: ERROR
    Installation failed.
Flavor: r-release-osx-x86_64-mavericks