CRAN Package Check Results for Package RQEntangle

Last updated on 2022-09-29 17:49:13 CEST.

Flavor Version Tinstall Tcheck Ttotal Status Flags
r-devel-linux-x86_64-debian-clang 0.1.3 2.70 45.62 48.32 NOTE
r-devel-linux-x86_64-debian-gcc 0.1.3 1.96 32.97 34.93 NOTE
r-devel-linux-x86_64-fedora-clang 0.1.3 68.55 NOTE
r-devel-linux-x86_64-fedora-gcc 0.1.3 68.16 NOTE
r-devel-windows-x86_64 0.1.3 21.00 89.00 110.00 NOTE
r-patched-linux-x86_64 0.1.3 2.40 41.58 43.98 NOTE
r-release-linux-x86_64 0.1.3 1.59 41.65 43.24 NOTE
r-release-macos-arm64 0.1.3 22.00 NOTE
r-release-macos-x86_64 0.1.3 31.00 NOTE
r-release-windows-x86_64 0.1.3 26.00 78.00 104.00 NOTE
r-oldrel-macos-arm64 0.1.3 30.00 NOTE
r-oldrel-macos-x86_64 0.1.3 48.00 NOTE
r-oldrel-windows-ix86+x86_64 0.1.3 6.00 78.00 84.00 NOTE

Check Details

Version: 0.1.3
Check: LazyData
Result: NOTE
     'LazyData' is specified without a 'data' directory
Flavors: r-devel-linux-x86_64-debian-clang, r-devel-linux-x86_64-debian-gcc, r-devel-linux-x86_64-fedora-clang, r-devel-linux-x86_64-fedora-gcc, r-devel-windows-x86_64, r-patched-linux-x86_64, r-release-linux-x86_64, r-release-macos-arm64, r-release-macos-x86_64, r-release-windows-x86_64, r-oldrel-macos-arm64, r-oldrel-macos-x86_64, r-oldrel-windows-ix86+x86_64