CRAN Package Check Results for Package RQuantLib

Last updated on 2017-06-23 03:49:15.

Flavor Version Tinstall Tcheck Ttotal Status Flags
r-devel-linux-x86_64-debian-clang 0.4.3 414.12 66.23 480.34 NOTE
r-devel-linux-x86_64-debian-gcc 0.4.3 621.23 76.95 698.18 NOTE
r-devel-windows-ix86+x86_64 0.4.2 WARN
r-patched-linux-x86_64 0.4.3 558.43 74.65 633.08 NOTE
r-release-linux-x86_64 0.4.3 566.72 72.13 638.85 NOTE
r-release-windows-ix86+x86_64 0.4.2 1781.00 76.00 1857.00 WARN
r-release-osx-x86_64 0.4.3 ERROR
r-oldrel-windows-ix86+x86_64 0.4.2 1782.00 64.00 1846.00 WARN
r-oldrel-osx-x86_64 0.4.3 ERROR

Check Details

Version: 0.4.3
Check: compiled code
Result: NOTE
    File ‘RQuantLib/libs/RQuantLib.so’:
     Found no calls to: ‘R_registerRoutines’, ‘R_useDynamicSymbols’
    
    It is good practice to register native routines and to disable symbol
    search.
    
    See ‘Writing portable packages’ in the ‘Writing R Extensions’ manual.
Flavors: r-devel-linux-x86_64-debian-clang, r-devel-linux-x86_64-debian-gcc, r-patched-linux-x86_64, r-release-linux-x86_64

Version: 0.4.2
Check: whether package can be installed
Result: WARN
    Found the following significant warnings:
     d:/RCompile/CRANpkg/extralibs330/quantlib/ql/experimental/credit/randomdefaultlatentmodel.hpp:824:13: warning: this decimal constant is unsigned only in ISO C90
     d:/RCompile/CRANpkg/extralibs330/quantlib/ql/experimental/credit/randomdefaultlatentmodel.hpp:842:13: warning: this decimal constant is unsigned only in ISO C90
     d:/RCompile/CRANpkg/extralibs330/quantlib/ql/experimental/credit/randomlosslatentmodel.hpp:84:13: warning: this decimal constant is unsigned only in ISO C90
     d:/Rcompile/CRANpkg/extralibs330/quantlib/ql/experimental/credit/randomdefaultlatentmodel.hpp:824:13: warning: this decimal constant is unsigned only in ISO C90
     d:/Rcompile/CRANpkg/extralibs330/quantlib/ql/experimental/credit/randomdefaultlatentmodel.hpp:842:13: warning: this decimal constant is unsigned only in ISO C90
     d:/Rcompile/CRANpkg/extralibs330/quantlib/ql/experimental/credit/randomlosslatentmodel.hpp:84:13: warning: this decimal constant is unsigned only in ISO C90
Flavors: r-devel-windows-ix86+x86_64, r-release-windows-ix86+x86_64, r-oldrel-windows-ix86+x86_64

Version: 0.4.2
Check: installed package size
Result: NOTE
     installed size is 23.2Mb
     sub-directories of 1Mb or more:
     libs 22.8Mb
Flavors: r-devel-windows-ix86+x86_64, r-release-windows-ix86+x86_64, r-oldrel-windows-ix86+x86_64

Version: 0.4.3
Check: whether package can be installed
Result: ERROR
    Installation failed.
Flavors: r-release-osx-x86_64, r-oldrel-osx-x86_64