CRAN Package Check Results for Package RQuantLib

Last updated on 2014-08-30 08:50:15.

Flavor Version Tinstall Tcheck Ttotal Status Flags
r-devel-linux-x86_64-debian-clang 0.3.12 175.68 28.99 204.66 NOTE
r-devel-linux-x86_64-debian-gcc 0.3.12 308.84 28.98 337.82 NOTE
r-devel-linux-x86_64-fedora-gcc 0.3.12 565.24 NOTE
r-devel-windows-ix86+x86_64 0.3.12 967.00 135.00 1102.00 NOTE
r-patched-linux-x86_64 0.3.12 308.08 29.49 337.56 NOTE
r-release-linux-ix86 0.3.12 407.05 48.46 455.51 NOTE
r-release-linux-x86_64 0.3.12 309.48 29.65 339.13 NOTE
r-release-osx-x86_64-mavericks 0.3.12 ERROR
r-release-osx-x86_64-snowleopard 0.3.12 NOTE
r-release-windows-ix86+x86_64 0.3.12 791.00 134.00 925.00 NOTE
r-oldrel-windows-ix86+x86_64 0.3.12 789.00 154.00 943.00 NOTE

Check Details

Version: 0.3.12
Check: installed package size
Result: NOTE
     installed size is 28.9Mb
     sub-directories of 1Mb or more:
     libs 28.5Mb
Flavors: r-devel-linux-x86_64-debian-clang, r-devel-linux-x86_64-debian-gcc, r-devel-linux-x86_64-fedora-gcc, r-devel-windows-ix86+x86_64, r-patched-linux-x86_64, r-release-linux-ix86, r-release-linux-x86_64, r-release-osx-x86_64-snowleopard, r-release-windows-ix86+x86_64, r-oldrel-windows-ix86+x86_64

Version: 0.3.12
Check: whether package can be installed
Result: ERROR
    Installation failed.
Flavor: r-release-osx-x86_64-mavericks