CRAN Package Check Results for Package RQuantLib

Last updated on 2019-02-18 10:47:21 CET.

Flavor Version Tinstall Tcheck Ttotal Status Flags
r-devel-linux-x86_64-debian-clang 0.4.7 596.03 105.06 701.09 OK
r-devel-linux-x86_64-debian-gcc 0.4.7 713.62 92.78 806.40 OK
r-devel-windows-ix86+x86_64 0.4.7 2862.00 176.00 3038.00 NOTE
r-patched-linux-x86_64 0.4.7 837.04 117.35 954.39 OK
r-release-linux-x86_64 0.4.7 OK
r-release-windows-ix86+x86_64 0.4.7 2090.00 178.00 2268.00 NOTE
r-release-osx-x86_64 0.4.7 ERROR
r-oldrel-windows-ix86+x86_64 0.4.7 2908.00 208.00 3116.00 NOTE
r-oldrel-osx-x86_64 0.4.7 ERROR

Check Details

Version: 0.4.7
Check: installed package size
Result: NOTE
     installed size is 27.5Mb
     sub-directories of 1Mb or more:
     libs 27.0Mb
Flavors: r-devel-windows-ix86+x86_64, r-release-windows-ix86+x86_64, r-oldrel-windows-ix86+x86_64

Version: 0.4.7
Check: whether package can be installed
Result: ERROR
    Installation failed.
Flavors: r-release-osx-x86_64, r-oldrel-osx-x86_64