CRAN Package Check Results for Package RQuantLib

Last updated on 2014-10-21 09:51:38.

Flavor Version Tinstall Tcheck Ttotal Status Flags
r-devel-linux-x86_64-debian-clang 0.3.12 188.80 29.24 218.04 NOTE
r-devel-linux-x86_64-debian-gcc 0.3.12 310.81 29.68 340.49 NOTE
r-devel-linux-x86_64-fedora-gcc 0.3.12 556.97 NOTE
r-devel-windows-ix86+x86_64 0.3.12 908.00 157.00 1065.00 NOTE
r-patched-linux-x86_64 0.3.12 306.22 29.06 335.28 NOTE
r-release-linux-ix86 0.3.12 407.76 45.88 453.64 NOTE
r-release-linux-x86_64 0.3.12 309.66 29.18 338.84 NOTE
r-release-osx-x86_64-mavericks 0.3.12 ERROR
r-release-osx-x86_64-snowleopard 0.3.12 NOTE
r-release-windows-ix86+x86_64 0.3.12 944.00 160.00 1104.00 NOTE
r-oldrel-windows-ix86+x86_64 0.3.12 969.00 166.00 1135.00 NOTE

Check Details

Version: 0.3.12
Check: installed package size
Result: NOTE
     installed size is 33.4Mb
     sub-directories of 1Mb or more:
     libs 33.1Mb
Flavors: r-devel-linux-x86_64-debian-clang, r-devel-linux-x86_64-debian-gcc, r-devel-linux-x86_64-fedora-gcc, r-devel-windows-ix86+x86_64, r-patched-linux-x86_64, r-release-linux-ix86, r-release-linux-x86_64, r-release-osx-x86_64-snowleopard, r-release-windows-ix86+x86_64, r-oldrel-windows-ix86+x86_64

Version: 0.3.12
Check: compiled code
Result: NOTE
    File 'RQuantLib/libs/i386/RQuantLib.dll':
     Found '_ZSt4cerr', possibly from 'std::cerr' (C++)
     Objects: 'asian.o', 'barrier_binary.o', 'bermudan.o', 'bonds.o',
     'calendars.o', 'curves.o', 'daycounter.o', 'discount.o',
     'hullwhite.o', 'implieds.o', 'modules.o', 'utils.o', 'vanilla.o',
     'zero.o'
    File 'RQuantLib/libs/x64/RQuantLib.dll':
     Found '_ZSt4cerr', possibly from 'std::cerr' (C++)
     Objects: 'asian.o', 'barrier_binary.o', 'bermudan.o', 'bonds.o',
     'calendars.o', 'curves.o', 'daycounter.o', 'discount.o',
     'hullwhite.o', 'implieds.o', 'modules.o', 'utils.o', 'vanilla.o',
     'zero.o'
    
    Compiled code should not call entry points which might terminate R nor
    write to stdout/stderr instead of to the console, nor the C RNG.
    
    See 'Writing portable packages' in the 'Writing R Extensions' manual.
Flavor: r-devel-windows-ix86+x86_64

Version: 0.3.12
Check: whether package can be installed
Result: ERROR
    Installation failed.
Flavor: r-release-osx-x86_64-mavericks

Version: 0.3.12
Check: compiled code
Result: NOTE
    File 'd:/Rcompile/CRANpkg/lib/3.1/RQuantLib/libs/i386/RQuantLib.dll':
     Found '_ZSt4cerr', possibly from 'std::cerr' (C++)
     Objects: 'asian.o', 'barrier_binary.o', 'bermudan.o', 'bonds.o',
     'calendars.o', 'curves.o', 'daycounter.o', 'discount.o',
     'hullwhite.o', 'implieds.o', 'modules.o', 'utils.o', 'vanilla.o',
     'zero.o'
    File 'd:/Rcompile/CRANpkg/lib/3.1/RQuantLib/libs/x64/RQuantLib.dll':
     Found '_ZSt4cerr', possibly from 'std::cerr' (C++)
     Objects: 'asian.o', 'barrier_binary.o', 'bermudan.o', 'bonds.o',
     'calendars.o', 'curves.o', 'daycounter.o', 'discount.o',
     'hullwhite.o', 'implieds.o', 'modules.o', 'utils.o', 'vanilla.o',
     'zero.o'
    
    Compiled code should not call entry points which might terminate R nor
    write to stdout/stderr instead of to the console.
    
    See 'Writing portable packages' in the 'Writing R Extensions' manual.
Flavor: r-release-windows-ix86+x86_64

Version: 0.3.12
Check: compiled code
Result: NOTE
    File 'd:/Rcompile/CRANpkg/lib/3.0/RQuantLib/libs/i386/RQuantLib.dll':
     Found '_ZSt4cerr', possibly from 'std::cerr' (C++)
     Objects: 'asian.o', 'barrier_binary.o', 'bermudan.o', 'bonds.o',
     'calendars.o', 'curves.o', 'daycounter.o', 'discount.o',
     'hullwhite.o', 'implieds.o', 'modules.o', 'utils.o', 'vanilla.o',
     'zero.o'
    File 'd:/Rcompile/CRANpkg/lib/3.0/RQuantLib/libs/x64/RQuantLib.dll':
     Found '_ZSt4cerr', possibly from 'std::cerr' (C++)
     Objects: 'asian.o', 'barrier_binary.o', 'bermudan.o', 'bonds.o',
     'calendars.o', 'curves.o', 'daycounter.o', 'discount.o',
     'hullwhite.o', 'implieds.o', 'modules.o', 'utils.o', 'vanilla.o',
     'zero.o'
    
    Compiled code should not call entry points which might terminate R nor
    write to stdout/stderr instead of to the console.
    
    See 'Writing portable packages' in the 'Writing R Extensions' manual.
Flavor: r-oldrel-windows-ix86+x86_64