CRAN Package Check Results for Package RQuantLib

Last updated on 2014-07-25 01:48:52.

Flavor Version Tinstall Tcheck Ttotal Status Flags
r-devel-linux-x86_64-debian-clang 0.3.12 172.98 28.96 201.94 NOTE
r-devel-linux-x86_64-debian-gcc 0.3.12 305.36 28.87 334.22 NOTE
r-devel-linux-x86_64-fedora-gcc 0.3.12 570.10 NOTE
r-devel-windows-ix86+x86_64 0.3.12 746.00 134.00 880.00 NOTE
r-patched-linux-x86_64 0.3.12 310.32 29.08 339.40 NOTE
r-release-linux-ix86 0.3.12 405.58 43.72 449.30 NOTE
r-release-linux-x86_64 0.3.12 310.30 29.87 340.17 NOTE
r-release-osx-x86_64-mavericks 0.3.12 ERROR
r-release-osx-x86_64-snowleopard 0.3.12 NOTE
r-release-windows-ix86+x86_64 0.3.12 768.00 158.00 926.00 NOTE
r-oldrel-windows-ix86+x86_64 0.3.12 783.00 165.00 948.00 NOTE

Check Details

Version: 0.3.12
Check: installed package size
Result: NOTE
     installed size is 28.9Mb
     sub-directories of 1Mb or more:
     libs 28.5Mb
Flavors: r-devel-linux-x86_64-debian-clang, r-devel-linux-x86_64-debian-gcc, r-devel-linux-x86_64-fedora-gcc, r-devel-windows-ix86+x86_64, r-patched-linux-x86_64, r-release-linux-ix86, r-release-linux-x86_64, r-release-osx-x86_64-snowleopard, r-release-windows-ix86+x86_64, r-oldrel-windows-ix86+x86_64

Version: 0.3.12
Check: whether package can be installed
Result: ERROR
    Installation failed.
    See ‘/Builds/CRAN-QA-Simon/packages/mavericks-x86_64/results/3.1/RQuantLib.Rcheck/00install.out’ for details.
Flavor: r-release-osx-x86_64-mavericks