CRAN Package Check Results for Package RQuantLib

Last updated on 2014-04-25 05:47:24.

Flavor Version Tinstall Tcheck Ttotal Status Flags
r-devel-linux-x86_64-debian-clang 0.3.12 173.00 30.56 203.56 NOTE
r-devel-linux-x86_64-debian-gcc 0.3.12 317.10 30.20 347.31 NOTE
r-devel-linux-x86_64-fedora-clang 0.3.12 40.12 OK --install=fake
r-devel-linux-x86_64-fedora-gcc 0.3.12 563.17 NOTE
r-devel-osx-x86_64-gcc 0.3.12 NOTE
r-devel-windows-ix86+x86_64 0.3.12 713.00 141.00 854.00 NOTE
r-patched-linux-x86_64 0.3.12 316.00 30.55 346.55 NOTE
r-release-linux-ix86 0.3.12 481.00 62.00 543.00 NOTE
r-release-linux-x86_64 0.3.12 316.03 30.96 346.99 NOTE
r-release-osx-x86_64-mavericks 0.3.12 ERROR
r-release-osx-x86_64-snowleopard 0.3.12 NOTE
r-release-windows-ix86+x86_64 0.3.12 746.00 139.00 885.00 NOTE
r-oldrel-windows-ix86+x86_64 0.3.12 743.00 150.00 893.00 NOTE

Check Details

Version: 0.3.12
Check: installed package size
Result: NOTE
     installed size is 28.3Mb
     sub-directories of 1Mb or more:
     libs 28.0Mb
Flavors: r-devel-linux-x86_64-debian-clang, r-devel-linux-x86_64-debian-gcc, r-devel-linux-x86_64-fedora-gcc, r-devel-osx-x86_64-gcc, r-devel-windows-ix86+x86_64, r-patched-linux-x86_64, r-release-linux-ix86, r-release-linux-x86_64, r-release-osx-x86_64-snowleopard, r-release-windows-ix86+x86_64, r-oldrel-windows-ix86+x86_64

Version: 0.3.12
Check: package dependencies
Result: NOTE
    Package suggested but not available for checking: ‘zoo’
Flavor: r-devel-osx-x86_64-gcc

Version: 0.3.12
Check: whether package can be installed
Result: ERROR
    Installation failed.
    See ‘/Builds/CRAN-QA-Simon/packages/mavericks-x86_64/results/3.1/RQuantLib.Rcheck/00install.out’ for details.
Flavor: r-release-osx-x86_64-mavericks