CRAN Package Check Results for Package RQuantLib

Last updated on 2016-08-28 09:50:47.

Flavor Version Tinstall Tcheck Ttotal Status Flags
r-devel-linux-x86_64-debian-clang 0.4.3 403.47 65.28 468.75 NOTE
r-devel-linux-x86_64-debian-gcc 0.4.3 621.78 78.42 700.20 NOTE
r-devel-windows-ix86+x86_64 0.4.2 1781.00 76.00 1857.00 WARN
r-patched-linux-x86_64 0.4.3 557.45 72.75 630.20 NOTE
r-release-linux-x86_64 0.4.3 571.66 76.92 648.57 NOTE
r-release-osx-x86_64-mavericks 0.4.3 ERROR
r-release-windows-ix86+x86_64 0.4.2 1782.00 64.00 1846.00 WARN
r-oldrel-windows-ix86+x86_64 0.4.2 1480.00 161.00 1641.00 NOTE

Check Details

Version: 0.4.3
Check: installed package size
Result: NOTE
     installed size is 38.0Mb
     sub-directories of 1Mb or more:
     libs 37.4Mb
Flavors: r-devel-linux-x86_64-debian-clang, r-devel-linux-x86_64-debian-gcc, r-patched-linux-x86_64, r-release-linux-x86_64

Version: 0.4.2
Check: whether package can be installed
Result: WARN
    Found the following significant warnings:
     d:/RCompile/CRANpkg/extralibs330/quantlib/ql/experimental/credit/randomdefaultlatentmodel.hpp:824:13: warning: this decimal constant is unsigned only in ISO C90
     d:/RCompile/CRANpkg/extralibs330/quantlib/ql/experimental/credit/randomdefaultlatentmodel.hpp:842:13: warning: this decimal constant is unsigned only in ISO C90
     d:/RCompile/CRANpkg/extralibs330/quantlib/ql/experimental/credit/randomlosslatentmodel.hpp:84:13: warning: this decimal constant is unsigned only in ISO C90
     d:/Rcompile/CRANpkg/extralibs330/quantlib/ql/experimental/credit/randomdefaultlatentmodel.hpp:824:13: warning: this decimal constant is unsigned only in ISO C90
     d:/Rcompile/CRANpkg/extralibs330/quantlib/ql/experimental/credit/randomdefaultlatentmodel.hpp:842:13: warning: this decimal constant is unsigned only in ISO C90
     d:/Rcompile/CRANpkg/extralibs330/quantlib/ql/experimental/credit/randomlosslatentmodel.hpp:84:13: warning: this decimal constant is unsigned only in ISO C90
Flavors: r-devel-windows-ix86+x86_64, r-release-windows-ix86+x86_64

Version: 0.4.2
Check: installed package size
Result: NOTE
     installed size is 23.2Mb
     sub-directories of 1Mb or more:
     libs 22.8Mb
Flavors: r-devel-windows-ix86+x86_64, r-release-windows-ix86+x86_64, r-oldrel-windows-ix86+x86_64

Version: 0.4.3
Check: whether package can be installed
Result: ERROR
    Installation failed.
Flavor: r-release-osx-x86_64-mavericks