CRAN Package Check Results for Package RQuantLib

Last updated on 2016-02-09 23:48:38.

Flavor Version Tinstall Tcheck Ttotal Status Flags
r-devel-linux-x86_64-debian-gcc 0.4.2 493.19 60.25 553.45 NOTE
r-devel-windows-ix86+x86_64 0.4.2 1490.00 146.00 1636.00 NOTE
r-patched-linux-x86_64 0.4.2 489.63 62.63 552.26 NOTE
r-release-linux-x86_64 0.4.2 487.75 61.38 549.13 NOTE
r-release-osx-x86_64-mavericks 0.4.2 ERROR
r-release-windows-ix86+x86_64 0.4.2 1520.00 186.00 1706.00 NOTE
r-oldrel-windows-ix86+x86_64 0.4.2 1526.00 154.00 1680.00 WARN

Check Details

Version: 0.4.2
Check: installed package size
Result: NOTE
     installed size is 73.8Mb
     sub-directories of 1Mb or more:
     libs 73.4Mb
Flavors: r-devel-linux-x86_64-debian-gcc, r-devel-windows-ix86+x86_64, r-patched-linux-x86_64, r-release-linux-x86_64, r-release-windows-ix86+x86_64, r-oldrel-windows-ix86+x86_64

Version: 0.4.2
Check: compiled code
Result: NOTE
    File 'RQuantLib/libs/i386/RQuantLib.dll':
     Found '_ZSt4cerr', possibly from 'std::cerr' (C++)
     Objects: 'RcppExports.o', 'asian.o', 'barrier_binary.o',
     'bermudan.o', 'bonds.o', 'calendars.o', 'curves.o', 'dates.o',
     'daycounter.o', 'discount.o', 'hullwhite.o', 'implieds.o',
     'modules.o', 'schedule.o', 'utils.o', 'vanilla.o', 'zero.o'
    File 'RQuantLib/libs/x64/RQuantLib.dll':
     Found '_ZSt4cerr', possibly from 'std::cerr' (C++)
     Objects: 'RcppExports.o', 'asian.o', 'barrier_binary.o',
     'bermudan.o', 'bonds.o', 'calendars.o', 'curves.o', 'dates.o',
     'daycounter.o', 'discount.o', 'hullwhite.o', 'implieds.o',
     'modules.o', 'schedule.o', 'utils.o', 'vanilla.o', 'zero.o'
    
    Compiled code should not call entry points which might terminate R nor
    write to stdout/stderr instead of to the console, nor the system RNG.
    
    See 'Writing portable packages' in the 'Writing R Extensions' manual.
Flavors: r-devel-windows-ix86+x86_64, r-release-windows-ix86+x86_64, r-oldrel-windows-ix86+x86_64

Version: 0.4.2
Check: whether package can be installed
Result: ERROR
    Installation failed.
Flavor: r-release-osx-x86_64-mavericks

Version: 0.4.2
Check: package subdirectories
Result: WARN
    Problems with news in 'inst/NEWS.Rd':
     inst/NEWS.Rd:27: unknown macro '\CRANpkg'
     inst/NEWS.Rd:31: unknown macro '\CRANpkg'
     inst/NEWS.Rd:44: unknown macro '\CRANpkg'
     inst/NEWS.Rd:76: unknown macro '\CRANpkg'
Flavor: r-oldrel-windows-ix86+x86_64