CRAN Package Check Results for Package RQuantLib

Last updated on 2019-07-19 03:46:59 CEST.

Flavor Version Tinstall Tcheck Ttotal Status Flags
r-devel-linux-x86_64-debian-clang 0.4.9 591.88 106.10 697.98 OK
r-devel-linux-x86_64-debian-gcc 0.4.9 717.97 92.43 810.40 OK
r-devel-windows-ix86+x86_64 0.4.9 3030.00 203.00 3233.00 NOTE
r-patched-linux-x86_64 0.4.9 828.27 124.23 952.50 OK
r-release-linux-x86_64 0.4.9 830.67 122.00 952.67 OK
r-release-windows-ix86+x86_64 0.4.9 2265.00 192.00 2457.00 NOTE
r-release-osx-x86_64 0.4.9 NOTE
r-oldrel-windows-ix86+x86_64 0.4.9 2333.00 223.00 2556.00 NOTE
r-oldrel-osx-x86_64 0.4.9 NOTE

Check Details

Version: 0.4.9
Check: installed package size
Result: NOTE
     installed size is 27.6Mb
     sub-directories of 1Mb or more:
     libs 27.0Mb
Flavors: r-devel-windows-ix86+x86_64, r-release-windows-ix86+x86_64, r-release-osx-x86_64, r-oldrel-windows-ix86+x86_64, r-oldrel-osx-x86_64