CRAN Package Check Results for Package RQuantLib

Last updated on 2019-04-25 02:48:08 CEST.

Flavor Version Tinstall Tcheck Ttotal Status Flags
r-devel-linux-x86_64-debian-clang 0.4.8 607.13 108.10 715.23 OK
r-devel-linux-x86_64-debian-gcc 0.4.8 713.16 93.56 806.72 OK
r-devel-windows-ix86+x86_64 0.4.8 2813.00 229.00 3042.00 NOTE
r-patched-linux-x86_64 0.4.8 820.94 123.98 944.92 OK
r-release-linux-x86_64 0.4.8 820.98 119.33 940.31 OK
r-release-windows-ix86+x86_64 0.4.8 2064.00 181.00 2245.00 NOTE
r-release-osx-x86_64 0.4.8 NOTE
r-oldrel-windows-ix86+x86_64 0.4.8 2210.00 188.00 2398.00 NOTE
r-oldrel-osx-x86_64 0.4.8 NOTE

Check Details

Version: 0.4.8
Check: whether package can be installed
Result: NOTE
    Found the following notes/warnings:
     Non-staged installation was used
Flavor: r-devel-windows-ix86+x86_64

Version: 0.4.8
Check: installed package size
Result: NOTE
     installed size is 27.6Mb
     sub-directories of 1Mb or more:
     libs 27.0Mb
Flavors: r-devel-windows-ix86+x86_64, r-release-windows-ix86+x86_64, r-release-osx-x86_64, r-oldrel-windows-ix86+x86_64, r-oldrel-osx-x86_64