CRAN Package Check Results for Package RQuantLib

Last updated on 2016-05-04 23:47:07.

Flavor Version Tinstall Tcheck Ttotal Status Flags
r-devel-linux-x86_64-debian-gcc 0.4.2 490.27 60.90 551.17 NOTE
r-devel-windows-ix86+x86_64 0.4.2 1583.00 90.00 1673.00 WARN
r-patched-linux-x86_64 0.4.2 490.62 59.16 549.78 NOTE
r-release-linux-x86_64 0.4.2 487.81 61.91 549.72 NOTE
r-release-osx-x86_64-mavericks 0.4.2 ERROR
r-release-windows-ix86+x86_64 0.4.2 1583.00 90.00 1673.00 WARN
r-oldrel-windows-ix86+x86_64 0.4.2 1535.00 181.00 1716.00 NOTE

Check Details

Version: 0.4.2
Check: installed package size
Result: NOTE
     installed size is 73.9Mb
     sub-directories of 1Mb or more:
     libs 73.4Mb
Flavors: r-devel-linux-x86_64-debian-gcc, r-devel-windows-ix86+x86_64, r-patched-linux-x86_64, r-release-linux-x86_64, r-release-windows-ix86+x86_64, r-oldrel-windows-ix86+x86_64

Version: 0.4.2
Check: whether package can be installed
Result: WARN
    Found the following significant warnings:
     d:/RCompile/CRANpkg/extralibs330/quantlib/ql/experimental/credit/randomdefaultlatentmodel.hpp:824:13: warning: this decimal constant is unsigned only in ISO C90
     d:/RCompile/CRANpkg/extralibs330/quantlib/ql/experimental/credit/randomdefaultlatentmodel.hpp:842:13: warning: this decimal constant is unsigned only in ISO C90
     d:/RCompile/CRANpkg/extralibs330/quantlib/ql/experimental/credit/randomlosslatentmodel.hpp:84:13: warning: this decimal constant is unsigned only in ISO C90
     d:/Rcompile/CRANpkg/extralibs330/quantlib/ql/experimental/credit/randomdefaultlatentmodel.hpp:824:13: warning: this decimal constant is unsigned only in ISO C90
     d:/Rcompile/CRANpkg/extralibs330/quantlib/ql/experimental/credit/randomdefaultlatentmodel.hpp:842:13: warning: this decimal constant is unsigned only in ISO C90
     d:/Rcompile/CRANpkg/extralibs330/quantlib/ql/experimental/credit/randomlosslatentmodel.hpp:84:13: warning: this decimal constant is unsigned only in ISO C90
Flavors: r-devel-windows-ix86+x86_64, r-release-windows-ix86+x86_64

Version: 0.4.2
Check: whether package can be installed
Result: ERROR
    Installation failed.
Flavor: r-release-osx-x86_64-mavericks

Version: 0.4.2
Check: compiled code
Result: NOTE
    File 'RQuantLib/libs/i386/RQuantLib.dll':
     Found '_ZSt4cerr', possibly from 'std::cerr' (C++)
     Objects: 'RcppExports.o', 'asian.o', 'barrier_binary.o',
     'bermudan.o', 'bonds.o', 'calendars.o', 'curves.o', 'dates.o',
     'daycounter.o', 'discount.o', 'hullwhite.o', 'implieds.o',
     'modules.o', 'schedule.o', 'utils.o', 'vanilla.o', 'zero.o'
    File 'RQuantLib/libs/x64/RQuantLib.dll':
     Found '_ZSt4cerr', possibly from 'std::cerr' (C++)
     Objects: 'RcppExports.o', 'asian.o', 'barrier_binary.o',
     'bermudan.o', 'bonds.o', 'calendars.o', 'curves.o', 'dates.o',
     'daycounter.o', 'discount.o', 'hullwhite.o', 'implieds.o',
     'modules.o', 'schedule.o', 'utils.o', 'vanilla.o', 'zero.o'
    
    Compiled code should not call entry points which might terminate R nor
    write to stdout/stderr instead of to the console, nor the system RNG.
    
    See 'Writing portable packages' in the 'Writing R Extensions' manual.
Flavor: r-oldrel-windows-ix86+x86_64