CRAN Package Check Results for Package RRF

Last updated on 2018-06-18 12:48:41 CEST.

Flavor Version Tinstall Tcheck Ttotal Status Flags
r-devel-linux-x86_64-debian-clang 1.7 6.86 27.18 34.04 NOTE
r-devel-linux-x86_64-debian-gcc 1.7 4.93 22.97 27.90 WARN
r-devel-linux-x86_64-fedora-clang 1.7 42.14 NOTE
r-devel-linux-x86_64-fedora-gcc 1.7 40.64 WARN
r-devel-windows-ix86+x86_64 1.7 25.00 72.00 97.00 WARN
r-patched-linux-x86_64 1.7 5.85 28.36 34.21 WARN
r-patched-solaris-x86 1.7 60.80 OK
r-release-linux-x86_64 1.7 5.97 28.07 34.04 WARN
r-release-windows-ix86+x86_64 1.7 19.00 47.00 66.00 WARN
r-release-osx-x86_64 1.7 OK
r-oldrel-windows-ix86+x86_64 1.7 12.00 62.00 74.00 OK
r-oldrel-osx-x86_64 1.7 OK

Check Details

Version: 1.7
Check: compiled code
Result: NOTE
    File ‘RRF/libs/RRF.so’:
     Found no calls to: ‘R_registerRoutines’, ‘R_useDynamicSymbols’
    
    It is good practice to register native routines and to disable symbol
    search.
    
    See ‘Writing portable packages’ in the ‘Writing R Extensions’ manual.
Flavors: r-devel-linux-x86_64-debian-clang, r-devel-linux-x86_64-debian-gcc, r-devel-linux-x86_64-fedora-clang, r-devel-linux-x86_64-fedora-gcc, r-patched-linux-x86_64, r-release-linux-x86_64

Version: 1.7
Check: whether package can be installed
Result: WARN
    Found the following significant warnings:
     regTree.c:242:19: warning: suggest parentheses around comparison in operand of ‘&’ [-Wparentheses]
Flavors: r-devel-linux-x86_64-debian-gcc, r-devel-linux-x86_64-fedora-gcc, r-devel-windows-ix86+x86_64, r-patched-linux-x86_64, r-release-linux-x86_64, r-release-windows-ix86+x86_64