CRAN Package Check Results for Package RRF

Last updated on 2017-05-24 05:50:24.

Flavor Version Tinstall Tcheck Ttotal Status Flags
r-devel-linux-x86_64-debian-clang 1.7 3.24 20.05 23.29 NOTE
r-devel-linux-x86_64-debian-gcc 1.7 3.22 20.84 24.06 NOTE
r-devel-linux-x86_64-fedora-clang 1.7 41.15 NOTE --no-stop-on-test-error
r-devel-linux-x86_64-fedora-gcc 1.7 38.04 NOTE --no-stop-on-test-error
r-devel-windows-ix86+x86_64 1.7 14.00 53.00 67.00 OK
r-patched-linux-x86_64 1.7 2.94 19.91 22.85 NOTE
r-patched-solaris-sparc 1.7 249.00 OK
r-patched-solaris-x86 1.7 54.60 OK
r-release-linux-x86_64 1.7 2.86 19.90 22.77 NOTE
r-release-windows-ix86+x86_64 1.7 13.00 63.00 76.00 OK
r-release-osx-x86_64 1.7 OK
r-oldrel-windows-ix86+x86_64 1.7 15.00 56.00 71.00 OK
r-oldrel-osx-x86_64 1.7 OK

Check Details

Version: 1.7
Check: compiled code
Result: NOTE
    File ‘RRF/libs/RRF.so’:
     Found no calls to: ‘R_registerRoutines’, ‘R_useDynamicSymbols’
    
    It is good practice to register native routines and to disable symbol
    search.
    
    See ‘Writing portable packages’ in the ‘Writing R Extensions’ manual.
Flavors: r-devel-linux-x86_64-debian-clang, r-devel-linux-x86_64-debian-gcc, r-patched-linux-x86_64, r-release-linux-x86_64

Version: 1.7
Flags: --no-stop-on-test-error
Check: compiled code
Result: NOTE
    File ‘RRF/libs/RRF.so’:
     Found no calls to: ‘R_registerRoutines’, ‘R_useDynamicSymbols’
    
    It is good practice to register native routines and to disable symbol
    search.
    
    See ‘Writing portable packages’ in the ‘Writing R Extensions’ manual.
Flavors: r-devel-linux-x86_64-fedora-clang, r-devel-linux-x86_64-fedora-gcc