CRAN Package Check Results for Package RRF

Last updated on 2018-04-26 06:47:49 CEST.

Flavor Version Tinstall Tcheck Ttotal Status Flags
r-devel-linux-x86_64-debian-clang 1.7 5.45 24.69 30.14 NOTE
r-devel-linux-x86_64-debian-gcc 1.7 4.71 21.92 26.63 WARN
r-devel-linux-x86_64-fedora-clang 1.7 41.42 NOTE
r-devel-linux-x86_64-fedora-gcc 1.7 41.14 WARN
r-devel-windows-ix86+x86_64 1.7 25.00 49.00 74.00 WARN
r-patched-linux-x86_64 1.7 5.64 27.50 33.14 WARN
r-patched-solaris-x86 1.7 61.30 OK
r-release-linux-x86_64 1.7 6.82 27.26 34.08 WARN
r-release-windows-ix86+x86_64 1.7 25.00 49.00 74.00 WARN
r-release-osx-x86_64 1.7 OK
r-oldrel-windows-ix86+x86_64 1.7 13.00 71.00 84.00 OK
r-oldrel-osx-x86_64 1.7 OK

Check Details

Version: 1.7
Check: compiled code
Result: NOTE
    File ‘RRF/libs/RRF.so’:
     Found no calls to: ‘R_registerRoutines’, ‘R_useDynamicSymbols’
    
    It is good practice to register native routines and to disable symbol
    search.
    
    See ‘Writing portable packages’ in the ‘Writing R Extensions’ manual.
Flavors: r-devel-linux-x86_64-debian-clang, r-devel-linux-x86_64-debian-gcc, r-devel-linux-x86_64-fedora-clang, r-devel-linux-x86_64-fedora-gcc, r-patched-linux-x86_64, r-release-linux-x86_64

Version: 1.7
Check: whether package can be installed
Result: WARN
    Found the following significant warnings:
     regTree.c:242:19: warning: suggest parentheses around comparison in operand of ‘&’ [-Wparentheses]
Flavors: r-devel-linux-x86_64-debian-gcc, r-devel-linux-x86_64-fedora-gcc, r-devel-windows-ix86+x86_64, r-patched-linux-x86_64, r-release-linux-x86_64, r-release-windows-ix86+x86_64