CRAN Package Check Results for Package RRF

Last updated on 2017-12-12 02:49:55 CET.

Flavor Version Tinstall Tcheck Ttotal Status Flags
r-devel-linux-x86_64-debian-clang 1.7 3.54 27.21 30.75 NOTE
r-devel-linux-x86_64-debian-gcc 1.7 3.49 25.21 28.70 NOTE
r-devel-linux-x86_64-fedora-clang 1.7 39.71 NOTE
r-devel-linux-x86_64-fedora-gcc 1.7 37.87 NOTE
r-devel-windows-ix86+x86_64 1.7 20.00 54.00 74.00 OK
r-patched-linux-x86_64 1.7 3.90 30.70 34.60 NOTE
r-patched-solaris-x86 1.7 55.10 OK
r-release-linux-x86_64 1.7 4.13 29.20 33.33 NOTE
r-release-windows-ix86+x86_64 1.7 13.00 67.00 80.00 OK
r-release-osx-x86_64 1.7 OK
r-oldrel-windows-ix86+x86_64 1.7 15.00 53.00 68.00 OK
r-oldrel-osx-x86_64 1.7 OK

Check Details

Version: 1.7
Check: compiled code
Result: NOTE
    File ‘RRF/libs/RRF.so’:
     Found no calls to: ‘R_registerRoutines’, ‘R_useDynamicSymbols’
    
    It is good practice to register native routines and to disable symbol
    search.
    
    See ‘Writing portable packages’ in the ‘Writing R Extensions’ manual.
Flavors: r-devel-linux-x86_64-debian-clang, r-devel-linux-x86_64-debian-gcc, r-devel-linux-x86_64-fedora-clang, r-devel-linux-x86_64-fedora-gcc, r-patched-linux-x86_64, r-release-linux-x86_64