CRAN Package Check Results for Package RRF

Last updated on 2017-06-28 20:48:58.

Flavor Version Tinstall Tcheck Ttotal Status Flags
r-devel-linux-x86_64-debian-clang 1.7 3.38 19.88 23.26 NOTE
r-devel-linux-x86_64-debian-gcc 1.7 3.28 20.69 23.97 NOTE
r-devel-linux-x86_64-fedora-clang 1.7 39.96 NOTE
r-devel-linux-x86_64-fedora-gcc 1.7 38.58 NOTE
r-devel-windows-ix86+x86_64 1.7 13.00 70.00 83.00 OK
r-patched-linux-x86_64 1.7 3.26 20.77 24.03 NOTE
r-patched-solaris-sparc 1.7 249.00 OK
r-patched-solaris-x86 1.7 54.90 OK
r-release-linux-x86_64 1.7 3.18 19.77 22.95 NOTE
r-release-windows-ix86+x86_64 1.7 14.00 64.00 78.00 OK
r-release-osx-x86_64 1.7 OK
r-oldrel-windows-ix86+x86_64 1.7 16.00 56.00 72.00 OK
r-oldrel-osx-x86_64 1.7 OK

Check Details

Version: 1.7
Check: compiled code
Result: NOTE
    File ‘RRF/libs/RRF.so’:
     Found no calls to: ‘R_registerRoutines’, ‘R_useDynamicSymbols’
    
    It is good practice to register native routines and to disable symbol
    search.
    
    See ‘Writing portable packages’ in the ‘Writing R Extensions’ manual.
Flavors: r-devel-linux-x86_64-debian-clang, r-devel-linux-x86_64-debian-gcc, r-devel-linux-x86_64-fedora-clang, r-devel-linux-x86_64-fedora-gcc, r-patched-linux-x86_64, r-release-linux-x86_64