CRAN Package Check Results for Package RRF

Last updated on 2017-10-19 12:49:44.

Flavor Version Tinstall Tcheck Ttotal Status Flags
r-devel-linux-x86_64-debian-clang 1.7 2.76 20.56 23.32 NOTE
r-devel-linux-x86_64-debian-gcc 1.7 3.70 21.22 24.92 NOTE
r-devel-linux-x86_64-fedora-clang 1.7 42.73 NOTE
r-devel-linux-x86_64-fedora-gcc 1.7 42.03 NOTE
r-devel-windows-ix86+x86_64 1.7 14.00 49.00 63.00 OK
r-patched-linux-x86_64 1.7 3.12 19.77 22.90 NOTE
r-patched-solaris-x86 1.7 56.50 OK
r-release-linux-x86_64 1.7 2.98 19.75 22.72 NOTE
r-release-windows-ix86+x86_64 1.7 15.00 49.00 64.00 OK
r-release-osx-x86_64 1.7 OK
r-oldrel-windows-ix86+x86_64 1.7 17.00 55.00 72.00 OK
r-oldrel-osx-x86_64 1.7 OK

Check Details

Version: 1.7
Check: compiled code
Result: NOTE
    File ‘RRF/libs/RRF.so’:
     Found no calls to: ‘R_registerRoutines’, ‘R_useDynamicSymbols’
    
    It is good practice to register native routines and to disable symbol
    search.
    
    See ‘Writing portable packages’ in the ‘Writing R Extensions’ manual.
Flavors: r-devel-linux-x86_64-debian-clang, r-devel-linux-x86_64-debian-gcc, r-devel-linux-x86_64-fedora-clang, r-devel-linux-x86_64-fedora-gcc, r-patched-linux-x86_64, r-release-linux-x86_64