CRAN Package Check Results for Package RRI

Last updated on 2022-12-10 05:57:37 CET.

Flavor Version Tinstall Tcheck Ttotal Status Flags
r-devel-linux-x86_64-debian-clang 1.1 35.37 44.91 80.28 NOTE
r-devel-linux-x86_64-debian-gcc 1.1 28.08 33.68 61.76 NOTE
r-devel-linux-x86_64-fedora-clang 1.1 120.58 NOTE
r-devel-linux-x86_64-fedora-gcc 1.1 112.01 NOTE
r-devel-windows-x86_64 1.1 40.00 87.00 127.00 NOTE
r-patched-linux-x86_64 1.1 29.82 42.02 71.84 NOTE
r-release-linux-x86_64 1.1 29.82 42.64 72.46 NOTE
r-release-macos-arm64 1.1 31.00 NOTE
r-release-macos-x86_64 1.1 40.00 NOTE
r-release-windows-x86_64 1.1 35.00 88.00 123.00 NOTE
r-oldrel-macos-arm64 1.1 36.00 NOTE
r-oldrel-macos-x86_64 1.1 56.00 NOTE
r-oldrel-windows-ix86+x86_64 1.1 87.00 102.00 189.00 NOTE

Check Details

Version: 1.1
Check: LazyData
Result: NOTE
     'LazyData' is specified without a 'data' directory
Flavors: r-devel-linux-x86_64-debian-clang, r-devel-linux-x86_64-debian-gcc, r-devel-linux-x86_64-fedora-clang, r-devel-linux-x86_64-fedora-gcc, r-devel-windows-x86_64, r-patched-linux-x86_64, r-release-linux-x86_64, r-release-macos-arm64, r-release-macos-x86_64, r-release-windows-x86_64, r-oldrel-macos-arm64, r-oldrel-macos-x86_64, r-oldrel-windows-ix86+x86_64