CRAN Package Check Results for Package RSA

Last updated on 2014-10-24 11:47:25.

Flavor Version Tinstall Tcheck Ttotal Status Flags
r-devel-linux-x86_64-debian-clang 0.9.3 2.02 36.67 38.69 NOTE
r-devel-linux-x86_64-debian-gcc 0.9.3 2.06 36.90 38.96 NOTE
r-devel-linux-x86_64-fedora-clang 0.9.3 83.85 NOTE
r-devel-linux-x86_64-fedora-gcc 0.9.3 76.25 NOTE
r-devel-osx-x86_64-clang 0.9.3 72.75 NOTE
r-devel-windows-ix86+x86_64 0.9.3 9.00 56.00 65.00 NOTE
r-patched-linux-x86_64 0.9.3 2.11 37.18 39.29 NOTE
r-patched-solaris-sparc 0.9.3 439.70 NOTE
r-patched-solaris-x86 0.9.3 102.10 NOTE
r-release-linux-ix86 0.9.3 2.62 53.21 55.83 OK
r-release-linux-x86_64 0.9.3 2.15 42.00 44.15 OK
r-release-osx-x86_64-mavericks 0.9.3 OK
r-release-osx-x86_64-snowleopard 0.9.3 OK
r-release-windows-ix86+x86_64 0.9.3 10.00 69.00 79.00 OK
r-oldrel-windows-ix86+x86_64 0.9.3 10.00 65.00 75.00 OK

Check Details

Version: 0.9.3
Check: R code for possible problems
Result: NOTE
    demoRSA: no visible global function definition for ‘tclVar’
    demoRSA: no visible global function definition for ‘tclvalue<-’
    demoRSA : setAllBlack: no visible binding for global variable
     ‘tkconfigure’
    demoRSA : update: no visible global function definition for ‘tclvalue’
    demoRSA : update: no visible global function definition for
     ‘tclvalue<-’
    demoRSA : update: no visible binding for global variable ‘tkconfigure’
    demoRSA : update: no visible global function definition for ‘tkrreplot’
    demoRSA : replot: no visible global function definition for ‘tclvalue’
    demoRSA: no visible global function definition for ‘tktoplevel’
    demoRSA: no visible global function definition for ‘tkwm.title’
    demoRSA: no visible global function definition for ‘tkrplot’
    demoRSA: no visible global function definition for ‘tkpack’
    demoRSA: no visible global function definition for ‘tkframe’
    demoRSA: no visible global function definition for ‘tklabel’
    demoRSA: no visible global function definition for ‘tkradiobutton’
    demoRSA: no visible global function definition for ‘tkscale’
    modeltree: no visible global function definition for ‘qgraph’
    plotRSA: no visible global function definition for ‘Tps’
    plotRSA: no visible global function definition for ‘compute.bagplot’
    plotRSA: no visible global function definition for ‘open3d’
    plotRSA: no visible global function definition for ‘rgl.viewpoint’
    plotRSA: no visible global function definition for ‘rgl.light’
    plotRSA: no visible global function definition for ‘persp3d’
    plotRSA: no visible global function definition for ‘points3d’
    plotRSA: no visible global function definition for ‘text3d’
    plotRSA : mypanel2: no visible global function definition for
     ‘grid.text’
    plotRSA : mypanel2: no visible global function definition for ‘gpar’
Flavors: r-devel-linux-x86_64-debian-clang, r-devel-linux-x86_64-debian-gcc, r-devel-linux-x86_64-fedora-clang, r-devel-linux-x86_64-fedora-gcc, r-devel-osx-x86_64-clang, r-devel-windows-ix86+x86_64, r-patched-linux-x86_64, r-patched-solaris-sparc, r-patched-solaris-x86