CRAN Package Check Results for Package RSA

Last updated on 2015-08-03 17:47:55.

Flavor Version Tinstall Tcheck Ttotal Status Flags
r-devel-linux-x86_64-debian-clang 0.9.8 1.77 38.05 39.82 NOTE
r-devel-linux-x86_64-debian-gcc 0.9.8 1.75 38.34 40.08 NOTE
r-devel-linux-x86_64-fedora-clang 0.9.8 79.26 NOTE
r-devel-linux-x86_64-fedora-gcc 0.9.8 73.87 NOTE
r-devel-osx-x86_64-clang 0.9.8 72.37 OK
r-devel-windows-ix86+x86_64 0.9.8 8.00 62.00 70.00 NOTE
r-patched-linux-x86_64 0.9.8 1.79 38.12 39.90 OK
r-patched-solaris-sparc 0.9.8 494.00 OK
r-patched-solaris-x86 0.9.8 113.10 OK
r-release-linux-x86_64 0.9.8 1.83 38.42 40.26 OK
r-release-osx-x86_64-mavericks 0.9.8 NOTE
r-release-windows-ix86+x86_64 0.9.8 8.00 64.00 72.00 OK
r-oldrel-windows-ix86+x86_64 0.9.8 14.00 96.00 110.00 OK

Check Details

Version: 0.9.8
Check: R code for possible problems
Result: NOTE
    RSA: no visible global function definition for ‘lm’
    RSA: no visible binding for global variable ‘na.exclude’
    RSA: no visible global function definition for ‘influence.measures’
    RSA: no visible global function definition for ‘na.omit’
    RSA.ST: no visible global function definition for ‘pt’
    aictab : <anonymous>: no visible global function definition for ‘pf’
    cModels : <anonymous>: no visible global function definition for ‘pf’
    confint.RSA: no visible global function definition for ‘quantile’
    demoRSA : replot: no visible global function definition for ‘plot’
    demoSRR : replot: no visible global function definition for ‘plot’
    demoSRRR : replot: no visible global function definition for ‘plot’
    getPar: no visible global function definition for ‘pf’
    interpolatePolygon: no visible global function definition for ‘points’
    interpolatePolygon: no visible global function definition for ‘lines’
    interpolatePolygon: no visible global function definition for ‘text’
    modeltree: no visible global function definition for ‘dev.new’
    movieRSA: no visible global function definition for ‘jpeg’
    movieRSA: no visible global function definition for ‘dev.off’
    pRamp: no visible global function definition for ‘colorRamp’
    pRamp: no visible global function definition for ‘rgb’
    plotRSA: no visible global function definition for ‘rnorm’
    plotRSA: no visible global function definition for ‘formula’
    plotRSA: no visible global function definition for ‘var’
    plotRSA: no visible global function definition for ‘colorRampPalette’
    plotRSA: no visible global function definition for ‘contourLines’
    summary.RSA: no visible global function definition for
     ‘packageDescription’
    Undefined global functions or variables:
     colorRamp colorRampPalette contourLines dev.new dev.off formula
     influence.measures jpeg lines lm na.exclude na.omit
     packageDescription pf plot points pt quantile rgb rnorm text var
    Consider adding
     importFrom("grDevices", "colorRamp", "colorRampPalette",
     "contourLines", "dev.new", "dev.off", "jpeg", "rgb")
     importFrom("graphics", "lines", "plot", "points", "text")
     importFrom("stats", "formula", "influence.measures", "lm",
     "na.exclude", "na.omit", "pf", "pt", "quantile", "rnorm",
     "var")
     importFrom("utils", "packageDescription")
    to your NAMESPACE.
Flavors: r-devel-linux-x86_64-debian-clang, r-devel-linux-x86_64-debian-gcc, r-devel-linux-x86_64-fedora-clang, r-devel-linux-x86_64-fedora-gcc, r-devel-windows-ix86+x86_64

Version: 0.9.8
Check: package dependencies
Result: NOTE
    Package suggested but not available for checking: ‘qgraph’
Flavor: r-release-osx-x86_64-mavericks