CRAN Package Check Results for Package RSA

Last updated on 2017-05-23 08:49:20.

Flavor Version Tinstall Tcheck Ttotal Status Flags
r-devel-linux-x86_64-debian-clang 0.9.10 1.91 53.51 55.42 OK
r-devel-linux-x86_64-debian-gcc 0.9.10 1.93 52.86 54.80 OK
r-devel-linux-x86_64-fedora-clang 0.9.10 100.41 OK --no-stop-on-test-error
r-devel-linux-x86_64-fedora-gcc 0.9.10 97.02 OK --no-stop-on-test-error
r-devel-windows-ix86+x86_64 0.9.10 13.00 90.00 103.00 OK
r-patched-linux-x86_64 0.9.10 1.90 54.17 56.07 OK
r-patched-solaris-sparc 0.9.10 596.40 OK
r-patched-solaris-x86 0.9.10 128.10 OK
r-release-linux-x86_64 0.9.10 2.00 55.17 57.17 OK
r-release-windows-ix86+x86_64 0.9.10 7.00 131.00 138.00 OK
r-release-osx-x86_64 0.9.10 OK
r-oldrel-windows-ix86+x86_64 0.9.10 9.00 97.00 106.00 OK
r-oldrel-osx-x86_64 0.9.10 WARN

Check Details

Version: 0.9.10
Check: dependencies in R code
Result: NOTE
    Invalid MIT-MAGIC-COOKIE-1 keyInvalid MIT-MAGIC-COOKIE-1 keyInvalid MIT-MAGIC-COOKIE-1 key
Flavor: r-oldrel-osx-x86_64

Version: 0.9.10
Check: S3 generic/method consistency
Result: WARN
    Invalid MIT-MAGIC-COOKIE-1 keyInvalid MIT-MAGIC-COOKIE-1 key
    See section ‘Generic functions and methods’ in the ‘Writing R
    Extensions’ manual.
Flavor: r-oldrel-osx-x86_64

Version: 0.9.10
Check: replacement functions
Result: WARN
    Invalid MIT-MAGIC-COOKIE-1 keyInvalid MIT-MAGIC-COOKIE-1 key
    The argument of a replacement function which corresponds to the right
    hand side must be named ‘value’.
Flavor: r-oldrel-osx-x86_64

Version: 0.9.10
Check: foreign function calls
Result: NOTE
    Invalid MIT-MAGIC-COOKIE-1 keyInvalid MIT-MAGIC-COOKIE-1 key
    See chapter ‘System and foreign language interfaces’ in the ‘Writing R
    Extensions’ manual.
Flavor: r-oldrel-osx-x86_64

Version: 0.9.10
Check: R code for possible problems
Result: NOTE
    Invalid MIT-MAGIC-COOKIE-1 keyInvalid MIT-MAGIC-COOKIE-1 key
Flavor: r-oldrel-osx-x86_64

Version: 0.9.10
Check: for missing documentation entries
Result: WARN
    Invalid MIT-MAGIC-COOKIE-1 keyInvalid MIT-MAGIC-COOKIE-1 key
    All user-level objects in a package should have documentation entries.
    See chapter ‘Writing R documentation files’ in the ‘Writing R
    Extensions’ manual.
Flavor: r-oldrel-osx-x86_64

Version: 0.9.10
Check: for code/documentation mismatches
Result: WARN
    Invalid MIT-MAGIC-COOKIE-1 keyInvalid MIT-MAGIC-COOKIE-1 key
    Invalid MIT-MAGIC-COOKIE-1 keyInvalid MIT-MAGIC-COOKIE-1 key
    Invalid MIT-MAGIC-COOKIE-1 keyInvalid MIT-MAGIC-COOKIE-1 key
Flavor: r-oldrel-osx-x86_64

Version: 0.9.10
Check: Rd \usage sections
Result: NOTE
    Invalid MIT-MAGIC-COOKIE-1 keyInvalid MIT-MAGIC-COOKIE-1 key
    The \usage entries for S3 methods should use the \method markup and not
    their full name.
    See chapter ‘Writing R documentation files’ in the ‘Writing R
    Extensions’ manual.
Flavor: r-oldrel-osx-x86_64