CRAN Package Check Results for Package RSA

Last updated on 2016-02-10 23:47:06.

Flavor Version Tinstall Tcheck Ttotal Status Flags
r-devel-linux-x86_64-debian-gcc 0.9.9 1.63 37.21 38.84 OK
r-devel-linux-x86_64-fedora-clang 0.9.9 69.23 OK
r-devel-linux-x86_64-fedora-gcc 0.9.9 65.46 OK
r-devel-osx-x86_64-clang 0.9.9 72.73 OK
r-devel-windows-ix86+x86_64 0.9.9 9.00 61.00 70.00 OK
r-patched-linux-x86_64 0.9.9 1.80 39.52 41.33 OK
r-patched-solaris-sparc 0.9.9 435.90 OK
r-patched-solaris-x86 0.9.9 98.70 OK
r-release-linux-x86_64 0.9.9 1.88 39.93 41.81 OK
r-release-osx-x86_64-mavericks 0.9.9 ERROR
r-release-windows-ix86+x86_64 0.9.9 9.00 60.00 69.00 OK
r-oldrel-windows-ix86+x86_64 0.9.9 16.00 94.00 110.00 OK

Check Details

Version: 0.9.9
Check: whether package can be installed
Result: ERROR
    Installation failed.
Flavor: r-release-osx-x86_64-mavericks