CRAN Package Check Results for Package RSA

Last updated on 2015-07-07 06:46:50.

Flavor Version Tinstall Tcheck Ttotal Status Flags
r-devel-linux-x86_64-debian-clang 0.9.8 1.76 37.22 38.99 NOTE
r-devel-linux-x86_64-debian-gcc 0.9.8 1.71 37.22 38.93 NOTE
r-devel-linux-x86_64-fedora-clang 0.9.8 77.25 NOTE
r-devel-linux-x86_64-fedora-gcc 0.9.8 74.35 NOTE
r-devel-osx-x86_64-clang 0.9.8 73.88 OK
r-devel-windows-ix86+x86_64 0.9.8 6.00 64.00 70.00 NOTE
r-patched-linux-x86_64 0.9.8 1.69 37.25 38.94 OK
r-patched-solaris-sparc 0.9.8 479.90 OK
r-patched-solaris-x86 0.9.8 114.40 OK
r-release-linux-x86_64 0.9.8 1.76 36.88 38.64 OK
r-release-osx-x86_64-mavericks 0.9.8 NOTE
r-release-windows-ix86+x86_64 0.9.8 8.00 63.00 71.00 OK
r-oldrel-windows-ix86+x86_64 0.9.8 12.00 90.00 102.00 OK

Check Details

Version: 0.9.8
Check: R code for possible problems
Result: NOTE
    RSA: no visible global function definition for ‘lm’
    RSA: no visible binding for global variable ‘na.exclude’
    RSA: no visible global function definition for ‘influence.measures’
    RSA: no visible global function definition for ‘na.omit’
    RSA.ST: no visible global function definition for ‘pt’
    aictab : <anonymous>: no visible global function definition for ‘pf’
    cModels : <anonymous>: no visible global function definition for ‘pf’
    confint.RSA: no visible global function definition for ‘quantile’
    demoRSA : replot: no visible global function definition for ‘plot’
    demoSRR : replot: no visible global function definition for ‘plot’
    demoSRRR : replot: no visible global function definition for ‘plot’
    getPar: no visible global function definition for ‘pf’
    interpolatePolygon: no visible global function definition for ‘points’
    interpolatePolygon: no visible global function definition for ‘lines’
    interpolatePolygon: no visible global function definition for ‘text’
    modeltree: no visible global function definition for ‘dev.new’
    movieRSA: no visible global function definition for ‘jpeg’
    movieRSA: no visible global function definition for ‘dev.off’
    pRamp: no visible global function definition for ‘colorRamp’
    pRamp: no visible global function definition for ‘rgb’
    plotRSA: no visible global function definition for ‘rnorm’
    plotRSA: no visible global function definition for ‘formula’
    plotRSA: no visible global function definition for ‘var’
    plotRSA: no visible global function definition for ‘colorRampPalette’
    plotRSA: no visible global function definition for ‘contourLines’
    summary.RSA: no visible global function definition for
     ‘packageDescription’
    Undefined global functions or variables:
     colorRamp colorRampPalette contourLines dev.new dev.off formula
     influence.measures jpeg lines lm na.exclude na.omit
     packageDescription pf plot points pt quantile rgb rnorm text var
Flavors: r-devel-linux-x86_64-debian-clang, r-devel-linux-x86_64-debian-gcc, r-devel-linux-x86_64-fedora-clang, r-devel-linux-x86_64-fedora-gcc, r-devel-windows-ix86+x86_64

Version: 0.9.8
Check: package dependencies
Result: NOTE
    Package suggested but not available for checking: ‘qgraph’
Flavor: r-release-osx-x86_64-mavericks