CRAN Package Check Results for Package RSA

Last updated on 2014-09-01 23:46:52.

Flavor Version Tinstall Tcheck Ttotal Status Flags
r-devel-linux-x86_64-debian-clang 0.9.3 2.00 35.61 37.61 NOTE
r-devel-linux-x86_64-debian-gcc 0.9.3 2.76 35.44 38.20 NOTE
r-devel-linux-x86_64-fedora-clang 0.9.3 90.78 NOTE
r-devel-linux-x86_64-fedora-gcc 0.9.3 77.63 NOTE
r-devel-osx-x86_64-clang 0.9.3 68.93 NOTE
r-devel-windows-ix86+x86_64 0.9.3 8.00 59.00 67.00 NOTE
r-patched-linux-x86_64 0.9.3 2.06 40.78 42.84 OK
r-patched-solaris-sparc 0.9.3 496.40 OK
r-patched-solaris-x86 0.9.3 115.90 OK
r-release-linux-ix86 0.9.3 2.63 58.68 61.31 OK
r-release-linux-x86_64 0.9.3 2.18 41.49 43.67 OK
r-release-osx-x86_64-mavericks 0.9.3 OK
r-release-osx-x86_64-snowleopard 0.9.3 OK
r-release-windows-ix86+x86_64 0.9.3 9.00 69.00 78.00 OK
r-oldrel-windows-ix86+x86_64 0.9.3 10.00 73.00 83.00 OK

Check Details

Version: 0.9.3
Check: R code for possible problems
Result: NOTE
    demoRSA: no visible global function definition for ‘tclVar’
    demoRSA: no visible global function definition for ‘tclvalue<-’
    demoRSA : setAllBlack: no visible binding for global variable
     ‘tkconfigure’
    demoRSA : update: no visible global function definition for ‘tclvalue’
    demoRSA : update: no visible global function definition for
     ‘tclvalue<-’
    demoRSA : update: no visible binding for global variable ‘tkconfigure’
    demoRSA : update: no visible global function definition for ‘tkrreplot’
    demoRSA : replot: no visible global function definition for ‘tclvalue’
    demoRSA: no visible global function definition for ‘tktoplevel’
    demoRSA: no visible global function definition for ‘tkwm.title’
    demoRSA: no visible global function definition for ‘tkrplot’
    demoRSA: no visible global function definition for ‘tkpack’
    demoRSA: no visible global function definition for ‘tkframe’
    demoRSA: no visible global function definition for ‘tklabel’
    demoRSA: no visible global function definition for ‘tkradiobutton’
    demoRSA: no visible global function definition for ‘tkscale’
    modeltree: no visible global function definition for ‘qgraph’
    plotRSA: no visible global function definition for ‘Tps’
    plotRSA: no visible global function definition for ‘compute.bagplot’
    plotRSA: no visible global function definition for ‘open3d’
    plotRSA: no visible global function definition for ‘rgl.viewpoint’
    plotRSA: no visible global function definition for ‘rgl.light’
    plotRSA: no visible global function definition for ‘persp3d’
    plotRSA: no visible global function definition for ‘points3d’
    plotRSA: no visible global function definition for ‘text3d’
    plotRSA : mypanel2: no visible global function definition for
     ‘grid.text’
    plotRSA : mypanel2: no visible global function definition for ‘gpar’
Flavors: r-devel-linux-x86_64-debian-clang, r-devel-linux-x86_64-debian-gcc, r-devel-linux-x86_64-fedora-clang, r-devel-linux-x86_64-fedora-gcc, r-devel-osx-x86_64-clang, r-devel-windows-ix86+x86_64