CRAN Package Check Results for Package RSA

Last updated on 2014-04-19 18:47:48.

Flavor Version Tinstall Tcheck Ttotal Status Flags
r-devel-linux-x86_64-debian-clang 0.9 2.24 42.98 45.22 OK
r-devel-linux-x86_64-debian-gcc 0.9 2.21 43.20 45.41 OK
r-devel-linux-x86_64-fedora-clang 0.9 93.78 OK
r-devel-linux-x86_64-fedora-gcc 0.9 85.25 OK
r-devel-macosx-x86_64-clang 0.9 90.02 OK
r-devel-macosx-x86_64-gcc 0.9 ERROR
r-devel-windows-ix86+x86_64 0.9 8.00 66.00 74.00 OK
r-patched-linux-x86_64 0.9 2.14 42.59 44.73 OK
r-patched-solaris-sparc 0.9 474.90 OK
r-patched-solaris-x86 0.9 115.00 OK
r-release-linux-ix86 OK
r-release-linux-x86_64 0.9 2.15 42.80 44.96 OK
r-release-macosx-x86_64 0.9 OK
r-release-windows-ix86+x86_64 0.9 13.00 66.00 79.00 OK
r-oldrel-windows-ix86+x86_64 0.9 12.00 67.00 79.00 OK

Check Details

Version: 0.9
Check: package dependencies
Result: ERROR
    Packages required but not available: ‘ggplot2’ ‘gridExtra’
    
    Packages suggested but not available for checking:
     ‘fields’ ‘SDMTools’ ‘qgraph’
    
    See the information on DESCRIPTION files in the chapter ‘Creating R
    packages’ of the ‘Writing R Extensions’ manual.
Flavor: r-devel-macosx-x86_64-gcc