CRAN Package Check Results for Package RSA

Last updated on 2016-05-01 21:47:01.

Flavor Version Tinstall Tcheck Ttotal Status Flags
r-devel-linux-x86_64-debian-gcc 0.9.10 1.77 38.15 39.92 OK
r-devel-linux-x86_64-fedora-clang 0.9.10 69.94 OK
r-devel-linux-x86_64-fedora-gcc 0.9.10 72.25 OK
r-devel-osx-x86_64-clang 0.9.10 78.24 OK
r-devel-windows-ix86+x86_64 0.9.10 5.00 87.00 92.00 OK
r-patched-linux-x86_64 0.9.10 1.61 37.22 38.83 OK
r-patched-solaris-sparc 0.9.10 476.70 OK
r-patched-solaris-x86 0.9.10 94.20 OK
r-release-linux-x86_64 0.9.10 1.82 41.74 43.55 OK
r-release-osx-x86_64-mavericks 0.9.10 ERROR
r-release-windows-ix86+x86_64 0.9.10 10.00 68.00 78.00 OK
r-oldrel-windows-ix86+x86_64 0.9.10 17.00 124.00 141.00 OK

Check Details

Version: 0.9.10
Check: whether package can be installed
Result: ERROR
    Installation failed.
Flavor: r-release-osx-x86_64-mavericks