CRAN Package Check Results for Package RSDA

Last updated on 2017-10-21 00:52:00.

Flavor Version Tinstall Tcheck Ttotal Status Flags
r-devel-linux-x86_64-debian-clang 2.0.2 5.28 77.04 82.32 ERROR
r-devel-linux-x86_64-debian-gcc 2.0.2 5.94 82.28 88.22 ERROR
r-devel-linux-x86_64-fedora-clang 2.0.2 173.29 ERROR
r-devel-linux-x86_64-fedora-gcc 2.0.2 172.24 ERROR
r-devel-windows-ix86+x86_64 2.0.2 17.00 115.00 132.00 ERROR
r-patched-linux-x86_64 2.0.2 5.60 88.69 94.29 OK
r-patched-solaris-x86 2.0.2 244.20 OK
r-release-linux-x86_64 2.0.2 5.05 86.16 91.21 OK
r-release-windows-ix86+x86_64 2.0.2 26.00 191.00 217.00 OK
r-release-osx-x86_64 2.0.2 OK
r-oldrel-windows-ix86+x86_64 1.4 17.00 125.00 142.00 ERROR
r-oldrel-osx-x86_64 2.0.2 ERROR

Check Details

Version: 2.0.2
Check: examples
Result: ERROR
    Running examples in ‘RSDA-Ex.R’ failed
    The error most likely occurred in:
    
    > base::assign(".ptime", proc.time(), pos = "CheckExEnv")
    > ### Name: interscal
    > ### Title: Interscal Method
    > ### Aliases: interscal
    > ### Keywords: Interscal
    >
    > ### ** Examples
    >
    > data(ex_cfa1)
    > res<-interscal(ex_cfa1)
    Error in dist.matrix[i, pos + 1] <- interval.dist.tobj(sym.obj(sym.data, :
     incorrect number of subscripts on matrix
    Calls: interscal -> interscal.B -> interscal.delta -> interval.dist
    Execution halted
Flavors: r-devel-linux-x86_64-debian-clang, r-devel-linux-x86_64-debian-gcc

Version: 2.0.2
Check: examples
Result: ERROR
    Running examples in ‘RSDA-Ex.R’ failed
    The error most likely occurred in:
    
    > ### Name: interscal
    > ### Title: Interscal Method
    > ### Aliases: interscal
    > ### Keywords: Interscal
    >
    > ### ** Examples
    >
    > data(ex_cfa1)
    > res<-interscal(ex_cfa1)
    Error in dist.matrix[i, pos + 1] <- interval.dist.tobj(sym.obj(sym.data, :
     incorrect number of subscripts on matrix
    Calls: interscal -> interscal.B -> interscal.delta -> interval.dist
    Execution halted
Flavors: r-devel-linux-x86_64-fedora-clang, r-devel-linux-x86_64-fedora-gcc, r-devel-windows-ix86+x86_64

Version: 1.4
Check: S3 generic/method consistency
Result: WARN
    median:
     function(x, na.rm)
    median.sym.data.table:
     function(x, na.rm, method, ...)
    
    median:
     function(x, na.rm)
    median.sym.data.table:
     function(x, na.rm, method, ...)
    
    See section 'Generic functions and methods' in the 'Writing R
    Extensions' manual.
Flavor: r-oldrel-windows-ix86+x86_64

Version: 1.4
Check: examples
Result: ERROR
    Running examples in 'RSDA-Ex.R' failed
    The error most likely occurred in:
    
    > ### Name: median.sym.data.table
    > ### Title: Symbolic Median
    > ### Aliases: median.sym.data.table
    > ### Keywords: Median Symbolic
    >
    > ### ** Examples
    >
    > data(example3)
    > sym.data<-example3
    > median(sym.data[,2])
    [1] 1.5
    > median(sym.data[,6] ,method='interval')
    Error in median(sym.data[, 6], method = "interval") :
     unused argument (method = "interval")
    Execution halted
Flavor: r-oldrel-windows-ix86+x86_64

Version: 1.4
Check: tests
Result: ERROR
     Running 'testthat.R' [4s]
    Running the tests in 'tests/testthat.R' failed.
    Last 13 lines of output:
     >
     >
     > test_check("RSDA")
     1. Error: Mediana simbolica (@test.estadisticos.R#56) --------------------------
     unused argument (method = "interval")
     1: expect_equal(median(example3[, 6], method = "interval"), c(F6 = 5, F6.1 = 89), tolerance = 1e-06) at testthat/test.estadisticos.R:56
     2: compare(object, expected, ...)
     3: median(example3[, 6], method = "interval")
    
     testthat results ================================================================
     OK: 31 SKIPPED: 0 FAILED: 1
     1. Error: Mediana simbolica (@test.estadisticos.R#56)
    
     Error: testthat unit tests failed
     Execution halted
Flavor: r-oldrel-windows-ix86+x86_64

Version: 2.0.2
Check: whether package can be installed
Result: ERROR
    Installation failed.
Flavor: r-oldrel-osx-x86_64