CRAN Package Check Results for Package RSDA

Last updated on 2014-09-02 20:49:00.

Flavor Version Tinstall Tcheck Ttotal Status Flags
r-devel-linux-x86_64-debian-clang 1.2 6.60 83.33 89.93 NOTE
r-devel-linux-x86_64-debian-gcc 1.2 6.49 80.95 87.44 NOTE
r-devel-linux-x86_64-fedora-clang 1.2 204.38 NOTE
r-devel-linux-x86_64-fedora-gcc 1.2 191.30 NOTE
r-devel-osx-x86_64-clang 1.2 167.67 NOTE
r-devel-windows-ix86+x86_64 1.2 18.00 126.00 144.00 NOTE
r-patched-linux-x86_64 1.2 6.80 86.45 93.25 OK
r-patched-solaris-sparc 1.2 1160.80 OK
r-patched-solaris-x86 1.2 273.70 OK
r-release-linux-ix86 1.2 8.50 107.17 115.67 OK
r-release-linux-x86_64 1.2 7.08 88.41 95.49 OK
r-release-osx-x86_64-mavericks 1.2 OK
r-release-osx-x86_64-snowleopard 1.2 OK
r-release-windows-ix86+x86_64 1.2 20.00 128.00 148.00 OK
r-oldrel-windows-ix86+x86_64 1.2 18.00 126.00 144.00 OK

Check Details

Version: 1.2
Check: R code for possible problems
Result: NOTE
    classic.to.sym: no visible binding for global variable ‘fn’
    process.continuum.variable: no visible binding for global variable ‘fn’
    process.histogram.variable: no visible binding for global variable ‘fn’
    process.interval.variable: no visible binding for global variable ‘fn’
    process.set.variable: no visible binding for global variable ‘fn’
Flavors: r-devel-linux-x86_64-debian-clang, r-devel-linux-x86_64-debian-gcc, r-devel-linux-x86_64-fedora-clang, r-devel-linux-x86_64-fedora-gcc, r-devel-osx-x86_64-clang, r-devel-windows-ix86+x86_64