CRAN Package Check Results for Package RSDA

Last updated on 2015-05-28 15:47:46.

Flavor Version Tinstall Tcheck Ttotal Status Flags
r-devel-linux-x86_64-debian-clang 1.2 5.70 75.80 81.50 NOTE
r-devel-linux-x86_64-debian-gcc 1.2 5.50 71.43 76.94 NOTE
r-devel-linux-x86_64-fedora-clang 1.2 163.92 NOTE
r-devel-linux-x86_64-fedora-gcc 1.2 158.47 NOTE
r-devel-osx-x86_64-clang 1.2 146.03 NOTE
r-devel-windows-ix86+x86_64 1.2 18.00 106.00 124.00 NOTE
r-patched-linux-x86_64 1.2 5.58 72.06 77.63 NOTE
r-patched-solaris-sparc 1.2 1011.70 NOTE
r-patched-solaris-x86 1.2 242.10 NOTE
r-release-linux-x86_64 1.2 5.75 74.05 79.80 NOTE
r-release-osx-x86_64-mavericks 1.2 NOTE
r-release-osx-x86_64-snowleopard 1.2 ERROR
r-release-windows-ix86+x86_64 1.2 20.00 110.00 130.00 NOTE
r-oldrel-windows-ix86+x86_64 1.2 29.00 160.00 189.00 NOTE

Check Details

Version: 1.2
Check: R code for possible problems
Result: NOTE
    classic.to.sym: no visible binding for global variable ‘fn’
    process.continuum.variable: no visible binding for global variable ‘fn’
    process.histogram.variable: no visible binding for global variable ‘fn’
    process.interval.variable: no visible binding for global variable ‘fn’
    process.set.variable: no visible binding for global variable ‘fn’
Flavors: r-devel-linux-x86_64-debian-clang, r-devel-linux-x86_64-debian-gcc, r-devel-linux-x86_64-fedora-clang, r-devel-linux-x86_64-fedora-gcc, r-devel-osx-x86_64-clang, r-devel-windows-ix86+x86_64, r-patched-linux-x86_64, r-patched-solaris-sparc, r-patched-solaris-x86, r-release-linux-x86_64, r-release-osx-x86_64-mavericks, r-release-windows-ix86+x86_64, r-oldrel-windows-ix86+x86_64

Version: 1.2
Check: package dependencies
Result: ERROR
    Packages required but not available: ‘XML’ ‘scales’ ‘FactoMineR’ ‘ggplot2’
    
    See section ‘The DESCRIPTION file’ in the ‘Writing R Extensions’
    manual.
Flavor: r-release-osx-x86_64-snowleopard