CRAN Package Check Results for Package RSDA

Last updated on 2014-10-25 05:48:48.

Flavor Version Tinstall Tcheck Ttotal Status Flags
r-devel-linux-x86_64-debian-clang 1.2 6.68 87.96 94.64 NOTE
r-devel-linux-x86_64-debian-gcc 1.2 7.12 86.02 93.14 NOTE
r-devel-linux-x86_64-fedora-clang 1.2 205.09 NOTE
r-devel-linux-x86_64-fedora-gcc 1.2 194.04 NOTE
r-devel-osx-x86_64-clang 1.2 178.79 NOTE
r-devel-windows-ix86+x86_64 1.2 19.00 113.00 132.00 NOTE
r-patched-linux-x86_64 1.2 6.71 88.23 94.94 NOTE
r-patched-solaris-sparc 1.2 1141.40 NOTE
r-patched-solaris-x86 1.2 279.10 NOTE
r-release-linux-ix86 1.2 8.70 110.30 119.01 OK
r-release-linux-x86_64 1.2 7.10 91.58 98.68 OK
r-release-osx-x86_64-mavericks 1.2 OK
r-release-osx-x86_64-snowleopard 1.2 OK
r-release-windows-ix86+x86_64 1.2 22.00 137.00 159.00 OK
r-oldrel-windows-ix86+x86_64 1.2 21.00 131.00 152.00 OK

Check Details

Version: 1.2
Check: R code for possible problems
Result: NOTE
    classic.to.sym: no visible binding for global variable ‘fn’
    process.continuum.variable: no visible binding for global variable ‘fn’
    process.histogram.variable: no visible binding for global variable ‘fn’
    process.interval.variable: no visible binding for global variable ‘fn’
    process.set.variable: no visible binding for global variable ‘fn’
Flavors: r-devel-linux-x86_64-debian-clang, r-devel-linux-x86_64-debian-gcc, r-devel-linux-x86_64-fedora-clang, r-devel-linux-x86_64-fedora-gcc, r-devel-osx-x86_64-clang, r-devel-windows-ix86+x86_64, r-patched-linux-x86_64, r-patched-solaris-sparc, r-patched-solaris-x86