CRAN Package Check Results for Package RSDA

Last updated on 2015-04-26 00:47:34.

Flavor Version Tinstall Tcheck Ttotal Status Flags
r-devel-linux-x86_64-debian-clang 1.2 5.72 73.80 79.53 NOTE
r-devel-linux-x86_64-debian-gcc 1.2 5.41 74.39 79.80 NOTE
r-devel-linux-x86_64-fedora-clang 1.2 164.96 NOTE
r-devel-linux-x86_64-fedora-gcc 1.2 167.01 NOTE
r-devel-osx-x86_64-clang 1.2 144.57 NOTE
r-devel-windows-ix86+x86_64 1.2 19.00 112.00 131.00 NOTE
r-patched-linux-x86_64 1.2 5.58 72.74 78.32 NOTE
r-patched-solaris-sparc 1.2 970.20 NOTE
r-patched-solaris-x86 1.2 228.60 NOTE
r-release-linux-x86_64 1.2 5.45 72.56 78.01 NOTE
r-release-osx-x86_64-mavericks 1.2 NOTE
r-release-osx-x86_64-snowleopard 1.2 ERROR
r-release-windows-ix86+x86_64 1.2 16.00 116.00 132.00 NOTE
r-oldrel-windows-ix86+x86_64 1.2 27.00 157.00 184.00 NOTE

Check Details

Version: 1.2
Check: R code for possible problems
Result: NOTE
    classic.to.sym: no visible binding for global variable 'fn'
    process.continuum.variable: no visible binding for global variable 'fn'
    process.histogram.variable: no visible binding for global variable 'fn'
    process.interval.variable: no visible binding for global variable 'fn'
    process.set.variable: no visible binding for global variable 'fn'
Flavors: r-devel-windows-ix86+x86_64, r-release-windows-ix86+x86_64, r-oldrel-windows-ix86+x86_64