CRAN Package Check Results for Package RSDA

Last updated on 2014-04-25 05:47:24.

Flavor Version Tinstall Tcheck Ttotal Status Flags
r-devel-linux-x86_64-debian-clang 1.2 6.95 92.48 99.43 OK
r-devel-linux-x86_64-debian-gcc 1.2 7.30 91.50 98.80 OK
r-devel-linux-x86_64-fedora-clang 1.2 212.24 OK
r-devel-linux-x86_64-fedora-gcc 1.2 204.51 OK
r-devel-osx-x86_64-clang 1.2 194.24 OK
r-devel-osx-x86_64-gcc 1.2 ERROR
r-devel-windows-ix86+x86_64 1.2 22.00 113.00 135.00 OK
r-patched-linux-x86_64 1.2 7.12 91.01 98.13 OK
r-patched-solaris-sparc 1.2 1102.10 OK
r-patched-solaris-x86 1.2 291.40 OK
r-release-linux-ix86 1.2 11.00 146.00 157.00 OK
r-release-linux-x86_64 1.2 7.11 90.80 97.91 OK
r-release-osx-x86_64-mavericks 1.2 WARN
r-release-osx-x86_64-snowleopard 1.2 OK
r-release-windows-ix86+x86_64 1.2 18.00 132.00 150.00 OK
r-oldrel-windows-ix86+x86_64 1.2 22.00 120.00 142.00 OK

Check Details

Version: 1.2
Check: package dependencies
Result: ERROR
    Packages required but not available: ‘XML’ ‘scales’ ‘FactoMineR’ ‘ggplot2’
    
    See the information on DESCRIPTION files in the chapter ‘Creating R
    packages’ of the ‘Writing R Extensions’ manual.
Flavor: r-devel-osx-x86_64-gcc

Version: 1.2
Check: PDF version of manual
Result: WARNING
    LaTeX errors when creating PDF version.
    This typically indicates Rd problems.
    LaTeX errors found:
    ! LaTeX Error: File `upquote.sty' not found.
    
    Type X to quit or <RETURN> to proceed,
    or enter new name. (Default extension: sty)
    
    7bad59b3/Rd2.tex:8: ==> Fatal error occurred, no output PDF file produced!
Flavor: r-release-osx-x86_64-mavericks