CRAN Package Check Results for Package RSDA

Last updated on 2014-08-22 13:47:02.

Flavor Version Tinstall Tcheck Ttotal Status Flags
r-devel-linux-x86_64-debian-clang 1.2 6.48 85.86 92.33 OK
r-devel-linux-x86_64-debian-gcc 1.2 6.46 82.73 89.19 OK
r-devel-linux-x86_64-fedora-clang 1.2 204.60 NOTE
r-devel-linux-x86_64-fedora-gcc 1.2 192.55 NOTE
r-devel-osx-x86_64-clang 1.2 176.68 NOTE
r-devel-windows-ix86+x86_64 1.2 18.00 116.00 134.00 OK
r-patched-linux-x86_64 1.2 6.68 85.51 92.18 OK
r-patched-solaris-sparc 1.2 1160.80 OK
r-patched-solaris-x86 1.2 279.50 OK
r-release-linux-ix86 1.2 8.32 115.58 123.91 OK
r-release-linux-x86_64 1.2 6.80 87.94 94.75 OK
r-release-osx-x86_64-mavericks 1.2 OK
r-release-osx-x86_64-snowleopard 1.2 OK
r-release-windows-ix86+x86_64 1.2 23.00 136.00 159.00 OK
r-oldrel-windows-ix86+x86_64 1.2 20.00 122.00 142.00 OK

Check Details

Version: 1.2
Check: R code for possible problems
Result: NOTE
    classic.to.sym: no visible binding for global variable ‘fn’
    process.continuum.variable: no visible binding for global variable ‘fn’
    process.histogram.variable: no visible binding for global variable ‘fn’
    process.interval.variable: no visible binding for global variable ‘fn’
    process.set.variable: no visible binding for global variable ‘fn’
Flavors: r-devel-linux-x86_64-fedora-clang, r-devel-linux-x86_64-fedora-gcc, r-devel-osx-x86_64-clang