CRAN Package Check Results for Package RSDA

Last updated on 2015-08-29 20:48:16.

Flavor Version Tinstall Tcheck Ttotal Status Flags
r-devel-linux-x86_64-debian-clang 1.2 5.71 77.09 82.80 NOTE
r-devel-linux-x86_64-debian-gcc 1.2 5.66 70.95 76.60 NOTE
r-devel-linux-x86_64-fedora-clang 1.2 160.73 NOTE
r-devel-linux-x86_64-fedora-gcc 1.2 152.69 NOTE
r-devel-osx-x86_64-clang 1.2 140.49 NOTE
r-devel-windows-ix86+x86_64 1.2 26.00 122.00 148.00 NOTE
r-patched-linux-x86_64 1.2 6.23 76.71 82.94 NOTE
r-patched-solaris-sparc 1.2 1016.20 NOTE
r-patched-solaris-x86 1.2 245.30 NOTE
r-release-linux-x86_64 1.2 6.02 77.03 83.04 NOTE
r-release-osx-x86_64-mavericks 1.2 NOTE
r-release-windows-ix86+x86_64 1.2 26.00 124.00 150.00 NOTE
r-oldrel-windows-ix86+x86_64 1.2 46.00 211.00 257.00 NOTE

Check Details

Version: 1.2
Check: R code for possible problems
Result: NOTE
    R2.L: no visible global function definition for ‘cor’
    R2.U: no visible global function definition for ‘cor’
    cfa.scatterplot: no visible global function definition for ‘plot’
    cfa.scatterplot: no visible global function definition for ‘text’
    cfa.scatterplot: no visible global function definition for ‘rect’
    classic.to.sym: no visible binding for global variable ‘fn’
    generate.sym.table: no visible global function definition for
     ‘write.table’
    interval.dist: no visible global function definition for ‘as.dist’
    plotX.slice: no visible global function definition for ‘text’
    plotX.slice: no visible global function definition for ‘polygon’
    predictsym.glm: no visible global function definition for ‘predict’
    predictsym.lm: no visible global function definition for ‘predict’
    process.continuum.variable: no visible binding for global variable ‘fn’
    process.histogram.variable: no visible binding for global variable ‘fn’
    process.interval.variable: no visible binding for global variable ‘fn’
    process.set.variable: no visible binding for global variable ‘fn’
    read.sym.table: no visible global function definition for ‘read.table’
    sym.circle.plot: no visible global function definition for ‘plot’
    sym.circle.plot: no visible global function definition for ‘abline’
    sym.circle.plot: no visible global function definition for ‘symbols’
    sym.cor: no visible global function definition for ‘cor’
    sym.cov: no visible global function definition for ‘cov’
    sym.hclust: no visible global function definition for ‘hclust’
    sym.interval.pca: no visible global function definition for ‘sd’
    sym.kmeans: no visible global function definition for ‘kmeans’
    sym.lm: no visible global function definition for ‘lm’
    sym.lm.bi: no visible global function definition for ‘lm’
    sym.mds: no visible global function definition for ‘cmdscale’
    sym.median: no visible global function definition for ‘median’
    sym.median: no visible binding for global variable ‘median’
    sym.scatterplot: no visible global function definition for ‘plot’
    sym.scatterplot: no visible global function definition for ‘text’
    sym.scatterplot: no visible global function definition for ‘rect’
    sym.scatterplot3d: no visible global function definition for ‘text’
    sym.sd: no visible global function definition for ‘sd’
    sym.sd: no visible binding for global variable ‘sd’
    sym.variance: no visible global function definition for ‘var’
    sym.variance: no visible binding for global variable ‘var’
    write.sym.table: no visible global function definition for
     ‘write.table’
    Undefined global functions or variables:
     abline as.dist cmdscale cor cov fn hclust kmeans lm median plot
     polygon predict read.table rect sd symbols text var write.table
    Consider adding
     importFrom("graphics", "abline", "plot", "polygon", "rect", "symbols",
     "text")
     importFrom("stats", "as.dist", "cmdscale", "cor", "cov", "hclust",
     "kmeans", "lm", "median", "predict", "sd", "var")
     importFrom("utils", "read.table", "write.table")
    to your NAMESPACE.
Flavors: r-devel-linux-x86_64-debian-clang, r-devel-linux-x86_64-debian-gcc, r-devel-linux-x86_64-fedora-clang, r-devel-linux-x86_64-fedora-gcc, r-devel-windows-ix86+x86_64

Version: 1.2
Check: R code for possible problems
Result: NOTE
    classic.to.sym: no visible binding for global variable ‘fn’
    process.continuum.variable: no visible binding for global variable ‘fn’
    process.histogram.variable: no visible binding for global variable ‘fn’
    process.interval.variable: no visible binding for global variable ‘fn’
    process.set.variable: no visible binding for global variable ‘fn’
    Undefined global functions or variables:
     fn
Flavor: r-devel-osx-x86_64-clang

Version: 1.2
Check: R code for possible problems
Result: NOTE
    classic.to.sym: no visible binding for global variable ‘fn’
    process.continuum.variable: no visible binding for global variable ‘fn’
    process.histogram.variable: no visible binding for global variable ‘fn’
    process.interval.variable: no visible binding for global variable ‘fn’
    process.set.variable: no visible binding for global variable ‘fn’
Flavors: r-patched-linux-x86_64, r-patched-solaris-sparc, r-patched-solaris-x86, r-release-linux-x86_64, r-release-osx-x86_64-mavericks, r-release-windows-ix86+x86_64, r-oldrel-windows-ix86+x86_64