CRAN Package Check Results for Package RSDA

Last updated on 2017-06-23 01:47:34.

Flavor Version Tinstall Tcheck Ttotal Status Flags
r-devel-linux-x86_64-debian-clang 2.0 5.14 71.97 77.10 ERROR
r-devel-linux-x86_64-debian-gcc 2.0 4.87 69.63 74.50 ERROR
r-devel-linux-x86_64-fedora-clang 2.0 154.55 ERROR
r-devel-linux-x86_64-fedora-gcc 2.0 170.03 ERROR
r-devel-windows-ix86+x86_64 2.0 27.00 5.00 32.00 ERROR
r-patched-linux-x86_64 2.0 4.83 69.87 74.70 ERROR
r-patched-solaris-sparc 2.0 1112.10 OK
r-patched-solaris-x86 2.0 224.90 OK
r-release-linux-x86_64 2.0 5.52 69.04 74.57 ERROR
r-release-windows-ix86+x86_64 2.0 22.00 188.00 210.00 ERROR
r-release-osx-x86_64 2.0 OK
r-oldrel-windows-ix86+x86_64 1.4 17.00 125.00 142.00 ERROR
r-oldrel-osx-x86_64 2.0 ERROR

Check Details

Version: 2.0
Check: examples
Result: ERROR
    Running examples in ‘RSDA-Ex.R’ failed
    The error most likely occurred in:
    
    > base::assign(".ptime", proc.time(), pos = "CheckExEnv")
    > ### Name: classic.to.sym
    > ### Title: Generate a symbolic data table
    > ### Aliases: classic.to.sym
    > ### Keywords: data symbolic table
    >
    > ### ** Examples
    >
    > data(ex1_db2so)
    > ex1 <- ex1_db2so
    > result <- classic.to.sym(ex1, concept=c('state', 'sex'),
    + variables=c('county', 'group', 'age','age'),
    + variables.types=c('$C', '$I', '$M', '$S'))
    Loading required package: tcltk
    Error in rsqlite_send_query(conn@ptr, statement) :
     no such table: main.dataTable
    Calls: classic.to.sym ... initialize -> initialize -> rsqlite_send_query -> .Call
    Execution halted
Flavors: r-devel-linux-x86_64-debian-clang, r-devel-linux-x86_64-debian-gcc, r-patched-linux-x86_64, r-release-linux-x86_64

Version: 2.0
Check: examples
Result: ERROR
    Running examples in ‘RSDA-Ex.R’ failed
    The error most likely occurred in:
    
    > ### Name: classic.to.sym
    > ### Title: Generate a symbolic data table
    > ### Aliases: classic.to.sym
    > ### Keywords: data symbolic table
    >
    > ### ** Examples
    >
    > data(ex1_db2so)
    > ex1 <- ex1_db2so
    > result <- classic.to.sym(ex1, concept=c('state', 'sex'),
    + variables=c('county', 'group', 'age','age'),
    + variables.types=c('$C', '$I', '$M', '$S'))
    Loading required package: tcltk
    Error in rsqlite_send_query(conn@ptr, statement) :
     no such table: main.dataTable
    Calls: classic.to.sym ... initialize -> initialize -> rsqlite_send_query -> .Call
    Execution halted
Flavors: r-devel-linux-x86_64-fedora-clang, r-devel-linux-x86_64-fedora-gcc, r-release-windows-ix86+x86_64

Version: 2.0
Check: whether package can be installed
Result: ERROR
    Installation failed.
Flavors: r-devel-windows-ix86+x86_64, r-oldrel-osx-x86_64

Version: 1.4
Check: S3 generic/method consistency
Result: WARN
    median:
     function(x, na.rm)
    median.sym.data.table:
     function(x, na.rm, method, ...)
    
    median:
     function(x, na.rm)
    median.sym.data.table:
     function(x, na.rm, method, ...)
    
    See section 'Generic functions and methods' in the 'Writing R
    Extensions' manual.
Flavor: r-oldrel-windows-ix86+x86_64

Version: 1.4
Check: examples
Result: ERROR
    Running examples in 'RSDA-Ex.R' failed
    The error most likely occurred in:
    
    > ### Name: median.sym.data.table
    > ### Title: Symbolic Median
    > ### Aliases: median.sym.data.table
    > ### Keywords: Median Symbolic
    >
    > ### ** Examples
    >
    > data(example3)
    > sym.data<-example3
    > median(sym.data[,2])
    [1] 1.5
    > median(sym.data[,6] ,method='interval')
    Error in median(sym.data[, 6], method = "interval") :
     unused argument (method = "interval")
    Execution halted
Flavor: r-oldrel-windows-ix86+x86_64

Version: 1.4
Check: tests
Result: ERROR
     Running 'testthat.R' [4s]
    Running the tests in 'tests/testthat.R' failed.
    Last 13 lines of output:
     >
     >
     > test_check("RSDA")
     1. Error: Mediana simbolica (@test.estadisticos.R#56) --------------------------
     unused argument (method = "interval")
     1: expect_equal(median(example3[, 6], method = "interval"), c(F6 = 5, F6.1 = 89), tolerance = 1e-06) at testthat/test.estadisticos.R:56
     2: compare(object, expected, ...)
     3: median(example3[, 6], method = "interval")
    
     testthat results ================================================================
     OK: 31 SKIPPED: 0 FAILED: 1
     1. Error: Mediana simbolica (@test.estadisticos.R#56)
    
     Error: testthat unit tests failed
     Execution halted
Flavor: r-oldrel-windows-ix86+x86_64