CRAN Package Check Results for Package RSDA

Last updated on 2016-04-30 06:47:41.

Flavor Version Tinstall Tcheck Ttotal Status Flags
r-devel-linux-x86_64-debian-gcc 1.3 5.32 75.58 80.90 OK
r-devel-linux-x86_64-fedora-clang 1.3 152.89 OK
r-devel-linux-x86_64-fedora-gcc 1.3 146.38 OK
r-devel-osx-x86_64-clang 1.3 166.77 OK
r-devel-windows-ix86+x86_64 1.3 16.00 125.00 141.00 OK
r-patched-linux-x86_64 1.3 5.08 75.50 80.58 OK
r-patched-solaris-sparc 1.3 1088.20 OK
r-patched-solaris-x86 1.3 204.80 OK
r-release-linux-x86_64 1.3 5.93 81.69 87.62 OK
r-release-osx-x86_64-mavericks 1.3 OK
r-release-windows-ix86+x86_64 1.3 19.00 118.00 137.00 OK
r-oldrel-windows-ix86+x86_64 1.3 39.00 267.00 306.00 WARN

Check Details

Version: 1.3
Check: whether package can be installed
Result: WARN
    Found the following significant warnings:
     Warning: replacing previous import by 'scales::alpha' when loading 'RSDA'
Flavor: r-oldrel-windows-ix86+x86_64