CRAN Package Check Results for Package RSDA

Last updated on 2016-02-12 18:49:53.

Flavor Version Tinstall Tcheck Ttotal Status Flags
r-devel-linux-x86_64-debian-gcc 1.3 5.60 74.09 79.69 OK
r-devel-linux-x86_64-fedora-clang 1.3 152.06 OK
r-devel-linux-x86_64-fedora-gcc 1.3 145.03 OK
r-devel-osx-x86_64-clang 1.3 161.41 OK
r-devel-windows-ix86+x86_64 1.3 25.00 120.00 145.00 OK
r-patched-linux-x86_64 1.3 5.94 81.49 87.44 OK
r-patched-solaris-sparc 1.3 1128.80 OK
r-patched-solaris-x86 1.3 217.60 OK
r-release-linux-x86_64 1.3 5.88 78.75 84.63 WARN
r-release-osx-x86_64-mavericks 1.3 OK
r-release-windows-ix86+x86_64 1.3 22.00 120.00 142.00 OK
r-oldrel-windows-ix86+x86_64 1.3 41.00 212.00 253.00 WARN

Check Details

Version: 1.3
Check: whether package can be installed
Result: WARN
    Found the following significant warnings:
     Warning: replacing previous import by ‘scales::alpha’ when loading ‘RSDA’
Flavors: r-release-linux-x86_64, r-oldrel-windows-ix86+x86_64