CRAN Package Check Results for Package RSEIS

Last updated on 2018-02-25 19:49:17 CET.

Flavor Version Tinstall Tcheck Ttotal Status Flags
r-devel-linux-x86_64-debian-clang 3.7-8 23.80 135.40 159.20 WARN
r-devel-linux-x86_64-debian-gcc 3.7-8 24.60 104.40 129.00 WARN
r-devel-linux-x86_64-fedora-clang 3.7-8 193.90 WARN
r-devel-linux-x86_64-fedora-gcc 3.7-8 185.20 WARN
r-devel-windows-ix86+x86_64 3.7-8 60.00 237.00 297.00 WARN
r-patched-linux-x86_64 3.7-8 8.94 146.34 155.28 OK
r-patched-solaris-x86 3.7-8 218.70 OK
r-release-linux-x86_64 3.7-8 9.34 147.03 156.37 OK
r-release-windows-ix86+x86_64 3.7-8 21.00 217.00 238.00 OK
r-release-osx-x86_64 3.7-8 OK
r-oldrel-windows-ix86+x86_64 3.7-8 22.00 177.00 199.00 OK
r-oldrel-osx-x86_64 3.7-4 OK

Check Details

Version: 3.7-8
Check: whether package can be installed
Result: WARN
    Found the following significant warnings:
     Note: next may be used in wrong context: no loop is visible
Flavors: r-devel-linux-x86_64-debian-clang, r-devel-linux-x86_64-debian-gcc, r-devel-linux-x86_64-fedora-clang, r-devel-linux-x86_64-fedora-gcc, r-devel-windows-ix86+x86_64