CRAN Package Check Results for Package RSEIS

Last updated on 2018-06-22 03:49:43 CEST.

Flavor Version Tinstall Tcheck Ttotal Status Flags
r-devel-linux-x86_64-debian-clang 3.7-8 24.16 120.79 144.95 WARN
r-devel-linux-x86_64-debian-gcc 3.7-8 18.42 106.13 124.55 WARN
r-devel-linux-x86_64-fedora-clang 3.7-8 182.00 WARN
r-devel-linux-x86_64-fedora-gcc 3.7-8 178.79 WARN
r-devel-windows-ix86+x86_64 3.7-8 58.00 250.00 308.00 WARN
r-patched-linux-x86_64 3.7-8 21.62 136.45 158.07 WARN
r-patched-solaris-x86 3.7-8 241.90 WARN
r-release-linux-x86_64 3.7-8 26.27 135.33 161.60 WARN
r-release-windows-ix86+x86_64 3.7-8 57.00 187.00 244.00 WARN
r-release-osx-x86_64 3.7-8 WARN
r-oldrel-windows-ix86+x86_64 3.7-8 21.00 217.00 238.00 OK
r-oldrel-osx-x86_64 3.7-8 OK

Check Details

Version: 3.7-8
Check: whether package can be installed
Result: WARN
    Found the following significant warnings:
     Note: next used in wrong context: no loop is visible
    See ‘/home/hornik/tmp/R.check/r-devel-clang/Work/PKGS/RSEIS.Rcheck/00install.out’ for details.
    Information on the location(s) of code generating the ‘Note’s can be
    obtained by re-running with environment variable R_KEEP_PKG_SOURCE set
    to ‘yes’.
Flavor: r-devel-linux-x86_64-debian-clang

Version: 3.7-8
Check: whether package can be installed
Result: WARN
    Found the following significant warnings:
     Note: next used in wrong context: no loop is visible
    See ‘/home/hornik/tmp/R.check/r-devel-gcc/Work/PKGS/RSEIS.Rcheck/00install.out’ for details.
    Information on the location(s) of code generating the ‘Note’s can be
    obtained by re-running with environment variable R_KEEP_PKG_SOURCE set
    to ‘yes’.
Flavor: r-devel-linux-x86_64-debian-gcc

Version: 3.7-8
Check: whether package can be installed
Result: WARN
    Found the following significant warnings:
     Note: next used in wrong context: no loop is visible
    See ‘/data/gannet/ripley/R/packages/tests-clang/RSEIS.Rcheck/00install.out’ for details.
    Information on the location(s) of code generating the ‘Note’s can be
    obtained by re-running with environment variable R_KEEP_PKG_SOURCE set
    to ‘yes’.
Flavor: r-devel-linux-x86_64-fedora-clang

Version: 3.7-8
Check: whether package can be installed
Result: WARN
    Found the following significant warnings:
     Note: next used in wrong context: no loop is visible
    See ‘/data/gannet/ripley/R/packages/tests-devel/RSEIS.Rcheck/00install.out’ for details.
    Information on the location(s) of code generating the ‘Note’s can be
    obtained by re-running with environment variable R_KEEP_PKG_SOURCE set
    to ‘yes’.
Flavor: r-devel-linux-x86_64-fedora-gcc

Version: 3.7-8
Check: whether package can be installed
Result: WARN
    Found the following significant warnings:
     Note: next used in wrong context: no loop is visible
    See 'd:/Rcompile/CRANpkg/local/3.6/RSEIS.Rcheck/00install.out' for details.
    Information on the location(s) of code generating the 'Note's can be
    obtained by re-running with environment variable R_KEEP_PKG_SOURCE set
    to 'yes'.
Flavor: r-devel-windows-ix86+x86_64

Version: 3.7-8
Check: whether package can be installed
Result: WARN
    Found the following significant warnings:
     Note: next used in wrong context: no loop is visible
    See ‘/home/hornik/tmp/R.check/r-patched-gcc/Work/PKGS/RSEIS.Rcheck/00install.out’ for details.
    Information on the location(s) of code generating the ‘Note’s can be
    obtained by re-running with environment variable R_KEEP_PKG_SOURCE set
    to ‘yes’.
Flavor: r-patched-linux-x86_64

Version: 3.7-8
Check: whether package can be installed
Result: WARN
    Found the following significant warnings:
     Note: next used in wrong context: no loop is visible
    See ‘/home/ripley/R/packages/tests32/RSEIS.Rcheck/00install.out’ for details.
    Information on the location(s) of code generating the ‘Note’s can be
    obtained by re-running with environment variable R_KEEP_PKG_SOURCE set
    to ‘yes’.
Flavor: r-patched-solaris-x86

Version: 3.7-8
Check: whether package can be installed
Result: WARN
    Found the following significant warnings:
     Note: next used in wrong context: no loop is visible
    See ‘/home/hornik/tmp/R.check/r-release-gcc/Work/PKGS/RSEIS.Rcheck/00install.out’ for details.
    Information on the location(s) of code generating the ‘Note’s can be
    obtained by re-running with environment variable R_KEEP_PKG_SOURCE set
    to ‘yes’.
Flavor: r-release-linux-x86_64

Version: 3.7-8
Check: whether package can be installed
Result: WARN
    Found the following significant warnings:
     Note: next used in wrong context: no loop is visible
    See 'd:/Rcompile/CRANpkg/local/3.5/RSEIS.Rcheck/00install.out' for details.
    Information on the location(s) of code generating the 'Note's can be
    obtained by re-running with environment variable R_KEEP_PKG_SOURCE set
    to 'yes'.
Flavor: r-release-windows-ix86+x86_64

Version: 3.7-8
Check: whether package can be installed
Result: WARN
    Found the following significant warnings:
     Note: next used in wrong context: no loop is visible
    See ‘/Volumes/SSD-Data/Builds/R-dev-web/QA/Simon/packages/el-capitan-x86_64/results/3.5/RSEIS.Rcheck/00install.out’ for details.
    Information on the location(s) of code generating the ‘Note’s can be
    obtained by re-running with environment variable R_KEEP_PKG_SOURCE set
    to ‘yes’.
Flavor: r-release-osx-x86_64