CRAN Package Check Results for Package RSEIS

Last updated on 2017-01-16 22:55:26.

Flavor Version Tinstall Tcheck Ttotal Status Flags
r-devel-linux-x86_64-debian-clang 3.6-8 6.18 89.13 95.31 OK
r-devel-linux-x86_64-debian-gcc 3.6-8 6.07 88.02 94.08 OK
r-devel-linux-x86_64-fedora-clang 3.6-8 169.73 OK --no-stop-on-test-error
r-devel-linux-x86_64-fedora-gcc 3.6-8 161.92 NOTE --no-stop-on-test-error
r-devel-macos-x86_64-clang 3.6-8 139.49 OK --no-stop-on-test-error
r-devel-windows-ix86+x86_64 3.6-8 28.00 199.00 227.00 OK
r-patched-linux-x86_64 3.6-8 6.13 88.86 94.99 OK
r-patched-solaris-sparc 3.6-8 1067.80 OK
r-patched-solaris-x86 3.6-8 194.40 OK
r-release-linux-x86_64 3.6-8 5.75 86.67 92.42 OK
r-release-osx-x86_64-mavericks 3.6-8 OK
r-release-windows-ix86+x86_64 3.6-8 19.00 183.00 202.00 OK
r-oldrel-windows-ix86+x86_64 3.6-8 26.00 180.00 206.00 OK

Check Details

Version: 3.6-8
Flags: --no-stop-on-test-error
Check: compiled code
Result: NOTE
    File ‘RSEIS/libs/RSEIS.so’:
     Found no calls to: ‘R_registerRoutines’, ‘R_useDynamicSymbols’
    
    It is good practice to use registered native symbols and disable symbol
    search.
    
    See ‘Writing portable packages’ in the ‘Writing R Extensions’ manual.
Flavor: r-devel-linux-x86_64-fedora-gcc