CRAN Package Check Results for Package RSEIS

Last updated on 2018-04-20 21:49:17 CEST.

Flavor Version Tinstall Tcheck Ttotal Status Flags
r-devel-linux-x86_64-debian-clang 3.7-8 30.03 133.43 163.46 WARN
r-devel-linux-x86_64-debian-gcc 3.7-8 23.35 104.37 127.72 WARN
r-devel-linux-x86_64-fedora-clang 3.7-8 197.62 WARN
r-devel-linux-x86_64-fedora-gcc 3.7-8 187.59 WARN
r-devel-windows-ix86+x86_64 3.7-8 55.00 237.00 292.00 WARN
r-devel-osx-x86_64 3.7-8 WARN
r-patched-linux-x86_64 3.7-8 19.07 132.74 151.81 WARN
r-patched-solaris-x86 3.7-8 247.50 WARN
r-release-linux-x86_64 3.7-8 7.97 144.01 151.98 OK
r-release-windows-ix86+x86_64 3.7-8 21.00 217.00 238.00 OK
r-release-osx-x86_64 3.7-8 OK
r-oldrel-windows-ix86+x86_64 3.7-8 22.00 177.00 199.00 OK

Check Details

Version: 3.7-8
Check: whether package can be installed
Result: WARN
    Found the following significant warnings:
     Note: next used in wrong context: no loop is visible
    See ‘/home/hornik/tmp/R.check/r-devel-clang/Work/PKGS/RSEIS.Rcheck/00install.out’ for details.
    Information on the location(s) of code generating the ‘Note’s can be
    obtained by re-running with environment variable R_KEEP_PKG_SOURCE set
    to ‘yes’.
Flavor: r-devel-linux-x86_64-debian-clang

Version: 3.7-8
Check: whether package can be installed
Result: WARN
    Found the following significant warnings:
     Note: next used in wrong context: no loop is visible
    See ‘/home/hornik/tmp/R.check/r-devel-gcc/Work/PKGS/RSEIS.Rcheck/00install.out’ for details.
    Information on the location(s) of code generating the ‘Note’s can be
    obtained by re-running with environment variable R_KEEP_PKG_SOURCE set
    to ‘yes’.
Flavor: r-devel-linux-x86_64-debian-gcc

Version: 3.7-8
Check: whether package can be installed
Result: WARN
    Found the following significant warnings:
     Note: next used in wrong context: no loop is visible
    See ‘/data/gannet/ripley/R/packages/tests-clang/RSEIS.Rcheck/00install.out’ for details.
    Information on the location(s) of code generating the ‘Note’s can be
    obtained by re-running with environment variable R_KEEP_PKG_SOURCE set
    to ‘yes’.
Flavor: r-devel-linux-x86_64-fedora-clang

Version: 3.7-8
Check: whether package can be installed
Result: WARN
    Found the following significant warnings:
     Note: next used in wrong context: no loop is visible
    See ‘/data/gannet/ripley/R/packages/tests-devel/RSEIS.Rcheck/00install.out’ for details.
    Information on the location(s) of code generating the ‘Note’s can be
    obtained by re-running with environment variable R_KEEP_PKG_SOURCE set
    to ‘yes’.
Flavor: r-devel-linux-x86_64-fedora-gcc

Version: 3.7-8
Check: whether package can be installed
Result: WARN
    Found the following significant warnings:
     Note: next used in wrong context: no loop is visible
    See 'd:/Rcompile/CRANpkg/local/3.5/RSEIS.Rcheck/00install.out' for details.
    Information on the location(s) of code generating the 'Note's can be
    obtained by re-running with environment variable R_KEEP_PKG_SOURCE set
    to 'yes'.
Flavor: r-devel-windows-ix86+x86_64

Version: 3.7-8
Check: whether package can be installed
Result: WARN
    Found the following significant warnings:
     Note: next used in wrong context: no loop is visible
    See ‘/Volumes/SSD-Data/Builds/R-dev-web/QA/Simon/packages/el-capitan-x86_64/results/3.5/RSEIS.Rcheck/00install.out’ for details.
    Information on the location(s) of code generating the ‘Note’s can be
    obtained by re-running with environment variable R_KEEP_PKG_SOURCE set
    to ‘yes’.
Flavor: r-devel-osx-x86_64

Version: 3.7-8
Check: whether package can be installed
Result: WARN
    Found the following significant warnings:
     Note: next used in wrong context: no loop is visible
    See ‘/home/hornik/tmp/R.check/r-patched-gcc/Work/PKGS/RSEIS.Rcheck/00install.out’ for details.
    Information on the location(s) of code generating the ‘Note’s can be
    obtained by re-running with environment variable R_KEEP_PKG_SOURCE set
    to ‘yes’.
Flavor: r-patched-linux-x86_64

Version: 3.7-8
Check: whether package can be installed
Result: WARN
    Found the following significant warnings:
     Note: next used in wrong context: no loop is visible
    See ‘/home/ripley/R/packages/tests32/RSEIS.Rcheck/00install.out’ for details.
    Information on the location(s) of code generating the ‘Note’s can be
    obtained by re-running with environment variable R_KEEP_PKG_SOURCE set
    to ‘yes’.
Flavor: r-patched-solaris-x86