CRAN Package Check Results for Package RSEIS

Last updated on 2015-07-03 16:47:36.

Flavor Version Tinstall Tcheck Ttotal Status Flags
r-devel-linux-x86_64-debian-clang 3.4-5 5.63 86.52 92.15 NOTE
r-devel-linux-x86_64-debian-gcc 3.4-5 6.44 84.73 91.18 NOTE
r-devel-linux-x86_64-fedora-clang 3.4-5 166.85 NOTE
r-devel-linux-x86_64-fedora-gcc 3.4-5 158.86 NOTE
r-devel-osx-x86_64-clang 3.4-5 159.51 OK
r-devel-windows-ix86+x86_64 3.4-5 25.00 178.00 203.00 OK
r-patched-linux-x86_64 3.4-5 5.82 84.05 89.88 OK
r-patched-solaris-sparc 3.4-5 1058.00 OK
r-patched-solaris-x86 3.4-5 206.70 OK
r-release-linux-x86_64 3.4-5 5.82 88.96 94.79 OK
r-release-osx-x86_64-mavericks 3.4-5 OK
r-release-windows-ix86+x86_64 3.4-5 25.00 187.00 212.00 OK
r-oldrel-windows-ix86+x86_64 3.4-5 27.00 218.00 245.00 OK

Memtest notes: valgrind

Check Details

Version: 3.4-5
Check: R code for possible problems
Result: NOTE
    BUTREPLOT: no visible global function definition for ‘plot’
    BUTREPLOT: no visible global function definition for ‘rect’
    BUTREPLOT: no visible global function definition for ‘text’
    Comp1Dvel: no visible global function definition for ‘plot’
    Comp1Dvel: no visible global function definition for ‘par’
    Comp1Dvel: no visible global function definition for ‘lines’
    Comp1Dvel: no visible global function definition for ‘grid’
    Comp1Dvel: no visible global function definition for ‘title’
    Comp1Dvels: no visible global function definition for ‘plot’
    Comp1Dvels: no visible global function definition for ‘par’
    Comp1Dvels: no visible global function definition for ‘lines’
    Comp1Dvels: no visible global function definition for ‘grid’
    Comp1Dvels: no visible global function definition for ‘legend’
    DO.PMOT.ARR: no visible global function definition for ‘arrows’
    ETECTG: no visible global function definition for ‘par’
    ETECTG: no visible global function definition for ‘plot.ts’
    ETECTG: no visible global function definition for ‘abline’
    ETECTG: no visible global function definition for ‘locator’
    ETECTG: no visible global function definition for ‘plot’
    ETECTG: no visible global function definition for ‘lm’
    ETECTG: no visible global function definition for ‘lines’
    ETECTG: no visible global function definition for ‘rgb’
    FILT: no visible global function definition for ‘dev.set’
    FILT.spread: no visible global function definition for ‘title’
    FRWDft: no visible global function definition for ‘fft’
    GAZI: no visible global function definition for ‘par’
    GAZI: no visible global function definition for ‘var’
    GAZI: no visible global function definition for ‘plot’
    GAZI: no visible global function definition for ‘lines’
    GAZI: no visible global function definition for ‘axis’
    GAZI: no visible global function definition for ‘box’
    GAZI: no visible global function definition for ‘text’
    GAZI: no visible global function definition for ‘mtext’
    GAZI: no visible global function definition for ‘abline’
    GAZI: no visible global function definition for ‘segments’
    GETARAIC: no visible global function definition for ‘par’
    GETARAIC: no visible global function definition for ‘plot.ts’
    GETARAIC: no visible global function definition for ‘plot’
    GETARAIC: no visible global function definition for ‘lm’
    GETARAIC: no visible global function definition for ‘lines’
    GETARAIC: no visible global function definition for ‘rgb’
    Get1Dvel: no visible global function definition for ‘plot’
    Get1Dvel: no visible global function definition for ‘lines’
    Get1Dvel: no visible global function definition for ‘title’
    Get1Dvel: no visible global function definition for ‘par’
    Get1Dvel: no visible global function definition for ‘legend’
    INSTresponse: no visible global function definition for ‘par’
    INSTresponse: no visible global function definition for ‘plot’
    INSTresponse: no visible global function definition for ‘abline’
    INSTresponse: no visible global function definition for ‘grey’
    INSTresponse: no visible global function definition for ‘axis’
    INSTresponse: no visible global function definition for ‘title’
    INSTresponse: no visible global function definition for ‘box’
    INVRft: no visible global function definition for ‘fft’
    JBLACK: no visible global function definition for ‘rgb’
    JSAC.seis: no visible global function definition for ‘plot’
    JSAC.seis: no visible global function definition for ‘locator’
    JSEGY.seis: no visible global function definition for ‘plot’
    JSEGY.seis: no visible global function definition for ‘locator’
    LEFT: no visible global function definition for ‘par’
    LocStyle: no visible global function definition for ‘rgb’
    MTM.drive: no visible global function definition for ‘par’
    MTM.drive: no visible global function definition for ‘dev.cur’
    MTM.drive: no visible global function definition for ‘rgb’
    MTM.drive: no visible global function definition for ‘grey’
    MTM.drive: no visible global function definition for ‘title’
    MTM.drive: no visible global function definition for ‘lines’
    MTM.drive: no visible global function definition for ‘dev.new’
    MTM.drive: no visible global function definition for ‘plot’
    MTM.drive: no visible global function definition for ‘qf’
    MTM.drive: no visible global function definition for ‘abline’
    MTM.drive: no visible global function definition for ‘text’
    MTM.drive: no visible global function definition for ‘dev.set’
    MTM.drive: no visible global function definition for ‘dev.off’
    MTM.drive: no visible global function definition for ‘lm’
    MTM.drive : <anonymous>: no visible global function definition for
     ‘coef’
    MTM.drive: no visible global function definition for ‘mtext’
    MTMdisp: no visible global function definition for ‘plot’
    MTMdisp: no visible global function definition for ‘lines’
    MTMdisp: no visible global function definition for ‘axis’
    MTMdisp: no visible global function definition for ‘box’
    MTMgabor: no visible global function definition for ‘qf’
    MTMplot: no visible global function definition for ‘plot’
    MTMplot: no visible global function definition for ‘lines’
    MTMplot: no visible global function definition for ‘axis’
    MTMplot: no visible global function definition for ‘box’
    MTMplot: no visible global function definition for ‘par’
    MTMplot: no visible global function definition for ‘rgb’
    NEWPLOT.WPX: no visible global function definition for ‘segments’
    NEWPLOT.WPX: no visible global function definition for ‘grey’
    NEWPLOT.WPX: no visible global function definition for ‘text’
    PLOT.ALLPX: no visible global function definition for ‘segments’
    PLOT.ALLPX: no visible global function definition for ‘grey’
    PLOT.ALLPX: no visible global function definition for ‘points’
    PLOT.MATN: no visible global function definition for ‘par’
    PLOT.MATN: no visible global function definition for ‘plot’
    PLOT.MATN: no visible global function definition for ‘box’
    PLOT.MATN: no visible global function definition for ‘grey’
    PLOT.MATN: no visible global function definition for ‘gray’
    PLOT.MATN: no visible global function definition for ‘abline’
    PLOT.MATN: no visible global function definition for ‘axis’
    PLOT.MATN: no visible global function definition for ‘title’
    PLOT.MATN: no visible global function definition for ‘polygon’
    PLOT.MATN: no visible global function definition for ‘lines’
    PLOT.MATN: no visible global function definition for ‘segments’
    PLOT.MATN: no visible global function definition for ‘text’
    PLOT.MATN: no visible global function definition for ‘mtext’
    PLOT.SEISN: no visible global function definition for ‘plot’
    PLOT.SEISN: no visible global function definition for ‘box’
    PLOT.SEISN: no visible global function definition for ‘grey’
    PLOT.SEISN: no visible global function definition for ‘par’
    PLOT.SEISN: no visible global function definition for ‘gray’
    PLOT.SEISN: no visible global function definition for ‘abline’
    PLOT.SEISN: no visible global function definition for ‘lines’
    PLOT.SEISN: no visible global function definition for ‘points’
    PLOT.SEISN: no visible global function definition for ‘axis’
    PLOT.SEISN: no visible global function definition for ‘text’
    PLOT.SEISN: no visible global function definition for ‘title’
    PLOT.SEISN: no visible global function definition for ‘mtext’
    PLOT.TTCURVE: no visible global function definition for ‘plot’
    PLOT.TTCURVE: no visible global function definition for ‘box’
    PLOT.TTCURVE: no visible global function definition for ‘grey’
    PLOT.TTCURVE: no visible global function definition for ‘par’
    PLOT.TTCURVE: no visible global function definition for ‘lines’
    PLOT.TTCURVE: no visible global function definition for ‘text’
    PLOT.TTCURVE: no visible global function definition for ‘gray’
    PLOT.TTCURVE: no visible global function definition for ‘axis’
    PLOT.TTCURVE: no visible global function definition for ‘title’
    PLOT.TTCURVE: no visible global function definition for ‘mtext’
    PLTpicks: no visible global function definition for ‘par’
    PLTpicks: no visible global function definition for ‘abline’
    PLTpicks: no visible global function definition for ‘text’
    PMOT.drive: no visible global function definition for ‘rgb’
    PMOT.drive: no visible global function definition for ‘dev.cur’
    PMOT.drive: no visible global function definition for ‘grey’
    PMOT.drive: no visible global function definition for ‘title’
    PMOT.drive: no visible global function definition for ‘dev.off’
    PMOT.drive: no visible global function definition for ‘dev.set’
    PMOT.drive: no visible global function definition for ‘segments’
    PMOT.drive: no visible global function definition for ‘var’
    PMOT.drive: no visible global function definition for ‘dev.new’
    PMOT.drive: no visible global function definition for ‘plot’
    PMOT.drive: no visible global function definition for ‘arrows’
    PMOT.drive: no visible global function definition for ‘locator’
    PMOT.drive: no visible global function definition for ‘text’
    PPIX: no visible global function definition for ‘segments’
    PPIX: no visible global function definition for ‘text’
    PSTLTcurve: no visible global function definition for ‘runmed’
    PSTLTcurve: no visible global function definition for ‘var’
    PSTLTcurve: no visible global function definition for ‘quantile’
    PSTLTcurve: no visible global function definition for ‘par’
    PSTLTcurve: no visible global function definition for ‘plot’
    PSTLTcurve: no visible global function definition for ‘abline’
    PSTLTcurve: no visible global function definition for ‘lines’
    PSTLTcurve: no visible global function definition for ‘mtext’
    PSTLTcurve: no visible global function definition for ‘rgb’
    PSTLTcurve: no visible global function definition for ‘title’
    PSTLTcurve: no visible global function definition for ‘segments’
    PickWin: no visible global function definition for ‘dev.list’
    PickWin: no visible global function definition for ‘dev.set’
    Pinfo: no visible global function definition for ‘write.table’
    Put1Dvel: no visible global function definition for ‘write.table’
    REFRESH: no visible global function definition for ‘par’
    REFRESH: no visible global function definition for ‘abline’
    REFRESH: no visible global function definition for ‘gray’
    RESTORE: no visible global function definition for ‘par’
    RESTORE: no visible global function definition for ‘abline’
    RESTORE: no visible global function definition for ‘gray’
    RIGHT: no visible global function definition for ‘par’
    SELBUT: no visible global function definition for ‘grey’
    SELBUT: no visible global function definition for ‘rgb’
    SELBUT: no visible global function definition for ‘par’
    SELBUT: no visible global function definition for ‘locator’
    SELBUT: no visible global function definition for ‘title’
    SELSTA: no visible global function definition for ‘grey’
    SELSTA: no visible global function definition for ‘rgb’
    SELSTA : stareplot: no visible global function definition for ‘plot’
    SELSTA: no visible global function definition for ‘par’
    SELSTA: no visible global function definition for ‘locator’
    SELSTA: no visible global function definition for ‘title’
    SGRAM: no visible global function definition for ‘dev.set’
    SNET.drive: no visible global function definition for ‘rgb’
    SNET.drive: no visible global function definition for ‘grey’
    SNET.drive: no visible global function definition for ‘title’
    SNET.drive: no visible global function definition for ‘dev.cur’
    SNET.drive: no visible global function definition for ‘dev.off’
    SNET.drive: no visible global function definition for ‘dev.set’
    SPEC: no visible global function definition for ‘dev.new’
    SPEC: no visible global function definition for ‘dev.set’
    SPECT.drive: no visible global function definition for ‘dev.new’
    SPECT.drive: no visible global function definition for ‘rgb’
    SPECT.drive: no visible global function definition for ‘grey’
    SPECT.drive: no visible global function definition for ‘title’
    SPECT.drive: no visible global function definition for ‘dev.cur’
    SPECT.drive: no visible global function definition for ‘par’
    SPECT.drive: no visible global function definition for ‘postscript’
    SPECT.drive: no visible global function definition for ‘dev.off’
    SPECT.drive: no visible global function definition for ‘dev.set’
    STLTcurve: no visible global function definition for ‘runmed’
    STLTcurve: no visible global function definition for ‘par’
    STLTcurve: no visible global function definition for ‘plot’
    STLTcurve: no visible global function definition for ‘abline’
    STLTcurve: no visible global function definition for ‘lines’
    STLTcurve: no visible global function definition for ‘title’
    STLTcurve: no visible global function definition for ‘segments’
    UNFILT: no visible global function definition for ‘dev.set’
    WLET: no visible global function definition for ‘dev.set’
    WPIX: no visible global function definition for ‘rgb’
    WWIN: no visible global function definition for ‘dev.new’
    WWIN: no visible global function definition for ‘plot’
    WWIN: no visible global function definition for ‘locator’
    WWIN: no visible global function definition for ‘dev.set’
    Xwin: no visible global function definition for ‘dev.list’
    Xwin: no visible global function definition for ‘dev.off’
    Xwin: no visible global function definition for ‘dev.set’
    YPIX: no visible global function definition for ‘rgb’
    ZOOM.SEISN: no visible global function definition for ‘par’
    ZOOM.SEISN: no visible global function definition for ‘rgb’
    ZOOM.SEISN: no visible global function definition for ‘abline’
    ZOOM.SEISN: no visible global function definition for ‘gray’
    ZOOM.in: no visible global function definition for ‘par’
    ZOOM.out: no visible global function definition for ‘par’
    addpoints.hodo: no visible global function definition for ‘points’
    addtix: no visible global function definition for ‘par’
    addtix: no visible global function definition for ‘lines’
    addtix: no visible global function definition for ‘segments’
    autoreg: no visible global function definition for ‘plot’
    blankevol: no visible global function definition for ‘rainbow’
    blankevol: no visible global function definition for ‘par’
    blankevol: no visible global function definition for ‘plot’
    blankevol: no visible global function definition for ‘lines’
    blankevol: no visible global function definition for ‘segments’
    blankevol: no visible global function definition for ‘axis’
    blankevol: no visible global function definition for ‘mtext’
    blankevol: no visible global function definition for ‘rgb’
    brune.doom: no visible global function definition for ‘par’
    brune.doom: no visible global function definition for ‘plot’
    brune.doom: no visible global function definition for ‘title’
    brune.doom: no visible global function definition for ‘lines’
    brune.doom: no visible global function definition for ‘abline’
    choosfilt: no visible global function definition for ‘rgb’
    choosfilt: no visible global function definition for ‘dev.new’
    choosfilt: no visible global function definition for ‘topo.colors’
    choosfilt: no visible global function definition for ‘plot’
    choosfilt: no visible global function definition for ‘rect’
    choosfilt: no visible global function definition for ‘text’
    choosfilt: no visible global function definition for ‘locator’
    choosfilt: no visible global function definition for ‘dev.off’
    choosfilt: no visible global function definition for ‘dev.cur’
    circ: no visible global function definition for ‘plot’
    circ: no visible global function definition for ‘lines’
    colorwig: no visible global function definition for ‘rainbow’
    colorwig: no visible global function definition for ‘plot’
    colorwig: no visible global function definition for ‘abline’
    colorwig: no visible global function definition for ‘segments’
    comp.env: no visible global function definition for ‘plot’
    comp.env: no visible global function definition for ‘lines’
    comp.env: no visible global function definition for ‘legend’
    complex.hodo: no visible global function definition for ‘rainbow’
    complex.hodo: no visible global function definition for ‘par’
    complex.hodo: no visible global function definition for ‘plot’
    complex.hodo: no visible global function definition for ‘axis’
    complex.hodo: no visible global function definition for ‘segments’
    complex.hodo: no visible global function definition for ‘text’
    complex.hodo: no visible global function definition for ‘rgb’
    complex.hodo: no visible global function definition for ‘rect’
    complex.hodo: no visible global function definition for ‘points’
    contwlet: no visible global function definition for ‘rainbow’
    contwlet: no visible global function definition for ‘par’
    contwlet: no visible global function definition for ‘plot’
    contwlet: no visible global function definition for ‘abline’
    contwlet: no visible global function definition for ‘grey’
    contwlet: no visible global function definition for ‘contour’
    contwlet: no visible global function definition for ‘image’
    contwlet: no visible global function definition for ‘lines’
    contwlet: no visible global function definition for ‘axis’
    contwlet: no visible global function definition for ‘mtext’
    contwlet: no visible global function definition for ‘segments’
    deconinst: no visible global function definition for ‘fft’
    detail.pick: no visible global function definition for ‘rgb’
    detail.pick: no visible global function definition for ‘plot’
    detail.pick: no visible global function definition for ‘abline’
    detail.pick: no visible global function definition for ‘points’
    detail.pick: no visible global function definition for ‘lines’
    detail.pick: no visible global function definition for ‘title’
    detail.pick: no visible global function definition for ‘locator’
    detail.pick: no visible global function definition for ‘text’
    detrend: no visible global function definition for ‘lm’
    doMYBUTTS: no visible global function definition for ‘median’
    dowiggles: no visible global function definition for ‘axis’
    dowiggles: no visible global function definition for ‘abline’
    evolfft: no visible global function definition for ‘mvfft’
    finteg: no visible global function definition for ‘fft’
    fspread: no visible global function definition for ‘dev.new’
    fspread: no visible global function definition for ‘dev.set’
    gaddtix: no visible global function definition for ‘lines’
    gaddtix: no visible global function definition for ‘segments’
    gaddtix: no visible global function definition for ‘text’
    get.corner: no visible global function definition for ‘par’
    get.corner: no visible global function definition for ‘plot’
    get.corner: no visible global function definition for ‘abline’
    getphaselag2: no visible global function definition for ‘lm’
    getphaselag2: no visible global function definition for ‘par’
    getphaselag2: no visible global function definition for ‘plot’
    getphaselag2: no visible global function definition for ‘abline’
    getphaselag2: no visible global function definition for ‘rgb’
    getphaselag2: no visible global function definition for ‘segments’
    getphaselag2: no visible global function definition for ‘dev.set’
    getphaselag2: no visible global function definition for ‘dev.next’
    getphaselag2: no visible global function definition for ‘points’
    getseis24: no visible global function definition for ‘spline’
    hilbert: no visible global function definition for ‘fft’
    hodogram: no visible global function definition for ‘rainbow’
    hodogram: no visible global function definition for ‘par’
    hodogram: no visible global function definition for ‘plot’
    hodogram: no visible global function definition for ‘axis’
    hodogram: no visible global function definition for ‘segments’
    hodogram: no visible global function definition for ‘text’
    hodogram: no visible global function definition for ‘rgb’
    hodogram: no visible global function definition for ‘rect’
    hodogram: no visible global function definition for ‘points’
    jlegend: no visible global function definition for ‘par’
    jlegend : rect2: no visible global function definition for ‘rect’
    jlegend : segments2: no visible global function definition for
     ‘segments’
    jlegend : points2: no visible global function definition for ‘points’
    jlegend : text2: no visible global function definition for ‘text’
    jlegend: no visible global function definition for ‘strwidth’
    jlegend: no visible global function definition for ‘xinch’
    jlegend: no visible global function definition for ‘yinch’
    jlegend: no visible global function definition for ‘strheight’
    jstats: no visible global function definition for ‘boxplot.stats’
    jstats: no visible global function definition for ‘var’
    lagplot: no visible global function definition for ‘plot’
    leests: no visible global function definition for ‘is.ts’
    leests: no visible global function definition for ‘deltat’
    letter.it: no visible global function definition for ‘par’
    letter.it: no visible global function definition for ‘text’
    longfft: no visible global function definition for ‘rainbow’
    longfft: no visible global function definition for ‘par’
    longfft: no visible global function definition for ‘mtext’
    longfft: no visible global function definition for ‘dev.cur’
    longfft: no visible global function definition for ‘dev.off’
    longpstart: no visible global function definition for ‘par’
    longreset: no visible global function definition for ‘locator’
    longreset: no visible global function definition for ‘par’
    longreset: no visible global function definition for ‘dev.off’
    matsquiggle: no visible global function definition for ‘plot’
    one: no visible global function definition for ‘par’
    partmotnet: no visible global function definition for ‘rainbow’
    partmotnet: no visible global function definition for ‘segments’
    partmotnet: no visible global function definition for ‘rgb’
    partmotnet: no visible global function definition for ‘points’
    partmotnet: no visible global function definition for ‘title’
    peaks: no visible global function definition for ‘embed’
    pickhandler: no visible global function definition for ‘rgb’
    pickseis24: no visible global function definition for ‘dev.set’
    plocator: no visible global function definition for ‘par’
    plocator: no visible global function definition for ‘locator’
    plocator: no visible global function definition for ‘points’
    plocator: no visible global function definition for ‘abline’
    plocator: no visible global function definition for ‘segments’
    plocator: no visible global function definition for ‘gray’
    plocator: no visible global function definition for ‘text’
    plotDB: no visible global function definition for ‘plot’
    plotDB: no visible global function definition for ‘abline’
    plotDB: no visible global function definition for ‘grey’
    plotDB: no visible global function definition for ‘box’
    plotDB: no visible global function definition for ‘par’
    plotDB: no visible global function definition for ‘axis’
    plotDB: no visible global function definition for ‘segments’
    plotarrivals: no visible global function definition for ‘plot’
    plotarrivals: no visible global function definition for ‘lines’
    plotarrivals: no visible global function definition for ‘rgb’
    plotevol: no visible global function definition for ‘rainbow’
    plotevol: no visible global function definition for ‘par’
    plotevol: no visible global function definition for ‘plot’
    plotevol: no visible global function definition for ‘image’
    plotevol: no visible global function definition for ‘lines’
    plotevol: no visible global function definition for ‘segments’
    plotevol: no visible global function definition for ‘axis’
    plotevol: no visible global function definition for ‘mtext’
    plotevol: no visible global function definition for ‘rgb’
    plotevol2: no visible global function definition for ‘rainbow’
    plotevol2: no visible global function definition for ‘par’
    plotevol2: no visible global function definition for ‘plot’
    plotevol2: no visible global function definition for ‘image’
    plotevol2: no visible global function definition for ‘lines’
    plotevol2: no visible global function definition for ‘segments’
    plotevol2: no visible global function definition for ‘axis’
    plotevol2: no visible global function definition for ‘mtext’
    plotevol2: no visible global function definition for ‘rgb’
    plotseis24: no visible global function definition for ‘rgb’
    plotseis24: no visible global function definition for ‘par’
    plotseis24: no visible global function definition for ‘plot’
    plotseis24: no visible global function definition for ‘box’
    plotseis24: no visible global function definition for ‘grey’
    plotseis24: no visible global function definition for ‘lines’
    plotseis24: no visible global function definition for ‘axis’
    plotseis24: no visible global function definition for ‘mtext’
    plotwlet: no visible global function definition for ‘rainbow’
    plotwlet: no visible global function definition for ‘par’
    plotwlet: no visible global function definition for ‘plot’
    plotwlet: no visible global function definition for ‘image.default’
    plotwlet: no visible global function definition for ‘image’
    plotwlet: no visible global function definition for ‘lines’
    plotwlet: no visible global function definition for ‘axis’
    plotwlet: no visible global function definition for ‘mtext’
    plotwlet: no visible global function definition for ‘segments’
    plt.MTM0: no visible global function definition for ‘plot’
    plt.MTM0: no visible global function definition for ‘lines’
    plt.MTM0: no visible global function definition for ‘qf’
    plt.MTM0: no visible global function definition for ‘points’
    plt.MTM0: no visible global function definition for ‘text’
    plt.MTM0: no visible global function definition for ‘legend’
    plt.MTM0: no visible global function definition for ‘axis’
    plt.MTM0: no visible global function definition for ‘box’
    pwlet2freqs: no visible global function definition for ‘abline’
    pwlet2freqs: no visible global function definition for ‘rgb’
    pwlet2freqs: no visible global function definition for ‘axis’
    sac2rseis: no visible global function definition for ‘plot’
    sac2rseis: no visible global function definition for ‘locator’
    save.wpix: no visible global function definition for ‘write.table’
    scal2freqs: no visible global function definition for ‘fft’
    scal2freqs: no visible global function definition for ‘lines’
    screens: no visible global function definition for ‘dev.list’
    screens: no visible global function definition for ‘dev.new’
    segy2rseis: no visible global function definition for ‘plot’
    segy2rseis: no visible global function definition for ‘locator’
    setwelch: no visible global function definition for ‘fft’
    sigconv: no visible global function definition for ‘convolve’
    sigconvGR: no visible binding for global variable ‘dt’
    sigconvGR: no visible global function definition for ‘convolve’
    swig: no visible global function definition for ‘rgb’
    swig : YNreplot: no visible global function definition for ‘title’
    swig: no visible global function definition for ‘dev.cur’
    swig: no visible global function definition for ‘dev.set’
    swig: no visible global function definition for ‘par’
    swig: no visible global function definition for ‘grey’
    swig: no visible global function definition for ‘title’
    swig: no visible global function definition for ‘dev.new’
    swig: no visible global function definition for ‘dev.off’
    swig: no visible global function definition for ‘postscript’
    swig.ALLPX: no visible global function definition for ‘segments’
    swig.ALLPX: no visible global function definition for ‘points’
    symshot1: no visible global function definition for ‘runif’
    tomo.colors: no visible global function definition for ‘hsv’
    tung.pulse: no visible global function definition for ‘plot’
    tung.pulse: no visible global function definition for ‘title’
    tung.pulse: no visible global function definition for ‘points’
    tung.pulse: no visible global function definition for ‘abline’
    tung.pulse: no visible global function definition for ‘rgb’
    tung.pulse: no visible global function definition for ‘lines’
    varsquig: no visible global function definition for ‘locator’
    varsquig: no visible global function definition for ‘polygon’
    varsquig: no visible global function definition for ‘lines’
    varsquiggle: no visible global function definition for ‘grid’
    varsquiggle: no visible global function definition for ‘rgb’
    varsquiggle: no visible global function definition for ‘axis’
    varsquiggle: no visible global function definition for ‘par’
    varsquiggle: no visible global function definition for ‘text’
    vline: no visible global function definition for ‘gray’
    vline: no visible global function definition for ‘par’
    vline: no visible global function definition for ‘segments’
    vline: no visible global function definition for ‘text’
    wiggle.env: no visible global function definition for ‘smooth.spline’
    wiggleimage: no visible global function definition for ‘plot’
    wiggleimage: no visible global function definition for ‘grid’
    wiggleimage: no visible global function definition for ‘segments’
    wiggleimage: no visible global function definition for ‘grey’
    wiggleimage: no visible global function definition for ‘abline’
    wiggleimage: no visible global function definition for ‘axis’
    wiggleimage: no visible global function definition for ‘lines’
    winmark: no visible global function definition for ‘par’
    winmark: no visible global function definition for ‘segments’
    winseis24: no visible global function definition for ‘locator’
    wlet.do: no visible global function definition for ‘terrain.colors’
    wlet.do: no visible global function definition for ‘rainbow’
    wlet.do: no visible global function definition for ‘par’
    wlet.drive: no visible global function definition for ‘dev.new’
    wlet.drive: no visible global function definition for ‘rgb’
    wlet.drive: no visible global function definition for ‘grey’
    wlet.drive: no visible global function definition for ‘title’
    wlet.drive: no visible global function definition for ‘rect’
    wlet.drive: no visible global function definition for ‘points’
    wlet.drive: no visible global function definition for ‘abline’
    wlet.drive: no visible global function definition for ‘dev.cur’
    wlet.drive: no visible global function definition for ‘par’
    wlet.drive: no visible global function definition for ‘postscript’
    wlet.drive: no visible global function definition for ‘dev.off’
    wlet.drive: no visible global function definition for ‘dev.set’
    wlet.drive: no visible global function definition for ‘image’
    xcor2: no visible global function definition for ‘ts’
    xcor2: no visible global function definition for ‘par’
    xcor2: no visible global function definition for ‘ccf’
    xcor2: no visible global function definition for ‘plot’
    xcor2: no visible global function definition for ‘abline’
    xcor2: no visible global function definition for ‘rgb’
    xcor2: no visible global function definition for ‘segments’
    xcor2: no visible global function definition for ‘points’
    zlocator: no visible global function definition for ‘par’
    zlocator: no visible global function definition for ‘locator’
    zlocator: no visible global function definition for ‘abline’
    zlocator: no visible global function definition for ‘segments’
    zlocator: no visible global function definition for ‘gray’
    zlocator: no visible global function definition for ‘text’
    zlocator: no visible global function definition for ‘mtext’
    Undefined global functions or variables:
     abline arrows axis box boxplot.stats ccf coef contour convolve deltat
     dev.cur dev.list dev.new dev.next dev.off dev.set dt embed fft gray
     grey grid hsv image image.default is.ts legend lines lm locator
     median mtext mvfft par plot plot.ts points polygon postscript qf
     quantile rainbow rect rgb runif runmed segments smooth.spline spline
     strheight strwidth terrain.colors text title topo.colors ts var
     write.table xinch yinch
Flavors: r-devel-linux-x86_64-debian-clang, r-devel-linux-x86_64-debian-gcc, r-devel-linux-x86_64-fedora-clang, r-devel-linux-x86_64-fedora-gcc