CRAN Package Check Results for Package RSEIS

Last updated on 2017-02-19 14:52:20.

Flavor Version Tinstall Tcheck Ttotal Status Flags
r-devel-linux-x86_64-debian-clang 3.6-8 6.09 90.69 96.77 NOTE
r-devel-linux-x86_64-debian-gcc 3.6-8 5.97 92.51 98.48 NOTE
r-devel-linux-x86_64-fedora-clang 3.6-8 170.04 NOTE --no-stop-on-test-error
r-devel-linux-x86_64-fedora-gcc 3.6-8 164.44 NOTE --no-stop-on-test-error
r-devel-macos-x86_64-clang 3.6-8 140.02 NOTE --no-stop-on-test-error
r-devel-windows-ix86+x86_64 3.6-8 20.00 237.00 257.00 OK
r-patched-linux-x86_64 3.6-8 5.73 87.14 92.86 OK
r-patched-solaris-sparc 3.6-8 1067.80 OK
r-patched-solaris-x86 3.6-8 189.60 OK
r-release-linux-x86_64 3.6-8 5.57 87.01 92.58 OK
r-release-osx-x86_64-mavericks 3.6-8 OK
r-release-windows-ix86+x86_64 3.6-8 19.00 183.00 202.00 OK
r-oldrel-windows-ix86+x86_64 3.6-8 26.00 180.00 206.00 OK

Check Details

Version: 3.6-8
Check: compiled code
Result: NOTE
    File ‘RSEIS/libs/RSEIS.so’:
     Found no calls to: ‘R_registerRoutines’, ‘R_useDynamicSymbols’
    
    It is good practice to register native routines and to disable symbol
    search.
    
    See ‘Writing portable packages’ in the ‘Writing R Extensions’ manual.
Flavors: r-devel-linux-x86_64-debian-clang, r-devel-linux-x86_64-debian-gcc

Version: 3.6-8
Flags: --no-stop-on-test-error
Check: compiled code
Result: NOTE
    File ‘RSEIS/libs/RSEIS.so’:
     Found no calls to: ‘R_registerRoutines’, ‘R_useDynamicSymbols’
    
    It is good practice to register native routines and to disable symbol
    search.
    
    See ‘Writing portable packages’ in the ‘Writing R Extensions’ manual.
Flavors: r-devel-linux-x86_64-fedora-clang, r-devel-linux-x86_64-fedora-gcc, r-devel-macos-x86_64-clang