CRAN Package Check Results for Package RSGHB

Last updated on 2015-04-27 10:48:59.

Flavor Version Tinstall Tcheck Ttotal Status Flags
r-devel-linux-x86_64-debian-clang 1.0.2 2.06 14.44 16.51 NOTE
r-devel-linux-x86_64-debian-gcc 1.0.2 2.05 13.79 15.84 NOTE
r-devel-linux-x86_64-fedora-clang 1.0.2 31.53 NOTE
r-devel-linux-x86_64-fedora-gcc 1.0.2 28.62 NOTE
r-devel-osx-x86_64-clang 1.0.2 34.81 NOTE
r-devel-windows-ix86+x86_64 1.0.2 9.00 28.00 37.00 NOTE
r-patched-linux-x86_64 1.0.2 2.01 14.06 16.07 NOTE
r-patched-solaris-sparc 1.0.2 188.00 NOTE
r-patched-solaris-x86 1.0.2 41.20 NOTE
r-release-linux-x86_64 1.0.2 2.00 14.56 16.56 NOTE
r-release-osx-x86_64-mavericks 1.0.2 NOTE
r-release-osx-x86_64-snowleopard 1.0.2 NOTE
r-release-windows-ix86+x86_64 1.0.2 6.00 28.00 34.00 NOTE
r-oldrel-windows-ix86+x86_64 1.0.2 12.00 29.00 41.00 OK

Check Details

Version: 1.0.2
Check: DESCRIPTION meta-information
Result: NOTE
    Malformed Description field: should contain one or more complete sentences.
Flavors: r-devel-linux-x86_64-debian-clang, r-devel-linux-x86_64-debian-gcc, r-devel-linux-x86_64-fedora-clang, r-devel-linux-x86_64-fedora-gcc, r-devel-osx-x86_64-clang, r-devel-windows-ix86+x86_64, r-patched-solaris-sparc, r-patched-solaris-x86, r-release-osx-x86_64-mavericks, r-release-osx-x86_64-snowleopard, r-release-windows-ix86+x86_64

Version: 1.0.2
Check: files in ‘vignettes’
Result: NOTE
    The following directory looks like a leftover from 'knitr':
     ‘figure’
    Please remove from your package.
Flavors: r-devel-linux-x86_64-debian-clang, r-devel-linux-x86_64-debian-gcc, r-devel-linux-x86_64-fedora-clang, r-devel-linux-x86_64-fedora-gcc, r-devel-osx-x86_64-clang, r-devel-windows-ix86+x86_64, r-patched-solaris-sparc, r-patched-solaris-x86