CRAN Package Check Results for Package RSGHB

Last updated on 2014-04-24 11:48:55.

Flavor Version Tinstall Tcheck Ttotal Status Flags
r-devel-linux-x86_64-debian-clang 1.0.1 2.38 13.66 16.05 NOTE
r-devel-linux-x86_64-debian-gcc 1.0.1 2.21 13.94 16.16 NOTE
r-devel-linux-x86_64-fedora-clang 1.0.1 31.98 NOTE
r-devel-linux-x86_64-fedora-gcc 1.0.1 30.55 NOTE
r-devel-osx-x86_64-clang 1.0.1 33.65 NOTE
r-devel-osx-x86_64-gcc 1.0.1 NOTE
r-devel-windows-ix86+x86_64 1.0.1 8.00 25.00 33.00 NOTE
r-patched-linux-x86_64 1.0.1 2.29 13.68 15.96 NOTE
r-patched-solaris-sparc 1.0.1 180.10 NOTE
r-patched-solaris-x86 1.0.1 48.20 NOTE
r-release-linux-ix86 1.0.1 4.00 30.00 34.00 NOTE
r-release-linux-x86_64 1.0.1 2.22 13.71 15.93 NOTE
r-release-osx-x86_64-mavericks 1.0.1 NOTE
r-release-windows-ix86+x86_64 1.0.1 15.00 34.00 49.00 NOTE
r-oldrel-windows-ix86+x86_64 1.0.1 8.00 26.00 34.00 NOTE

Memtest notes: valgrind

Check Details

Version: 1.0.1
Check: files in ‘vignettes’
Result: NOTE
    The following files look like leftovers/mistakes:
     ‘MNL.log’
    Please remove them from your package.
Flavors: r-devel-linux-x86_64-debian-clang, r-devel-linux-x86_64-debian-gcc, r-devel-linux-x86_64-fedora-clang, r-devel-linux-x86_64-fedora-gcc, r-devel-osx-x86_64-clang, r-devel-osx-x86_64-gcc, r-patched-linux-x86_64, r-patched-solaris-sparc, r-patched-solaris-x86, r-release-linux-ix86, r-release-linux-x86_64, r-release-osx-x86_64-mavericks

Version: 1.0.1
Check: top-level files
Result: NOTE
    Non-standard file/directory found at top level:
     ‘Readme.md’
Flavors: r-devel-linux-x86_64-fedora-clang, r-devel-linux-x86_64-fedora-gcc

Version: 1.0.1
Check: files in 'vignettes'
Result: NOTE
    The following files look like leftovers/mistakes:
     'MNL.log'
    Please remove them from your package.
    * checking examples ...
Flavors: r-devel-windows-ix86+x86_64, r-release-windows-ix86+x86_64, r-oldrel-windows-ix86+x86_64