CRAN Package Check Results for Package RSGHB

Last updated on 2017-08-18 04:47:08.

Flavor Version Tinstall Tcheck Ttotal Status Flags
r-devel-linux-x86_64-debian-clang 1.1.2 1.01 89.97 90.98 NOTE
r-devel-linux-x86_64-debian-gcc 1.1.2 1.00 86.61 87.61 NOTE
r-devel-linux-x86_64-fedora-clang 1.1.2 201.13 NOTE
r-devel-linux-x86_64-fedora-gcc 1.1.2 207.00 NOTE
r-devel-windows-ix86+x86_64 1.1.2 13.00 217.00 230.00 OK
r-patched-linux-x86_64 1.1.2 1.04 68.39 69.43 NOTE
r-patched-solaris-x86 1.1.2 168.30 OK
r-release-linux-x86_64 1.1.2 1.03 67.58 68.61 NOTE
r-release-windows-ix86+x86_64 1.1.2 6.00 144.00 150.00 OK
r-release-osx-x86_64 1.1.2 OK
r-oldrel-windows-ix86+x86_64 1.1.2 5.00 127.00 132.00 OK
r-oldrel-osx-x86_64 1.1.2 OK

Check Details

Version: 1.1.2
Check: compiled code
Result: NOTE
    File ‘RSGHB/libs/RSGHB.so’:
     Found no calls to: ‘R_registerRoutines’, ‘R_useDynamicSymbols’
    
    It is good practice to register native routines and to disable symbol
    search.
    
    See ‘Writing portable packages’ in the ‘Writing R Extensions’ manual.
Flavors: r-devel-linux-x86_64-debian-clang, r-devel-linux-x86_64-debian-gcc, r-devel-linux-x86_64-fedora-clang, r-devel-linux-x86_64-fedora-gcc, r-patched-linux-x86_64, r-release-linux-x86_64