CRAN Package Check Results for Package RSGHB

Last updated on 2017-06-23 04:47:31.

Flavor Version Tinstall Tcheck Ttotal Status Flags
r-devel-linux-x86_64-debian-clang 1.1.2 1.04 91.61 92.64 NOTE
r-devel-linux-x86_64-debian-gcc 1.1.2 1.11 90.89 92.00 NOTE
r-devel-linux-x86_64-fedora-clang 1.1.2 211.72 NOTE
r-devel-linux-x86_64-fedora-gcc 1.1.2 212.89 NOTE
r-devel-windows-ix86+x86_64 1.1.2 5.00 182.00 187.00 OK
r-patched-linux-x86_64 1.1.2 1.01 65.29 66.31 NOTE
r-patched-solaris-sparc 1.1.2 1007.30 OK
r-patched-solaris-x86 1.1.2 168.90 OK
r-release-linux-x86_64 1.1.2 1.12 66.59 67.71 NOTE
r-release-windows-ix86+x86_64 1.1.2 7.00 129.00 136.00 OK
r-release-osx-x86_64 1.1.2 OK
r-oldrel-windows-ix86+x86_64 1.1.2 5.00 127.00 132.00 OK
r-oldrel-osx-x86_64 1.1.2 OK

Check Details

Version: 1.1.2
Check: compiled code
Result: NOTE
    File ‘RSGHB/libs/RSGHB.so’:
     Found no calls to: ‘R_registerRoutines’, ‘R_useDynamicSymbols’
    
    It is good practice to register native routines and to disable symbol
    search.
    
    See ‘Writing portable packages’ in the ‘Writing R Extensions’ manual.
Flavors: r-devel-linux-x86_64-debian-clang, r-devel-linux-x86_64-debian-gcc, r-devel-linux-x86_64-fedora-clang, r-devel-linux-x86_64-fedora-gcc, r-patched-linux-x86_64, r-release-linux-x86_64