CRAN Package Check Results for Package RSGHB

Last updated on 2015-07-01 21:46:50.

Flavor Version Tinstall Tcheck Ttotal Status Flags
r-devel-linux-x86_64-debian-clang 1.1.0 0.86 109.17 110.03 NOTE
r-devel-linux-x86_64-debian-gcc 1.1.0 0.89 108.61 109.50 NOTE
r-devel-linux-x86_64-fedora-clang 1.1.0 224.45 NOTE
r-devel-linux-x86_64-fedora-gcc 1.1.0 217.87 NOTE
r-devel-osx-x86_64-clang 1.1.0 173.05 OK
r-devel-windows-ix86+x86_64 1.1.0 9.00 208.00 217.00 OK
r-patched-linux-x86_64 1.1.0 0.92 110.19 111.11 OK
r-patched-solaris-sparc 1.1.0 1618.80 OK
r-patched-solaris-x86 1.1.0 291.40 OK
r-release-linux-x86_64 1.1.0 0.94 109.01 109.95 OK
r-release-osx-x86_64-mavericks 1.1.0 OK
r-release-windows-ix86+x86_64 1.1.0 7.00 209.00 216.00 OK
r-oldrel-windows-ix86+x86_64 1.1.0 9.00 198.00 207.00 OK

Check Details

Version: 1.1.0
Check: R code for possible problems
Result: NOTE
    checkModel: no visible global function definition for ‘complete.cases’
    hb: no visible global function definition for ‘runif’
    nextA: no visible global function definition for ‘rnorm’
    nextB: no visible global function definition for ‘rnorm’
    nextB: no visible global function definition for ‘runif’
    nextD: no visible global function definition for ‘rnorm’
    nextDind: no visible global function definition for ‘rnorm’
    nextF: no visible global function definition for ‘rnorm’
    nextF: no visible global function definition for ‘runif’
    plot.RSGHB: no visible global function definition for ‘par’
    plot.RSGHB: no visible global function definition for ‘plot’
    plot.RSGHB: no visible global function definition for ‘mtext’
    plotC: no visible global function definition for ‘graphics.off’
    plotC: no visible global function definition for ‘par’
    plotC: no visible global function definition for ‘plot’
    plotC: no visible global function definition for ‘density’
    plotC: no visible global function definition for ‘dev.flush’
    prepareModel: no visible global function definition for ‘aggregate’
    progreport: no visible binding for global variable ‘var’
    progreport: no visible global function definition for ‘complete.cases’
    progreport: no visible global function definition for ‘rainbow’
    progreport: no visible global function definition for ‘plot’
    progreport: no visible global function definition for ‘segments’
    progreport: no visible global function definition for ‘axis’
    progreport: no visible global function definition for ‘points’
    writeModel: no visible global function definition for ‘write.table’
Flavors: r-devel-linux-x86_64-debian-clang, r-devel-linux-x86_64-debian-gcc, r-devel-linux-x86_64-fedora-clang, r-devel-linux-x86_64-fedora-gcc