CRAN Package Check Results for Package RSGHB

Last updated on 2018-04-26 10:47:22 CEST.

Flavor Version Tinstall Tcheck Ttotal Status Flags
r-devel-linux-x86_64-debian-clang 1.1.2 3.01 168.57 171.58 NOTE
r-devel-linux-x86_64-debian-gcc 1.1.2 1.99 124.09 126.08 NOTE
r-devel-linux-x86_64-fedora-clang 1.1.2 230.28 NOTE
r-devel-linux-x86_64-fedora-gcc 1.1.2 231.90 NOTE
r-devel-windows-ix86+x86_64 1.1.2 10.00 246.00 256.00 OK
r-patched-linux-x86_64 1.1.2 2.60 186.51 189.11 NOTE
r-patched-solaris-x86 1.1.2 336.80 OK
r-release-linux-x86_64 1.1.2 2.14 172.69 174.83 NOTE
r-release-windows-ix86+x86_64 1.1.2 10.00 246.00 256.00 OK
r-release-osx-x86_64 1.1.2 OK
r-oldrel-windows-ix86+x86_64 1.1.2 6.00 144.00 150.00 OK
r-oldrel-osx-x86_64 1.1.2 OK

Check Details

Version: 1.1.2
Check: compiled code
Result: NOTE
    File ‘RSGHB/libs/RSGHB.so’:
     Found no calls to: ‘R_registerRoutines’, ‘R_useDynamicSymbols’
    
    It is good practice to register native routines and to disable symbol
    search.
    
    See ‘Writing portable packages’ in the ‘Writing R Extensions’ manual.
Flavors: r-devel-linux-x86_64-debian-clang, r-devel-linux-x86_64-debian-gcc, r-devel-linux-x86_64-fedora-clang, r-devel-linux-x86_64-fedora-gcc, r-patched-linux-x86_64, r-release-linux-x86_64