CRAN Package Check Results for Package RSGHB

Last updated on 2017-04-28 21:47:37.

Flavor Version Tinstall Tcheck Ttotal Status Flags
r-devel-linux-x86_64-debian-clang 1.1.2 0.98 65.95 66.93 NOTE
r-devel-linux-x86_64-debian-gcc 1.1.2 0.95 64.01 64.96 NOTE
r-devel-linux-x86_64-fedora-clang 1.1.2 165.18 NOTE --no-stop-on-test-error
r-devel-linux-x86_64-fedora-gcc 1.1.2 160.78 NOTE --no-stop-on-test-error
r-devel-windows-ix86+x86_64 1.1.2 9.00 162.00 171.00 OK
r-patched-linux-x86_64 1.1.2 1.04 63.19 64.23 NOTE
r-patched-solaris-sparc 1.1.2 1007.30 OK
r-patched-solaris-x86 1.1.2 171.90 OK
r-release-linux-x86_64 1.1.2 1.29 66.12 67.41 NOTE
r-release-windows-ix86+x86_64 1.1.2 7.00 129.00 136.00 OK
r-release-osx-x86_64 1.1.2 OK
r-oldrel-windows-ix86+x86_64 1.1.2 5.00 127.00 132.00 OK
r-oldrel-osx-x86_64 1.1.2 OK

Check Details

Version: 1.1.2
Check: compiled code
Result: NOTE
    File ‘RSGHB/libs/RSGHB.so’:
     Found no calls to: ‘R_registerRoutines’, ‘R_useDynamicSymbols’
    
    It is good practice to register native routines and to disable symbol
    search.
    
    See ‘Writing portable packages’ in the ‘Writing R Extensions’ manual.
Flavors: r-devel-linux-x86_64-debian-clang, r-devel-linux-x86_64-debian-gcc, r-patched-linux-x86_64, r-release-linux-x86_64

Version: 1.1.2
Flags: --no-stop-on-test-error
Check: compiled code
Result: NOTE
    File ‘RSGHB/libs/RSGHB.so’:
     Found no calls to: ‘R_registerRoutines’, ‘R_useDynamicSymbols’
    
    It is good practice to register native routines and to disable symbol
    search.
    
    See ‘Writing portable packages’ in the ‘Writing R Extensions’ manual.
Flavors: r-devel-linux-x86_64-fedora-clang, r-devel-linux-x86_64-fedora-gcc