CRAN Package Check Results for Package RSGHB

Last updated on 2017-10-18 08:48:30.

Flavor Version Tinstall Tcheck Ttotal Status Flags
r-devel-linux-x86_64-debian-clang 1.1.2 1.10 92.36 93.46 NOTE
r-devel-linux-x86_64-debian-gcc 1.1.2 1.08 82.82 83.90 NOTE
r-devel-linux-x86_64-fedora-clang 1.1.2 171.87 NOTE
r-devel-linux-x86_64-fedora-gcc 1.1.2 176.82 NOTE
r-devel-windows-ix86+x86_64 1.1.2 10.00 169.00 179.00 OK
r-patched-linux-x86_64 1.1.2 1.05 68.43 69.48 NOTE
r-patched-solaris-x86 1.1.2 173.40 OK
r-release-linux-x86_64 1.1.2 0.98 66.36 67.34 NOTE
r-release-windows-ix86+x86_64 1.1.2 6.00 144.00 150.00 OK
r-release-osx-x86_64 1.1.2 OK
r-oldrel-windows-ix86+x86_64 1.1.2 5.00 127.00 132.00 OK
r-oldrel-osx-x86_64 1.1.2 OK

Check Details

Version: 1.1.2
Check: compiled code
Result: NOTE
    File ‘RSGHB/libs/RSGHB.so’:
     Found no calls to: ‘R_registerRoutines’, ‘R_useDynamicSymbols’
    
    It is good practice to register native routines and to disable symbol
    search.
    
    See ‘Writing portable packages’ in the ‘Writing R Extensions’ manual.
Flavors: r-devel-linux-x86_64-debian-clang, r-devel-linux-x86_64-debian-gcc, r-devel-linux-x86_64-fedora-clang, r-devel-linux-x86_64-fedora-gcc, r-patched-linux-x86_64, r-release-linux-x86_64