CRAN Package Check Results for Package RSGHB

Last updated on 2017-03-23 23:51:08.

Flavor Version Tinstall Tcheck Ttotal Status Flags
r-devel-linux-x86_64-debian-clang 1.1.2 1.15 67.38 68.53 NOTE
r-devel-linux-x86_64-debian-gcc 1.1.2 0.98 67.08 68.06 NOTE
r-devel-linux-x86_64-fedora-clang 1.1.2 164.34 NOTE --no-stop-on-test-error
r-devel-linux-x86_64-fedora-gcc 1.1.2 160.12 NOTE --no-stop-on-test-error
r-devel-macos-x86_64-clang 1.1.2 88.31 NOTE --no-stop-on-test-error
r-devel-windows-ix86+x86_64 1.1.2 5.00 130.00 135.00 OK
r-patched-linux-x86_64 1.1.2 0.94 59.52 60.46 OK
r-patched-solaris-sparc 1.1.2 1007.30 OK
r-patched-solaris-x86 1.1.2 171.90 OK
r-release-linux-x86_64 1.1.2 0.97 60.00 60.97 OK
r-release-osx-x86_64-mavericks 1.1.2 OK
r-release-windows-ix86+x86_64 1.1.2 5.00 127.00 132.00 OK
r-oldrel-windows-ix86+x86_64 1.1.2 6.00 216.00 222.00 OK

Check Details

Version: 1.1.2
Check: compiled code
Result: NOTE
    File ‘RSGHB/libs/RSGHB.so’:
     Found no calls to: ‘R_registerRoutines’, ‘R_useDynamicSymbols’
    
    It is good practice to register native routines and to disable symbol
    search.
    
    See ‘Writing portable packages’ in the ‘Writing R Extensions’ manual.
Flavors: r-devel-linux-x86_64-debian-clang, r-devel-linux-x86_64-debian-gcc

Version: 1.1.2
Flags: --no-stop-on-test-error
Check: compiled code
Result: NOTE
    File ‘RSGHB/libs/RSGHB.so’:
     Found no calls to: ‘R_registerRoutines’, ‘R_useDynamicSymbols’
    
    It is good practice to register native routines and to disable symbol
    search.
    
    See ‘Writing portable packages’ in the ‘Writing R Extensions’ manual.
Flavors: r-devel-linux-x86_64-fedora-clang, r-devel-linux-x86_64-fedora-gcc, r-devel-macos-x86_64-clang