CRAN Package Check Results for Package RSKC

Last updated on 2014-11-28 19:51:28.

Flavor Version Tinstall Tcheck Ttotal Status Flags
r-devel-linux-x86_64-debian-clang 2.4.1 2.24 22.07 24.31 NOTE
r-devel-linux-x86_64-debian-gcc 2.4.1 2.22 21.75 23.96 NOTE
r-devel-linux-x86_64-fedora-clang 2.4.1 52.85 NOTE
r-devel-linux-x86_64-fedora-gcc 2.4.1 51.84 NOTE
r-devel-osx-x86_64-clang 2.4.1 46.12 NOTE
r-devel-windows-ix86+x86_64 2.4.1 9.00 41.00 50.00 NOTE
r-patched-linux-x86_64 2.4.1 2.53 22.70 25.23 NOTE
r-patched-solaris-sparc 2.4.1 346.00 NOTE
r-patched-solaris-x86 2.4.1 81.40 NOTE
r-release-linux-ix86 2.4.1 3.10 29.50 32.59 NOTE
r-release-linux-x86_64 2.4.1 2.50 23.02 25.51 NOTE
r-release-osx-x86_64-mavericks 2.4.1 OK
r-release-osx-x86_64-snowleopard 2.4.1 OK
r-release-windows-ix86+x86_64 2.4.1 10.00 44.00 54.00 NOTE
r-oldrel-windows-ix86+x86_64 2.4.1 10.00 45.00 55.00 OK

Check Details

Version: 2.4.1
Check: R code for possible problems
Result: NOTE
    showDigit: no visible binding for global variable ‘DutchUtility’
    showbitmap: no visible binding for global variable ‘bitmapMat’
    showbitmap: no visible binding for global variable ‘bitmapLab’
Flavors: r-devel-linux-x86_64-debian-clang, r-devel-linux-x86_64-debian-gcc, r-devel-linux-x86_64-fedora-clang, r-devel-linux-x86_64-fedora-gcc, r-devel-osx-x86_64-clang, r-devel-windows-ix86+x86_64, r-patched-linux-x86_64, r-patched-solaris-sparc, r-patched-solaris-x86, r-release-linux-ix86, r-release-linux-x86_64, r-release-windows-ix86+x86_64