CRAN Package Check Results for Package RSKC

Last updated on 2017-03-29 18:47:33.

Flavor Version Tinstall Tcheck Ttotal Status Flags
r-devel-linux-x86_64-debian-clang 2.4.2 2.66 23.01 25.67 NOTE
r-devel-linux-x86_64-debian-gcc 2.4.2 2.38 24.22 26.61 NOTE
r-devel-linux-x86_64-fedora-clang 2.4.2 43.39 NOTE --no-stop-on-test-error
r-devel-linux-x86_64-fedora-gcc 2.4.2 40.61 NOTE --no-stop-on-test-error
r-devel-macos-x86_64-clang 2.4.2 35.72 NOTE --no-stop-on-test-error
r-devel-windows-ix86+x86_64 2.4.2 9.00 55.00 64.00 OK
r-patched-linux-x86_64 2.4.2 2.30 22.38 24.68 NOTE
r-patched-solaris-sparc 2.4.2 333.00 OK
r-patched-solaris-x86 2.4.2 71.90 OK
r-release-linux-x86_64 2.4.2 2.10 18.90 21.00 OK
r-release-osx-x86_64-mavericks 2.4.2 OK
r-release-windows-ix86+x86_64 2.4.2 12.00 66.00 78.00 OK
r-oldrel-windows-ix86+x86_64 2.4.2 22.00 58.00 80.00 OK

Check Details

Version: 2.4.2
Check: compiled code
Result: NOTE
    File ‘RSKC/libs/RSKC.so’:
     Found no calls to: ‘R_registerRoutines’, ‘R_useDynamicSymbols’
    
    It is good practice to register native routines and to disable symbol
    search.
    
    See ‘Writing portable packages’ in the ‘Writing R Extensions’ manual.
Flavors: r-devel-linux-x86_64-debian-clang, r-devel-linux-x86_64-debian-gcc, r-patched-linux-x86_64

Version: 2.4.2
Flags: --no-stop-on-test-error
Check: compiled code
Result: NOTE
    File ‘RSKC/libs/RSKC.so’:
     Found no calls to: ‘R_registerRoutines’, ‘R_useDynamicSymbols’
    
    It is good practice to register native routines and to disable symbol
    search.
    
    See ‘Writing portable packages’ in the ‘Writing R Extensions’ manual.
Flavors: r-devel-linux-x86_64-fedora-clang, r-devel-linux-x86_64-fedora-gcc, r-devel-macos-x86_64-clang