CRAN Package Check Results for Package RSKC

Last updated on 2014-12-19 20:48:25.

Flavor Version Tinstall Tcheck Ttotal Status Flags
r-devel-linux-x86_64-debian-clang 2.4.1 2.35 22.38 24.73 NOTE
r-devel-linux-x86_64-debian-gcc 2.4.1 2.19 21.53 23.72 NOTE
r-devel-linux-x86_64-fedora-clang 2.4.1 50.87 NOTE
r-devel-linux-x86_64-fedora-gcc 2.4.1 47.65 NOTE
r-devel-osx-x86_64-clang 2.4.1 45.67 NOTE
r-devel-windows-ix86+x86_64 2.4.1 8.00 43.00 51.00 NOTE
r-patched-linux-x86_64 2.4.1 2.31 21.75 24.06 NOTE
r-patched-solaris-sparc 2.4.1 346.00 NOTE
r-patched-solaris-x86 2.4.1 81.10 NOTE
r-release-linux-ix86 2.4.1 3.04 29.33 32.37 NOTE
r-release-linux-x86_64 2.4.1 2.36 21.76 24.11 NOTE
r-release-osx-x86_64-mavericks 2.4.1 OK
r-release-osx-x86_64-snowleopard 2.4.1 OK
r-release-windows-ix86+x86_64 2.4.1 8.00 45.00 53.00 NOTE
r-oldrel-windows-ix86+x86_64 2.4.1 9.00 43.00 52.00 OK

Check Details

Version: 2.4.1
Check: R code for possible problems
Result: NOTE
    showDigit: no visible binding for global variable ‘DutchUtility’
    showbitmap: no visible binding for global variable ‘bitmapMat’
    showbitmap: no visible binding for global variable ‘bitmapLab’
Flavors: r-devel-linux-x86_64-debian-clang, r-devel-linux-x86_64-debian-gcc, r-devel-linux-x86_64-fedora-clang, r-devel-linux-x86_64-fedora-gcc, r-devel-osx-x86_64-clang, r-devel-windows-ix86+x86_64, r-patched-linux-x86_64, r-patched-solaris-sparc, r-patched-solaris-x86, r-release-linux-ix86, r-release-linux-x86_64, r-release-windows-ix86+x86_64