CRAN Package Check Results for Package RSKC

Last updated on 2014-08-23 20:47:03.

Flavor Version Tinstall Tcheck Ttotal Status Flags
r-devel-linux-x86_64-debian-clang 2.4.1 2.38 21.79 24.18 NOTE
r-devel-linux-x86_64-debian-gcc 2.4.1 2.29 21.17 23.46 NOTE
r-devel-linux-x86_64-fedora-clang 2.4.1 50.60 NOTE
r-devel-linux-x86_64-fedora-gcc 2.4.1 46.50 NOTE
r-devel-osx-x86_64-clang 2.4.1 45.41 NOTE
r-devel-windows-ix86+x86_64 2.4.1 8.00 43.00 51.00 OK
r-patched-linux-x86_64 2.4.1 2.38 21.32 23.70 OK
r-patched-solaris-sparc 2.4.1 359.20 OK
r-patched-solaris-x86 2.4.1 81.80 OK
r-release-linux-ix86 2.4.1 3.36 31.32 34.68 OK
r-release-linux-x86_64 2.4.1 2.71 21.91 24.62 OK
r-release-osx-x86_64-mavericks 2.4.1 OK
r-release-osx-x86_64-snowleopard 2.4.1 OK
r-release-windows-ix86+x86_64 2.4.1 10.00 45.00 55.00 OK
r-oldrel-windows-ix86+x86_64 2.4.1 8.00 47.00 55.00 OK

Check Details

Version: 2.4.1
Check: R code for possible problems
Result: NOTE
    showDigit: no visible binding for global variable ‘DutchUtility’
    showbitmap: no visible binding for global variable ‘bitmapMat’
    showbitmap: no visible binding for global variable ‘bitmapLab’
Flavors: r-devel-linux-x86_64-debian-clang, r-devel-linux-x86_64-debian-gcc, r-devel-linux-x86_64-fedora-clang, r-devel-linux-x86_64-fedora-gcc, r-devel-osx-x86_64-clang