CRAN Package Check Results for Package RSKC

Last updated on 2015-04-18 11:25:43.

Flavor Version Tinstall Tcheck Ttotal Status Flags
r-devel-linux-x86_64-debian-clang 2.4.1 2.01 19.98 22.00 NOTE
r-devel-linux-x86_64-debian-gcc 2.4.1 2.07 19.71 21.78 NOTE
r-devel-linux-x86_64-fedora-clang 2.4.1 43.05 NOTE
r-devel-linux-x86_64-fedora-gcc 2.4.1 40.73 NOTE
r-devel-osx-x86_64-clang 2.4.1 43.34 NOTE
r-patched-linux-x86_64 2.4.1 2.01 20.63 22.64 NOTE
r-patched-solaris-sparc 2.4.1 332.90 NOTE
r-patched-solaris-x86 2.4.1 72.00 NOTE
r-release-linux-x86_64 2.4.1 1.99 19.42 21.41 NOTE
r-release-osx-x86_64-mavericks 2.4.1 NOTE
r-release-osx-x86_64-snowleopard 2.4.1 OK
r-release-windows-ix86+x86_64 2.4.1 9.00 44.00 53.00 NOTE
r-oldrel-windows-ix86+x86_64 2.4.1 9.00 56.00 65.00 OK

Check Details

Version: 2.4.1
Check: S3 generic/method consistency
Result: NOTE
    Found the following apparent S3 methods exported but not registered:
     print.rskc print.summary.rskc summary.rskc
    See section ‘Registering S3 methods’ in the ‘Writing R Extensions’
    manual.
Flavors: r-devel-linux-x86_64-debian-clang, r-devel-linux-x86_64-debian-gcc, r-devel-linux-x86_64-fedora-clang, r-devel-linux-x86_64-fedora-gcc, r-devel-osx-x86_64-clang, r-patched-linux-x86_64, r-release-linux-x86_64

Version: 2.4.1
Check: R code for possible problems
Result: NOTE
    showDigit: no visible binding for global variable ‘DutchUtility’
    showbitmap: no visible binding for global variable ‘bitmapMat’
    showbitmap: no visible binding for global variable ‘bitmapLab’
Flavors: r-devel-linux-x86_64-debian-clang, r-devel-linux-x86_64-debian-gcc, r-devel-linux-x86_64-fedora-clang, r-devel-linux-x86_64-fedora-gcc, r-devel-osx-x86_64-clang, r-patched-linux-x86_64, r-patched-solaris-sparc, r-patched-solaris-x86, r-release-linux-x86_64, r-release-osx-x86_64-mavericks, r-release-windows-ix86+x86_64