CRAN Package Check Results for Package RSKC

Last updated on 2015-01-28 12:48:10.

Flavor Version Tinstall Tcheck Ttotal Status Flags
r-devel-linux-x86_64-debian-clang 2.4.1 2.17 20.96 23.13 NOTE
r-devel-linux-x86_64-debian-gcc 2.4.1 2.12 20.65 22.77 NOTE
r-devel-linux-x86_64-fedora-clang 2.4.1 51.81 NOTE
r-devel-linux-x86_64-fedora-gcc 2.4.1 48.28 NOTE
r-devel-osx-x86_64-clang 2.4.1 47.66 NOTE
r-devel-windows-ix86+x86_64 2.4.1 10.00 41.00 51.00 NOTE
r-patched-linux-x86_64 2.4.1 2.39 22.28 24.68 NOTE
r-patched-solaris-sparc 2.4.1 348.10 NOTE
r-patched-solaris-x86 2.4.1 82.70 NOTE
r-release-linux-ix86 2.4.1 3.18 29.43 32.60 NOTE
r-release-linux-x86_64 2.4.1 2.30 23.29 25.59 NOTE
r-release-osx-x86_64-mavericks 2.4.1 NOTE
r-release-osx-x86_64-snowleopard 2.4.1 OK
r-release-windows-ix86+x86_64 2.4.1 9.00 48.00 57.00 NOTE
r-oldrel-windows-ix86+x86_64 2.4.1 9.00 47.00 56.00 OK

Check Details

Version: 2.4.1
Check: S3 generic/method consistency
Result: NOTE
    Found the following apparent S3 methods exported but not registered:
     print.rskc print.summary.rskc summary.rskc
    See section ‘Registering S3 methods’ in the ‘Writing R Extensions’
    manual.
Flavors: r-devel-linux-x86_64-debian-clang, r-devel-linux-x86_64-debian-gcc, r-devel-linux-x86_64-fedora-clang, r-devel-linux-x86_64-fedora-gcc, r-devel-osx-x86_64-clang

Version: 2.4.1
Check: R code for possible problems
Result: NOTE
    showDigit: no visible binding for global variable ‘DutchUtility’
    showbitmap: no visible binding for global variable ‘bitmapMat’
    showbitmap: no visible binding for global variable ‘bitmapLab’
Flavors: r-devel-linux-x86_64-debian-clang, r-devel-linux-x86_64-debian-gcc, r-devel-linux-x86_64-fedora-clang, r-devel-linux-x86_64-fedora-gcc, r-devel-osx-x86_64-clang, r-devel-windows-ix86+x86_64, r-patched-linux-x86_64, r-patched-solaris-sparc, r-patched-solaris-x86, r-release-linux-ix86, r-release-linux-x86_64, r-release-osx-x86_64-mavericks, r-release-windows-ix86+x86_64