CRAN Package Check Results for Package RSKC

Last updated on 2017-09-25 16:47:30.

Flavor Version Tinstall Tcheck Ttotal Status Flags
r-devel-linux-x86_64-debian-clang 2.4.2 2.60 22.79 25.38 NOTE
r-devel-linux-x86_64-debian-gcc 2.4.2 2.38 23.07 25.45 NOTE
r-devel-linux-x86_64-fedora-clang 2.4.2 44.73 NOTE
r-devel-linux-x86_64-fedora-gcc 2.4.2 44.03 NOTE
r-devel-windows-ix86+x86_64 2.4.2 11.00 56.00 67.00 OK
r-patched-linux-x86_64 2.4.2 2.39 22.36 24.75 NOTE
r-patched-solaris-x86 2.4.2 72.60 OK
r-release-linux-x86_64 2.4.2 2.41 22.59 25.00 NOTE
r-release-windows-ix86+x86_64 2.4.2 9.00 54.00 63.00 OK
r-release-osx-x86_64 2.4.2 OK
r-oldrel-windows-ix86+x86_64 2.4.2 11.00 48.00 59.00 OK
r-oldrel-osx-x86_64 2.4.2 OK

Check Details

Version: 2.4.2
Check: compiled code
Result: NOTE
    File ‘RSKC/libs/RSKC.so’:
     Found no calls to: ‘R_registerRoutines’, ‘R_useDynamicSymbols’
    
    It is good practice to register native routines and to disable symbol
    search.
    
    See ‘Writing portable packages’ in the ‘Writing R Extensions’ manual.
Flavors: r-devel-linux-x86_64-debian-clang, r-devel-linux-x86_64-debian-gcc, r-devel-linux-x86_64-fedora-clang, r-devel-linux-x86_64-fedora-gcc, r-patched-linux-x86_64, r-release-linux-x86_64