CRAN Package Check Results for Package RSKC

Last updated on 2018-04-25 08:51:38 CEST.

Flavor Version Tinstall Tcheck Ttotal Status Flags
r-devel-linux-x86_64-debian-clang 2.4.2 3.94 32.61 36.55 NOTE
r-devel-linux-x86_64-debian-gcc 2.4.2 3.60 25.66 29.26 NOTE
r-devel-linux-x86_64-fedora-clang 2.4.2 44.46 NOTE
r-devel-linux-x86_64-fedora-gcc 2.4.2 45.77 NOTE
r-devel-windows-ix86+x86_64 2.4.2 12.00 53.00 65.00 OK
r-patched-linux-x86_64 2.4.2 3.21 31.81 35.02 NOTE
r-patched-solaris-x86 2.4.2 80.20 OK
r-release-linux-x86_64 2.4.2 3.50 31.44 34.94 NOTE
r-release-windows-ix86+x86_64 2.4.2 12.00 53.00 65.00 OK
r-release-osx-x86_64 2.4.2 OK
r-oldrel-windows-ix86+x86_64 2.4.2 11.00 80.00 91.00 OK
r-oldrel-osx-x86_64 2.4.2 OK

Check Details

Version: 2.4.2
Check: compiled code
Result: NOTE
    File ‘RSKC/libs/RSKC.so’:
     Found no calls to: ‘R_registerRoutines’, ‘R_useDynamicSymbols’
    
    It is good practice to register native routines and to disable symbol
    search.
    
    See ‘Writing portable packages’ in the ‘Writing R Extensions’ manual.
Flavors: r-devel-linux-x86_64-debian-clang, r-devel-linux-x86_64-debian-gcc, r-devel-linux-x86_64-fedora-clang, r-devel-linux-x86_64-fedora-gcc, r-patched-linux-x86_64, r-release-linux-x86_64