CRAN Package Check Results for Package RSKC

Last updated on 2015-09-03 23:47:47.

Flavor Version Tinstall Tcheck Ttotal Status Flags
r-devel-linux-x86_64-debian-clang 2.4.1 1.93 18.88 20.80 NOTE
r-devel-linux-x86_64-debian-gcc 2.4.1 1.96 19.10 21.05 NOTE
r-devel-linux-x86_64-fedora-clang 2.4.1 39.38 NOTE
r-devel-linux-x86_64-fedora-gcc 2.4.1 38.33 NOTE
r-devel-osx-x86_64-clang 2.4.1 36.17 NOTE
r-devel-windows-ix86+x86_64 2.4.1 8.00 40.00 48.00 NOTE
r-patched-linux-x86_64 2.4.1 1.99 19.94 21.93 NOTE
r-patched-solaris-sparc 2.4.1 329.40 NOTE
r-patched-solaris-x86 2.4.1 73.30 NOTE
r-release-linux-x86_64 2.4.1 2.08 19.68 21.75 NOTE
r-release-osx-x86_64-mavericks 2.4.1 NOTE
r-release-windows-ix86+x86_64 2.4.1 12.00 48.00 60.00 NOTE
r-oldrel-windows-ix86+x86_64 2.4.1 14.00 55.00 69.00 NOTE

Check Details

Version: 2.4.1
Check: S3 generic/method consistency
Result: NOTE
    Found the following apparent S3 methods exported but not registered:
     print.rskc print.summary.rskc summary.rskc
    See section ‘Registering S3 methods’ in the ‘Writing R Extensions’
    manual.
Flavors: r-devel-linux-x86_64-debian-clang, r-devel-linux-x86_64-debian-gcc, r-devel-linux-x86_64-fedora-clang, r-devel-linux-x86_64-fedora-gcc, r-devel-osx-x86_64-clang, r-patched-linux-x86_64, r-patched-solaris-sparc, r-patched-solaris-x86, r-release-linux-x86_64

Version: 2.4.1
Check: R code for possible problems
Result: NOTE
    Clest: no visible global function definition for ‘var’
    Clest.base: no visible binding for global variable ‘median’
    reduce.dimention.mu: no visible binding for global variable ‘data’
    reference.data: no visible global function definition for ‘runif’
    revisedsil: no visible global function definition for ‘text’
    revisedsil: no visible global function definition for ‘axis’
    showDigit: no visible global function definition for ‘abline’
    showDigit: no visible global function definition for ‘axis’
    showDigit: no visible global function definition for ‘gray.colors’
    showDigit: no visible binding for global variable ‘DutchUtility’
    showDigit: no visible global function definition for ‘polygon’
    showbitmap: no visible binding for global variable ‘bitmapMat’
    showbitmap: no visible binding for global variable ‘bitmapLab’
    Undefined global functions or variables:
     DutchUtility abline axis bitmapLab bitmapMat data gray.colors median
     polygon runif text var
    Consider adding
     importFrom("grDevices", "gray.colors")
     importFrom("graphics", "abline", "axis", "polygon", "text")
     importFrom("stats", "median", "runif", "var")
     importFrom("utils", "data")
    to your NAMESPACE.
Flavors: r-devel-linux-x86_64-debian-clang, r-devel-linux-x86_64-debian-gcc, r-devel-linux-x86_64-fedora-clang, r-devel-linux-x86_64-fedora-gcc, r-devel-windows-ix86+x86_64

Version: 2.4.1
Check: R code for possible problems
Result: NOTE
    showDigit: no visible binding for global variable ‘DutchUtility’
    showbitmap: no visible binding for global variable ‘bitmapMat’
    showbitmap: no visible binding for global variable ‘bitmapLab’
    Undefined global functions or variables:
     DutchUtility bitmapLab bitmapMat
Flavor: r-devel-osx-x86_64-clang

Version: 2.4.1
Check: R code for possible problems
Result: NOTE
    showDigit: no visible binding for global variable ‘DutchUtility’
    showbitmap: no visible binding for global variable ‘bitmapMat’
    showbitmap: no visible binding for global variable ‘bitmapLab’
Flavors: r-patched-linux-x86_64, r-patched-solaris-sparc, r-patched-solaris-x86, r-release-linux-x86_64, r-release-osx-x86_64-mavericks, r-release-windows-ix86+x86_64, r-oldrel-windows-ix86+x86_64