CRAN Package Check Results for Package RSKC

Last updated on 2015-05-23 03:48:54.

Flavor Version Tinstall Tcheck Ttotal Status Flags
r-devel-linux-x86_64-debian-clang 2.4.1 2.06 19.46 21.53 NOTE
r-devel-linux-x86_64-debian-gcc 2.4.1 2.04 19.56 21.60 NOTE
r-devel-linux-x86_64-fedora-clang 2.4.1 42.58 NOTE
r-devel-linux-x86_64-fedora-gcc 2.4.1 43.23 NOTE
r-devel-osx-x86_64-clang 2.4.1 42.38 NOTE
r-devel-windows-ix86+x86_64 2.4.1 8.00 42.00 50.00 NOTE
r-patched-linux-x86_64 2.4.1 2.05 19.74 21.78 NOTE
r-patched-solaris-sparc 2.4.1 333.90 NOTE
r-patched-solaris-x86 2.4.1 72.90 NOTE
r-release-linux-x86_64 2.4.1 2.07 19.46 21.53 NOTE
r-release-osx-x86_64-mavericks 2.4.1 NOTE
r-release-osx-x86_64-snowleopard 2.4.1 NOTE
r-release-windows-ix86+x86_64 2.4.1 8.00 42.00 50.00 NOTE
r-oldrel-windows-ix86+x86_64 2.4.1 10.00 48.00 58.00 NOTE

Check Details

Version: 2.4.1
Check: S3 generic/method consistency
Result: NOTE
    Found the following apparent S3 methods exported but not registered:
     print.rskc print.summary.rskc summary.rskc
    See section ‘Registering S3 methods’ in the ‘Writing R Extensions’
    manual.
Flavors: r-devel-linux-x86_64-debian-clang, r-devel-linux-x86_64-debian-gcc, r-devel-linux-x86_64-fedora-clang, r-devel-linux-x86_64-fedora-gcc, r-devel-osx-x86_64-clang, r-patched-linux-x86_64, r-patched-solaris-sparc, r-patched-solaris-x86, r-release-linux-x86_64

Version: 2.4.1
Check: R code for possible problems
Result: NOTE
    showDigit: no visible binding for global variable ‘DutchUtility’
    showbitmap: no visible binding for global variable ‘bitmapMat’
    showbitmap: no visible binding for global variable ‘bitmapLab’
Flavors: r-devel-linux-x86_64-debian-clang, r-devel-linux-x86_64-debian-gcc, r-devel-linux-x86_64-fedora-clang, r-devel-linux-x86_64-fedora-gcc, r-devel-osx-x86_64-clang, r-devel-windows-ix86+x86_64, r-patched-linux-x86_64, r-patched-solaris-sparc, r-patched-solaris-x86, r-release-linux-x86_64, r-release-osx-x86_64-mavericks, r-release-osx-x86_64-snowleopard, r-release-windows-ix86+x86_64, r-oldrel-windows-ix86+x86_64