CRAN Package Check Results for Package RSKC

Last updated on 2014-04-23 12:48:27.

Flavor Version Tinstall Tcheck Ttotal Status Flags
r-devel-linux-x86_64-debian-clang 2.3 1.46 13.21 14.66 OK
r-devel-linux-x86_64-debian-gcc 2.3 1.48 13.14 14.62 OK
r-devel-linux-x86_64-fedora-clang 2.3 27.21 NOTE
r-devel-linux-x86_64-fedora-gcc 2.3 27.17 NOTE
r-devel-osx-x86_64-clang 2.3 29.01 OK
r-devel-osx-x86_64-gcc 2.3 OK
r-devel-windows-ix86+x86_64 2.3 7.00 24.00 31.00 OK
r-patched-linux-x86_64 2.3 1.54 12.96 14.49 OK
r-patched-solaris-sparc 2.3 228.90 OK
r-patched-solaris-x86 2.3 51.10 OK
r-release-linux-ix86 2.3 3.00 27.00 30.00 OK
r-release-linux-x86_64 2.3 1.54 12.93 14.47 OK
r-release-osx-x86_64-mavericks 2.3 OK
r-release-windows-ix86+x86_64 2.3 13.00 32.00 45.00 OK
r-oldrel-windows-ix86+x86_64 2.3 6.00 27.00 33.00 OK

Memtest notes: valgrind

Check Details

Version: 2.3
Check: Rd line widths
Result: NOTE
    Rd file 'RSKC.Rd':
     \usage lines wider than 90 characters:
     RSKC(d, ncl, alpha, L1 = 12, nstart = 20, silent=TRUE, scaling = FALSE, correlation = FALSE)
     \examples lines wider than 100 characters:
     labels=c("clustering feature 1","clustering feature 2","clustering feature 3","noise feature1"),
    
    Rd file 'revisedsil.Rd':
     \usage lines wider than 90 characters:
     revisedsil(d,reRSKC=NULL,CASEofINT=NULL,col1="black",CASEofINT2 = NULL, col2="red", print.plot=TRUE, W=NULL,C=NULL,out=NULL)
    
    These lines will be truncated in the PDF manual.
Flavors: r-devel-linux-x86_64-fedora-clang, r-devel-linux-x86_64-fedora-gcc