CRAN Package Check Results for Package RSKC

Last updated on 2018-02-19 10:47:30 CET.

Flavor Version Tinstall Tcheck Ttotal Status Flags
r-devel-linux-x86_64-debian-clang 2.4.2 3.59 29.10 32.69 NOTE
r-devel-linux-x86_64-debian-gcc 2.4.2 3.33 26.04 29.37 NOTE
r-devel-linux-x86_64-fedora-clang 2.4.2 43.76 NOTE
r-devel-linux-x86_64-fedora-gcc 2.4.2 42.18 NOTE
r-devel-windows-ix86+x86_64 2.4.2 9.00 57.00 66.00 OK
r-patched-linux-x86_64 2.4.2 3.28 34.33 37.61 NOTE
r-patched-solaris-x86 2.4.2 72.70 OK
r-release-linux-x86_64 2.4.2 2.77 34.27 37.04 NOTE
r-release-windows-ix86+x86_64 2.4.2 12.00 72.00 84.00 OK
r-release-osx-x86_64 2.4.2 OK
r-oldrel-windows-ix86+x86_64 2.4.2 12.00 61.00 73.00 OK
r-oldrel-osx-x86_64 2.4.2 OK

Check Details

Version: 2.4.2
Check: compiled code
Result: NOTE
    File ‘RSKC/libs/RSKC.so’:
     Found no calls to: ‘R_registerRoutines’, ‘R_useDynamicSymbols’
    
    It is good practice to register native routines and to disable symbol
    search.
    
    See ‘Writing portable packages’ in the ‘Writing R Extensions’ manual.
Flavors: r-devel-linux-x86_64-debian-clang, r-devel-linux-x86_64-debian-gcc, r-devel-linux-x86_64-fedora-clang, r-devel-linux-x86_64-fedora-gcc, r-patched-linux-x86_64, r-release-linux-x86_64