CRAN Package Check Results for Package RSKC

Last updated on 2017-05-30 14:47:28.

Flavor Version Tinstall Tcheck Ttotal Status Flags
r-devel-linux-x86_64-debian-clang 2.4.2 2.54 23.67 26.21 NOTE
r-devel-linux-x86_64-debian-gcc 2.4.2 2.35 22.51 24.86 NOTE
r-devel-linux-x86_64-fedora-clang 2.4.2 44.14 NOTE
r-devel-linux-x86_64-fedora-gcc 2.4.2 41.05 NOTE
r-devel-windows-ix86+x86_64 2.4.2 9.00 80.00 89.00 OK
r-patched-linux-x86_64 2.4.2 2.30 21.79 24.10 NOTE
r-patched-solaris-sparc 2.4.2 333.00 OK
r-patched-solaris-x86 2.4.2 71.50 OK
r-release-linux-x86_64 2.4.2 2.28 22.07 24.34 NOTE
r-release-windows-ix86+x86_64 2.4.2 13.00 76.00 89.00 OK
r-release-osx-x86_64 2.4.2 OK
r-oldrel-windows-ix86+x86_64 2.4.2 8.00 50.00 58.00 OK
r-oldrel-osx-x86_64 2.4.2 OK

Check Details

Version: 2.4.2
Check: compiled code
Result: NOTE
    File ‘RSKC/libs/RSKC.so’:
     Found no calls to: ‘R_registerRoutines’, ‘R_useDynamicSymbols’
    
    It is good practice to register native routines and to disable symbol
    search.
    
    See ‘Writing portable packages’ in the ‘Writing R Extensions’ manual.
Flavors: r-devel-linux-x86_64-debian-clang, r-devel-linux-x86_64-debian-gcc, r-devel-linux-x86_64-fedora-clang, r-devel-linux-x86_64-fedora-gcc, r-patched-linux-x86_64, r-release-linux-x86_64