CRAN Package Check Results for Package RSKC

Last updated on 2017-07-20 23:51:41.

Flavor Version Tinstall Tcheck Ttotal Status Flags
r-devel-linux-x86_64-debian-clang 2.4.2 2.48 28.79 31.26 NOTE
r-devel-linux-x86_64-debian-gcc 2.4.2 2.36 28.79 31.14 NOTE
r-devel-linux-x86_64-fedora-clang 2.4.2 47.04 NOTE
r-devel-linux-x86_64-fedora-gcc 2.4.2 50.33 NOTE
r-devel-windows-ix86+x86_64 2.4.2 13.00 59.00 72.00 OK
r-patched-linux-x86_64 2.4.2 2.46 28.44 30.90 NOTE
r-patched-solaris-x86 2.4.2 72.20 OK
r-release-linux-x86_64 2.4.2 2.44 28.14 30.59 NOTE
r-release-windows-ix86+x86_64 2.4.2 9.00 81.00 90.00 OK
r-release-osx-x86_64 2.4.2 OK
r-oldrel-windows-ix86+x86_64 2.4.2 14.00 69.00 83.00 OK
r-oldrel-osx-x86_64 2.4.2 OK

Check Details

Version: 2.4.2
Check: compiled code
Result: NOTE
    File ‘RSKC/libs/RSKC.so’:
     Found no calls to: ‘R_registerRoutines’, ‘R_useDynamicSymbols’
    
    It is good practice to register native routines and to disable symbol
    search.
    
    See ‘Writing portable packages’ in the ‘Writing R Extensions’ manual.
Flavors: r-devel-linux-x86_64-debian-clang, r-devel-linux-x86_64-debian-gcc, r-devel-linux-x86_64-fedora-clang, r-devel-linux-x86_64-fedora-gcc, r-patched-linux-x86_64, r-release-linux-x86_64