CRAN Package Check Results for Package RSKC

Last updated on 2015-03-06 23:48:29.

Flavor Version Tinstall Tcheck Ttotal Status Flags
r-devel-linux-x86_64-debian-clang 2.4.1 2.06 20.06 22.12 NOTE
r-devel-linux-x86_64-debian-gcc 2.4.1 2.06 18.97 21.03 NOTE
r-devel-linux-x86_64-fedora-clang 2.4.1 43.35 NOTE
r-devel-linux-x86_64-fedora-gcc 2.4.1 40.82 NOTE
r-devel-osx-x86_64-clang 2.4.1 42.63 NOTE
r-devel-windows-ix86+x86_64 2.4.1 14.00 44.00 58.00 NOTE
r-patched-linux-x86_64 2.4.1 2.43 22.59 25.02 NOTE
r-patched-solaris-sparc 2.4.1 366.60 NOTE
r-patched-solaris-x86 2.4.1 82.60 NOTE
r-release-linux-ix86 2.4.1 3.09 30.55 33.64 NOTE
r-release-linux-x86_64 2.4.1 2.42 22.18 24.60 NOTE
r-release-osx-x86_64-mavericks 2.4.1 NOTE
r-release-osx-x86_64-snowleopard 2.4.1 OK
r-release-windows-ix86+x86_64 2.4.1 9.00 48.00 57.00 NOTE
r-oldrel-windows-ix86+x86_64 2.4.1 10.00 79.00 89.00 OK

Check Details

Version: 2.4.1
Check: S3 generic/method consistency
Result: NOTE
    Found the following apparent S3 methods exported but not registered:
     print.rskc print.summary.rskc summary.rskc
    See section ‘Registering S3 methods’ in the ‘Writing R Extensions’
    manual.
Flavors: r-devel-linux-x86_64-debian-clang, r-devel-linux-x86_64-debian-gcc, r-devel-linux-x86_64-fedora-clang, r-devel-linux-x86_64-fedora-gcc, r-devel-osx-x86_64-clang

Version: 2.4.1
Check: R code for possible problems
Result: NOTE
    showDigit: no visible binding for global variable ‘DutchUtility’
    showbitmap: no visible binding for global variable ‘bitmapMat’
    showbitmap: no visible binding for global variable ‘bitmapLab’
Flavors: r-devel-linux-x86_64-debian-clang, r-devel-linux-x86_64-debian-gcc, r-devel-linux-x86_64-fedora-clang, r-devel-linux-x86_64-fedora-gcc, r-devel-osx-x86_64-clang, r-devel-windows-ix86+x86_64, r-patched-linux-x86_64, r-patched-solaris-sparc, r-patched-solaris-x86, r-release-linux-ix86, r-release-linux-x86_64, r-release-osx-x86_64-mavericks, r-release-windows-ix86+x86_64