CRAN Package Check Results for Package RSKC

Last updated on 2017-02-24 17:48:52.

Flavor Version Tinstall Tcheck Ttotal Status Flags
r-devel-linux-x86_64-debian-clang 2.4.2 2.70 22.56 25.27 NOTE
r-devel-linux-x86_64-debian-gcc 2.4.2 2.29 22.67 24.96 NOTE
r-devel-linux-x86_64-fedora-clang 2.4.2 42.74 NOTE --no-stop-on-test-error
r-devel-linux-x86_64-fedora-gcc 2.4.2 40.80 NOTE --no-stop-on-test-error
r-devel-macos-x86_64-clang 2.4.2 36.01 NOTE --no-stop-on-test-error
r-devel-windows-ix86+x86_64 2.4.2 27.00 70.00 97.00 OK
r-patched-linux-x86_64 2.4.2 2.16 18.84 21.00 OK
r-patched-solaris-sparc 2.4.2 307.80 OK
r-patched-solaris-x86 2.4.2 64.50 OK
r-release-linux-x86_64 2.4.2 1.99 18.79 20.78 OK
r-release-osx-x86_64-mavericks 2.4.2 OK
r-release-windows-ix86+x86_64 2.4.2 21.00 64.00 85.00 OK
r-oldrel-windows-ix86+x86_64 2.4.2 20.00 58.00 78.00 OK

Check Details

Version: 2.4.2
Check: compiled code
Result: NOTE
    File ‘RSKC/libs/RSKC.so’:
     Found no calls to: ‘R_registerRoutines’, ‘R_useDynamicSymbols’
    
    It is good practice to register native routines and to disable symbol
    search.
    
    See ‘Writing portable packages’ in the ‘Writing R Extensions’ manual.
Flavors: r-devel-linux-x86_64-debian-clang, r-devel-linux-x86_64-debian-gcc

Version: 2.4.2
Flags: --no-stop-on-test-error
Check: compiled code
Result: NOTE
    File ‘RSKC/libs/RSKC.so’:
     Found no calls to: ‘R_registerRoutines’, ‘R_useDynamicSymbols’
    
    It is good practice to register native routines and to disable symbol
    search.
    
    See ‘Writing portable packages’ in the ‘Writing R Extensions’ manual.
Flavors: r-devel-linux-x86_64-fedora-clang, r-devel-linux-x86_64-fedora-gcc, r-devel-macos-x86_64-clang