CRAN Package Check Results for Package RSKC

Last updated on 2018-06-24 16:49:04 CEST.

Flavor Version Tinstall Tcheck Ttotal Status Flags
r-devel-linux-x86_64-debian-clang 2.4.2 3.78 35.01 38.79 NOTE
r-devel-linux-x86_64-debian-gcc 2.4.2 3.04 27.33 30.37 NOTE
r-devel-linux-x86_64-fedora-clang 2.4.2 45.90 NOTE
r-devel-linux-x86_64-fedora-gcc 2.4.2 43.61 NOTE
r-devel-windows-ix86+x86_64 2.4.2 14.00 61.00 75.00 OK
r-patched-linux-x86_64 2.4.2 3.57 32.45 36.02 NOTE
r-patched-solaris-x86 2.4.2 78.80 OK
r-release-linux-x86_64 2.4.2 3.21 32.21 35.42 NOTE
r-release-windows-ix86+x86_64 2.4.2 12.00 58.00 70.00 OK
r-release-osx-x86_64 2.4.2 OK
r-oldrel-windows-ix86+x86_64 2.4.2 15.00 162.00 177.00 OK
r-oldrel-osx-x86_64 2.4.2 OK

Check Details

Version: 2.4.2
Check: compiled code
Result: NOTE
    File ‘RSKC/libs/RSKC.so’:
     Found no calls to: ‘R_registerRoutines’, ‘R_useDynamicSymbols’
    
    It is good practice to register native routines and to disable symbol
    search.
    
    See ‘Writing portable packages’ in the ‘Writing R Extensions’ manual.
Flavors: r-devel-linux-x86_64-debian-clang, r-devel-linux-x86_64-debian-gcc, r-devel-linux-x86_64-fedora-clang, r-devel-linux-x86_64-fedora-gcc, r-patched-linux-x86_64, r-release-linux-x86_64