CRAN Package Check Results for Package RSKC

Last updated on 2014-09-02 13:47:05.

Flavor Version Tinstall Tcheck Ttotal Status Flags
r-devel-linux-x86_64-debian-clang 2.4.1 2.58 21.62 24.20 NOTE
r-devel-linux-x86_64-debian-gcc 2.4.1 2.34 20.87 23.21 NOTE
r-devel-linux-x86_64-fedora-clang 2.4.1 55.96 NOTE
r-devel-linux-x86_64-fedora-gcc 2.4.1 46.74 NOTE
r-devel-osx-x86_64-clang 2.4.1 43.81 NOTE
r-devel-windows-ix86+x86_64 2.4.1 9.00 42.00 51.00 NOTE
r-patched-linux-x86_64 2.4.1 2.41 21.85 24.26 OK
r-patched-solaris-sparc 2.4.1 359.20 OK
r-patched-solaris-x86 2.4.1 80.30 OK
r-release-linux-ix86 2.4.1 3.33 31.33 34.66 OK
r-release-linux-x86_64 2.4.1 2.63 22.33 24.96 OK
r-release-osx-x86_64-mavericks 2.4.1 OK
r-release-osx-x86_64-snowleopard 2.4.1 OK
r-release-windows-ix86+x86_64 2.4.1 10.00 46.00 56.00 OK
r-oldrel-windows-ix86+x86_64 2.4.1 12.00 43.00 55.00 OK

Check Details

Version: 2.4.1
Check: R code for possible problems
Result: NOTE
    showDigit: no visible binding for global variable ‘DutchUtility’
    showbitmap: no visible binding for global variable ‘bitmapMat’
    showbitmap: no visible binding for global variable ‘bitmapLab’
Flavors: r-devel-linux-x86_64-debian-clang, r-devel-linux-x86_64-debian-gcc, r-devel-linux-x86_64-fedora-clang, r-devel-linux-x86_64-fedora-gcc, r-devel-osx-x86_64-clang, r-devel-windows-ix86+x86_64