CRAN Package Check Results for Package RSNNS

Last updated on 2017-07-27 14:47:27.

Flavor Version Tinstall Tcheck Ttotal Status Flags
r-devel-linux-x86_64-debian-clang 0.4-9 36.49 39.07 75.56 NOTE
r-devel-linux-x86_64-debian-gcc 0.4-9 38.34 39.02 77.37 NOTE
r-devel-linux-x86_64-fedora-clang 0.4-9 146.04 NOTE
r-devel-linux-x86_64-fedora-gcc 0.4-9 124.52 NOTE
r-devel-windows-ix86+x86_64 0.4-9 228.00 110.00 338.00 OK
r-patched-linux-x86_64 0.4-9 37.72 38.80 76.53 NOTE
r-patched-solaris-x86 0.4-9 140.30 OK
r-release-linux-x86_64 0.4-9 37.46 39.35 76.81 NOTE
r-release-windows-ix86+x86_64 0.4-9 150.00 108.00 258.00 OK
r-release-osx-x86_64 0.4-9 OK
r-oldrel-windows-ix86+x86_64 0.4-9 147.00 89.00 236.00 OK
r-oldrel-osx-x86_64 0.4-9 NOTE

Check Details

Version: 0.4-9
Check: compiled code
Result: NOTE
    File ‘RSNNS/libs/RSNNS.so’:
     Found no calls to: ‘R_registerRoutines’, ‘R_useDynamicSymbols’
    
    It is good practice to register native routines and to disable symbol
    search.
    
    See ‘Writing portable packages’ in the ‘Writing R Extensions’ manual.
Flavors: r-devel-linux-x86_64-debian-clang, r-devel-linux-x86_64-debian-gcc, r-devel-linux-x86_64-fedora-clang, r-devel-linux-x86_64-fedora-gcc, r-patched-linux-x86_64, r-release-linux-x86_64

Version: 0.4-9
Check: installed package size
Result: NOTE
     installed size is 6.2Mb
     sub-directories of 1Mb or more:
     libs 5.3Mb
Flavors: r-devel-linux-x86_64-fedora-clang, r-devel-linux-x86_64-fedora-gcc, r-oldrel-osx-x86_64