CRAN Package Check Results for Package RSNNS

Last updated on 2017-11-20 21:49:43 CET.

Flavor Version Tinstall Tcheck Ttotal Status Flags
r-devel-linux-x86_64-debian-clang 0.4-9 36.00 27.90 63.89 NOTE
r-devel-linux-x86_64-debian-gcc 0.4-9 47.08 74.83 121.91 WARN
r-devel-linux-x86_64-fedora-clang 0.4-9 145.60 NOTE
r-devel-linux-x86_64-fedora-gcc 0.4-9 160.24 WARN
r-devel-windows-ix86+x86_64 0.4-9 204.00 90.00 294.00 OK
r-patched-linux-x86_64 0.4-9 37.94 29.84 67.78 NOTE
r-patched-solaris-x86 0.4-9 140.10 OK
r-release-linux-x86_64 0.4-9 37.53 29.26 66.79 NOTE
r-release-windows-ix86+x86_64 0.4-9 151.00 86.00 237.00 OK
r-release-osx-x86_64 0.4-9 OK
r-oldrel-windows-ix86+x86_64 0.4-9 135.00 105.00 240.00 OK
r-oldrel-osx-x86_64 0.4-9 NOTE

Check Details

Version: 0.4-9
Check: compiled code
Result: NOTE
    File ‘RSNNS/libs/RSNNS.so’:
     Found no calls to: ‘R_registerRoutines’, ‘R_useDynamicSymbols’
    
    It is good practice to register native routines and to disable symbol
    search.
    
    See ‘Writing portable packages’ in the ‘Writing R Extensions’ manual.
Flavors: r-devel-linux-x86_64-debian-clang, r-devel-linux-x86_64-debian-gcc, r-devel-linux-x86_64-fedora-clang, r-devel-linux-x86_64-fedora-gcc, r-patched-linux-x86_64, r-release-linux-x86_64

Version: 0.4-9
Check: whether package can be installed
Result: WARN
    Found the following significant warnings:
     bn_JordElm.cpp:87:6: warning: ‘sprintf’ may write a terminating nul past the end of the destination [-Wformat-overflow=]
     bn_art1.cpp:167:10: warning: ‘%d’ directive writing between 1 and 10 bytes into a region of size 7 [-Wformat-overflow=]
     bn_art2.cpp:221:10: warning: ‘sprintf’ may write a terminating nul past the end of the destination [-Wformat-overflow=]
     bn_artmap.cpp:374:10: warning: ‘sprintf’ may write a terminating nul past the end of the destination [-Wformat-overflow=]
Flavors: r-devel-linux-x86_64-debian-gcc, r-devel-linux-x86_64-fedora-gcc

Version: 0.4-9
Check: installed package size
Result: NOTE
     installed size is 6.4Mb
     sub-directories of 1Mb or more:
     libs 5.5Mb
Flavors: r-devel-linux-x86_64-fedora-clang, r-devel-linux-x86_64-fedora-gcc, r-oldrel-osx-x86_64