CRAN Package Check Results for Package RSNNS

Last updated on 2015-03-03 22:48:30.

Flavor Version Tinstall Tcheck Ttotal Status Flags
r-devel-linux-x86_64-debian-clang 0.4-6 24.80 29.51 54.31 NOTE
r-devel-linux-x86_64-debian-gcc 0.4-6 34.21 28.63 62.84 NOTE
r-devel-linux-x86_64-fedora-clang 0.4-6 135.45 NOTE
r-devel-linux-x86_64-fedora-gcc 0.4-6 109.81 NOTE
r-devel-osx-x86_64-clang 0.4-6 97.17 OK
r-devel-windows-ix86+x86_64 0.4-6 189.00 81.00 270.00 OK
r-patched-linux-x86_64 0.4-6 34.71 31.69 66.40 NOTE
r-patched-solaris-sparc 0.4-6 866.50 NOTE
r-patched-solaris-x86 0.4-6 160.70 NOTE
r-release-linux-ix86 0.4-6 43.17 44.86 88.03 NOTE
r-release-linux-x86_64 0.4-6 34.02 33.92 67.94 NOTE
r-release-osx-x86_64-mavericks 0.4-6 NOTE
r-release-osx-x86_64-snowleopard 0.4-6 NOTE
r-release-windows-ix86+x86_64 0.4-6 129.00 95.00 224.00 OK
r-oldrel-windows-ix86+x86_64 0.4-6 137.00 93.00 230.00 OK

Check Details

Version: 0.4-6
Check: installed package size
Result: NOTE
     installed size is 5.8Mb
     sub-directories of 1Mb or more:
     libs 5.0Mb
Flavors: r-devel-linux-x86_64-debian-clang, r-devel-linux-x86_64-debian-gcc, r-devel-linux-x86_64-fedora-clang, r-devel-linux-x86_64-fedora-gcc, r-patched-linux-x86_64, r-patched-solaris-sparc, r-patched-solaris-x86, r-release-linux-ix86, r-release-linux-x86_64, r-release-osx-x86_64-mavericks, r-release-osx-x86_64-snowleopard