CRAN Package Check Results for Package RSNNS

Last updated on 2015-01-28 01:48:14.

Flavor Version Tinstall Tcheck Ttotal Status Flags
r-devel-linux-x86_64-debian-clang 0.4-6 25.50 32.02 57.51 NOTE
r-devel-linux-x86_64-debian-gcc 0.4-6 34.19 29.22 63.41 NOTE
r-devel-linux-x86_64-fedora-clang 0.4-6 136.50 NOTE
r-devel-linux-x86_64-fedora-gcc 0.4-6 120.98 NOTE
r-devel-osx-x86_64-clang 0.4-6 101.19 OK
r-devel-windows-ix86+x86_64 0.4-6 152.00 78.00 230.00 OK
r-patched-linux-x86_64 0.4-6 34.29 31.57 65.86 NOTE
r-patched-solaris-sparc 0.4-6 837.00 NOTE
r-patched-solaris-x86 0.4-6 158.50 NOTE
r-release-linux-ix86 0.4-6 42.99 42.14 85.14 NOTE
r-release-linux-x86_64 0.4-6 34.00 35.06 69.06 NOTE
r-release-osx-x86_64-mavericks 0.4-6 NOTE
r-release-osx-x86_64-snowleopard 0.4-6 NOTE
r-release-windows-ix86+x86_64 0.4-6 129.00 95.00 224.00 OK
r-oldrel-windows-ix86+x86_64 0.4-6 137.00 93.00 230.00 OK

Check Details

Version: 0.4-6
Check: installed package size
Result: NOTE
     installed size is 5.8Mb
     sub-directories of 1Mb or more:
     libs 5.0Mb
Flavors: r-devel-linux-x86_64-debian-clang, r-devel-linux-x86_64-debian-gcc, r-devel-linux-x86_64-fedora-clang, r-devel-linux-x86_64-fedora-gcc, r-patched-linux-x86_64, r-patched-solaris-sparc, r-patched-solaris-x86, r-release-linux-ix86, r-release-linux-x86_64, r-release-osx-x86_64-mavericks, r-release-osx-x86_64-snowleopard