CRAN Package Check Results for Package RSNNS

Last updated on 2017-03-30 20:47:25.

Flavor Version Tinstall Tcheck Ttotal Status Flags
r-devel-linux-x86_64-debian-clang 0.4-9 36.37 29.46 65.83 NOTE
r-devel-linux-x86_64-debian-gcc 0.4-9 37.78 29.60 67.38 NOTE
r-devel-linux-x86_64-fedora-clang 0.4-9 145.96 NOTE --no-stop-on-test-error
r-devel-linux-x86_64-fedora-gcc 0.4-9 120.86 NOTE --no-stop-on-test-error
r-devel-macos-x86_64-clang 0.4-9 97.59 NOTE --no-stop-on-test-error
r-devel-windows-ix86+x86_64 0.4-9 153.00 85.00 238.00 OK
r-patched-linux-x86_64 0.4-9 32.71 29.60 62.31 NOTE
r-patched-solaris-sparc 0.4-9 713.80 OK
r-patched-solaris-x86 0.4-9 138.00 OK
r-release-linux-x86_64 0.4-9 32.28 27.28 59.56 OK
r-release-osx-x86_64-mavericks 0.4-9 NOTE
r-release-windows-ix86+x86_64 0.4-9 292.00 87.00 379.00 OK
r-oldrel-windows-ix86+x86_64 0.4-9 199.00 107.00 306.00 OK

Check Details

Version: 0.4-9
Check: compiled code
Result: NOTE
    File ‘RSNNS/libs/RSNNS.so’:
     Found no calls to: ‘R_registerRoutines’, ‘R_useDynamicSymbols’
    
    It is good practice to register native routines and to disable symbol
    search.
    
    See ‘Writing portable packages’ in the ‘Writing R Extensions’ manual.
Flavors: r-devel-linux-x86_64-debian-clang, r-devel-linux-x86_64-debian-gcc, r-patched-linux-x86_64

Version: 0.4-9
Flags: --no-stop-on-test-error
Check: installed package size
Result: NOTE
     installed size is 6.1Mb
     sub-directories of 1Mb or more:
     libs 5.2Mb
Flavors: r-devel-linux-x86_64-fedora-clang, r-devel-linux-x86_64-fedora-gcc

Version: 0.4-9
Flags: --no-stop-on-test-error
Check: compiled code
Result: NOTE
    File ‘RSNNS/libs/RSNNS.so’:
     Found no calls to: ‘R_registerRoutines’, ‘R_useDynamicSymbols’
    
    It is good practice to register native routines and to disable symbol
    search.
    
    See ‘Writing portable packages’ in the ‘Writing R Extensions’ manual.
Flavors: r-devel-linux-x86_64-fedora-clang, r-devel-linux-x86_64-fedora-gcc, r-devel-macos-x86_64-clang

Version: 0.4-9
Check: installed package size
Result: NOTE
     installed size is 6.6Mb
     sub-directories of 1Mb or more:
     libs 5.7Mb
Flavor: r-release-osx-x86_64-mavericks