CRAN Package Check Results for Package RSNNS

Last updated on 2018-08-19 11:48:06 CEST.

Flavor Version Tinstall Tcheck Ttotal Status Flags
r-devel-linux-x86_64-debian-clang 0.4-11 61.93 46.98 108.91 OK
r-devel-linux-x86_64-debian-gcc 0.4-11 58.81 36.90 95.71 OK
r-devel-linux-x86_64-fedora-clang 0.4-11 162.34 NOTE
r-devel-linux-x86_64-fedora-gcc 0.4-11 146.58 OK
r-devel-windows-ix86+x86_64 0.4-11 206.00 123.00 329.00 OK
r-patched-linux-x86_64 0.4-11 74.21 42.98 117.19 OK
r-patched-solaris-x86 0.4-11 150.30 OK
r-release-linux-x86_64 0.4-11 72.89 43.70 116.59 OK
r-release-windows-ix86+x86_64 0.4-11 218.00 89.00 307.00 OK
r-release-osx-x86_64 0.4-11 NOTE
r-oldrel-windows-ix86+x86_64 0.4-11 154.00 85.00 239.00 OK
r-oldrel-osx-x86_64 0.4-11 NOTE

Check Details

Version: 0.4-11
Check: installed package size
Result: NOTE
     installed size is 6.7Mb
     sub-directories of 1Mb or more:
     libs 5.6Mb
Flavors: r-devel-linux-x86_64-fedora-clang, r-release-osx-x86_64, r-oldrel-osx-x86_64