CRAN Package Check Results for Package RSNNS

Last updated on 2014-04-24 07:52:36.

Flavor Version Tinstall Tcheck Ttotal Status Flags
r-devel-linux-x86_64-debian-clang 0.4-4 23.51 34.64 58.15 NOTE
r-devel-linux-x86_64-debian-gcc 0.4-4 32.28 34.93 67.21 NOTE
r-devel-linux-x86_64-fedora-clang 0.4-4 133.48 NOTE
r-devel-linux-x86_64-fedora-gcc 0.4-4 124.86 NOTE
r-devel-osx-x86_64-clang 0.4-4 104.84 NOTE
r-devel-osx-x86_64-gcc 0.4-4 NOTE
r-devel-windows-ix86+x86_64 0.4-4 120.00 79.00 199.00 NOTE
r-patched-linux-x86_64 0.4-4 32.92 34.26 67.18 NOTE
r-patched-solaris-sparc 0.4-4 829.20 NOTE
r-patched-solaris-x86 0.4-4 158.60 NOTE
r-release-linux-ix86 0.4-4 54.00 58.00 112.00 NOTE
r-release-linux-x86_64 0.4-4 33.13 34.84 67.98 NOTE
r-release-osx-x86_64-mavericks 0.4-4 WARN
r-release-osx-x86_64-snowleopard 0.4-4 WARN
r-release-windows-ix86+x86_64 0.4-4 207.00 110.00 317.00 NOTE
r-oldrel-windows-ix86+x86_64 0.4-4 121.00 87.00 208.00 NOTE

Memtest notes: valgrind

Check Details

Version: 0.4-4
Check: installed package size
Result: NOTE
     installed size is 5.1Mb
     sub-directories of 1Mb or more:
     libs 4.3Mb
Flavors: r-devel-linux-x86_64-debian-clang, r-devel-linux-x86_64-debian-gcc, r-devel-linux-x86_64-fedora-clang, r-devel-linux-x86_64-fedora-gcc, r-devel-osx-x86_64-gcc, r-patched-linux-x86_64, r-patched-solaris-sparc, r-patched-solaris-x86, r-release-linux-ix86, r-release-linux-x86_64, r-release-osx-x86_64-mavericks, r-release-osx-x86_64-snowleopard

Version: 0.4-4
Check: dependencies in R code
Result: NOTE
    Packages in Depends field not imported from:
     ‘Rcpp’ ‘methods’
     These packages need to be imported from (in the NAMESPACE file)
     for when this namespace is loaded but not attached.
    See the information on DESCRIPTION files in the chapter ‘Creating R
    packages’ of the ‘Writing R Extensions’ manual.
Flavors: r-devel-linux-x86_64-debian-clang, r-devel-linux-x86_64-debian-gcc, r-devel-linux-x86_64-fedora-clang, r-devel-linux-x86_64-fedora-gcc, r-devel-osx-x86_64-clang, r-devel-osx-x86_64-gcc, r-devel-windows-ix86+x86_64, r-patched-linux-x86_64, r-patched-solaris-sparc, r-patched-solaris-x86, r-release-linux-ix86, r-release-linux-x86_64, r-release-osx-x86_64-mavericks, r-release-windows-ix86+x86_64, r-oldrel-windows-ix86+x86_64

Version: 0.4-4
Check: PDF version of manual
Result: WARNING
    LaTeX errors when creating PDF version.
    This typically indicates Rd problems.
    LaTeX errors found:
    ! LaTeX Error: File `upquote.sty' not found.
    
    Type X to quit or <RETURN> to proceed,
    or enter new name. (Default extension: sty)
    
    1d13fba2/Rd2.tex:8: ==> Fatal error occurred, no output PDF file produced!
Flavor: r-release-osx-x86_64-mavericks

Version: 0.4-4
Check: examples
Result: WARNING
    checking a package with encoding 'UTF-8' in an ASCII locale
    
     OK
Flavor: r-release-osx-x86_64-snowleopard