CRAN Package Check Results for Package RSNNS

Last updated on 2014-07-31 11:51:16.

Flavor Version Tinstall Tcheck Ttotal Status Flags
r-devel-linux-x86_64-debian-clang 0.4-5 23.65 30.85 54.50 NOTE
r-devel-linux-x86_64-debian-gcc 0.4-5 33.97 31.75 65.72 NOTE
r-devel-linux-x86_64-fedora-clang 0.4-5 127.84 NOTE
r-devel-linux-x86_64-fedora-gcc 0.4-5 122.47 NOTE
r-devel-osx-x86_64-clang 0.4-5 100.20 OK
r-devel-windows-ix86+x86_64 0.4-5 127.00 85.00 212.00 OK
r-patched-linux-x86_64 0.4-5 33.86 32.91 66.77 NOTE
r-patched-solaris-sparc 0.4-5 862.20 NOTE
r-patched-solaris-x86 0.4-5 159.80 NOTE
r-release-linux-ix86 0.4-5 44.74 43.42 88.16 NOTE
r-release-linux-x86_64 0.4-5 33.98 32.42 66.40 NOTE
r-release-osx-x86_64-mavericks 0.4-5 NOTE
r-release-osx-x86_64-snowleopard 0.4-5 NOTE
r-release-windows-ix86+x86_64 0.4-5 162.00 88.00 250.00 OK
r-oldrel-windows-ix86+x86_64 0.4-5 125.00 95.00 220.00 OK

Check Details

Version: 0.4-5
Check: installed package size
Result: NOTE
     installed size is 5.2Mb
     sub-directories of 1Mb or more:
     libs 4.3Mb
Flavors: r-devel-linux-x86_64-debian-clang, r-devel-linux-x86_64-debian-gcc, r-devel-linux-x86_64-fedora-clang, r-devel-linux-x86_64-fedora-gcc, r-patched-linux-x86_64, r-patched-solaris-sparc, r-patched-solaris-x86, r-release-linux-ix86, r-release-linux-x86_64, r-release-osx-x86_64-mavericks, r-release-osx-x86_64-snowleopard