CRAN Package Check Results for Package RSNNS

Last updated on 2017-09-20 13:01:07.

Flavor Version Tinstall Tcheck Ttotal Status Flags
r-devel-linux-x86_64-debian-clang 0.4-9 36.38 29.35 65.73 NOTE
r-devel-linux-x86_64-debian-gcc 0.4-9 38.52 30.52 69.05 NOTE
r-devel-linux-x86_64-fedora-clang 0.4-9 149.76 NOTE
r-devel-linux-x86_64-fedora-gcc 0.4-9 126.28 NOTE
r-devel-windows-ix86+x86_64 0.4-9 156.00 112.00 268.00 OK
r-patched-linux-x86_64 0.4-9 37.63 29.12 66.74 NOTE
r-patched-solaris-x86 0.4-9 138.00 OK
r-release-linux-x86_64 0.4-9 37.42 29.81 67.23 NOTE
r-release-windows-ix86+x86_64 0.4-9 151.00 95.00 246.00 OK
r-release-osx-x86_64 0.4-9 OK
r-oldrel-windows-ix86+x86_64 0.4-9 146.00 78.00 224.00 OK
r-oldrel-osx-x86_64 0.4-9 NOTE

Check Details

Version: 0.4-9
Check: compiled code
Result: NOTE
    File ‘RSNNS/libs/RSNNS.so’:
     Found no calls to: ‘R_registerRoutines’, ‘R_useDynamicSymbols’
    
    It is good practice to register native routines and to disable symbol
    search.
    
    See ‘Writing portable packages’ in the ‘Writing R Extensions’ manual.
Flavors: r-devel-linux-x86_64-debian-clang, r-devel-linux-x86_64-debian-gcc, r-devel-linux-x86_64-fedora-clang, r-devel-linux-x86_64-fedora-gcc, r-patched-linux-x86_64, r-release-linux-x86_64

Version: 0.4-9
Check: installed package size
Result: NOTE
     installed size is 6.4Mb
     sub-directories of 1Mb or more:
     libs 5.5Mb
Flavors: r-devel-linux-x86_64-fedora-clang, r-devel-linux-x86_64-fedora-gcc, r-oldrel-osx-x86_64