CRAN Package Check Results for Package RSNNS

Last updated on 2014-09-02 17:46:59.

Flavor Version Tinstall Tcheck Ttotal Status Flags
r-devel-linux-x86_64-debian-clang 0.4-5 23.41 30.93 54.34 NOTE
r-devel-linux-x86_64-debian-gcc 0.4-5 34.57 29.41 63.98 NOTE
r-devel-linux-x86_64-fedora-clang 0.4-5 133.99 NOTE
r-devel-linux-x86_64-fedora-gcc 0.4-5 120.45 NOTE
r-devel-osx-x86_64-clang 0.4-5 101.86 NOTE
r-devel-windows-ix86+x86_64 0.4-5 130.00 82.00 212.00 NOTE
r-patched-linux-x86_64 0.4-5 33.90 31.84 65.74 NOTE
r-patched-solaris-sparc 0.4-5 862.20 NOTE
r-patched-solaris-x86 0.4-5 158.10 NOTE
r-release-linux-ix86 0.4-5 44.94 44.05 88.99 NOTE
r-release-linux-x86_64 0.4-5 34.26 32.69 66.95 NOTE
r-release-osx-x86_64-mavericks 0.4-5 NOTE
r-release-osx-x86_64-snowleopard 0.4-5 NOTE
r-release-windows-ix86+x86_64 0.4-5 162.00 88.00 250.00 OK
r-oldrel-windows-ix86+x86_64 0.4-5 125.00 95.00 220.00 OK

Check Details

Version: 0.4-5
Check: installed package size
Result: NOTE
     installed size is 5.2Mb
     sub-directories of 1Mb or more:
     libs 4.3Mb
Flavors: r-devel-linux-x86_64-debian-clang, r-devel-linux-x86_64-debian-gcc, r-devel-linux-x86_64-fedora-clang, r-devel-linux-x86_64-fedora-gcc, r-patched-linux-x86_64, r-patched-solaris-sparc, r-patched-solaris-x86, r-release-linux-ix86, r-release-linux-x86_64, r-release-osx-x86_64-mavericks, r-release-osx-x86_64-snowleopard

Version: 0.4-5
Check: compiled code
Result: NOTE
    File ‘/home/hornik/tmp/R.check/r-devel-clang/Work/build/Packages/RSNNS/libs/RSNNS.so’:
     Found ‘rand’, possibly from ‘rand’ (C)
     Object: ‘u_lrand48.o’
     Found ‘srand’, possibly from ‘srand’ (C)
     Object: ‘u_lrand48.o’
    
    Compiled code should not call entry points which might terminate R nor
    write to stdout/stderr instead of to the console, nor the C RNG.
    
    See ‘Writing portable packages’ in the ‘Writing R Extensions’ manual.
Flavor: r-devel-linux-x86_64-debian-clang

Version: 0.4-5
Check: compiled code
Result: NOTE
    File ‘/home/hornik/tmp/R.check/r-devel-gcc/Work/build/Packages/RSNNS/libs/RSNNS.so’:
     Found ‘rand’, possibly from ‘rand’ (C)
     Object: ‘u_lrand48.o’
     Found ‘srand’, possibly from ‘srand’ (C)
     Object: ‘u_lrand48.o’
    
    Compiled code should not call entry points which might terminate R nor
    write to stdout/stderr instead of to the console, nor the C RNG.
    
    See ‘Writing portable packages’ in the ‘Writing R Extensions’ manual.
Flavor: r-devel-linux-x86_64-debian-gcc

Version: 0.4-5
Check: compiled code
Result: NOTE
    File ‘/data/gannet/ripley/R/packages/tests-clang/RSNNS.Rcheck/RSNNS/libs/RSNNS.so’:
     Found ‘rand’, possibly from ‘rand’ (C)
     Object: ‘u_lrand48.o’
     Found ‘srand’, possibly from ‘srand’ (C)
     Object: ‘u_lrand48.o’
    
    Compiled code should not call entry points which might terminate R nor
    write to stdout/stderr instead of to the console, nor the C RNG.
    
    See ‘Writing portable packages’ in the ‘Writing R Extensions’ manual.
Flavor: r-devel-linux-x86_64-fedora-clang

Version: 0.4-5
Check: compiled code
Result: NOTE
    File ‘/data/gannet/ripley/R/packages/tests-devel/RSNNS.Rcheck/RSNNS/libs/RSNNS.so’:
     Found ‘rand’, possibly from ‘rand’ (C)
     Object: ‘u_lrand48.o’
     Found ‘srand’, possibly from ‘srand’ (C)
     Object: ‘u_lrand48.o’
    
    Compiled code should not call entry points which might terminate R nor
    write to stdout/stderr instead of to the console, nor the C RNG.
    
    See ‘Writing portable packages’ in the ‘Writing R Extensions’ manual.
Flavor: r-devel-linux-x86_64-fedora-gcc

Version: 0.4-5
Check: compiled code
Result: NOTE
    File ‘/Users/ripley/R/packages/tests-devel/RSNNS.Rcheck/RSNNS/libs/RSNNS.so’:
     Found ‘_rand’, possibly from ‘rand’ (C)
     Object: ‘u_lrand48.o’
     Found ‘_srand’, possibly from ‘srand’ (C)
     Object: ‘u_lrand48.o’
    
    Compiled code should not call entry points which might terminate R nor
    write to stdout/stderr instead of to the console, nor the C RNG.
    
    See ‘Writing portable packages’ in the ‘Writing R Extensions’ manual.
Flavor: r-devel-osx-x86_64-clang

Version: 0.4-5
Check: compiled code
Result: NOTE
    File 'd:/Rcompile/CRANpkg/lib/3.2/RSNNS/libs/i386/RSNNS.dll':
     Found 'rand', possibly from 'rand' (C)
     Object: 'u_lrand48.o'
     Found 'srand', possibly from 'srand' (C)
     Object: 'u_lrand48.o'
    File 'd:/Rcompile/CRANpkg/lib/3.2/RSNNS/libs/x64/RSNNS.dll':
     Found 'rand', possibly from 'rand' (C)
     Object: 'u_lrand48.o'
     Found 'srand', possibly from 'srand' (C)
     Object: 'u_lrand48.o'
    
    Compiled code should not call entry points which might terminate R nor
    write to stdout/stderr instead of to the console, nor the C RNG.
    
    See 'Writing portable packages' in the 'Writing R Extensions' manual.
Flavor: r-devel-windows-ix86+x86_64