CRAN Package Check Results for Package RSNNS

Last updated on 2015-08-04 09:47:35.

Flavor Version Tinstall Tcheck Ttotal Status Flags
r-devel-linux-x86_64-debian-clang 0.4-7 27.61 29.58 57.19 NOTE
r-devel-linux-x86_64-debian-gcc 0.4-7 34.58 28.90 63.49 NOTE
r-devel-linux-x86_64-fedora-clang 0.4-7 133.69 NOTE
r-devel-linux-x86_64-fedora-gcc 0.4-7 116.99 NOTE
r-devel-osx-x86_64-clang 0.4-7 101.05 OK
r-devel-windows-ix86+x86_64 0.4-7 196.00 79.00 275.00 NOTE
r-patched-linux-x86_64 0.4-7 34.55 29.96 64.52 NOTE
r-patched-solaris-sparc 0.4-7 765.30 OK
r-patched-solaris-x86 0.4-7 137.70 OK
r-release-linux-x86_64 0.4-7 34.44 29.93 64.38 NOTE
r-release-osx-x86_64-mavericks 0.4-7 NOTE
r-release-windows-ix86+x86_64 0.4-7 183.00 76.00 259.00 OK
r-oldrel-windows-ix86+x86_64 0.4-7 202.00 87.00 289.00 OK

Check Details

Version: 0.4-7
Check: installed package size
Result: NOTE
     installed size is 5.7Mb
     sub-directories of 1Mb or more:
     libs 4.9Mb
Flavors: r-devel-linux-x86_64-debian-clang, r-devel-linux-x86_64-debian-gcc, r-devel-linux-x86_64-fedora-clang, r-devel-linux-x86_64-fedora-gcc, r-patched-linux-x86_64, r-release-linux-x86_64, r-release-osx-x86_64-mavericks

Version: 0.4-7
Check: R code for possible problems
Result: NOTE
    computeNormalizationParameters: no visible global function definition
     for ‘sd’
    plotActMap: no visible global function definition for ‘image’
    plotIterativeError.rsnns: no visible global function definition for
     ‘plot’
    plotIterativeError.rsnns: no visible global function definition for
     ‘lines’
    plotROC: no visible global function definition for ‘plot’
    plotRegressionError: no visible global function definition for ‘plot’
    plotRegressionError: no visible global function definition for ‘lm’
    plotRegressionError: no visible global function definition for ‘abline’
    plotRegressionError: no visible global function definition for ‘lines’
    predict.rsnns: no visible global function definition for ‘fitted’
    Undefined global functions or variables:
     abline fitted image lines lm plot sd
    Consider adding
     importFrom("graphics", "abline", "image", "lines", "plot")
     importFrom("stats", "fitted", "lm", "sd")
    to your NAMESPACE.
Flavors: r-devel-linux-x86_64-debian-clang, r-devel-linux-x86_64-debian-gcc, r-devel-linux-x86_64-fedora-clang, r-devel-linux-x86_64-fedora-gcc, r-devel-windows-ix86+x86_64