CRAN Package Check Results for Package RSNNS

Last updated on 2017-05-28 21:47:11.

Flavor Version Tinstall Tcheck Ttotal Status Flags
r-devel-linux-x86_64-debian-clang 0.4-9 38.05 30.47 68.52 NOTE
r-devel-linux-x86_64-debian-gcc 0.4-9 39.79 30.26 70.05 NOTE
r-devel-linux-x86_64-fedora-clang 0.4-9 144.21 NOTE
r-devel-linux-x86_64-fedora-gcc 0.4-9 123.94 NOTE
r-devel-windows-ix86+x86_64 0.4-9 151.00 119.00 270.00 OK
r-patched-linux-x86_64 0.4-9 36.17 30.89 67.06 NOTE
r-patched-solaris-sparc 0.4-9 713.80 OK
r-patched-solaris-x86 0.4-9 129.00 OK
r-release-linux-x86_64 0.4-9 33.96 30.67 64.62 NOTE
r-release-windows-ix86+x86_64 0.4-9 225.00 111.00 336.00 OK
r-release-osx-x86_64 0.4-9 OK
r-oldrel-windows-ix86+x86_64 0.4-9 178.00 107.00 285.00 OK
r-oldrel-osx-x86_64 0.4-9 NOTE

Check Details

Version: 0.4-9
Check: compiled code
Result: NOTE
    File ‘RSNNS/libs/RSNNS.so’:
     Found no calls to: ‘R_registerRoutines’, ‘R_useDynamicSymbols’
    
    It is good practice to register native routines and to disable symbol
    search.
    
    See ‘Writing portable packages’ in the ‘Writing R Extensions’ manual.
Flavors: r-devel-linux-x86_64-debian-clang, r-devel-linux-x86_64-debian-gcc, r-devel-linux-x86_64-fedora-clang, r-devel-linux-x86_64-fedora-gcc, r-patched-linux-x86_64, r-release-linux-x86_64

Version: 0.4-9
Check: installed package size
Result: NOTE
     installed size is 6.2Mb
     sub-directories of 1Mb or more:
     libs 5.3Mb
Flavors: r-devel-linux-x86_64-fedora-clang, r-devel-linux-x86_64-fedora-gcc, r-oldrel-osx-x86_64