CRAN Package Check Results for Package RSNNS

Last updated on 2016-05-29 23:47:51.

Flavor Version Tinstall Tcheck Ttotal Status Flags
r-devel-linux-x86_64-debian-gcc 0.4-7 44.79 30.16 74.95 NOTE
r-devel-linux-x86_64-fedora-clang 0.4-7 137.00 NOTE
r-devel-linux-x86_64-fedora-gcc 0.4-7 113.99 NOTE
r-devel-osx-x86_64-clang 0.4-7 123.58 NOTE
r-devel-windows-ix86+x86_64 0.4-7 131.00 77.00 208.00 NOTE
r-patched-linux-x86_64 0.4-7 32.58 30.62 63.21 NOTE
r-patched-solaris-sparc 0.4-7 741.40 NOTE
r-patched-solaris-x86 0.4-7 132.60 NOTE
r-release-linux-x86_64 0.4-7 32.44 30.19 62.62 NOTE
r-release-osx-x86_64-mavericks 0.4-7 NOTE
r-release-windows-ix86+x86_64 0.4-7 173.00 77.00 250.00 NOTE
r-oldrel-windows-ix86+x86_64 0.4-7 131.00 93.00 224.00 OK

Check Details

Version: 0.4-7
Check: installed package size
Result: NOTE
     installed size is 7.0Mb
     sub-directories of 1Mb or more:
     libs 6.2Mb
Flavors: r-devel-linux-x86_64-debian-gcc, r-devel-linux-x86_64-fedora-clang, r-devel-linux-x86_64-fedora-gcc, r-patched-linux-x86_64, r-release-linux-x86_64, r-release-osx-x86_64-mavericks

Version: 0.4-7
Check: R code for possible problems
Result: NOTE
    computeNormalizationParameters: no visible global function definition
     for ‘sd’
    plotActMap: no visible global function definition for ‘image’
    plotIterativeError.rsnns: no visible global function definition for
     ‘plot’
    plotIterativeError.rsnns: no visible global function definition for
     ‘lines’
    plotROC: no visible global function definition for ‘plot’
    plotRegressionError: no visible global function definition for ‘plot’
    plotRegressionError: no visible global function definition for ‘lm’
    plotRegressionError: no visible global function definition for ‘abline’
    plotRegressionError: no visible global function definition for ‘lines’
    predict.rsnns: no visible global function definition for ‘fitted’
    Undefined global functions or variables:
     abline fitted image lines lm plot sd
    Consider adding
     importFrom("graphics", "abline", "image", "lines", "plot")
     importFrom("stats", "fitted", "lm", "sd")
    to your NAMESPACE file.
Flavors: r-devel-linux-x86_64-debian-gcc, r-devel-linux-x86_64-fedora-clang, r-devel-linux-x86_64-fedora-gcc, r-devel-osx-x86_64-clang, r-devel-windows-ix86+x86_64, r-patched-linux-x86_64, r-patched-solaris-sparc, r-patched-solaris-x86, r-release-linux-x86_64, r-release-osx-x86_64-mavericks, r-release-windows-ix86+x86_64