CRAN Package Check Results for Package RSNNS

Last updated on 2021-10-28 00:48:58 CEST.

Flavor Version Tinstall Tcheck Ttotal Status Flags
r-devel-linux-x86_64-debian-clang 0.4-14 71.15 50.87 122.02 OK
r-devel-linux-x86_64-debian-gcc 0.4-14 61.28 39.70 100.98 OK
r-devel-linux-x86_64-fedora-clang 0.4-14 240.86 NOTE
r-devel-linux-x86_64-fedora-gcc 0.4-14 172.97 OK
r-devel-windows-x86_64 0.4-14 111.00 89.00 200.00 OK
r-devel-windows-x86_64-gcc10-UCRT 0.4-14 OK
r-patched-linux-x86_64 0.4-14 71.60 50.11 121.71 OK
r-patched-solaris-x86 0.4-14 173.50 OK
r-release-linux-x86_64 0.4-14 69.64 49.75 119.39 OK
r-release-macos-arm64 0.4-14 NOTE
r-release-macos-x86_64 0.4-14 NOTE
r-release-windows-ix86+x86_64 0.4-14 172.00 115.00 287.00 OK
r-oldrel-macos-x86_64 0.4-14 NOTE
r-oldrel-windows-ix86+x86_64 0.4-14 176.00 115.00 291.00 OK

Check Details

Version: 0.4-14
Check: installed package size
Result: NOTE
     installed size is 5.3Mb
     sub-directories of 1Mb or more:
     libs 4.3Mb
Flavors: r-devel-linux-x86_64-fedora-clang, r-release-macos-arm64, r-release-macos-x86_64, r-oldrel-macos-x86_64