CRAN Package Check Results for Package RSNNS

Last updated on 2018-01-21 07:47:33 CET.

Flavor Version Tinstall Tcheck Ttotal Status Flags
r-devel-linux-x86_64-debian-clang 0.4-10 52.90 45.57 98.47 OK
r-devel-linux-x86_64-debian-gcc 0.4-10 40.97 35.61 76.58 OK
r-devel-linux-x86_64-fedora-clang 0.4-10 153.09 NOTE
r-devel-linux-x86_64-fedora-gcc 0.4-10 125.59 NOTE
r-devel-windows-ix86+x86_64 0.4-10 200.00 91.00 291.00 OK
r-patched-linux-x86_64 0.4-10 53.16 43.88 97.04 OK
r-patched-solaris-x86 0.4-10 144.30 OK
r-release-linux-x86_64 0.4-10 51.98 44.56 96.54 OK
r-release-windows-ix86+x86_64 0.4-10 220.00 88.00 308.00 OK
r-release-osx-x86_64 0.4-10 NOTE
r-oldrel-windows-ix86+x86_64 0.4-10 200.00 78.00 278.00 OK
r-oldrel-osx-x86_64 0.4-10 NOTE

Check Details

Version: 0.4-10
Check: installed package size
Result: NOTE
     installed size is 6.5Mb
     sub-directories of 1Mb or more:
     libs 5.6Mb
Flavors: r-devel-linux-x86_64-fedora-clang, r-devel-linux-x86_64-fedora-gcc, r-release-osx-x86_64, r-oldrel-osx-x86_64