CRAN Package Check Results for Package RSNNS

Last updated on 2015-05-30 11:50:34.

Flavor Version Tinstall Tcheck Ttotal Status Flags
r-devel-linux-x86_64-debian-clang 0.4-6 27.16 29.54 56.70 NOTE
r-devel-linux-x86_64-debian-gcc 0.4-6 33.99 28.88 62.86 NOTE
r-devel-linux-x86_64-fedora-clang 0.4-6 137.83 NOTE
r-devel-linux-x86_64-fedora-gcc 0.4-6 116.70 NOTE
r-devel-osx-x86_64-clang 0.4-6 109.56 OK
r-devel-windows-ix86+x86_64 0.4-6 147.00 84.00 231.00 OK
r-patched-linux-x86_64 0.4-6 33.63 28.50 62.14 NOTE
r-patched-solaris-sparc 0.4-6 817.30 NOTE
r-patched-solaris-x86 0.4-6 152.00 NOTE
r-release-linux-x86_64 0.4-6 34.28 29.35 63.63 NOTE
r-release-osx-x86_64-mavericks 0.4-6 NOTE
r-release-osx-x86_64-snowleopard 0.4-6 NOTE
r-release-windows-ix86+x86_64 0.4-6 126.00 92.00 218.00 OK
r-oldrel-windows-ix86+x86_64 0.4-6 106.00 81.00 187.00 OK

Check Details

Version: 0.4-6
Check: installed package size
Result: NOTE
     installed size is 5.7Mb
     sub-directories of 1Mb or more:
     libs 4.9Mb
Flavors: r-devel-linux-x86_64-debian-clang, r-devel-linux-x86_64-debian-gcc, r-devel-linux-x86_64-fedora-clang, r-devel-linux-x86_64-fedora-gcc, r-patched-linux-x86_64, r-patched-solaris-sparc, r-patched-solaris-x86, r-release-linux-x86_64, r-release-osx-x86_64-mavericks, r-release-osx-x86_64-snowleopard