CRAN Package Check Results for Package RSNNS

Last updated on 2020-08-14 13:52:34 CEST.

Flavor Version Tinstall Tcheck Ttotal Status Flags
r-devel-linux-x86_64-debian-clang 0.4-12 79.82 48.87 128.69 OK
r-devel-linux-x86_64-debian-gcc 0.4-12 65.20 37.92 103.12 OK
r-devel-linux-x86_64-fedora-clang 0.4-12 229.57 NOTE
r-devel-linux-x86_64-fedora-gcc 0.4-12 166.60 OK
r-devel-windows-ix86+x86_64 0.4-12 231.00 119.00 350.00 WARN
r-patched-linux-x86_64 0.4-12 69.03 49.45 118.48 OK
r-patched-solaris-x86 0.4-12 168.30 OK
r-release-linux-x86_64 0.4-12 66.92 49.38 116.30 OK
r-release-macos-x86_64 0.4-12 NOTE
r-release-windows-ix86+x86_64 0.4-12 231.00 101.00 332.00 WARN
r-oldrel-macos-x86_64 0.4-12 NOTE
r-oldrel-windows-ix86+x86_64 0.4-12 160.00 105.00 265.00 OK

Check Details

Version: 0.4-12
Check: installed package size
Result: NOTE
     installed size is 7.8Mb
     sub-directories of 1Mb or more:
     libs 6.7Mb
Flavors: r-devel-linux-x86_64-fedora-clang, r-release-macos-x86_64, r-oldrel-macos-x86_64

Version: 0.4-12
Check: whether package can be installed
Result: WARN
    Found the following significant warnings:
     kr_io.cpp:891:9: warning: 'char* strcat(char*, const char*)' accessing 631 or more bytes at offsets 6607 and 7237 may overlap 1 byte at offset 7237 [-Wrestrict]
     kr_io.cpp:868:9: warning: 'char* strcat(char*, const char*)' accessing 631 or more bytes at offsets 6607 and 7237 may overlap 1 byte at offset 7237 [-Wrestrict]
     kr_io.cpp:891:9: warning: 'char* strcat(char*, const char*)' accessing 631 or more bytes at offsets 6719 and 7349 may overlap 1 byte at offset 7349 [-Wrestrict]
     kr_io.cpp:868:9: warning: 'char* strcat(char*, const char*)' accessing 631 or more bytes at offsets 6719 and 7349 may overlap 1 byte at offset 7349 [-Wrestrict]
Flavors: r-devel-windows-ix86+x86_64, r-release-windows-ix86+x86_64