CRAN Package Check Results for Package RSNNS

Last updated on 2016-08-24 06:47:55.

Flavor Version Tinstall Tcheck Ttotal Status Flags
r-devel-linux-x86_64-debian-clang 0.4-7 34.26 29.48 63.74 NOTE
r-devel-linux-x86_64-debian-gcc 0.4-7 36.35 30.02 66.37 NOTE
r-devel-linux-x86_64-fedora-clang 0.4-7 141.33 NOTE
r-devel-linux-x86_64-fedora-gcc 0.4-7 119.36 NOTE
r-devel-osx-x86_64-clang 0.4-7 97.34 NOTE
r-devel-windows-ix86+x86_64 0.4-7 189.00 100.00 289.00 NOTE
r-patched-linux-x86_64 0.4-7 32.14 30.21 62.36 NOTE
r-patched-solaris-sparc 0.4-7 739.00 NOTE
r-patched-solaris-x86 0.4-7 128.80 NOTE
r-release-linux-x86_64 0.4-7 32.89 30.81 63.70 NOTE
r-release-osx-x86_64-mavericks 0.4-7 NOTE
r-release-windows-ix86+x86_64 0.4-7 177.00 75.00 252.00 NOTE
r-oldrel-windows-ix86+x86_64 0.4-7 191.00 77.00 268.00 OK

Check Details

Version: 0.4-7
Check: installed package size
Result: NOTE
     installed size is 6.2Mb
     sub-directories of 1Mb or more:
     libs 5.3Mb
Flavors: r-devel-linux-x86_64-debian-clang, r-devel-linux-x86_64-debian-gcc, r-devel-linux-x86_64-fedora-clang, r-devel-linux-x86_64-fedora-gcc, r-patched-linux-x86_64, r-release-linux-x86_64, r-release-osx-x86_64-mavericks

Version: 0.4-7
Check: R code for possible problems
Result: NOTE
    computeNormalizationParameters: no visible global function definition
     for ‘sd’
    plotActMap: no visible global function definition for ‘image’
    plotIterativeError.rsnns: no visible global function definition for
     ‘plot’
    plotIterativeError.rsnns: no visible global function definition for
     ‘lines’
    plotROC: no visible global function definition for ‘plot’
    plotRegressionError: no visible global function definition for ‘plot’
    plotRegressionError: no visible global function definition for ‘lm’
    plotRegressionError: no visible global function definition for ‘abline’
    plotRegressionError: no visible global function definition for ‘lines’
    predict.rsnns: no visible global function definition for ‘fitted’
    Undefined global functions or variables:
     abline fitted image lines lm plot sd
    Consider adding
     importFrom("graphics", "abline", "image", "lines", "plot")
     importFrom("stats", "fitted", "lm", "sd")
    to your NAMESPACE file.
Flavors: r-devel-linux-x86_64-debian-clang, r-devel-linux-x86_64-debian-gcc, r-devel-linux-x86_64-fedora-clang, r-devel-linux-x86_64-fedora-gcc, r-devel-osx-x86_64-clang, r-devel-windows-ix86+x86_64, r-patched-linux-x86_64, r-patched-solaris-sparc, r-patched-solaris-x86, r-release-linux-x86_64, r-release-osx-x86_64-mavericks, r-release-windows-ix86+x86_64