Last updated on 2023-05-31 18:52:50 CEST.
Flavor | Version | Tinstall | Tcheck | Ttotal | Status | Flags |
---|---|---|---|---|---|---|
r-devel-linux-x86_64-debian-clang | 0.1 | 34.42 | 285.75 | 320.17 | OK | |
r-devel-linux-x86_64-debian-gcc | 0.1 | 30.46 | 220.12 | 250.58 | OK | |
r-devel-linux-x86_64-fedora-clang | 0.1 | 410.76 | NOTE | |||
r-devel-linux-x86_64-fedora-gcc | 0.1 | 422.76 | OK | |||
r-devel-windows-x86_64 | 0.1 | 30.00 | 189.00 | 219.00 | OK | |
r-patched-linux-x86_64 | 0.1 | OK | ||||
r-release-linux-x86_64 | 0.1 | 27.82 | 275.61 | 303.43 | OK | |
r-release-macos-arm64 | 0.1 | 122.00 | OK | |||
r-release-macos-x86_64 | 0.1 | 190.00 | OK | |||
r-release-windows-x86_64 | 0.1 | 39.00 | 240.00 | 279.00 | OK | |
r-oldrel-macos-arm64 | 0.1 | 74.00 | OK | |||
r-oldrel-macos-x86_64 | 0.1 | 135.00 | OK | |||
r-oldrel-windows-x86_64 | 0.1 | 40.00 | 252.00 | 292.00 | OK |
Version: 0.1
Check: package dependencies
Result: NOTE
Imports includes 24 non-default packages.
Importing from so many packages makes the package vulnerable to any of
them becoming unavailable. Move as many as possible to Suggests and
use conditionally.
Flavor: r-devel-linux-x86_64-fedora-clang