CRAN Package Check Results for Package RSQLite.extfuns

Last updated on 2014-07-22 08:47:16.

Flavor Version Tinstall Tcheck Ttotal Status Flags
r-devel-linux-x86_64-debian-clang 0.0.1 1.22 11.83 13.05 NOTE
r-devel-linux-x86_64-debian-gcc 0.0.1 1.45 12.08 13.53 NOTE
r-devel-linux-x86_64-fedora-clang 0.0.1 28.62 NOTE
r-devel-linux-x86_64-fedora-gcc 0.0.1 26.97 NOTE
r-devel-osx-x86_64-clang 0.0.1 29.15 NOTE
r-devel-windows-ix86+x86_64 0.0.1 8.00 26.00 34.00 WARN
r-patched-linux-x86_64 0.0.1 1.53 11.90 13.43 NOTE
r-patched-solaris-sparc 0.0.1 157.10 NOTE
r-patched-solaris-x86 0.0.1 39.00 NOTE
r-release-linux-ix86 0.0.1 2.22 18.68 20.90 NOTE
r-release-linux-x86_64 0.0.1 1.55 12.32 13.86 NOTE
r-release-osx-x86_64-mavericks 0.0.1 NOTE
r-release-osx-x86_64-snowleopard 0.0.1 NOTE
r-release-windows-ix86+x86_64 0.0.1 10.00 27.00 37.00 WARN
r-oldrel-windows-ix86+x86_64 0.0.1 7.00 26.00 33.00 NOTE

Check Details

Version: 0.0.1
Check: for hidden files and directories
Result: NOTE
    Found the following hidden files and directories:
     .gitignore
    These were most likely included in error. See section ‘Package
    structure’ in the ‘Writing R Extensions’ manual.
Flavors: r-devel-linux-x86_64-debian-clang, r-devel-linux-x86_64-debian-gcc, r-devel-linux-x86_64-fedora-clang, r-devel-linux-x86_64-fedora-gcc, r-devel-osx-x86_64-clang, r-devel-windows-ix86+x86_64, r-patched-linux-x86_64, r-patched-solaris-sparc, r-patched-solaris-x86, r-release-linux-ix86, r-release-linux-x86_64, r-release-osx-x86_64-mavericks, r-release-osx-x86_64-snowleopard, r-release-windows-ix86+x86_64, r-oldrel-windows-ix86+x86_64

Version: 0.0.1
Check: dependencies in R code
Result: NOTE
    Package in Depends field not imported from: ‘RSQLite’
     These packages need to be imported from (in the NAMESPACE file)
     for when this namespace is loaded but not attached.
    See the information on DESCRIPTION files in the chapter ‘Creating R
    packages’ of the ‘Writing R Extensions’ manual.
Flavors: r-devel-linux-x86_64-debian-clang, r-devel-linux-x86_64-debian-gcc, r-devel-linux-x86_64-fedora-clang, r-devel-linux-x86_64-fedora-gcc, r-devel-osx-x86_64-clang, r-devel-windows-ix86+x86_64, r-patched-linux-x86_64, r-patched-solaris-sparc, r-patched-solaris-x86, r-release-linux-ix86, r-release-linux-x86_64, r-release-osx-x86_64-mavericks, r-release-windows-ix86+x86_64, r-oldrel-windows-ix86+x86_64

Version: 0.0.1
Check: compiled code
Result: NOTE
    File ‘/home/hornik/tmp/R.check/r-devel-clang/Work/build/Packages/RSQLite.extfuns/libs/RSQLite.extfuns.so’:
     Found ‘printf’, possibly from ‘printf’ (C)
     Object: ‘extension-functions.o’
    
    Compiled code should not call entry points which might terminate R nor
    write to stdout/stderr instead of to the console.
    
    See ‘Writing portable packages’ in the ‘Writing R Extensions’ manual.
Flavor: r-devel-linux-x86_64-debian-clang

Version: 0.0.1
Check: compiled code
Result: NOTE
    File ‘/home/hornik/tmp/R.check/r-devel-gcc/Work/build/Packages/RSQLite.extfuns/libs/RSQLite.extfuns.so’:
     Found ‘printf’, possibly from ‘printf’ (C)
     Object: ‘extension-functions.o’
    
    Compiled code should not call entry points which might terminate R nor
    write to stdout/stderr instead of to the console.
    
    See ‘Writing portable packages’ in the ‘Writing R Extensions’ manual.
Flavor: r-devel-linux-x86_64-debian-gcc

Version: 0.0.1
Check: compiled code
Result: NOTE
    File ‘/data/gannet/ripley/R/packages/tests-clang/RSQLite.extfuns.Rcheck/RSQLite.extfuns/libs/RSQLite.extfuns.so’:
     Found ‘printf’, possibly from ‘printf’ (C)
     Object: ‘extension-functions.o’
    
    Compiled code should not call entry points which might terminate R nor
    write to stdout/stderr instead of to the console.
    
    See ‘Writing portable packages’ in the ‘Writing R Extensions’ manual.
Flavor: r-devel-linux-x86_64-fedora-clang

Version: 0.0.1
Check: compiled code
Result: NOTE
    File ‘/data/gannet/ripley/R/packages/tests-devel/RSQLite.extfuns.Rcheck/RSQLite.extfuns/libs/RSQLite.extfuns.so’:
     Found ‘printf’, possibly from ‘printf’ (C)
     Object: ‘extension-functions.o’
    
    Compiled code should not call entry points which might terminate R nor
    write to stdout/stderr instead of to the console.
    
    See ‘Writing portable packages’ in the ‘Writing R Extensions’ manual.
Flavor: r-devel-linux-x86_64-fedora-gcc

Version: 0.0.1
Check: compiled code
Result: NOTE
    File ‘/Users/ripley/R/packages/tests-devel/RSQLite.extfuns.Rcheck/RSQLite.extfuns/libs/RSQLite.extfuns.so’:
     Found ‘_printf’, possibly from ‘printf’ (C)
     Object: ‘extension-functions.o’
    
    Compiled code should not call entry points which might terminate R nor
    write to stdout/stderr instead of to the console.
    
    See ‘Writing portable packages’ in the ‘Writing R Extensions’ manual.
Flavor: r-devel-osx-x86_64-clang

Version: 0.0.1
Check: whether package can be installed
Result: WARNING
    Found the following significant warnings:
     extension-functions.c:1942:3: warning: too many arguments for format [-Wformat-extra-args]
    See 'd:/Rcompile/CRANpkg/local/3.2/RSQLite.extfuns.Rcheck/00install.out' for details.
Flavor: r-devel-windows-ix86+x86_64

Version: 0.0.1
Check: compiled code
Result: NOTE
    File 'd:/Rcompile/CRANpkg/lib/3.2/RSQLite.extfuns/libs/i386/RSQLite.extfuns.dll':
     Found 'printf', possibly from 'printf' (C)
     Object: 'extension-functions.o'
    File 'd:/Rcompile/CRANpkg/lib/3.2/RSQLite.extfuns/libs/x64/RSQLite.extfuns.dll':
     Found 'printf', possibly from 'printf' (C)
     Object: 'extension-functions.o'
    
    Compiled code should not call entry points which might terminate R nor
    write to stdout/stderr instead of to the console.
    
    See 'Writing portable packages' in the 'Writing R Extensions' manual.
    * checking examples ...
Flavor: r-devel-windows-ix86+x86_64

Version: 0.0.1
Check: compiled code
Result: NOTE
    File ‘/home/hornik/tmp/R.check/r-patched-gcc/Work/build/Packages/RSQLite.extfuns/libs/RSQLite.extfuns.so’:
     Found ‘printf’, possibly from ‘printf’ (C)
     Object: ‘extension-functions.o’
    
    Compiled code should not call entry points which might terminate R nor
    write to stdout/stderr instead of to the console.
    
    See ‘Writing portable packages’ in the ‘Writing R Extensions’ manual.
Flavor: r-patched-linux-x86_64

Version: 0.0.1
Check: compiled code
Result: NOTE
    File ‘/home/ripley/R/Lib32/RSQLite.extfuns/libs/RSQLite.extfuns.so’:
     Found ‘printf’, possibly from ‘printf’ (C)
     Object: ‘extension-functions.o’
    
    Compiled code should not call entry points which might terminate R nor
    write to stdout/stderr instead of to the console.
    
    See ‘Writing portable packages’ in the ‘Writing R Extensions’ manual.
Flavors: r-patched-solaris-sparc, r-patched-solaris-x86

Version: 0.0.1
Check: compiled code
Result: NOTE
    File ‘/home/hornik/tmp/R.check/r-release-gcc/Work/build/Packages/RSQLite.extfuns/libs/RSQLite.extfuns.so’:
     Found ‘printf’, possibly from ‘printf’ (C)
     Object: ‘extension-functions.o’
    
    Compiled code should not call entry points which might terminate R nor
    write to stdout/stderr instead of to the console.
    
    See ‘Writing portable packages’ in the ‘Writing R Extensions’ manual.
Flavors: r-release-linux-ix86, r-release-linux-x86_64

Version: 0.0.1
Check: compiled code
Result: NOTE
    File ‘/Builds/CRAN-QA-Simon/packages/mavericks-x86_64/results/3.1/RSQLite.extfuns.Rcheck/RSQLite.extfuns/libs/RSQLite.extfuns.so’:
     Found ‘_printf’, possibly from ‘printf’ (C)
     Object: ‘extension-functions.o’
    
    Compiled code should not call entry points which might terminate R nor
    write to stdout/stderr instead of to the console.
    
    See ‘Writing portable packages’ in the ‘Writing R Extensions’ manual.
Flavor: r-release-osx-x86_64-mavericks

Version: 0.0.1
Check: compiled code
Result: NOTE
    File '/Volumes/XT3/Builds/R-dev-web/QA/Simon/packages/snowleopard-x86_64/results/3.1/RSQLite.extfuns.Rcheck/RSQLite.extfuns/libs/RSQLite.extfuns.so':
     Found '_printf', possibly from 'printf' (C)
     Object: 'extension-functions.o'
    
    Compiled code should not call entry points which might terminate R nor
    write to stdout/stderr instead of to the console.
    
    See 'Writing portable packages' in the 'Writing R Extensions' manual.
Flavor: r-release-osx-x86_64-snowleopard

Version: 0.0.1
Check: whether package can be installed
Result: WARNING
    Found the following significant warnings:
     extension-functions.c:1942:3: warning: too many arguments for format [-Wformat-extra-args]
    See 'd:/Rcompile/CRANpkg/local/3.1/RSQLite.extfuns.Rcheck/00install.out' for details.
Flavor: r-release-windows-ix86+x86_64

Version: 0.0.1
Check: compiled code
Result: NOTE
    File 'd:/Rcompile/CRANpkg/lib/3.1/RSQLite.extfuns/libs/i386/RSQLite.extfuns.dll':
     Found 'printf', possibly from 'printf' (C)
     Object: 'extension-functions.o'
    File 'd:/Rcompile/CRANpkg/lib/3.1/RSQLite.extfuns/libs/x64/RSQLite.extfuns.dll':
     Found 'printf', possibly from 'printf' (C)
     Object: 'extension-functions.o'
    
    Compiled code should not call entry points which might terminate R nor
    write to stdout/stderr instead of to the console.
    
    See 'Writing portable packages' in the 'Writing R Extensions' manual.
    * checking examples ...
Flavor: r-release-windows-ix86+x86_64

Version: 0.0.1
Check: compiled code
Result: NOTE
    File 'd:/Rcompile/CRANpkg/lib/3.0/RSQLite.extfuns/libs/i386/RSQLite.extfuns.dll':
     Found 'printf', possibly from 'printf' (C)
     Object: 'extension-functions.o'
    File 'd:/Rcompile/CRANpkg/lib/3.0/RSQLite.extfuns/libs/x64/RSQLite.extfuns.dll':
     Found 'printf', possibly from 'printf' (C)
     Object: 'extension-functions.o'
    
    Compiled code should not call entry points which might terminate R nor
    write to stdout/stderr instead of to the console.
    
    See 'Writing portable packages' in the 'Writing R Extensions' manual.
    * checking examples ...
Flavor: r-oldrel-windows-ix86+x86_64