CRAN Package Check Results for Package RSQLite.extfuns

Last updated on 2014-04-24 11:48:55.

Flavor Version Tinstall Tcheck Ttotal Status Flags
r-devel-linux-x86_64-debian-clang 0.0.1 1.34 12.40 13.74 NOTE
r-devel-linux-x86_64-debian-gcc 0.0.1 1.55 12.40 13.95 NOTE
r-devel-linux-x86_64-fedora-clang 0.0.1 28.12 NOTE
r-devel-linux-x86_64-fedora-gcc 0.0.1 26.71 NOTE
r-devel-osx-x86_64-clang 0.0.1 30.04 NOTE
r-devel-osx-x86_64-gcc 0.0.1 NOTE
r-devel-windows-ix86+x86_64 0.0.1 7.00 26.00 33.00 NOTE
r-patched-linux-x86_64 0.0.1 1.70 12.54 14.23 NOTE
r-patched-solaris-sparc 0.0.1 157.10 NOTE
r-patched-solaris-x86 0.0.1 40.70 NOTE
r-release-linux-ix86 0.0.1 2.00 27.00 29.00 NOTE
r-release-linux-x86_64 0.0.1 1.61 12.40 14.01 NOTE
r-release-osx-x86_64-mavericks 0.0.1 WARN
r-release-osx-x86_64-snowleopard 0.0.1 NOTE
r-release-windows-ix86+x86_64 0.0.1 12.00 39.00 51.00 NOTE
r-oldrel-windows-ix86+x86_64 0.0.1 7.00 26.00 33.00 NOTE

Check Details

Version: 0.0.1
Check: for hidden files and directories
Result: NOTE
    Found the following hidden files and directories:
     .gitignore
    These were most likely included in error. See section ‘Package
    structure’ in the ‘Writing R Extensions’ manual.
Flavors: r-devel-linux-x86_64-debian-clang, r-devel-linux-x86_64-debian-gcc, r-devel-linux-x86_64-fedora-clang, r-devel-linux-x86_64-fedora-gcc, r-devel-osx-x86_64-clang, r-devel-osx-x86_64-gcc, r-devel-windows-ix86+x86_64, r-patched-linux-x86_64, r-patched-solaris-sparc, r-patched-solaris-x86, r-release-linux-ix86, r-release-linux-x86_64, r-release-osx-x86_64-mavericks, r-release-osx-x86_64-snowleopard, r-release-windows-ix86+x86_64, r-oldrel-windows-ix86+x86_64

Version: 0.0.1
Check: dependencies in R code
Result: NOTE
    Package in Depends field not imported from: ‘RSQLite’
     These packages need to be imported from (in the NAMESPACE file)
     for when this namespace is loaded but not attached.
    See the information on DESCRIPTION files in the chapter ‘Creating R
    packages’ of the ‘Writing R Extensions’ manual.
Flavors: r-devel-linux-x86_64-debian-clang, r-devel-linux-x86_64-debian-gcc, r-devel-linux-x86_64-fedora-clang, r-devel-linux-x86_64-fedora-gcc, r-devel-osx-x86_64-clang, r-devel-osx-x86_64-gcc, r-devel-windows-ix86+x86_64, r-patched-linux-x86_64, r-patched-solaris-sparc, r-patched-solaris-x86, r-release-linux-ix86, r-release-linux-x86_64, r-release-osx-x86_64-mavericks, r-release-windows-ix86+x86_64, r-oldrel-windows-ix86+x86_64

Version: 0.0.1
Check: compiled code
Result: NOTE
    File ‘/home/hornik/tmp/R.check/r-devel-clang/Work/build/Packages/RSQLite.extfuns/libs/RSQLite.extfuns.so’:
     Found ‘printf’, possibly from ‘printf’ (C)
     Object: ‘extension-functions.o’
    
    Compiled code should not call entry points which might terminate R nor
    write to stdout/stderr instead of to the console.
    
    See ‘Writing portable packages’ in the ‘Writing R Extensions’ manual.
Flavor: r-devel-linux-x86_64-debian-clang

Version: 0.0.1
Check: compiled code
Result: NOTE
    File ‘/home/hornik/tmp/R.check/r-devel-gcc/Work/build/Packages/RSQLite.extfuns/libs/RSQLite.extfuns.so’:
     Found ‘printf’, possibly from ‘printf’ (C)
     Object: ‘extension-functions.o’
    
    Compiled code should not call entry points which might terminate R nor
    write to stdout/stderr instead of to the console.
    
    See ‘Writing portable packages’ in the ‘Writing R Extensions’ manual.
Flavor: r-devel-linux-x86_64-debian-gcc

Version: 0.0.1
Check: compiled code
Result: NOTE
    File ‘/data/gannet/ripley/R/packages/tests-clang/RSQLite.extfuns.Rcheck/RSQLite.extfuns/libs/RSQLite.extfuns.so’:
     Found ‘printf’, possibly from ‘printf’ (C)
     Object: ‘extension-functions.o’
    
    Compiled code should not call entry points which might terminate R nor
    write to stdout/stderr instead of to the console.
    
    See ‘Writing portable packages’ in the ‘Writing R Extensions’ manual.
Flavor: r-devel-linux-x86_64-fedora-clang

Version: 0.0.1
Check: compiled code
Result: NOTE
    File ‘/data/gannet/ripley/R/packages/tests-devel/RSQLite.extfuns.Rcheck/RSQLite.extfuns/libs/RSQLite.extfuns.so’:
     Found ‘printf’, possibly from ‘printf’ (C)
     Object: ‘extension-functions.o’
    
    Compiled code should not call entry points which might terminate R nor
    write to stdout/stderr instead of to the console.
    
    See ‘Writing portable packages’ in the ‘Writing R Extensions’ manual.
Flavor: r-devel-linux-x86_64-fedora-gcc

Version: 0.0.1
Check: compiled code
Result: NOTE
    File ‘/Users/ripley/R/packages/tests-devel/RSQLite.extfuns.Rcheck/RSQLite.extfuns/libs/RSQLite.extfuns.so’:
     Found ‘_printf’, possibly from ‘printf’ (C)
     Object: ‘extension-functions.o’
    
    Compiled code should not call entry points which might terminate R nor
    write to stdout/stderr instead of to the console.
    
    See ‘Writing portable packages’ in the ‘Writing R Extensions’ manual.
Flavor: r-devel-osx-x86_64-clang

Version: 0.0.1
Check: compiled code
Result: NOTE
    File ‘/Volumes/XT3/Builds/R-dev-web/QA/Simon/packages/snowleopard-x86_64/results/3.2/RSQLite.extfuns.Rcheck/RSQLite.extfuns/libs/RSQLite.extfuns.so’:
     Found ‘_printf’, possibly from ‘printf’ (C)
     Object: ‘extension-functions.o’
    
    Compiled code should not call entry points which might terminate R nor
    write to stdout/stderr instead of to the console.
    
    See ‘Writing portable packages’ in the ‘Writing R Extensions’ manual.
Flavor: r-devel-osx-x86_64-gcc

Version: 0.0.1
Check: compiled code
Result: NOTE
    File 'd:/Rcompile/CRANpkg/lib/3.2/RSQLite.extfuns/libs/i386/RSQLite.extfuns.dll':
     Found 'printf', possibly from 'printf' (C)
     Object: 'extension-functions.o'
    File 'd:/Rcompile/CRANpkg/lib/3.2/RSQLite.extfuns/libs/x64/RSQLite.extfuns.dll':
     Found 'printf', possibly from 'printf' (C)
     Object: 'extension-functions.o'
    
    Compiled code should not call entry points which might terminate R nor
    write to stdout/stderr instead of to the console.
    
    See 'Writing portable packages' in the 'Writing R Extensions' manual.
    * checking examples ...
Flavor: r-devel-windows-ix86+x86_64

Version: 0.0.1
Check: compiled code
Result: NOTE
    File ‘/home/hornik/tmp/R.check/r-patched-gcc/Work/build/Packages/RSQLite.extfuns/libs/RSQLite.extfuns.so’:
     Found ‘printf’, possibly from ‘printf’ (C)
     Object: ‘extension-functions.o’
    
    Compiled code should not call entry points which might terminate R nor
    write to stdout/stderr instead of to the console.
    
    See ‘Writing portable packages’ in the ‘Writing R Extensions’ manual.
Flavor: r-patched-linux-x86_64

Version: 0.0.1
Check: compiled code
Result: NOTE
    File ‘/home/ripley/R/Lib32/RSQLite.extfuns/libs/RSQLite.extfuns.so’:
     Found ‘printf’, possibly from ‘printf’ (C)
     Object: ‘extension-functions.o’
    
    Compiled code should not call entry points which might terminate R nor
    write to stdout/stderr instead of to the console.
    
    See ‘Writing portable packages’ in the ‘Writing R Extensions’ manual.
Flavors: r-patched-solaris-sparc, r-patched-solaris-x86

Version: 0.0.1
Check: compiled code
Result: NOTE
    File ‘/home/hornik/tmp/R.check/r-release-gcc/Work/build/Packages/RSQLite.extfuns/libs/RSQLite.extfuns.so’:
     Found ‘printf’, possibly from ‘printf’ (C)
     Object: ‘extension-functions.o’
    
    Compiled code should not call entry points which might terminate R nor
    write to stdout/stderr instead of to the console.
    
    See ‘Writing portable packages’ in the ‘Writing R Extensions’ manual.
Flavors: r-release-linux-ix86, r-release-linux-x86_64

Version: 0.0.1
Check: compiled code
Result: NOTE
    File ‘/Builds/CRAN-QA-Simon/packages/mavericks-x86_64/results/3.1/RSQLite.extfuns.Rcheck/RSQLite.extfuns/libs/RSQLite.extfuns.so’:
     Found ‘_printf’, possibly from ‘printf’ (C)
     Object: ‘extension-functions.o’
    
    Compiled code should not call entry points which might terminate R nor
    write to stdout/stderr instead of to the console.
    
    See ‘Writing portable packages’ in the ‘Writing R Extensions’ manual.
Flavor: r-release-osx-x86_64-mavericks

Version: 0.0.1
Check: PDF version of manual
Result: WARNING
    LaTeX errors when creating PDF version.
    This typically indicates Rd problems.
    LaTeX errors found:
    ! LaTeX Error: File `upquote.sty' not found.
    
    Type X to quit or <RETURN> to proceed,
    or enter new name. (Default extension: sty)
    
    6c6a7408/Rd2.tex:8: ==> Fatal error occurred, no output PDF file produced!
Flavor: r-release-osx-x86_64-mavericks

Version: 0.0.1
Check: compiled code
Result: NOTE
    File '/Volumes/XT3/Builds/R-dev-web/QA/Simon/packages/snowleopard-x86_64/results/3.1/RSQLite.extfuns.Rcheck/RSQLite.extfuns/libs/RSQLite.extfuns.so':
     Found '_printf', possibly from 'printf' (C)
     Object: 'extension-functions.o'
    
    Compiled code should not call entry points which might terminate R nor
    write to stdout/stderr instead of to the console.
    
    See 'Writing portable packages' in the 'Writing R Extensions' manual.
Flavor: r-release-osx-x86_64-snowleopard

Version: 0.0.1
Check: compiled code
Result: NOTE
    File 'd:/Rcompile/CRANpkg/lib/3.1/RSQLite.extfuns/libs/i386/RSQLite.extfuns.dll':
     Found 'printf', possibly from 'printf' (C)
     Object: 'extension-functions.o'
    File 'd:/Rcompile/CRANpkg/lib/3.1/RSQLite.extfuns/libs/x64/RSQLite.extfuns.dll':
     Found 'printf', possibly from 'printf' (C)
     Object: 'extension-functions.o'
    
    Compiled code should not call entry points which might terminate R nor
    write to stdout/stderr instead of to the console.
    
    See 'Writing portable packages' in the 'Writing R Extensions' manual.
    * checking examples ...
Flavor: r-release-windows-ix86+x86_64

Version: 0.0.1
Check: compiled code
Result: NOTE
    File 'd:/Rcompile/CRANpkg/lib/3.0/RSQLite.extfuns/libs/i386/RSQLite.extfuns.dll':
     Found 'printf', possibly from 'printf' (C)
     Object: 'extension-functions.o'
    File 'd:/Rcompile/CRANpkg/lib/3.0/RSQLite.extfuns/libs/x64/RSQLite.extfuns.dll':
     Found 'printf', possibly from 'printf' (C)
     Object: 'extension-functions.o'
    
    Compiled code should not call entry points which might terminate R nor
    write to stdout/stderr instead of to the console.
    
    See 'Writing portable packages' in the 'Writing R Extensions' manual.
    * checking examples ...
Flavor: r-oldrel-windows-ix86+x86_64