CRAN Package Check Results for Package RSQLite

Last updated on 2020-07-11 23:48:02 CEST.

Flavor Version Tinstall Tcheck Ttotal Status Flags
r-devel-linux-x86_64-debian-clang 2.2.0 269.85 59.79 329.64 OK
r-devel-linux-x86_64-debian-gcc 2.2.0 186.21 46.31 232.52 OK
r-devel-linux-x86_64-fedora-clang 2.2.0 466.95 NOTE
r-devel-linux-x86_64-fedora-gcc 2.2.0 382.02 OK
r-devel-windows-ix86+x86_64 2.2.0 606.00 155.00 761.00 NOTE
r-patched-linux-x86_64 2.2.0 178.11 59.63 237.74 OK
r-patched-solaris-x86 2.2.0 321.30 OK
r-release-linux-x86_64 2.2.0 179.67 59.83 239.50 OK
r-release-macos-x86_64 2.2.0 NOTE
r-release-windows-ix86+x86_64 2.2.0 606.00 162.00 768.00 NOTE
r-oldrel-macos-x86_64 2.2.0 NOTE
r-oldrel-windows-ix86+x86_64 2.2.0 535.00 113.00 648.00 OK

Check Details

Version: 2.2.0
Check: installed package size
Result: NOTE
     installed size is 14.7Mb
     sub-directories of 1Mb or more:
     libs 14.0Mb
Flavors: r-devel-linux-x86_64-fedora-clang, r-devel-windows-ix86+x86_64, r-release-macos-x86_64, r-release-windows-ix86+x86_64, r-oldrel-macos-x86_64