CRAN Package Check Results for Package RSQLite

Last updated on 2022-01-22 06:34:54 CET.

Flavor Version Tinstall Tcheck Ttotal Status Flags
r-devel-linux-x86_64-debian-clang 2.2.9 239.93 78.62 318.55 OK
r-devel-linux-x86_64-debian-gcc 2.2.9 177.55 60.96 238.51 OK
r-devel-linux-x86_64-fedora-clang 2.2.9 487.31 NOTE
r-devel-linux-x86_64-fedora-gcc 2.2.9 422.23 OK
r-devel-windows-x86_64-new-UL 2.2.9 1437.00 7.00 1444.00 ERROR
r-devel-windows-x86_64-new-TK 2.2.9 OK
r-patched-linux-x86_64 2.2.9 221.87 75.78 297.65 OK
r-release-linux-x86_64 2.2.9 207.55 75.44 282.99 OK
r-release-macos-arm64 2.2.9 NOTE
r-release-macos-x86_64 2.2.9 NOTE
r-release-windows-ix86+x86_64 2.2.9 613.00 148.00 761.00 NOTE
r-oldrel-macos-x86_64 2.2.9 NOTE
r-oldrel-windows-ix86+x86_64 2.2.9 599.00 151.00 750.00 NOTE

Check Details

Version: 2.2.9
Check: installed package size
Result: NOTE
     installed size is 12.2Mb
     sub-directories of 1Mb or more:
     libs 11.5Mb
Flavors: r-devel-linux-x86_64-fedora-clang, r-release-macos-arm64, r-release-macos-x86_64, r-release-windows-ix86+x86_64, r-oldrel-macos-x86_64, r-oldrel-windows-ix86+x86_64

Version: 2.2.9
Check: whether package can be installed
Result: ERROR
    Installation failed.
Flavor: r-devel-windows-x86_64-new-UL