CRAN Package Check Results for Package RSQLite

Last updated on 2017-07-22 21:48:42.

Flavor Version Tinstall Tcheck Ttotal Status Flags
r-devel-linux-x86_64-debian-clang 2.0 102.58 45.19 147.77 OK
r-devel-linux-x86_64-debian-gcc 2.0 108.49 45.83 154.32 OK
r-devel-linux-x86_64-fedora-clang 2.0 290.21 NOTE
r-devel-linux-x86_64-fedora-gcc 2.0 256.24 NOTE
r-devel-windows-ix86+x86_64 2.0 359.00 150.00 509.00 OK
r-patched-linux-x86_64 2.0 107.64 43.09 150.73 OK
r-patched-solaris-x86 2.0 236.60 NOTE
r-release-linux-x86_64 2.0 105.69 44.24 149.93 OK
r-release-windows-ix86+x86_64 2.0 254.00 146.00 400.00 OK
r-release-osx-x86_64 2.0 NOTE
r-oldrel-windows-ix86+x86_64 2.0 352.00 135.00 487.00 OK
r-oldrel-osx-x86_64 2.0 NOTE

Additional issues

noLD rchk

Check Details

Version: 2.0
Check: installed package size
Result: NOTE
     installed size is 9.4Mb
     sub-directories of 1Mb or more:
     libs 8.9Mb
Flavors: r-devel-linux-x86_64-fedora-clang, r-devel-linux-x86_64-fedora-gcc, r-release-osx-x86_64, r-oldrel-osx-x86_64

Version: 2.0
Check: dependencies in R code
Result: NOTE
    Namespace in Imports field not imported from: ‘pkgconfig’
     All declared Imports should be used.
Flavors: r-devel-linux-x86_64-fedora-clang, r-devel-linux-x86_64-fedora-gcc, r-patched-solaris-x86, r-release-osx-x86_64, r-oldrel-osx-x86_64