Last updated on 2023-06-02 19:56:23 CEST.
Flavor | Version | Tinstall | Tcheck | Ttotal | Status | Flags |
---|---|---|---|---|---|---|
r-devel-linux-x86_64-debian-clang | 2.3.1 | 184.42 | 80.69 | 265.11 | OK | |
r-devel-linux-x86_64-debian-gcc | 2.3.1 | 154.32 | 61.86 | 216.18 | OK | |
r-devel-linux-x86_64-fedora-clang | 2.3.1 | 351.78 | OK | |||
r-devel-linux-x86_64-fedora-gcc | 2.3.1 | 444.30 | OK | |||
r-devel-windows-x86_64 | 2.3.1 | 171.00 | 112.00 | 283.00 | OK | |
r-patched-linux-x86_64 | 2.3.1 | OK | ||||
r-release-linux-x86_64 | 2.3.1 | 168.72 | 78.21 | 246.93 | OK | |
r-release-macos-arm64 | 2.3.1 | 110.00 | NOTE | |||
r-release-macos-x86_64 | 2.3.1 | 178.00 | NOTE | |||
r-release-windows-x86_64 | 2.3.1 | 214.00 | 136.00 | 350.00 | OK | |
r-oldrel-macos-arm64 | 2.3.1 | 107.00 | NOTE | |||
r-oldrel-macos-x86_64 | 2.3.1 | 134.00 | NOTE | |||
r-oldrel-windows-x86_64 | 2.3.1 | 198.00 | 122.00 | 320.00 | OK |
Version: 2.3.1
Check: installed package size
Result: NOTE
installed size is 12.1Mb
sub-directories of 1Mb or more:
libs 11.4Mb
Flavors: r-release-macos-arm64, r-release-macos-x86_64, r-oldrel-macos-arm64, r-oldrel-macos-x86_64