CRAN Package Check Results for Package RSQLite

Last updated on 2014-09-02 11:48:48.

Flavor Version Tinstall Tcheck Ttotal Status Flags
r-devel-linux-x86_64-debian-clang 0.11.4 31.38 19.37 50.75 NOTE
r-devel-linux-x86_64-debian-gcc 0.11.4 33.52 18.94 52.46 NOTE
r-devel-linux-x86_64-fedora-clang 0.11.4 114.33 NOTE
r-devel-linux-x86_64-fedora-gcc 0.11.4 85.45 NOTE
r-devel-osx-x86_64-clang 0.11.4 77.67 NOTE
r-devel-windows-ix86+x86_64 0.11.4 74.00 47.00 121.00 NOTE
r-patched-linux-x86_64 0.11.4 33.45 19.20 52.65 NOTE
r-patched-solaris-sparc 0.11.4 441.70 NOTE
r-patched-solaris-x86 0.11.4 123.30 NOTE
r-release-linux-ix86 0.11.4 43.96 26.64 70.61 NOTE
r-release-linux-x86_64 0.11.4 34.38 19.69 54.07 NOTE
r-release-osx-x86_64-mavericks 0.11.4 NOTE
r-release-windows-ix86+x86_64 0.11.4 94.00 50.00 144.00 NOTE
r-oldrel-windows-ix86+x86_64 0.11.4 74.00 50.00 124.00 NOTE

Memtest notes: ASAN UBSAN UBSAN valgrind

Check Details

Version: 0.11.4
Check: installed package size
Result: NOTE
     installed size is 6.0Mb
     sub-directories of 1Mb or more:
     libs 5.2Mb
Flavors: r-devel-linux-x86_64-debian-clang, r-devel-linux-x86_64-fedora-clang

Version: 0.11.4
Check: DESCRIPTION meta-information
Result: NOTE
    Packages listed in more than one of Depends, Imports, Suggests, Enhances:
     ‘methods’ ‘DBI’
    A package should be listed in only one of these fields.
Flavors: r-devel-linux-x86_64-debian-clang, r-devel-linux-x86_64-debian-gcc, r-devel-linux-x86_64-fedora-clang, r-devel-linux-x86_64-fedora-gcc, r-devel-osx-x86_64-clang, r-devel-windows-ix86+x86_64, r-patched-linux-x86_64, r-patched-solaris-sparc, r-patched-solaris-x86, r-release-linux-ix86, r-release-linux-x86_64, r-release-osx-x86_64-mavericks, r-release-windows-ix86+x86_64, r-oldrel-windows-ix86+x86_64

Version: 0.11.4
Check: R code for possible problems
Result: NOTE
    .test: no visible global function definition for ‘defineTestSuite’
    .test: no visible global function definition for ‘runTestSuite’
    .test: no visible global function definition for ‘printTextProtocol’
Flavors: r-devel-linux-x86_64-debian-clang, r-devel-linux-x86_64-debian-gcc, r-devel-linux-x86_64-fedora-clang, r-devel-linux-x86_64-fedora-gcc, r-devel-osx-x86_64-clang, r-devel-windows-ix86+x86_64

Version: 0.11.4
Check: Rd cross-references
Result: NOTE
    Package unavailable to check Rd xrefs: ‘RMySQL’
Flavors: r-devel-osx-x86_64-clang, r-devel-windows-ix86+x86_64, r-patched-solaris-sparc, r-patched-solaris-x86, r-release-osx-x86_64-mavericks, r-release-windows-ix86+x86_64, r-oldrel-windows-ix86+x86_64

Version: 0.11.4
Check: compiled code
Result: NOTE
    File ‘/Users/ripley/R/packages/tests-devel/RSQLite.Rcheck/RSQLite/libs/RSQLite.so’:
     Found ‘___stderrp’, possibly from ‘stderr’ (C)
     Object: ‘sqlite-all.o’
    
    Compiled code should not call entry points which might terminate R nor
    write to stdout/stderr instead of to the console, nor the C RNG.
    
    See ‘Writing portable packages’ in the ‘Writing R Extensions’ manual.
Flavor: r-devel-osx-x86_64-clang

Version: 0.11.4
Check: compiled code
Result: NOTE
    File ‘/Builds/CRAN-QA-Simon/packages/mavericks-x86_64/results/3.1/RSQLite.Rcheck/RSQLite/libs/RSQLite.so’:
     Found ‘___stderrp’, possibly from ‘stderr’ (C)
     Object: ‘sqlite-all.o’
    
    Compiled code should not call entry points which might terminate R nor
    write to stdout/stderr instead of to the console.
    
    See ‘Writing portable packages’ in the ‘Writing R Extensions’ manual.
Flavor: r-release-osx-x86_64-mavericks