CRAN Package Check Results for Package RSQLite

Last updated on 2018-11-16 08:53:29 CET.

Flavor Version Tinstall Tcheck Ttotal Status Flags
r-devel-linux-x86_64-debian-clang 2.1.1 214.43 54.00 268.43 OK
r-devel-linux-x86_64-debian-gcc 2.1.1 151.38 39.87 191.25 OK
r-devel-linux-x86_64-fedora-clang 2.1.1 382.89 NOTE
r-devel-linux-x86_64-fedora-gcc 2.1.1 297.24 NOTE
r-devel-windows-ix86+x86_64 2.1.1 437.00 127.00 564.00 OK
r-patched-linux-x86_64 2.1.1 189.31 48.49 237.80 OK
r-patched-solaris-x86 2.1.1 295.80 NOTE
r-release-linux-x86_64 2.1.1 187.55 48.69 236.24 OK
r-release-windows-ix86+x86_64 2.1.1 455.00 141.00 596.00 OK
r-release-osx-x86_64 2.1.1 NOTE
r-oldrel-windows-ix86+x86_64 2.1.1 467.00 128.00 595.00 OK
r-oldrel-osx-x86_64 2.1.1 NOTE

Check Details

Version: 2.1.1
Check: installed package size
Result: NOTE
     installed size is 12.6Mb
     sub-directories of 1Mb or more:
     libs 12.0Mb
Flavors: r-devel-linux-x86_64-fedora-clang, r-release-osx-x86_64, r-oldrel-osx-x86_64

Version: 2.1.1
Check: dependencies in R code
Result: NOTE
    Namespace in Imports field not imported from: ‘pkgconfig’
     All declared Imports should be used.
Flavors: r-devel-linux-x86_64-fedora-clang, r-devel-linux-x86_64-fedora-gcc, r-patched-solaris-x86, r-release-osx-x86_64, r-oldrel-osx-x86_64