Last updated on 2021-04-21 06:47:54 CEST.
Flavor | Version | Tinstall | Tcheck | Ttotal | Status | Flags |
---|---|---|---|---|---|---|
r-devel-linux-x86_64-debian-clang | 2.2.6 | 267.42 | 69.71 | 337.13 | OK | |
r-devel-linux-x86_64-debian-gcc | 2.2.6 | 177.60 | 54.45 | 232.05 | OK | |
r-devel-linux-x86_64-fedora-clang | 2.2.6 | 486.13 | NOTE | |||
r-devel-linux-x86_64-fedora-gcc | 2.2.6 | 428.83 | OK | |||
r-devel-windows-ix86+x86_64 | 2.2.6 | 564.00 | 118.00 | 682.00 | NOTE | |
r-devel-windows-x86_64-gcc10-UCRT | 2.2.6 | OK | ||||
r-patched-linux-x86_64 | 2.2.6 | 206.63 | 66.73 | 273.36 | OK | |
r-patched-solaris-x86 | 2.2.6 | 360.60 | OK | |||
r-release-linux-x86_64 | 2.2.6 | 212.40 | 67.25 | 279.65 | OK | |
r-release-macos-x86_64 | 2.2.6 | NOTE | ||||
r-release-windows-ix86+x86_64 | 2.2.6 | 598.00 | 168.00 | 766.00 | NOTE | |
r-oldrel-macos-x86_64 | 2.2.6 | NOTE | ||||
r-oldrel-windows-ix86+x86_64 | 2.2.6 | 452.00 | 147.00 | 599.00 | NOTE |
Version: 2.2.6
Check: installed package size
Result: NOTE
installed size is 13.2Mb
sub-directories of 1Mb or more:
libs 12.4Mb
Flavors: r-devel-linux-x86_64-fedora-clang, r-devel-windows-ix86+x86_64, r-release-macos-x86_64, r-release-windows-ix86+x86_64, r-oldrel-macos-x86_64, r-oldrel-windows-ix86+x86_64