CRAN Package Check Results for Package RSQLite

Last updated on 2019-01-18 16:52:52 CET.

Flavor Version Tinstall Tcheck Ttotal Status Flags
r-devel-linux-x86_64-debian-clang 2.1.1 213.15 50.16 263.31 OK
r-devel-linux-x86_64-debian-gcc 2.1.1 151.64 40.05 191.69 OK
r-devel-linux-x86_64-fedora-clang 2.1.1 392.47 NOTE
r-devel-linux-x86_64-fedora-gcc 2.1.1 299.77 NOTE
r-devel-windows-ix86+x86_64 2.1.1 461.00 128.00 589.00 OK
r-patched-linux-x86_64 2.1.1 184.38 48.17 232.55 OK
r-patched-solaris-x86 2.1.1 271.60 NOTE
r-release-linux-x86_64 2.1.1 181.45 49.30 230.75 OK
r-release-windows-ix86+x86_64 2.1.1 457.00 132.00 589.00 OK
r-release-osx-x86_64 2.1.1 NOTE
r-oldrel-windows-ix86+x86_64 2.1.1 476.00 99.00 575.00 OK
r-oldrel-osx-x86_64 2.1.1 NOTE

Check Details

Version: 2.1.1
Check: installed package size
Result: NOTE
     installed size is 12.7Mb
     sub-directories of 1Mb or more:
     libs 12.0Mb
Flavors: r-devel-linux-x86_64-fedora-clang, r-release-osx-x86_64, r-oldrel-osx-x86_64

Version: 2.1.1
Check: dependencies in R code
Result: NOTE
    Namespace in Imports field not imported from: ‘pkgconfig’
     All declared Imports should be used.
Flavors: r-devel-linux-x86_64-fedora-clang, r-devel-linux-x86_64-fedora-gcc, r-patched-solaris-x86, r-release-osx-x86_64, r-oldrel-osx-x86_64