CRAN Package Check Results for Package RSQLite

Last updated on 2018-07-19 18:49:35 CEST.

Flavor Version Tinstall Tcheck Ttotal Status Flags
r-devel-linux-x86_64-debian-clang 2.1.1 199.66 46.01 245.67 OK
r-devel-linux-x86_64-debian-gcc 2.1.1 157.88 42.71 200.59 OK
r-devel-linux-x86_64-fedora-clang 2.1.1 377.17 NOTE
r-devel-linux-x86_64-fedora-gcc 2.1.1 303.74 NOTE
r-devel-windows-ix86+x86_64 2.1.1 314.00 134.00 448.00 OK
r-patched-linux-x86_64 2.1.1 182.77 48.03 230.80 OK
r-patched-solaris-x86 2.1.1 271.10 NOTE
r-release-linux-x86_64 2.1.1 191.72 48.28 240.00 OK
r-release-windows-ix86+x86_64 2.1.1 471.00 133.00 604.00 OK
r-release-osx-x86_64 2.1.1 NOTE
r-oldrel-windows-ix86+x86_64 2.1.1 476.00 99.00 575.00 OK
r-oldrel-osx-x86_64 2.1.1 NOTE

Check Details

Version: 2.1.1
Check: installed package size
Result: NOTE
     installed size is 11.9Mb
     sub-directories of 1Mb or more:
     libs 11.3Mb
Flavors: r-devel-linux-x86_64-fedora-clang, r-release-osx-x86_64, r-oldrel-osx-x86_64

Version: 2.1.1
Check: dependencies in R code
Result: NOTE
    Namespace in Imports field not imported from: ‘pkgconfig’
     All declared Imports should be used.
Flavors: r-devel-linux-x86_64-fedora-clang, r-devel-linux-x86_64-fedora-gcc, r-patched-solaris-x86, r-release-osx-x86_64, r-oldrel-osx-x86_64