CRAN Package Check Results for Package RSQLite

Last updated on 2017-11-25 09:50:02 CET.

Flavor Version Tinstall Tcheck Ttotal Status Flags
r-devel-linux-x86_64-debian-clang 2.0 145.53 89.12 234.65 ERROR
r-devel-linux-x86_64-debian-gcc 2.0 125.50 80.31 205.82 ERROR
r-devel-linux-x86_64-fedora-clang 2.0 281.85 ERROR
r-devel-linux-x86_64-fedora-gcc 2.0 238.77 ERROR
r-devel-windows-ix86+x86_64 2.0 241.00 157.00 398.00 ERROR
r-patched-linux-x86_64 2.0 136.79 89.04 225.82 ERROR
r-patched-solaris-x86 2.0 240.80 ERROR
r-release-linux-x86_64 2.0 143.75 89.68 233.43 ERROR
r-release-windows-ix86+x86_64 2.0 257.00 117.00 374.00 ERROR
r-release-osx-x86_64 2.0 NOTE
r-oldrel-windows-ix86+x86_64 2.0 272.00 120.00 392.00 OK
r-oldrel-osx-x86_64 2.0 NOTE

Additional issues

noLD rchk

Check Details

Version: 2.0
Check: tests
Result: ERROR
     Running ‘testthat.R’ [24s/31s]
    Running the tests in ‘tests/testthat.R’ failed.
    Complete output:
     > library(testthat)
     > library(RSQLite)
     >
     > test_check("RSQLite")
     1. Failure: DBItest[RSQLite]: Connection: cannot_forget_disconnect -------------
     gc() showed 0 warnings
    
    
     testthat results ================================================================
     OK: 4255 SKIPPED: 15 FAILED: 1
     1. Failure: DBItest[RSQLite]: Connection: cannot_forget_disconnect
    
     Error: testthat unit tests failed
     In addition: Warning message:
     call dbDisconnect() when finished working with a connection
     Execution halted
Flavor: r-devel-linux-x86_64-debian-clang

Version: 2.0
Check: tests
Result: ERROR
     Running ‘testthat.R’ [19s/26s]
    Running the tests in ‘tests/testthat.R’ failed.
    Complete output:
     > library(testthat)
     > library(RSQLite)
     >
     > test_check("RSQLite")
     1. Failure: DBItest[RSQLite]: Connection: cannot_forget_disconnect -------------
     gc() showed 0 warnings
    
    
     testthat results ================================================================
     OK: 4255 SKIPPED: 15 FAILED: 1
     1. Failure: DBItest[RSQLite]: Connection: cannot_forget_disconnect
    
     Error: testthat unit tests failed
     In addition: Warning message:
     call dbDisconnect() when finished working with a connection
     Execution halted
Flavor: r-devel-linux-x86_64-debian-gcc

Version: 2.0
Check: installed package size
Result: NOTE
     installed size is 10.5Mb
     sub-directories of 1Mb or more:
     libs 10.0Mb
Flavors: r-devel-linux-x86_64-fedora-clang, r-devel-linux-x86_64-fedora-gcc, r-release-osx-x86_64, r-oldrel-osx-x86_64

Version: 2.0
Check: dependencies in R code
Result: NOTE
    Namespace in Imports field not imported from: ‘pkgconfig’
     All declared Imports should be used.
Flavors: r-devel-linux-x86_64-fedora-clang, r-devel-linux-x86_64-fedora-gcc, r-patched-solaris-x86, r-release-osx-x86_64, r-oldrel-osx-x86_64

Version: 2.0
Check: tests
Result: ERROR
     Running ‘testthat.R’ [24s/29s]
    Running the tests in ‘tests/testthat.R’ failed.
    Complete output:
     > library(testthat)
     > library(RSQLite)
     >
     > test_check("RSQLite")
     1. Failure: DBItest[RSQLite]: Connection: cannot_forget_disconnect -------------
     gc() showed 0 warnings
    
    
     testthat results ================================================================
     OK: 4255 SKIPPED: 15 FAILED: 1
     1. Failure: DBItest[RSQLite]: Connection: cannot_forget_disconnect
    
     Error: testthat unit tests failed
     In addition: Warning message:
     call dbDisconnect() when finished working with a connection
     Execution halted
Flavor: r-devel-linux-x86_64-fedora-clang

Version: 2.0
Check: tests
Result: ERROR
     Running ‘testthat.R’ [25s/33s]
    Running the tests in ‘tests/testthat.R’ failed.
    Complete output:
     > library(testthat)
     > library(RSQLite)
     >
     > test_check("RSQLite")
     1. Failure: DBItest[RSQLite]: Connection: cannot_forget_disconnect -------------
     gc() showed 0 warnings
    
    
     testthat results ================================================================
     OK: 4255 SKIPPED: 15 FAILED: 1
     1. Failure: DBItest[RSQLite]: Connection: cannot_forget_disconnect
    
     Error: testthat unit tests failed
     In addition: Warning message:
     call dbDisconnect() when finished working with a connection
     Execution halted
Flavor: r-devel-linux-x86_64-fedora-gcc

Version: 2.0
Check: running tests for arch ‘i386’
Result: ERROR
     Running 'testthat.R' [25s]
    Running the tests in 'tests/testthat.R' failed.
    Last 13 lines of output:
     > library(RSQLite)
     >
     > test_check("RSQLite")
     1. Failure: DBItest[RSQLite]: Connection: cannot_forget_disconnect -------------
     gc() showed 0 warnings
    
    
     testthat results ================================================================
     OK: 4253 SKIPPED: 15 FAILED: 1
     1. Failure: DBItest[RSQLite]: Connection: cannot_forget_disconnect
    
     Error: testthat unit tests failed
     In addition: Warning message:
     call dbDisconnect() when finished working with a connection
     Execution halted
Flavor: r-devel-windows-ix86+x86_64

Version: 2.0
Check: running tests for arch ‘x64’
Result: ERROR
     Running 'testthat.R' [28s]
    Running the tests in 'tests/testthat.R' failed.
    Last 13 lines of output:
     > library(RSQLite)
     >
     > test_check("RSQLite")
     1. Failure: DBItest[RSQLite]: Connection: cannot_forget_disconnect -------------
     gc() showed 0 warnings
    
    
     testthat results ================================================================
     OK: 4253 SKIPPED: 15 FAILED: 1
     1. Failure: DBItest[RSQLite]: Connection: cannot_forget_disconnect
    
     Error: testthat unit tests failed
     In addition: Warning message:
     call dbDisconnect() when finished working with a connection
     Execution halted
Flavor: r-devel-windows-ix86+x86_64

Version: 2.0
Check: tests
Result: ERROR
     Running ‘testthat.R’ [22s/29s]
    Running the tests in ‘tests/testthat.R’ failed.
    Complete output:
     > library(testthat)
     > library(RSQLite)
     >
     > test_check("RSQLite")
     1. Failure: DBItest[RSQLite]: Connection: cannot_forget_disconnect -------------
     gc() showed 0 warnings
    
    
     testthat results ================================================================
     OK: 4255 SKIPPED: 15 FAILED: 1
     1. Failure: DBItest[RSQLite]: Connection: cannot_forget_disconnect
    
     Error: testthat unit tests failed
     In addition: Warning message:
     call dbDisconnect() when finished working with a connection
     Execution halted
Flavor: r-patched-linux-x86_64

Version: 2.0
Check: tests
Result: ERROR
     Running ‘testthat.R’ [35s/48s]
    Running the tests in ‘tests/testthat.R’ failed.
    Complete output:
     > library(testthat)
     > library(RSQLite)
     >
     > test_check("RSQLite")
     1. Failure: DBItest[RSQLite]: Connection: cannot_forget_disconnect -------------
     gc() showed 0 warnings
    
    
     testthat results ================================================================
     OK: 4255 SKIPPED: 15 FAILED: 1
     1. Failure: DBItest[RSQLite]: Connection: cannot_forget_disconnect
    
     Error: testthat unit tests failed
     In addition: Warning message:
     call dbDisconnect() when finished working with a connection
     Execution halted
Flavor: r-patched-solaris-x86

Version: 2.0
Check: tests
Result: ERROR
     Running ‘testthat.R’ [21s/29s]
    Running the tests in ‘tests/testthat.R’ failed.
    Complete output:
     > library(testthat)
     > library(RSQLite)
     >
     > test_check("RSQLite")
     1. Failure: DBItest[RSQLite]: Connection: cannot_forget_disconnect -------------
     gc() showed 0 warnings
    
    
     testthat results ================================================================
     OK: 4255 SKIPPED: 15 FAILED: 1
     1. Failure: DBItest[RSQLite]: Connection: cannot_forget_disconnect
    
     Error: testthat unit tests failed
     In addition: Warning message:
     call dbDisconnect() when finished working with a connection
     Execution halted
Flavor: r-release-linux-x86_64

Version: 2.0
Check: running tests for arch ‘i386’
Result: ERROR
     Running 'testthat.R' [21s]
    Running the tests in 'tests/testthat.R' failed.
    Last 13 lines of output:
     > library(RSQLite)
     >
     > test_check("RSQLite")
     1. Failure: DBItest[RSQLite]: Connection: cannot_forget_disconnect -------------
     gc() showed 0 warnings
    
    
     testthat results ================================================================
     OK: 4253 SKIPPED: 15 FAILED: 1
     1. Failure: DBItest[RSQLite]: Connection: cannot_forget_disconnect
    
     Error: testthat unit tests failed
     In addition: Warning message:
     call dbDisconnect() when finished working with a connection
     Execution halted
Flavor: r-release-windows-ix86+x86_64

Version: 2.0
Check: running tests for arch ‘x64’
Result: ERROR
     Running 'testthat.R' [22s]
    Running the tests in 'tests/testthat.R' failed.
    Last 13 lines of output:
     > library(RSQLite)
     >
     > test_check("RSQLite")
     1. Failure: DBItest[RSQLite]: Connection: cannot_forget_disconnect -------------
     gc() showed 0 warnings
    
    
     testthat results ================================================================
     OK: 4253 SKIPPED: 15 FAILED: 1
     1. Failure: DBItest[RSQLite]: Connection: cannot_forget_disconnect
    
     Error: testthat unit tests failed
     In addition: Warning message:
     call dbDisconnect() when finished working with a connection
     Execution halted
Flavor: r-release-windows-ix86+x86_64