Last updated on 2018-04-27 04:51:01 CEST.
Flavor | Version | Tinstall | Tcheck | Ttotal | Status | Flags |
---|---|---|---|---|---|---|
r-devel-linux-x86_64-debian-clang | 2.1.0 | 208.05 | 41.06 | 249.11 | OK | |
r-devel-linux-x86_64-debian-gcc | 2.1.0 | 152.51 | 36.16 | 188.67 | OK | |
r-devel-linux-x86_64-fedora-clang | 2.1.0 | 359.71 | NOTE | |||
r-devel-linux-x86_64-fedora-gcc | 2.1.0 | 272.86 | NOTE | |||
r-devel-windows-ix86+x86_64 | 2.1.0 | 441.00 | 120.00 | 561.00 | OK | |
r-patched-linux-x86_64 | 2.1.0 | 190.30 | 45.50 | 235.80 | OK | |
r-patched-solaris-x86 | 2.1.0 | 262.90 | NOTE | |||
r-release-linux-x86_64 | 2.1.0 | 190.73 | 46.20 | 236.93 | OK | |
r-release-windows-ix86+x86_64 | 2.1.0 | 441.00 | 120.00 | 561.00 | OK | |
r-release-osx-x86_64 | 2.1.0 | NOTE | ||||
r-oldrel-windows-ix86+x86_64 | 2.1.0 | 344.00 | 94.00 | 438.00 | OK | |
r-oldrel-osx-x86_64 | 2.1.0 | NOTE |
Version: 2.1.0
Check: installed package size
Result: NOTE
installed size is 11.9Mb
sub-directories of 1Mb or more:
libs 11.2Mb
Flavors: r-devel-linux-x86_64-fedora-clang, r-devel-linux-x86_64-fedora-gcc, r-release-osx-x86_64, r-oldrel-osx-x86_64
Version: 2.1.0
Check: dependencies in R code
Result: NOTE
Namespace in Imports field not imported from: ‘pkgconfig’
All declared Imports should be used.
Flavors: r-devel-linux-x86_64-fedora-clang, r-devel-linux-x86_64-fedora-gcc, r-patched-solaris-x86, r-release-osx-x86_64, r-oldrel-osx-x86_64