CRAN Package Check Results for Package RSQLite

Last updated on 2015-03-05 03:48:10.

Flavor Version Tinstall Tcheck Ttotal Status Flags
r-devel-linux-x86_64-debian-clang 1.0.0 34.24 16.23 50.46 NOTE
r-devel-linux-x86_64-debian-gcc 1.0.0 36.15 15.55 51.70 NOTE
r-devel-linux-x86_64-fedora-clang 1.0.0 123.69 NOTE
r-devel-linux-x86_64-fedora-gcc 1.0.0 78.73 OK
r-devel-osx-x86_64-clang 1.0.0 71.13 NOTE
r-devel-windows-ix86+x86_64 1.0.0 83.00 41.00 124.00 OK
r-patched-linux-x86_64 1.0.0 35.91 17.77 53.68 NOTE
r-patched-solaris-sparc 1.0.0 457.60 OK
r-patched-solaris-x86 1.0.0 131.10 OK
r-release-linux-ix86 1.0.0 47.92 24.90 72.82 OK
r-release-linux-x86_64 1.0.0 36.32 17.93 54.26 NOTE
r-release-osx-x86_64-mavericks 1.0.0 NOTE
r-release-osx-x86_64-snowleopard 1.0.0 NOTE
r-release-windows-ix86+x86_64 1.0.0 81.00 45.00 126.00 OK
r-oldrel-windows-ix86+x86_64 1.0.0 84.00 48.00 132.00 OK

Memtest notes: UBSAN-gcc UBSAN-gcc

Check Details

Version: 1.0.0
Check: installed package size
Result: NOTE
     installed size is 7.3Mb
     sub-directories of 1Mb or more:
     libs 6.5Mb
Flavors: r-devel-linux-x86_64-debian-clang, r-devel-linux-x86_64-debian-gcc, r-devel-linux-x86_64-fedora-clang, r-patched-linux-x86_64, r-release-linux-x86_64, r-release-osx-x86_64-mavericks

Version: 1.0.0
Check: compiled code
Result: NOTE
    File ‘RSQLite/libs/RSQLite.so’:
     Found ‘___stderrp’, possibly from ‘stderr’ (C)
     Object: ‘sqlite-all.o’
     Found ‘_random’, possibly from ‘random’ (C)
     Object: ‘sqlite-all.o’
    
    Compiled code should not call entry points which might terminate R nor
    write to stdout/stderr instead of to the console, nor the system RNG.
    
    See ‘Writing portable packages’ in the ‘Writing R Extensions’ manual.
Flavors: r-devel-osx-x86_64-clang, r-release-osx-x86_64-mavericks

Version: 1.0.0
Check: compiled code
Result: NOTE
    File ‘RSQLite/libs/RSQLite.so’:
     Found ‘___stderrp’, possibly from ‘stderr’ (C)
     Object: ‘sqlite-all.o’
     Found ‘_random’, possibly from ‘random’ (C)
     Object: ‘sqlite-all.o’
    
    Compiled code should not call entry points which might terminate R nor
    write to stdout/stderr instead of to the console, nor the C RNG.
    
    See ‘Writing portable packages’ in the ‘Writing R Extensions’ manual.
Flavor: r-release-osx-x86_64-snowleopard