CRAN Package Check Results for Package RSQLite

Last updated on 2017-04-23 15:48:45.

Flavor Version Tinstall Tcheck Ttotal Status Flags
r-devel-linux-x86_64-debian-clang 1.1-2 86.89 28.05 114.94 NOTE
r-devel-linux-x86_64-debian-gcc 1.1-2 85.70 26.61 112.32 NOTE
r-devel-linux-x86_64-fedora-clang 1.1-2 224.66 NOTE --no-stop-on-test-error
r-devel-linux-x86_64-fedora-gcc 1.1-2 184.04 NOTE --no-stop-on-test-error
r-devel-windows-ix86+x86_64 1.1-2 258.00 100.00 358.00 OK
r-patched-linux-x86_64 1.1-2 66.39 26.74 93.13 NOTE
r-patched-solaris-sparc 1.1-2 871.20 OK
r-patched-solaris-x86 1.1-2 169.40 OK
r-release-linux-x86_64 1.1-2 66.61 27.90 94.51 NOTE
r-release-windows-ix86+x86_64 1.1-2 205.00 86.00 291.00 OK
r-release-osx-x86_64 1.1-2 NOTE
r-oldrel-windows-ix86+x86_64 1.1-2 225.00 84.00 309.00 OK
r-oldrel-osx-x86_64 1.1-2 NOTE

Check Details

Version: 1.1-2
Check: compiled code
Result: NOTE
    File ‘RSQLite/libs/RSQLite.so’:
     Found no calls to: ‘R_registerRoutines’, ‘R_useDynamicSymbols’
    
    It is good practice to register native routines and to disable symbol
    search.
    
    See ‘Writing portable packages’ in the ‘Writing R Extensions’ manual.
Flavors: r-devel-linux-x86_64-debian-clang, r-devel-linux-x86_64-debian-gcc, r-patched-linux-x86_64, r-release-linux-x86_64

Version: 1.1-2
Flags: --no-stop-on-test-error
Check: installed package size
Result: NOTE
     installed size is 8.3Mb
     sub-directories of 1Mb or more:
     libs 7.7Mb
Flavors: r-devel-linux-x86_64-fedora-clang, r-devel-linux-x86_64-fedora-gcc

Version: 1.1-2
Flags: --no-stop-on-test-error
Check: compiled code
Result: NOTE
    File ‘RSQLite/libs/RSQLite.so’:
     Found no calls to: ‘R_registerRoutines’, ‘R_useDynamicSymbols’
    
    It is good practice to register native routines and to disable symbol
    search.
    
    See ‘Writing portable packages’ in the ‘Writing R Extensions’ manual.
Flavors: r-devel-linux-x86_64-fedora-clang, r-devel-linux-x86_64-fedora-gcc

Version: 1.1-2
Check: installed package size
Result: NOTE
     installed size is 8.0Mb
     sub-directories of 1Mb or more:
     libs 7.4Mb
Flavors: r-release-osx-x86_64, r-oldrel-osx-x86_64