CRAN Package Check Results for Package RSQLite

Last updated on 2015-11-26 18:47:06.

Flavor Version Tinstall Tcheck Ttotal Status Flags
r-devel-linux-x86_64-debian-gcc 1.0.0 36.82 13.86 50.68 NOTE
r-devel-linux-x86_64-fedora-clang 1.0.0 127.65 NOTE
r-devel-linux-x86_64-fedora-gcc 1.0.0 79.56 NOTE
r-devel-osx-x86_64-clang 1.0.0 94.23 NOTE
r-devel-windows-ix86+x86_64 1.0.0 90.00 46.00 136.00 NOTE
r-patched-linux-x86_64 1.0.0 36.24 15.94 52.18 NOTE
r-patched-solaris-sparc 1.0.0 408.00 OK
r-patched-solaris-x86 1.0.0 115.50 OK
r-release-linux-x86_64 1.0.0 36.74 16.49 53.23 NOTE
r-release-osx-x86_64-mavericks 1.0.0 NOTE
r-release-windows-ix86+x86_64 1.0.0 105.00 42.00 147.00 OK
r-oldrel-windows-ix86+x86_64 1.0.0 109.00 49.00 158.00 OK

Memtest notes: clang-UBSAN clang-UBSAN gcc-UBSAN gcc-UBSAN

Check Details

Version: 1.0.0
Check: installed package size
Result: NOTE
     installed size is 5.8Mb
     sub-directories of 1Mb or more:
     libs 5.0Mb
Flavors: r-devel-linux-x86_64-debian-gcc, r-devel-linux-x86_64-fedora-clang, r-patched-linux-x86_64, r-release-linux-x86_64, r-release-osx-x86_64-mavericks

Version: 1.0.0
Check: R code for possible problems
Result: NOTE
    safe.write: no visible global function definition for ‘write.table’
    dbWriteTable,SQLiteConnection-character-character: no visible global
     function definition for ‘read.table’
    summary,SQLiteDriver: no visible global function definition for
    Undefined global functions or variables:
     packageVersion read.table write.table
    Consider adding
     importFrom("utils", "packageVersion", "read.table", "write.table")
    to your NAMESPACE.
Flavors: r-devel-linux-x86_64-debian-gcc, r-devel-linux-x86_64-fedora-clang, r-devel-linux-x86_64-fedora-gcc, r-devel-windows-ix86+x86_64

Version: 1.0.0
Check: compiled code
Result: NOTE
    File ‘RSQLite/libs/’:
     Found ‘___stderrp’, possibly from ‘stderr’ (C)
     Object: ‘sqlite-all.o’
     Found ‘_random’, possibly from ‘random’ (C)
     Object: ‘sqlite-all.o’
    Compiled code should not call entry points which might terminate R nor
    write to stdout/stderr instead of to the console, nor the system RNG.
    See ‘Writing portable packages’ in the ‘Writing R Extensions’ manual.
Flavors: r-devel-osx-x86_64-clang, r-release-osx-x86_64-mavericks