CRAN Package Check Results for Package RSQLite

Last updated on 2016-04-30 03:51:25.

Flavor Version Tinstall Tcheck Ttotal Status Flags
r-devel-linux-x86_64-debian-gcc 1.0.0 37.60 15.31 52.91 NOTE
r-devel-linux-x86_64-fedora-clang 1.0.0 140.00 NOTE
r-devel-linux-x86_64-fedora-gcc 1.0.0 78.57 NOTE
r-devel-osx-x86_64-clang 1.0.0 105.81 NOTE
r-devel-windows-ix86+x86_64 1.0.0 103.00 42.00 145.00 NOTE
r-patched-linux-x86_64 1.0.0 37.37 15.39 52.76 NOTE
r-patched-solaris-sparc 1.0.0 419.40 NOTE
r-patched-solaris-x86 1.0.0 117.60 NOTE
r-release-linux-x86_64 1.0.0 37.71 17.43 55.14 NOTE
r-release-osx-x86_64-mavericks 1.0.0 NOTE
r-release-windows-ix86+x86_64 1.0.0 83.00 53.00 136.00 OK
r-oldrel-windows-ix86+x86_64 1.0.0 153.00 64.00 217.00 OK

Memtest notes: clang-UBSAN clang-UBSAN gcc6-UBSAN gcc6-UBSAN gcc-UBSAN gcc-UBSAN

Check Details

Version: 1.0.0
Check: installed package size
Result: NOTE
     installed size is 5.8Mb
     sub-directories of 1Mb or more:
     libs 5.0Mb
Flavors: r-devel-linux-x86_64-debian-gcc, r-devel-linux-x86_64-fedora-clang, r-patched-linux-x86_64, r-release-linux-x86_64, r-release-osx-x86_64-mavericks

Version: 1.0.0
Check: R code for possible problems
Result: NOTE
    safe.write: no visible global function definition for ‘write.table’
    dbWriteTable,SQLiteConnection-character-character: no visible global
     function definition for ‘read.table’
    summary,SQLiteDriver: no visible global function definition for
     ‘packageVersion’
    Undefined global functions or variables:
     packageVersion read.table write.table
    Consider adding
     importFrom("utils", "packageVersion", "read.table", "write.table")
    to your NAMESPACE file.
Flavors: r-devel-linux-x86_64-debian-gcc, r-devel-linux-x86_64-fedora-clang, r-devel-linux-x86_64-fedora-gcc, r-devel-osx-x86_64-clang, r-devel-windows-ix86+x86_64, r-patched-linux-x86_64, r-patched-solaris-sparc, r-patched-solaris-x86

Version: 1.0.0
Check: compiled code
Result: NOTE
    File ‘RSQLite/libs/RSQLite.so’:
     Found ‘___stderrp’, possibly from ‘stderr’ (C)
     Object: ‘sqlite-all.o’
     Found ‘_random’, possibly from ‘random’ (C)
     Object: ‘sqlite-all.o’
    
    Compiled code should not call entry points which might terminate R nor
    write to stdout/stderr instead of to the console, nor the system RNG.
    
    See ‘Writing portable packages’ in the ‘Writing R Extensions’ manual.
Flavors: r-devel-osx-x86_64-clang, r-release-osx-x86_64-mavericks