CRAN Package Check Results for Package RSQLite

Last updated on 2017-03-23 03:48:15.

Flavor Version Tinstall Tcheck Ttotal Status Flags
r-devel-linux-x86_64-debian-clang 1.1-2 86.03 26.71 112.74 NOTE
r-devel-linux-x86_64-debian-gcc 1.1-2 85.08 26.67 111.75 NOTE
r-devel-linux-x86_64-fedora-clang 1.1-2 223.58 NOTE --no-stop-on-test-error
r-devel-linux-x86_64-fedora-gcc 1.1-2 187.95 NOTE --no-stop-on-test-error
r-devel-macos-x86_64-clang 1.1-2 145.49 NOTE --no-stop-on-test-error
r-devel-windows-ix86+x86_64 1.1-2 204.00 82.00 286.00 OK
r-patched-linux-x86_64 1.1-2 65.52 23.42 88.94 OK
r-patched-solaris-sparc 1.1-2 871.20 OK
r-patched-solaris-x86 1.1-2 176.60 OK
r-release-linux-x86_64 1.1-2 65.47 23.16 88.63 OK
r-release-osx-x86_64-mavericks 1.1-2 NOTE
r-release-windows-ix86+x86_64 1.1-2 296.00 77.00 373.00 OK
r-oldrel-windows-ix86+x86_64 1.1-2 234.00 95.00 329.00 OK

Check Details

Version: 1.1-2
Check: compiled code
Result: NOTE
    File ‘RSQLite/libs/RSQLite.so’:
     Found no calls to: ‘R_registerRoutines’, ‘R_useDynamicSymbols’
    
    It is good practice to register native routines and to disable symbol
    search.
    
    See ‘Writing portable packages’ in the ‘Writing R Extensions’ manual.
Flavors: r-devel-linux-x86_64-debian-clang, r-devel-linux-x86_64-debian-gcc

Version: 1.1-2
Flags: --no-stop-on-test-error
Check: installed package size
Result: NOTE
     installed size is 8.3Mb
     sub-directories of 1Mb or more:
     libs 7.7Mb
Flavors: r-devel-linux-x86_64-fedora-clang, r-devel-linux-x86_64-fedora-gcc

Version: 1.1-2
Flags: --no-stop-on-test-error
Check: compiled code
Result: NOTE
    File ‘RSQLite/libs/RSQLite.so’:
     Found no calls to: ‘R_registerRoutines’, ‘R_useDynamicSymbols’
    
    It is good practice to register native routines and to disable symbol
    search.
    
    See ‘Writing portable packages’ in the ‘Writing R Extensions’ manual.
Flavors: r-devel-linux-x86_64-fedora-clang, r-devel-linux-x86_64-fedora-gcc, r-devel-macos-x86_64-clang

Version: 1.1-2
Check: installed package size
Result: NOTE
     installed size is 8.8Mb
     sub-directories of 1Mb or more:
     libs 8.3Mb
Flavor: r-release-osx-x86_64-mavericks