CRAN Package Check Results for Package RSQLite

Last updated on 2016-12-09 20:50:44.

Flavor Version Tinstall Tcheck Ttotal Status Flags
r-devel-linux-x86_64-debian-clang 1.1 86.59 26.52 113.10 OK
r-devel-linux-x86_64-debian-gcc 1.1 86.77 25.63 112.40 OK
r-devel-linux-x86_64-fedora-clang 1.1 225.82 NOTE --no-stop-on-test-error
r-devel-linux-x86_64-fedora-gcc 1.1 185.77 NOTE --no-stop-on-test-error
r-devel-macos-x86_64-clang 1.1 144.45 OK --no-stop-on-test-error
r-devel-windows-ix86+x86_64 1.1 193.00 67.00 260.00 OK
r-patched-linux-x86_64 1.1 65.48 22.79 88.27 OK
r-patched-solaris-sparc 1.1 780.10 OK
r-patched-solaris-x86 1.1 162.50 OK
r-release-linux-x86_64 1.1 66.70 22.12 88.82 OK
r-release-osx-x86_64-mavericks 1.1 NOTE
r-release-windows-ix86+x86_64 1.1 191.00 56.00 247.00 OK
r-oldrel-windows-ix86+x86_64 1.1 223.00 71.00 294.00 OK

Memtest notes: gcc7-ASAN

Check Details

Version: 1.1
Flags: --no-stop-on-test-error
Check: installed package size
Result: NOTE
     installed size is 9.3Mb
     sub-directories of 1Mb or more:
     libs 8.7Mb
Flavors: r-devel-linux-x86_64-fedora-clang, r-devel-linux-x86_64-fedora-gcc

Version: 1.1
Check: installed package size
Result: NOTE
     installed size is 8.8Mb
     sub-directories of 1Mb or more:
     libs 8.3Mb
Flavor: r-release-osx-x86_64-mavericks