CRAN Package Check Results for Package RSQLite

Last updated on 2015-04-19 02:48:36.

Flavor Version Tinstall Tcheck Ttotal Status Flags
r-devel-linux-x86_64-debian-clang 1.0.0 40.58 15.82 56.40 NOTE
r-devel-linux-x86_64-debian-gcc 1.0.0 36.03 16.05 52.08 NOTE
r-devel-linux-x86_64-fedora-clang 1.0.0 121.99 NOTE
r-devel-linux-x86_64-fedora-gcc 1.0.0 81.74 OK
r-devel-osx-x86_64-clang 1.0.0 76.10 NOTE
r-patched-linux-x86_64 1.0.0 35.98 16.35 52.33 NOTE
r-patched-solaris-sparc 1.0.0 419.00 OK
r-patched-solaris-x86 1.0.0 119.80 OK
r-release-linux-x86_64 1.0.0 36.04 15.57 51.61 NOTE
r-release-osx-x86_64-mavericks 1.0.0 NOTE
r-release-osx-x86_64-snowleopard 1.0.0 NOTE
r-release-windows-ix86+x86_64 1.0.0 97.00 49.00 146.00 OK
r-oldrel-windows-ix86+x86_64 1.0.0 96.00 56.00 152.00 OK

Memtest notes: UBSAN-gcc UBSAN-gcc

Check Details

Version: 1.0.0
Check: installed package size
Result: NOTE
     installed size is 6.8Mb
     sub-directories of 1Mb or more:
     libs 6.0Mb
Flavors: r-devel-linux-x86_64-debian-clang, r-devel-linux-x86_64-debian-gcc, r-devel-linux-x86_64-fedora-clang, r-patched-linux-x86_64, r-release-linux-x86_64, r-release-osx-x86_64-mavericks

Version: 1.0.0
Check: compiled code
Result: NOTE
    File ‘RSQLite/libs/RSQLite.so’:
     Found ‘___stderrp’, possibly from ‘stderr’ (C)
     Object: ‘sqlite-all.o’
     Found ‘_random’, possibly from ‘random’ (C)
     Object: ‘sqlite-all.o’
    
    Compiled code should not call entry points which might terminate R nor
    write to stdout/stderr instead of to the console, nor the system RNG.
    
    See ‘Writing portable packages’ in the ‘Writing R Extensions’ manual.
Flavors: r-devel-osx-x86_64-clang, r-release-osx-x86_64-mavericks, r-release-osx-x86_64-snowleopard