CRAN Package Check Results for Package RSQLite

Last updated on 2015-07-07 14:48:28.

Flavor Version Tinstall Tcheck Ttotal Status Flags
r-devel-linux-x86_64-debian-clang 1.0.0 40.92 15.52 56.44 NOTE
r-devel-linux-x86_64-debian-gcc 1.0.0 38.32 15.48 53.79 NOTE
r-devel-linux-x86_64-fedora-clang 1.0.0 121.43 NOTE
r-devel-linux-x86_64-fedora-gcc 1.0.0 79.08 NOTE
r-devel-osx-x86_64-clang 1.0.0 74.94 NOTE
r-devel-windows-ix86+x86_64 1.0.0 111.00 46.00 157.00 NOTE
r-patched-linux-x86_64 1.0.0 37.38 15.45 52.82 NOTE
r-patched-solaris-sparc 1.0.0 421.60 OK
r-patched-solaris-x86 1.0.0 120.80 OK
r-release-linux-x86_64 1.0.0 38.16 15.38 53.54 NOTE
r-release-osx-x86_64-mavericks 1.0.0 NOTE
r-release-windows-ix86+x86_64 1.0.0 109.00 40.00 149.00 OK
r-oldrel-windows-ix86+x86_64 1.0.0 85.00 47.00 132.00 OK

Memtest notes: UBSAN-gcc UBSAN-gcc

Check Details

Version: 1.0.0
Check: installed package size
Result: NOTE
     installed size is 6.8Mb
     sub-directories of 1Mb or more:
     libs 6.0Mb
Flavors: r-devel-linux-x86_64-debian-clang, r-devel-linux-x86_64-debian-gcc, r-devel-linux-x86_64-fedora-clang, r-patched-linux-x86_64, r-release-linux-x86_64, r-release-osx-x86_64-mavericks

Version: 1.0.0
Check: R code for possible problems
Result: NOTE
    safe.write: no visible global function definition for ‘write.table’
    dbWriteTable,SQLiteConnection-character-character: no visible global
     function definition for ‘read.table’
    summary,SQLiteDriver: no visible global function definition for
     ‘packageVersion’
    Undefined global functions or variables:
     packageVersion read.table write.table
Flavors: r-devel-linux-x86_64-debian-clang, r-devel-linux-x86_64-debian-gcc, r-devel-linux-x86_64-fedora-clang, r-devel-linux-x86_64-fedora-gcc, r-devel-windows-ix86+x86_64

Version: 1.0.0
Check: compiled code
Result: NOTE
    File ‘RSQLite/libs/RSQLite.so’:
     Found ‘___stderrp’, possibly from ‘stderr’ (C)
     Object: ‘sqlite-all.o’
     Found ‘_random’, possibly from ‘random’ (C)
     Object: ‘sqlite-all.o’
    
    Compiled code should not call entry points which might terminate R nor
    write to stdout/stderr instead of to the console, nor the system RNG.
    
    See ‘Writing portable packages’ in the ‘Writing R Extensions’ manual.
Flavors: r-devel-osx-x86_64-clang, r-release-osx-x86_64-mavericks