CRAN Package Check Results for Package RSQLite

Last updated on 2017-01-21 05:50:45.

Flavor Version Tinstall Tcheck Ttotal Status Flags
r-devel-linux-x86_64-debian-clang 1.1-2 86.97 26.06 113.03 OK
r-devel-linux-x86_64-debian-gcc 1.1-2 84.56 26.17 110.72 OK
r-devel-linux-x86_64-fedora-clang 1.1-2 227.28 NOTE --no-stop-on-test-error
r-devel-linux-x86_64-fedora-gcc 1.1-2 192.85 NOTE --no-stop-on-test-error
r-devel-macos-x86_64-clang 1.1-2 145.79 OK --no-stop-on-test-error
r-devel-windows-ix86+x86_64 1.1-2 252.00 89.00 341.00 OK
r-patched-linux-x86_64 1.1-2 64.63 22.99 87.62 OK
r-patched-solaris-sparc 1.1-2 788.90 OK
r-patched-solaris-x86 1.1-2 163.60 OK
r-release-linux-x86_64 1.1-2 66.83 23.59 90.42 OK
r-release-osx-x86_64-mavericks 1.1-2 NOTE
r-release-windows-ix86+x86_64 1.1-2 336.00 128.00 464.00 OK
r-oldrel-windows-ix86+x86_64 1.1-2 229.00 99.00 328.00 OK

Memtest notes: gcc7-ASAN

Check Details

Version: 1.1-2
Flags: --no-stop-on-test-error
Check: installed package size
Result: NOTE
     installed size is 9.3Mb
     sub-directories of 1Mb or more:
     libs 8.7Mb
Flavors: r-devel-linux-x86_64-fedora-clang, r-devel-linux-x86_64-fedora-gcc

Version: 1.1-2
Check: installed package size
Result: NOTE
     installed size is 8.8Mb
     sub-directories of 1Mb or more:
     libs 8.3Mb
Flavor: r-release-osx-x86_64-mavericks