CRAN Package Check Results for Package RSQLite

Last updated on 2017-05-29 14:50:28.

Flavor Version Tinstall Tcheck Ttotal Status Flags
r-devel-linux-x86_64-debian-clang 1.1-2 85.75 27.89 113.64 NOTE
r-devel-linux-x86_64-debian-gcc 1.1-2 86.70 26.41 113.11 NOTE
r-devel-linux-x86_64-fedora-clang 1.1-2 222.91 NOTE
r-devel-linux-x86_64-fedora-gcc 1.1-2 191.18 NOTE
r-devel-windows-ix86+x86_64 1.1-2 205.00 124.00 329.00 OK
r-patched-linux-x86_64 1.1-2 68.16 26.94 95.10 NOTE
r-patched-solaris-sparc 1.1-2 871.20 OK
r-patched-solaris-x86 1.1-2 177.10 OK
r-release-linux-x86_64 1.1-2 69.98 27.69 97.67 NOTE
r-release-windows-ix86+x86_64 1.1-2 271.00 128.00 399.00 OK
r-release-osx-x86_64 1.1-2 NOTE
r-oldrel-windows-ix86+x86_64 1.1-2 197.00 80.00 277.00 OK
r-oldrel-osx-x86_64 1.1-2 NOTE

Check Details

Version: 1.1-2
Check: compiled code
Result: NOTE
    File ‘RSQLite/libs/RSQLite.so’:
     Found no calls to: ‘R_registerRoutines’, ‘R_useDynamicSymbols’
    
    It is good practice to register native routines and to disable symbol
    search.
    
    See ‘Writing portable packages’ in the ‘Writing R Extensions’ manual.
Flavors: r-devel-linux-x86_64-debian-clang, r-devel-linux-x86_64-debian-gcc, r-devel-linux-x86_64-fedora-clang, r-devel-linux-x86_64-fedora-gcc, r-patched-linux-x86_64, r-release-linux-x86_64

Version: 1.1-2
Check: installed package size
Result: NOTE
     installed size is 8.4Mb
     sub-directories of 1Mb or more:
     libs 7.8Mb
Flavors: r-devel-linux-x86_64-fedora-clang, r-devel-linux-x86_64-fedora-gcc, r-release-osx-x86_64, r-oldrel-osx-x86_64