CRAN Package Check Results for Package RSQLite

Last updated on 2014-11-23 01:48:13.

Flavor Version Tinstall Tcheck Ttotal Status Flags
r-devel-linux-x86_64-debian-clang 1.0.0 34.21 18.08 52.29 NOTE
r-devel-linux-x86_64-debian-gcc 1.0.0 35.84 17.14 52.98 NOTE
r-devel-linux-x86_64-fedora-clang 1.0.0 113.96 NOTE
r-devel-linux-x86_64-fedora-gcc 1.0.0 84.91 OK
r-devel-osx-x86_64-clang 1.0.0 74.35 NOTE
r-devel-windows-ix86+x86_64 1.0.0 89.00 45.00 134.00 OK
r-patched-linux-x86_64 1.0.0 35.68 17.36 53.04 NOTE
r-patched-solaris-sparc 1.0.0 401.00 OK
r-patched-solaris-x86 1.0.0 130.70 OK
r-release-linux-ix86 1.0.0 42.51 24.07 66.58 OK
r-release-linux-x86_64 1.0.0 36.06 18.16 54.22 NOTE
r-release-osx-x86_64-mavericks 1.0.0 NOTE
r-release-osx-x86_64-snowleopard 1.0.0 NOTE
r-release-windows-ix86+x86_64 1.0.0 108.00 45.00 153.00 OK
r-oldrel-windows-ix86+x86_64 1.0.0 73.00 47.00 120.00 OK

Memtest notes: UBSAN-gcc UBSAN-gcc

Check Details

Version: 1.0.0
Check: installed package size
Result: NOTE
     installed size is 7.3Mb
     sub-directories of 1Mb or more:
     libs 6.5Mb
Flavors: r-devel-linux-x86_64-debian-clang, r-devel-linux-x86_64-debian-gcc, r-devel-linux-x86_64-fedora-clang, r-patched-linux-x86_64, r-release-linux-x86_64, r-release-osx-x86_64-mavericks

Version: 1.0.0
Check: compiled code
Result: NOTE
    File ‘RSQLite/libs/RSQLite.so’:
     Found ‘___stderrp’, possibly from ‘stderr’ (C)
     Object: ‘sqlite-all.o’
     Found ‘_random’, possibly from ‘random’ (C)
     Object: ‘sqlite-all.o’
    
    Compiled code should not call entry points which might terminate R nor
    write to stdout/stderr instead of to the console, nor the C RNG.
    
    See ‘Writing portable packages’ in the ‘Writing R Extensions’ manual.
Flavors: r-devel-osx-x86_64-clang, r-release-osx-x86_64-mavericks, r-release-osx-x86_64-snowleopard