CRAN Package Check Results for Package RSQLite

Last updated on 2015-01-26 22:47:42.

Flavor Version Tinstall Tcheck Ttotal Status Flags
r-devel-linux-x86_64-debian-clang 1.0.0 33.83 17.12 50.96 NOTE
r-devel-linux-x86_64-debian-gcc 1.0.0 35.98 15.74 51.72 NOTE
r-devel-linux-x86_64-fedora-clang 1.0.0 113.45 NOTE
r-devel-linux-x86_64-fedora-gcc 1.0.0 85.31 OK
r-devel-osx-x86_64-clang 1.0.0 74.19 NOTE
r-devel-windows-ix86+x86_64 1.0.0 102.00 62.00 164.00 OK
r-patched-linux-x86_64 1.0.0 37.24 17.80 55.05 NOTE
r-patched-solaris-sparc 1.0.0 437.70 OK
r-patched-solaris-x86 1.0.0 128.30 OK
r-release-linux-ix86 1.0.0 42.70 23.89 66.59 OK
r-release-linux-x86_64 1.0.0 35.78 18.02 53.80 NOTE
r-release-osx-x86_64-mavericks 1.0.0 NOTE
r-release-osx-x86_64-snowleopard 1.0.0 NOTE
r-release-windows-ix86+x86_64 1.0.0 89.00 42.00 131.00 OK
r-oldrel-windows-ix86+x86_64 1.0.0 109.00 49.00 158.00 OK

Memtest notes: UBSAN-gcc UBSAN-gcc

Check Details

Version: 1.0.0
Check: installed package size
Result: NOTE
     installed size is 7.3Mb
     sub-directories of 1Mb or more:
     libs 6.5Mb
Flavors: r-devel-linux-x86_64-debian-clang, r-devel-linux-x86_64-debian-gcc, r-devel-linux-x86_64-fedora-clang, r-patched-linux-x86_64, r-release-linux-x86_64, r-release-osx-x86_64-mavericks

Version: 1.0.0
Check: compiled code
Result: NOTE
    File ‘RSQLite/libs/RSQLite.so’:
     Found ‘___stderrp’, possibly from ‘stderr’ (C)
     Object: ‘sqlite-all.o’
     Found ‘_random’, possibly from ‘random’ (C)
     Object: ‘sqlite-all.o’
    
    Compiled code should not call entry points which might terminate R nor
    write to stdout/stderr instead of to the console, nor the system RNG.
    
    See ‘Writing portable packages’ in the ‘Writing R Extensions’ manual.
Flavors: r-devel-osx-x86_64-clang, r-release-osx-x86_64-mavericks

Version: 1.0.0
Check: compiled code
Result: NOTE
    File ‘RSQLite/libs/RSQLite.so’:
     Found ‘___stderrp’, possibly from ‘stderr’ (C)
     Object: ‘sqlite-all.o’
     Found ‘_random’, possibly from ‘random’ (C)
     Object: ‘sqlite-all.o’
    
    Compiled code should not call entry points which might terminate R nor
    write to stdout/stderr instead of to the console, nor the C RNG.
    
    See ‘Writing portable packages’ in the ‘Writing R Extensions’ manual.
Flavor: r-release-osx-x86_64-snowleopard