CRAN Package Check Results for Package RSQLite

Last updated on 2017-09-19 21:48:23.

Flavor Version Tinstall Tcheck Ttotal Status Flags
r-devel-linux-x86_64-debian-clang 2.0 106.22 38.44 144.65 ERROR
r-devel-linux-x86_64-debian-gcc 2.0 103.85 38.19 142.04 ERROR
r-devel-linux-x86_64-fedora-clang 2.0 293.19 ERROR
r-devel-linux-x86_64-fedora-gcc 2.0 249.99 ERROR
r-devel-windows-ix86+x86_64 2.0 258.00 107.00 365.00 ERROR
r-patched-linux-x86_64 2.0 105.63 35.95 141.57 ERROR
r-patched-solaris-x86 2.0 210.70 ERROR
r-release-linux-x86_64 2.0 103.03 39.56 142.59 OK
r-release-windows-ix86+x86_64 2.0 263.00 114.00 377.00 OK
r-release-osx-x86_64 2.0 NOTE
r-oldrel-windows-ix86+x86_64 2.0 252.00 102.00 354.00 OK
r-oldrel-osx-x86_64 2.0 NOTE

Additional issues

gcc-ASAN noLD rchk

Check Details

Version: 2.0
Check: tests
Result: ERROR
     Running ‘testthat.R’ [14s/14s]
    Running the tests in ‘tests/testthat.R’ failed.
    Complete output:
     > library(testthat)
     > library(RSQLite)
     >
     > test_check("RSQLite")
     1. Failure: DBItest[RSQLite]: Connection: cannot_forget_disconnect -------------
     gc() showed 0 warnings
    
    
     testthat results ================================================================
     OK: 4255 SKIPPED: 15 FAILED: 1
     1. Failure: DBItest[RSQLite]: Connection: cannot_forget_disconnect
    
     Error: testthat unit tests failed
     In addition: Warning message:
     call dbDisconnect() when finished working with a connection
     Execution halted
Flavor: r-devel-linux-x86_64-debian-clang

Version: 2.0
Check: tests
Result: ERROR
     Running ‘testthat.R’ [13s/13s]
    Running the tests in ‘tests/testthat.R’ failed.
    Complete output:
     > library(testthat)
     > library(RSQLite)
     >
     > test_check("RSQLite")
     1. Failure: DBItest[RSQLite]: Connection: cannot_forget_disconnect -------------
     gc() showed 0 warnings
    
    
     testthat results ================================================================
     OK: 4255 SKIPPED: 15 FAILED: 1
     1. Failure: DBItest[RSQLite]: Connection: cannot_forget_disconnect
    
     Error: testthat unit tests failed
     In addition: Warning message:
     call dbDisconnect() when finished working with a connection
     Execution halted
Flavor: r-devel-linux-x86_64-debian-gcc

Version: 2.0
Check: installed package size
Result: NOTE
     installed size is 10.5Mb
     sub-directories of 1Mb or more:
     libs 10.0Mb
Flavors: r-devel-linux-x86_64-fedora-clang, r-devel-linux-x86_64-fedora-gcc, r-release-osx-x86_64, r-oldrel-osx-x86_64

Version: 2.0
Check: dependencies in R code
Result: NOTE
    Namespace in Imports field not imported from: ‘pkgconfig’
     All declared Imports should be used.
Flavors: r-devel-linux-x86_64-fedora-clang, r-devel-linux-x86_64-fedora-gcc, r-patched-solaris-x86, r-release-osx-x86_64, r-oldrel-osx-x86_64

Version: 2.0
Check: tests
Result: ERROR
     Running ‘testthat.R’ [26s/31s]
    Running the tests in ‘tests/testthat.R’ failed.
    Complete output:
     > library(testthat)
     > library(RSQLite)
     >
     > test_check("RSQLite")
     1. Failure: DBItest[RSQLite]: Connection: cannot_forget_disconnect -------------
     gc() showed 0 warnings
    
    
     testthat results ================================================================
     OK: 4255 SKIPPED: 15 FAILED: 1
     1. Failure: DBItest[RSQLite]: Connection: cannot_forget_disconnect
    
     Error: testthat unit tests failed
     In addition: Warning message:
     call dbDisconnect() when finished working with a connection
     Execution halted
Flavor: r-devel-linux-x86_64-fedora-clang

Version: 2.0
Check: tests
Result: ERROR
     Running ‘testthat.R’ [27s/33s]
    Running the tests in ‘tests/testthat.R’ failed.
    Complete output:
     > library(testthat)
     > library(RSQLite)
     >
     > test_check("RSQLite")
     1. Failure: DBItest[RSQLite]: Connection: cannot_forget_disconnect -------------
     gc() showed 0 warnings
    
    
     testthat results ================================================================
     OK: 4255 SKIPPED: 15 FAILED: 1
     1. Failure: DBItest[RSQLite]: Connection: cannot_forget_disconnect
    
     Error: testthat unit tests failed
     In addition: Warning message:
     call dbDisconnect() when finished working with a connection
     Execution halted
Flavor: r-devel-linux-x86_64-fedora-gcc

Version: 2.0
Check: running tests for arch ‘i386’
Result: ERROR
     Running 'testthat.R' [17s]
    Running the tests in 'tests/testthat.R' failed.
    Last 13 lines of output:
     > library(RSQLite)
     >
     > test_check("RSQLite")
     1. Failure: DBItest[RSQLite]: Connection: cannot_forget_disconnect -------------
     gc() showed 0 warnings
    
    
     testthat results ================================================================
     OK: 4253 SKIPPED: 15 FAILED: 1
     1. Failure: DBItest[RSQLite]: Connection: cannot_forget_disconnect
    
     Error: testthat unit tests failed
     In addition: Warning message:
     call dbDisconnect() when finished working with a connection
     Execution halted
Flavor: r-devel-windows-ix86+x86_64

Version: 2.0
Check: running tests for arch ‘x64’
Result: ERROR
     Running 'testthat.R' [20s]
    Running the tests in 'tests/testthat.R' failed.
    Last 13 lines of output:
     > library(RSQLite)
     >
     > test_check("RSQLite")
     1. Failure: DBItest[RSQLite]: Connection: cannot_forget_disconnect -------------
     gc() showed 0 warnings
    
    
     testthat results ================================================================
     OK: 4253 SKIPPED: 15 FAILED: 1
     1. Failure: DBItest[RSQLite]: Connection: cannot_forget_disconnect
    
     Error: testthat unit tests failed
     In addition: Warning message:
     call dbDisconnect() when finished working with a connection
     Execution halted
Flavor: r-devel-windows-ix86+x86_64

Version: 2.0
Check: tests
Result: ERROR
     Running ‘testthat.R’ [12s/12s]
    Running the tests in ‘tests/testthat.R’ failed.
    Complete output:
     > library(testthat)
     > library(RSQLite)
     >
     > test_check("RSQLite")
     1. Failure: DBItest[RSQLite]: Connection: cannot_forget_disconnect -------------
     gc() showed 0 warnings
    
    
     testthat results ================================================================
     OK: 4255 SKIPPED: 15 FAILED: 1
     1. Failure: DBItest[RSQLite]: Connection: cannot_forget_disconnect
    
     Error: testthat unit tests failed
     In addition: Warning message:
     call dbDisconnect() when finished working with a connection
     Execution halted
Flavor: r-patched-linux-x86_64

Version: 2.0
Check: tests
Result: ERROR
     Running ‘testthat.R’ [29s/31s]
    Running the tests in ‘tests/testthat.R’ failed.
    Complete output:
     > library(testthat)
     > library(RSQLite)
     >
     > test_check("RSQLite")
     1. Failure: DBItest[RSQLite]: Connection: cannot_forget_disconnect -------------
     gc() showed 0 warnings
    
    
     testthat results ================================================================
     OK: 4255 SKIPPED: 15 FAILED: 1
     1. Failure: DBItest[RSQLite]: Connection: cannot_forget_disconnect
    
     Error: testthat unit tests failed
     In addition: Warning message:
     call dbDisconnect() when finished working with a connection
     Execution halted
Flavor: r-patched-solaris-x86