CRAN Package Check Results for Package RSQLite

Last updated on 2019-07-23 07:48:55 CEST.

Flavor Version Tinstall Tcheck Ttotal Status Flags
r-devel-linux-x86_64-debian-clang 2.1.1 212.45 53.43 265.88 ERROR
r-devel-linux-x86_64-debian-gcc 2.1.1 131.04 42.82 173.86 ERROR
r-devel-linux-x86_64-fedora-clang 2.1.1 364.23 ERROR
r-devel-linux-x86_64-fedora-gcc 2.1.1 328.06 ERROR
r-devel-windows-ix86+x86_64 2.1.1 299.00 97.00 396.00 ERROR
r-patched-linux-x86_64 2.1.1 159.65 52.91 212.56 ERROR
r-patched-solaris-x86 2.1.1 333.80 ERROR
r-release-linux-x86_64 2.1.1 162.73 52.88 215.61 ERROR
r-release-windows-ix86+x86_64 2.1.1 332.00 92.00 424.00 ERROR
r-release-osx-x86_64 2.1.1 NOTE
r-oldrel-windows-ix86+x86_64 2.1.1 453.00 138.00 591.00 ERROR
r-oldrel-osx-x86_64 2.1.1 NOTE

Check Details

Version: 2.1.1
Check: tests
Result: ERROR
     Running 'testthat.R' [11s/12s]
    Running the tests in 'tests/testthat.R' failed.
    Complete output:
     > library(testthat)
     > library(RSQLite)
     >
     > test_check("RSQLite")
     -- 1. Failure: BLOBs retrieve as blob objects (@test-basic-types.R#86) --------
     remote$z not equal to blob::as.blob(unclass(local$z)).
     Attributes: < Length mismatch: comparison on first 1 components >
     Attributes: < Component "class": Lengths (1, 3) differ (string compare on first 1) >
    
     -- 2. Failure: adding large blob to table survives valgrind check (#192) (@test-
     dbReadTable(con, "data") not equal to `data`.
     Component "data": Attributes: < Length mismatch: comparison on first 1 components >
     Component "data": Attributes: < Component "class": Lengths (1, 3) differ (string compare on first 1) >
    
     -- 3. Failure: blob class (@test-blob.R#27) -----------------------------------
     dbReadTable(con, "data") not equal to `data`.
     Component "data": Attributes: < Length mismatch: comparison on first 1 components >
     Component "data": Attributes: < Component "class": Lengths (1, 3) differ (string compare on first 1) >
    
     -- 4. Failure: dbWriteTable with AsIs list fields (@test-dbWriteTable.R#360) --
     `res` not identical to `expected`.
     Component "a": Attributes: < Length mismatch: comparison on first 1 components >
     Component "a": Attributes: < Component "class": Lengths (1, 3) differ (string compare on first 1) >
    
     -- 5. Failure: sqliteQuickColumn round trips cleanly (@test-sqliteQuickColumn.R#
     sqliteQuickColumn(db, "t", "d") not equal to df$d.
     Attributes: < Length mismatch: comparison on first 1 components >
     Attributes: < Component "class": Lengths (1, 3) differ (string compare on first 1) >
    
     == testthat results ===========================================================
     OK: 531 SKIPPED: 2 WARNINGS: 0 FAILED: 5
     1. Failure: BLOBs retrieve as blob objects (@test-basic-types.R#86)
     2. Failure: adding large blob to table survives valgrind check (#192) (@test-blob.R#15)
     3. Failure: blob class (@test-blob.R#27)
     4. Failure: dbWriteTable with AsIs list fields (@test-dbWriteTable.R#360)
     5. Failure: sqliteQuickColumn round trips cleanly (@test-sqliteQuickColumn.R#24)
    
     Error: testthat unit tests failed
     Execution halted
Flavor: r-devel-linux-x86_64-debian-clang

Version: 2.1.1
Check: tests
Result: ERROR
     Running ‘testthat.R’ [9s/14s]
    Running the tests in ‘tests/testthat.R’ failed.
    Complete output:
     > library(testthat)
     > library(RSQLite)
     >
     > test_check("RSQLite")
     ── 1. Failure: BLOBs retrieve as blob objects (@test-basic-types.R#86) ────────
     remote$z not equal to blob::as.blob(unclass(local$z)).
     Attributes: < Length mismatch: comparison on first 1 components >
     Attributes: < Component "class": Lengths (1, 3) differ (string compare on first 1) >
    
     ── 2. Failure: adding large blob to table survives valgrind check (#192) (@test-
     dbReadTable(con, "data") not equal to `data`.
     Component "data": Attributes: < Length mismatch: comparison on first 1 components >
     Component "data": Attributes: < Component "class": Lengths (1, 3) differ (string compare on first 1) >
    
     ── 3. Failure: blob class (@test-blob.R#27) ───────────────────────────────────
     dbReadTable(con, "data") not equal to `data`.
     Component "data": Attributes: < Length mismatch: comparison on first 1 components >
     Component "data": Attributes: < Component "class": Lengths (1, 3) differ (string compare on first 1) >
    
     ── 4. Failure: dbWriteTable with AsIs list fields (@test-dbWriteTable.R#360) ──
     `res` not identical to `expected`.
     Component "a": Attributes: < Length mismatch: comparison on first 1 components >
     Component "a": Attributes: < Component "class": Lengths (1, 3) differ (string compare on first 1) >
    
     ── 5. Failure: sqliteQuickColumn round trips cleanly (@test-sqliteQuickColumn.R#
     sqliteQuickColumn(db, "t", "d") not equal to df$d.
     Attributes: < Length mismatch: comparison on first 1 components >
     Attributes: < Component "class": Lengths (1, 3) differ (string compare on first 1) >
    
     ══ testthat results ═══════════════════════════════════════════════════════════
     OK: 531 SKIPPED: 2 WARNINGS: 0 FAILED: 5
     1. Failure: BLOBs retrieve as blob objects (@test-basic-types.R#86)
     2. Failure: adding large blob to table survives valgrind check (#192) (@test-blob.R#15)
     3. Failure: blob class (@test-blob.R#27)
     4. Failure: dbWriteTable with AsIs list fields (@test-dbWriteTable.R#360)
     5. Failure: sqliteQuickColumn round trips cleanly (@test-sqliteQuickColumn.R#24)
    
     Error: testthat unit tests failed
     Execution halted
Flavor: r-devel-linux-x86_64-debian-gcc

Version: 2.1.1
Check: installed package size
Result: NOTE
     installed size is 12.3Mb
     sub-directories of 1Mb or more:
     libs 11.7Mb
Flavors: r-devel-linux-x86_64-fedora-clang, r-release-osx-x86_64, r-oldrel-osx-x86_64

Version: 2.1.1
Check: dependencies in R code
Result: NOTE
    Namespace in Imports field not imported from: ‘pkgconfig’
     All declared Imports should be used.
Flavors: r-devel-linux-x86_64-fedora-clang, r-devel-linux-x86_64-fedora-gcc, r-patched-solaris-x86, r-release-osx-x86_64, r-oldrel-osx-x86_64

Version: 2.1.1
Check: tests
Result: ERROR
     Running ‘testthat.R’
    Running the tests in ‘tests/testthat.R’ failed.
    Complete output:
     > library(testthat)
     > library(RSQLite)
     >
     > test_check("RSQLite")
     ── 1. Failure: BLOBs retrieve as blob objects (@test-basic-types.R#86) ────────
     remote$z not equal to blob::as.blob(unclass(local$z)).
     Attributes: < Length mismatch: comparison on first 1 components >
     Attributes: < Component "class": Lengths (1, 3) differ (string compare on first 1) >
    
     ── 2. Failure: adding large blob to table survives valgrind check (#192) (@test-
     dbReadTable(con, "data") not equal to `data`.
     Component "data": Attributes: < Length mismatch: comparison on first 1 components >
     Component "data": Attributes: < Component "class": Lengths (1, 3) differ (string compare on first 1) >
    
     ── 3. Failure: blob class (@test-blob.R#27) ───────────────────────────────────
     dbReadTable(con, "data") not equal to `data`.
     Component "data": Attributes: < Length mismatch: comparison on first 1 components >
     Component "data": Attributes: < Component "class": Lengths (1, 3) differ (string compare on first 1) >
    
     ── 4. Failure: dbWriteTable with AsIs list fields (@test-dbWriteTable.R#360) ──
     `res` not identical to `expected`.
     Component "a": Attributes: < Length mismatch: comparison on first 1 components >
     Component "a": Attributes: < Component "class": Lengths (1, 3) differ (string compare on first 1) >
    
     ── 5. Failure: sqliteQuickColumn round trips cleanly (@test-sqliteQuickColumn.R#
     sqliteQuickColumn(db, "t", "d") not equal to df$d.
     Attributes: < Length mismatch: comparison on first 1 components >
     Attributes: < Component "class": Lengths (1, 3) differ (string compare on first 1) >
    
     ══ testthat results ═══════════════════════════════════════════════════════════
     [ OK: 531 | SKIPPED: 2 | WARNINGS: 0 | FAILED: 5 ]
     1. Failure: BLOBs retrieve as blob objects (@test-basic-types.R#86)
     2. Failure: adding large blob to table survives valgrind check (#192) (@test-blob.R#15)
     3. Failure: blob class (@test-blob.R#27)
     4. Failure: dbWriteTable with AsIs list fields (@test-dbWriteTable.R#360)
     5. Failure: sqliteQuickColumn round trips cleanly (@test-sqliteQuickColumn.R#24)
    
     Error: testthat unit tests failed
     Execution halted
Flavor: r-devel-linux-x86_64-fedora-clang

Version: 2.1.1
Check: tests
Result: ERROR
     Running ‘testthat.R’ [14s/16s]
    Running the tests in ‘tests/testthat.R’ failed.
    Complete output:
     > library(testthat)
     > library(RSQLite)
     >
     > test_check("RSQLite")
     ── 1. Failure: BLOBs retrieve as blob objects (@test-basic-types.R#86) ────────
     remote$z not equal to blob::as.blob(unclass(local$z)).
     Attributes: < Length mismatch: comparison on first 1 components >
     Attributes: < Component "class": Lengths (1, 3) differ (string compare on first 1) >
    
     ── 2. Failure: adding large blob to table survives valgrind check (#192) (@test-
     dbReadTable(con, "data") not equal to `data`.
     Component "data": Attributes: < Length mismatch: comparison on first 1 components >
     Component "data": Attributes: < Component "class": Lengths (1, 3) differ (string compare on first 1) >
    
     ── 3. Failure: blob class (@test-blob.R#27) ───────────────────────────────────
     dbReadTable(con, "data") not equal to `data`.
     Component "data": Attributes: < Length mismatch: comparison on first 1 components >
     Component "data": Attributes: < Component "class": Lengths (1, 3) differ (string compare on first 1) >
    
     ── 4. Failure: dbWriteTable with AsIs list fields (@test-dbWriteTable.R#360) ──
     `res` not identical to `expected`.
     Component "a": Attributes: < Length mismatch: comparison on first 1 components >
     Component "a": Attributes: < Component "class": Lengths (1, 3) differ (string compare on first 1) >
    
     ── 5. Failure: sqliteQuickColumn round trips cleanly (@test-sqliteQuickColumn.R#
     sqliteQuickColumn(db, "t", "d") not equal to df$d.
     Attributes: < Length mismatch: comparison on first 1 components >
     Attributes: < Component "class": Lengths (1, 3) differ (string compare on first 1) >
    
     ══ testthat results ═══════════════════════════════════════════════════════════
     [ OK: 531 | SKIPPED: 2 | WARNINGS: 0 | FAILED: 5 ]
     1. Failure: BLOBs retrieve as blob objects (@test-basic-types.R#86)
     2. Failure: adding large blob to table survives valgrind check (#192) (@test-blob.R#15)
     3. Failure: blob class (@test-blob.R#27)
     4. Failure: dbWriteTable with AsIs list fields (@test-dbWriteTable.R#360)
     5. Failure: sqliteQuickColumn round trips cleanly (@test-sqliteQuickColumn.R#24)
    
     Error: testthat unit tests failed
     Execution halted
Flavor: r-devel-linux-x86_64-fedora-gcc

Version: 2.1.1
Check: running tests for arch ‘i386’
Result: ERROR
     Running 'testthat.R' [9s]
    Running the tests in 'tests/testthat.R' failed.
    Complete output:
     > library(testthat)
     > library(RSQLite)
     >
     > test_check("RSQLite")
     -- 1. Failure: BLOBs retrieve as blob objects (@test-basic-types.R#86) --------
     remote$z not equal to blob::as.blob(unclass(local$z)).
     Attributes: < Length mismatch: comparison on first 1 components >
     Attributes: < Component "class": Lengths (1, 3) differ (string compare on first 1) >
    
     -- 2. Failure: adding large blob to table survives valgrind check (#192) (@test-
     dbReadTable(con, "data") not equal to `data`.
     Component "data": Attributes: < Length mismatch: comparison on first 1 components >
     Component "data": Attributes: < Component "class": Lengths (1, 3) differ (string compare on first 1) >
    
     -- 3. Failure: blob class (@test-blob.R#27) -----------------------------------
     dbReadTable(con, "data") not equal to `data`.
     Component "data": Attributes: < Length mismatch: comparison on first 1 components >
     Component "data": Attributes: < Component "class": Lengths (1, 3) differ (string compare on first 1) >
    
     -- 4. Failure: dbWriteTable with AsIs list fields (@test-dbWriteTable.R#360) --
     `res` not identical to `expected`.
     Component "a": Attributes: < Length mismatch: comparison on first 1 components >
     Component "a": Attributes: < Component "class": Lengths (1, 3) differ (string compare on first 1) >
    
     -- 5. Failure: sqliteQuickColumn round trips cleanly (@test-sqliteQuickColumn.R#
     sqliteQuickColumn(db, "t", "d") not equal to df$d.
     Attributes: < Length mismatch: comparison on first 1 components >
     Attributes: < Component "class": Lengths (1, 3) differ (string compare on first 1) >
    
     == testthat results ===========================================================
     OK: 529 SKIPPED: 3 WARNINGS: 0 FAILED: 5
     1. Failure: BLOBs retrieve as blob objects (@test-basic-types.R#86)
     2. Failure: adding large blob to table survives valgrind check (#192) (@test-blob.R#15)
     3. Failure: blob class (@test-blob.R#27)
     4. Failure: dbWriteTable with AsIs list fields (@test-dbWriteTable.R#360)
     5. Failure: sqliteQuickColumn round trips cleanly (@test-sqliteQuickColumn.R#24)
    
     Error: testthat unit tests failed
     Execution halted
Flavors: r-devel-windows-ix86+x86_64, r-release-windows-ix86+x86_64

Version: 2.1.1
Check: running tests for arch ‘x64’
Result: ERROR
     Running 'testthat.R' [10s]
    Running the tests in 'tests/testthat.R' failed.
    Complete output:
     > library(testthat)
     > library(RSQLite)
     >
     > test_check("RSQLite")
     -- 1. Failure: BLOBs retrieve as blob objects (@test-basic-types.R#86) --------
     remote$z not equal to blob::as.blob(unclass(local$z)).
     Attributes: < Length mismatch: comparison on first 1 components >
     Attributes: < Component "class": Lengths (1, 3) differ (string compare on first 1) >
    
     -- 2. Failure: adding large blob to table survives valgrind check (#192) (@test-
     dbReadTable(con, "data") not equal to `data`.
     Component "data": Attributes: < Length mismatch: comparison on first 1 components >
     Component "data": Attributes: < Component "class": Lengths (1, 3) differ (string compare on first 1) >
    
     -- 3. Failure: blob class (@test-blob.R#27) -----------------------------------
     dbReadTable(con, "data") not equal to `data`.
     Component "data": Attributes: < Length mismatch: comparison on first 1 components >
     Component "data": Attributes: < Component "class": Lengths (1, 3) differ (string compare on first 1) >
    
     -- 4. Failure: dbWriteTable with AsIs list fields (@test-dbWriteTable.R#360) --
     `res` not identical to `expected`.
     Component "a": Attributes: < Length mismatch: comparison on first 1 components >
     Component "a": Attributes: < Component "class": Lengths (1, 3) differ (string compare on first 1) >
    
     -- 5. Failure: sqliteQuickColumn round trips cleanly (@test-sqliteQuickColumn.R#
     sqliteQuickColumn(db, "t", "d") not equal to df$d.
     Attributes: < Length mismatch: comparison on first 1 components >
     Attributes: < Component "class": Lengths (1, 3) differ (string compare on first 1) >
    
     == testthat results ===========================================================
     OK: 529 SKIPPED: 3 WARNINGS: 0 FAILED: 5
     1. Failure: BLOBs retrieve as blob objects (@test-basic-types.R#86)
     2. Failure: adding large blob to table survives valgrind check (#192) (@test-blob.R#15)
     3. Failure: blob class (@test-blob.R#27)
     4. Failure: dbWriteTable with AsIs list fields (@test-dbWriteTable.R#360)
     5. Failure: sqliteQuickColumn round trips cleanly (@test-sqliteQuickColumn.R#24)
    
     Error: testthat unit tests failed
     Execution halted
Flavors: r-devel-windows-ix86+x86_64, r-release-windows-ix86+x86_64

Version: 2.1.1
Check: tests
Result: ERROR
     Running ‘testthat.R’ [11s/12s]
    Running the tests in ‘tests/testthat.R’ failed.
    Complete output:
     > library(testthat)
     > library(RSQLite)
     >
     > test_check("RSQLite")
     ── 1. Failure: BLOBs retrieve as blob objects (@test-basic-types.R#86) ────────
     remote$z not equal to blob::as.blob(unclass(local$z)).
     Attributes: < Length mismatch: comparison on first 1 components >
     Attributes: < Component "class": Lengths (1, 3) differ (string compare on first 1) >
    
     ── 2. Failure: adding large blob to table survives valgrind check (#192) (@test-
     dbReadTable(con, "data") not equal to `data`.
     Component "data": Attributes: < Length mismatch: comparison on first 1 components >
     Component "data": Attributes: < Component "class": Lengths (1, 3) differ (string compare on first 1) >
    
     ── 3. Failure: blob class (@test-blob.R#27) ───────────────────────────────────
     dbReadTable(con, "data") not equal to `data`.
     Component "data": Attributes: < Length mismatch: comparison on first 1 components >
     Component "data": Attributes: < Component "class": Lengths (1, 3) differ (string compare on first 1) >
    
     ── 4. Failure: dbWriteTable with AsIs list fields (@test-dbWriteTable.R#360) ──
     `res` not identical to `expected`.
     Component "a": Attributes: < Length mismatch: comparison on first 1 components >
     Component "a": Attributes: < Component "class": Lengths (1, 3) differ (string compare on first 1) >
    
     ── 5. Failure: sqliteQuickColumn round trips cleanly (@test-sqliteQuickColumn.R#
     sqliteQuickColumn(db, "t", "d") not equal to df$d.
     Attributes: < Length mismatch: comparison on first 1 components >
     Attributes: < Component "class": Lengths (1, 3) differ (string compare on first 1) >
    
     ══ testthat results ═══════════════════════════════════════════════════════════
     OK: 531 SKIPPED: 2 WARNINGS: 0 FAILED: 5
     1. Failure: BLOBs retrieve as blob objects (@test-basic-types.R#86)
     2. Failure: adding large blob to table survives valgrind check (#192) (@test-blob.R#15)
     3. Failure: blob class (@test-blob.R#27)
     4. Failure: dbWriteTable with AsIs list fields (@test-dbWriteTable.R#360)
     5. Failure: sqliteQuickColumn round trips cleanly (@test-sqliteQuickColumn.R#24)
    
     Error: testthat unit tests failed
     Execution halted
Flavor: r-patched-linux-x86_64

Version: 2.1.1
Check: tests
Result: ERROR
     Running ‘testthat.R’ [28s/41s]
    Running the tests in ‘tests/testthat.R’ failed.
    Complete output:
     > library(testthat)
     > library(RSQLite)
     >
     > test_check("RSQLite")
     ── 1. Failure: BLOBs retrieve as blob objects (@test-basic-types.R#86) ────────
     remote$z not equal to blob::as.blob(unclass(local$z)).
     Attributes: < Length mismatch: comparison on first 1 components >
     Attributes: < Component "class": Lengths (1, 3) differ (string compare on first 1) >
    
     ── 2. Failure: adding large blob to table survives valgrind check (#192) (@test-
     dbReadTable(con, "data") not equal to `data`.
     Component "data": Attributes: < Length mismatch: comparison on first 1 components >
     Component "data": Attributes: < Component "class": Lengths (1, 3) differ (string compare on first 1) >
    
     ── 3. Failure: blob class (@test-blob.R#27) ───────────────────────────────────
     dbReadTable(con, "data") not equal to `data`.
     Component "data": Attributes: < Length mismatch: comparison on first 1 components >
     Component "data": Attributes: < Component "class": Lengths (1, 3) differ (string compare on first 1) >
    
     ── 4. Failure: dbWriteTable with AsIs list fields (@test-dbWriteTable.R#360) ──
     `res` not identical to `expected`.
     Component "a": Attributes: < Length mismatch: comparison on first 1 components >
     Component "a": Attributes: < Component "class": Lengths (1, 3) differ (string compare on first 1) >
    
     ── 5. Failure: sqliteQuickColumn round trips cleanly (@test-sqliteQuickColumn.R#
     sqliteQuickColumn(db, "t", "d") not equal to df$d.
     Attributes: < Length mismatch: comparison on first 1 components >
     Attributes: < Component "class": Lengths (1, 3) differ (string compare on first 1) >
    
     ══ testthat results ═══════════════════════════════════════════════════════════
     OK: 531 SKIPPED: 2 WARNINGS: 0 FAILED: 5
     1. Failure: BLOBs retrieve as blob objects (@test-basic-types.R#86)
     2. Failure: adding large blob to table survives valgrind check (#192) (@test-blob.R#15)
     3. Failure: blob class (@test-blob.R#27)
     4. Failure: dbWriteTable with AsIs list fields (@test-dbWriteTable.R#360)
     5. Failure: sqliteQuickColumn round trips cleanly (@test-sqliteQuickColumn.R#24)
    
     Error: testthat unit tests failed
     Execution halted
Flavor: r-patched-solaris-x86

Version: 2.1.1
Check: tests
Result: ERROR
     Running ‘testthat.R’ [11s/13s]
    Running the tests in ‘tests/testthat.R’ failed.
    Complete output:
     > library(testthat)
     > library(RSQLite)
     >
     > test_check("RSQLite")
     ── 1. Failure: BLOBs retrieve as blob objects (@test-basic-types.R#86) ────────
     remote$z not equal to blob::as.blob(unclass(local$z)).
     Attributes: < Length mismatch: comparison on first 1 components >
     Attributes: < Component "class": Lengths (1, 3) differ (string compare on first 1) >
    
     ── 2. Failure: adding large blob to table survives valgrind check (#192) (@test-
     dbReadTable(con, "data") not equal to `data`.
     Component "data": Attributes: < Length mismatch: comparison on first 1 components >
     Component "data": Attributes: < Component "class": Lengths (1, 3) differ (string compare on first 1) >
    
     ── 3. Failure: blob class (@test-blob.R#27) ───────────────────────────────────
     dbReadTable(con, "data") not equal to `data`.
     Component "data": Attributes: < Length mismatch: comparison on first 1 components >
     Component "data": Attributes: < Component "class": Lengths (1, 3) differ (string compare on first 1) >
    
     ── 4. Failure: dbWriteTable with AsIs list fields (@test-dbWriteTable.R#360) ──
     `res` not identical to `expected`.
     Component "a": Attributes: < Length mismatch: comparison on first 1 components >
     Component "a": Attributes: < Component "class": Lengths (1, 3) differ (string compare on first 1) >
    
     ── 5. Failure: sqliteQuickColumn round trips cleanly (@test-sqliteQuickColumn.R#
     sqliteQuickColumn(db, "t", "d") not equal to df$d.
     Attributes: < Length mismatch: comparison on first 1 components >
     Attributes: < Component "class": Lengths (1, 3) differ (string compare on first 1) >
    
     ══ testthat results ═══════════════════════════════════════════════════════════
     OK: 531 SKIPPED: 2 WARNINGS: 0 FAILED: 5
     1. Failure: BLOBs retrieve as blob objects (@test-basic-types.R#86)
     2. Failure: adding large blob to table survives valgrind check (#192) (@test-blob.R#15)
     3. Failure: blob class (@test-blob.R#27)
     4. Failure: dbWriteTable with AsIs list fields (@test-dbWriteTable.R#360)
     5. Failure: sqliteQuickColumn round trips cleanly (@test-sqliteQuickColumn.R#24)
    
     Error: testthat unit tests failed
     Execution halted
Flavor: r-release-linux-x86_64

Version: 2.1.1
Check: running tests for arch ‘i386’
Result: ERROR
     Running 'testthat.R' [14s]
    Running the tests in 'tests/testthat.R' failed.
    Complete output:
     > library(testthat)
     > library(RSQLite)
     >
     > test_check("RSQLite")
     -- 1. Failure: BLOBs retrieve as blob objects (@test-basic-types.R#86) --------
     remote$z not equal to blob::as.blob(unclass(local$z)).
     Attributes: < Length mismatch: comparison on first 1 components >
     Attributes: < Component "class": Lengths (1, 3) differ (string compare on first 1) >
    
     -- 2. Failure: adding large blob to table survives valgrind check (#192) (@test-
     dbReadTable(con, "data") not equal to `data`.
     Component "data": Attributes: < Length mismatch: comparison on first 1 components >
     Component "data": Attributes: < Component "class": Lengths (1, 3) differ (string compare on first 1) >
    
     -- 3. Failure: blob class (@test-blob.R#27) -----------------------------------
     dbReadTable(con, "data") not equal to `data`.
     Component "data": Attributes: < Length mismatch: comparison on first 1 components >
     Component "data": Attributes: < Component "class": Lengths (1, 3) differ (string compare on first 1) >
    
     -- 4. Failure: dbWriteTable with AsIs list fields (@test-dbWriteTable.R#360) --
     `res` not identical to `expected`.
     Component "a": Attributes: < Length mismatch: comparison on first 1 components >
     Component "a": Attributes: < Component "class": Lengths (1, 3) differ (string compare on first 1) >
    
     -- 5. Failure: sqliteQuickColumn round trips cleanly (@test-sqliteQuickColumn.R#
     sqliteQuickColumn(db, "t", "d") not equal to df$d.
     Attributes: < Length mismatch: comparison on first 1 components >
     Attributes: < Component "class": Lengths (1, 3) differ (string compare on first 1) >
    
     == testthat results ===========================================================
     OK: 529 SKIPPED: 3 WARNINGS: 0 FAILED: 5
     1. Failure: BLOBs retrieve as blob objects (@test-basic-types.R#86)
     2. Failure: adding large blob to table survives valgrind check (#192) (@test-blob.R#15)
     3. Failure: blob class (@test-blob.R#27)
     4. Failure: dbWriteTable with AsIs list fields (@test-dbWriteTable.R#360)
     5. Failure: sqliteQuickColumn round trips cleanly (@test-sqliteQuickColumn.R#24)
    
     Error: testthat unit tests failed
     Execution halted
Flavor: r-oldrel-windows-ix86+x86_64

Version: 2.1.1
Check: running tests for arch ‘x64’
Result: ERROR
     Running 'testthat.R' [15s]
    Running the tests in 'tests/testthat.R' failed.
    Complete output:
     > library(testthat)
     > library(RSQLite)
     >
     > test_check("RSQLite")
     -- 1. Failure: BLOBs retrieve as blob objects (@test-basic-types.R#86) --------
     remote$z not equal to blob::as.blob(unclass(local$z)).
     Attributes: < Length mismatch: comparison on first 1 components >
     Attributes: < Component "class": Lengths (1, 3) differ (string compare on first 1) >
    
     -- 2. Failure: adding large blob to table survives valgrind check (#192) (@test-
     dbReadTable(con, "data") not equal to `data`.
     Component "data": Attributes: < Length mismatch: comparison on first 1 components >
     Component "data": Attributes: < Component "class": Lengths (1, 3) differ (string compare on first 1) >
    
     -- 3. Failure: blob class (@test-blob.R#27) -----------------------------------
     dbReadTable(con, "data") not equal to `data`.
     Component "data": Attributes: < Length mismatch: comparison on first 1 components >
     Component "data": Attributes: < Component "class": Lengths (1, 3) differ (string compare on first 1) >
    
     -- 4. Failure: dbWriteTable with AsIs list fields (@test-dbWriteTable.R#360) --
     `res` not identical to `expected`.
     Component "a": Attributes: < Length mismatch: comparison on first 1 components >
     Component "a": Attributes: < Component "class": Lengths (1, 3) differ (string compare on first 1) >
    
     -- 5. Failure: sqliteQuickColumn round trips cleanly (@test-sqliteQuickColumn.R#
     sqliteQuickColumn(db, "t", "d") not equal to df$d.
     Attributes: < Length mismatch: comparison on first 1 components >
     Attributes: < Component "class": Lengths (1, 3) differ (string compare on first 1) >
    
     == testthat results ===========================================================
     OK: 529 SKIPPED: 3 WARNINGS: 0 FAILED: 5
     1. Failure: BLOBs retrieve as blob objects (@test-basic-types.R#86)
     2. Failure: adding large blob to table survives valgrind check (#192) (@test-blob.R#15)
     3. Failure: blob class (@test-blob.R#27)
     4. Failure: dbWriteTable with AsIs list fields (@test-dbWriteTable.R#360)
     5. Failure: sqliteQuickColumn round trips cleanly (@test-sqliteQuickColumn.R#24)
    
     Error: testthat unit tests failed
     Execution halted
Flavor: r-oldrel-windows-ix86+x86_64