CRAN Package Check Results for Package RSQLite

Last updated on 2018-09-23 10:46:35 CEST.

Flavor Version Tinstall Tcheck Ttotal Status Flags
r-devel-linux-x86_64-debian-clang 2.1.1 223.18 53.53 276.71 OK
r-devel-linux-x86_64-debian-gcc 2.1.1 151.22 43.37 194.59 OK
r-devel-linux-x86_64-fedora-clang 2.1.1 401.50 NOTE
r-devel-linux-x86_64-fedora-gcc 2.1.1 307.38 NOTE
r-devel-windows-ix86+x86_64 2.1.1 464.00 132.00 596.00 OK
r-patched-linux-x86_64 2.1.1 186.61 47.25 233.86 OK
r-patched-solaris-x86 2.1.1 267.20 NOTE
r-release-linux-x86_64 2.1.1 188.19 47.96 236.15 OK
r-release-windows-ix86+x86_64 2.1.1 323.00 125.00 448.00 OK
r-release-osx-x86_64 2.1.1 NOTE
r-oldrel-windows-ix86+x86_64 2.1.1 338.00 124.00 462.00 OK
r-oldrel-osx-x86_64 2.1.1 NOTE

Check Details

Version: 2.1.1
Check: installed package size
Result: NOTE
     installed size is 12.6Mb
     sub-directories of 1Mb or more:
     libs 12.0Mb
Flavors: r-devel-linux-x86_64-fedora-clang, r-release-osx-x86_64, r-oldrel-osx-x86_64

Version: 2.1.1
Check: dependencies in R code
Result: NOTE
    Namespace in Imports field not imported from: ‘pkgconfig’
     All declared Imports should be used.
Flavors: r-devel-linux-x86_64-fedora-clang, r-devel-linux-x86_64-fedora-gcc, r-patched-solaris-x86, r-release-osx-x86_64, r-oldrel-osx-x86_64