CRAN Package Check Results for Package RSQLite

Last updated on 2018-02-20 17:47:59 CET.

Flavor Version Tinstall Tcheck Ttotal Status Flags
r-devel-linux-x86_64-debian-clang 2.0 161.55 72.71 234.26 OK
r-devel-linux-x86_64-debian-gcc 2.0 122.50 54.60 177.10 OK
r-devel-linux-x86_64-fedora-clang 2.0 323.16 NOTE
r-devel-linux-x86_64-fedora-gcc 2.0 256.75 NOTE
r-devel-windows-ix86+x86_64 2.0 237.00 122.00 359.00 OK
r-patched-linux-x86_64 2.0 143.27 69.99 213.26 OK
r-patched-solaris-x86 2.0 249.10 NOTE
r-release-linux-x86_64 2.0 147.54 73.36 220.90 OK
r-release-windows-ix86+x86_64 2.0 339.00 171.00 510.00 OK
r-release-osx-x86_64 2.0 NOTE
r-oldrel-windows-ix86+x86_64 2.0 361.00 158.00 519.00 OK
r-oldrel-osx-x86_64 2.0 NOTE

Additional issues

rchk

Check Details

Version: 2.0
Check: installed package size
Result: NOTE
     installed size is 11.2Mb
     sub-directories of 1Mb or more:
     libs 10.6Mb
Flavors: r-devel-linux-x86_64-fedora-clang, r-devel-linux-x86_64-fedora-gcc, r-release-osx-x86_64, r-oldrel-osx-x86_64

Version: 2.0
Check: dependencies in R code
Result: NOTE
    Namespace in Imports field not imported from: ‘pkgconfig’
     All declared Imports should be used.
Flavors: r-devel-linux-x86_64-fedora-clang, r-devel-linux-x86_64-fedora-gcc, r-patched-solaris-x86, r-release-osx-x86_64, r-oldrel-osx-x86_64