CRAN Package Check Results for Package RSQLite

Last updated on 2019-03-24 18:49:41 CET.

Flavor Version Tinstall Tcheck Ttotal Status Flags
r-devel-linux-x86_64-debian-clang 2.1.1 216.02 49.01 265.03 OK
r-devel-linux-x86_64-debian-gcc 2.1.1 133.97 39.97 173.94 OK
r-devel-linux-x86_64-fedora-clang 2.1.1 385.71 NOTE
r-devel-linux-x86_64-fedora-gcc 2.1.1 299.87 NOTE
r-devel-windows-ix86+x86_64 2.1.1 469.00 134.00 603.00 OK
r-patched-linux-x86_64 2.1.1 165.92 48.20 214.12 OK
r-patched-solaris-x86 2.1.1 268.20 NOTE
r-release-linux-x86_64 2.1.1 156.32 47.64 203.96 OK
r-release-windows-ix86+x86_64 2.1.1 366.00 106.00 472.00 OK
r-release-osx-x86_64 2.1.1 NOTE
r-oldrel-windows-ix86+x86_64 2.1.1 341.00 108.00 449.00 OK
r-oldrel-osx-x86_64 2.1.1 NOTE

Check Details

Version: 2.1.1
Check: installed package size
Result: NOTE
     installed size is 12.3Mb
     sub-directories of 1Mb or more:
     libs 11.6Mb
Flavors: r-devel-linux-x86_64-fedora-clang, r-release-osx-x86_64, r-oldrel-osx-x86_64

Version: 2.1.1
Check: dependencies in R code
Result: NOTE
    Namespace in Imports field not imported from: ‘pkgconfig’
     All declared Imports should be used.
Flavors: r-devel-linux-x86_64-fedora-clang, r-devel-linux-x86_64-fedora-gcc, r-patched-solaris-x86, r-release-osx-x86_64, r-oldrel-osx-x86_64