CRAN Package Check Results for Package RSQLite

Last updated on 2016-09-27 08:48:07.

Flavor Version Tinstall Tcheck Ttotal Status Flags
r-devel-linux-x86_64-debian-clang 1.0.0 57.78 15.39 73.17 NOTE
r-devel-linux-x86_64-debian-gcc 1.0.0 47.50 15.98 63.48 NOTE
r-devel-linux-x86_64-fedora-clang 1.0.0 137.02 NOTE
r-devel-linux-x86_64-fedora-gcc 1.0.0 88.61 NOTE
r-devel-macos-x86_64-clang 1.0.0 74.72 NOTE
r-devel-windows-ix86+x86_64 1.0.0 131.00 62.00 193.00 NOTE
r-patched-linux-x86_64 1.0.0 36.24 15.67 51.91 NOTE
r-patched-solaris-sparc 1.0.0 397.20 NOTE
r-patched-solaris-x86 1.0.0 115.40 NOTE
r-release-linux-x86_64 1.0.0 38.07 16.01 54.09 NOTE
r-release-osx-x86_64-mavericks 1.0.0 NOTE
r-release-windows-ix86+x86_64 1.0.0 131.00 62.00 193.00 NOTE
r-oldrel-windows-ix86+x86_64 1.0.0 112.00 67.00 179.00 OK

Memtest notes: clang-UBSAN clang-UBSAN gcc6-UBSAN gcc6-UBSAN gcc7-UBSAN gcc7-UBSAN

Check Details

Version: 1.0.0
Check: installed package size
Result: NOTE
     installed size is 6.8Mb
     sub-directories of 1Mb or more:
     libs 6.0Mb
Flavors: r-devel-linux-x86_64-debian-clang, r-devel-linux-x86_64-debian-gcc, r-devel-linux-x86_64-fedora-clang, r-patched-linux-x86_64, r-release-linux-x86_64, r-release-osx-x86_64-mavericks

Version: 1.0.0
Check: R code for possible problems
Result: NOTE
    safe.write: no visible global function definition for ‘write.table’
    dbWriteTable,SQLiteConnection-character-character: no visible global
     function definition for ‘read.table’
    summary,SQLiteDriver: no visible global function definition for
     ‘packageVersion’
    Undefined global functions or variables:
     packageVersion read.table write.table
    Consider adding
     importFrom("utils", "packageVersion", "read.table", "write.table")
    to your NAMESPACE file.
Flavors: r-devel-linux-x86_64-debian-clang, r-devel-linux-x86_64-debian-gcc, r-devel-linux-x86_64-fedora-clang, r-devel-linux-x86_64-fedora-gcc, r-devel-macos-x86_64-clang, r-devel-windows-ix86+x86_64, r-patched-linux-x86_64, r-patched-solaris-sparc, r-patched-solaris-x86, r-release-linux-x86_64, r-release-osx-x86_64-mavericks, r-release-windows-ix86+x86_64

Version: 1.0.0
Check: compiled code
Result: NOTE
    File ‘RSQLite/libs/RSQLite.so’:
     Found ‘___stderrp’, possibly from ‘stderr’ (C)
     Object: ‘sqlite-all.o’
     Found ‘_random’, possibly from ‘random’ (C)
     Object: ‘sqlite-all.o’
    
    Compiled code should not call entry points which might terminate R nor
    write to stdout/stderr instead of to the console, nor the system RNG.
    
    See ‘Writing portable packages’ in the ‘Writing R Extensions’ manual.
Flavors: r-devel-macos-x86_64-clang, r-release-osx-x86_64-mavericks