Last updated on 2021-01-26 03:50:09 CET.
Flavor | Version | Tinstall | Tcheck | Ttotal | Status | Flags |
---|---|---|---|---|---|---|
r-devel-linux-x86_64-debian-clang | 2.2.2 | 258.30 | 63.87 | 322.17 | OK | |
r-devel-linux-x86_64-debian-gcc | 2.2.3 | 172.03 | 50.10 | 222.13 | OK | |
r-devel-linux-x86_64-fedora-clang | 2.2.3 | 503.18 | NOTE | |||
r-devel-linux-x86_64-fedora-gcc | 2.2.3 | 428.38 | OK | |||
r-devel-windows-ix86+x86_64 | 2.2.2 | 586.00 | 143.00 | 729.00 | NOTE | |
r-patched-linux-x86_64 | 2.2.2 | 202.00 | 62.02 | 264.02 | OK | |
r-patched-solaris-x86 | 2.2.3 | 340.40 | OK | |||
r-release-linux-x86_64 | 2.2.2 | 199.03 | 61.89 | 260.92 | OK | |
r-release-macos-x86_64 | 2.2.2 | NOTE | ||||
r-release-windows-ix86+x86_64 | 2.2.2 | 586.00 | 108.00 | 694.00 | NOTE | |
r-oldrel-macos-x86_64 | 2.2.3 | NOTE | ||||
r-oldrel-windows-ix86+x86_64 | 2.2.3 | 440.00 | 114.00 | 554.00 | OK |
Version: 2.2.3
Check: installed package size
Result: NOTE
installed size is 14.3Mb
sub-directories of 1Mb or more:
libs 13.6Mb
Flavors: r-devel-linux-x86_64-fedora-clang, r-oldrel-macos-x86_64
Version: 2.2.2
Check: installed package size
Result: NOTE
installed size is 5.1Mb
sub-directories of 1Mb or more:
libs 4.5Mb
Flavors: r-devel-windows-ix86+x86_64, r-release-macos-x86_64, r-release-windows-ix86+x86_64