CRAN Package Check Results for Package RSQLite

Last updated on 2017-02-26 17:51:43.

Flavor Version Tinstall Tcheck Ttotal Status Flags
r-devel-linux-x86_64-debian-clang 1.1-2 91.41 26.70 118.12 NOTE
r-devel-linux-x86_64-debian-gcc 1.1-2 87.33 26.71 114.04 NOTE
r-devel-linux-x86_64-fedora-clang 1.1-2 230.65 NOTE --no-stop-on-test-error
r-devel-linux-x86_64-fedora-gcc 1.1-2 185.43 NOTE --no-stop-on-test-error
r-devel-macos-x86_64-clang 1.1-2 145.83 NOTE --no-stop-on-test-error
r-devel-windows-ix86+x86_64 1.1-2 264.00 118.00 382.00 OK
r-patched-linux-x86_64 1.1-2 66.77 23.49 90.26 OK
r-patched-solaris-sparc 1.1-2 788.90 OK
r-patched-solaris-x86 1.1-2 164.00 OK
r-release-linux-x86_64 1.1-2 65.19 23.64 88.83 OK
r-release-osx-x86_64-mavericks 1.1-2 NOTE
r-release-windows-ix86+x86_64 1.1-2 279.00 108.00 387.00 OK
r-oldrel-windows-ix86+x86_64 1.1-2 238.00 83.00 321.00 OK

Memtest notes: gcc7-ASAN

Check Details

Version: 1.1-2
Check: compiled code
Result: NOTE
    File ‘RSQLite/libs/RSQLite.so’:
     Found no calls to: ‘R_registerRoutines’, ‘R_useDynamicSymbols’
    
    It is good practice to register native routines and to disable symbol
    search.
    
    See ‘Writing portable packages’ in the ‘Writing R Extensions’ manual.
Flavors: r-devel-linux-x86_64-debian-clang, r-devel-linux-x86_64-debian-gcc

Version: 1.1-2
Flags: --no-stop-on-test-error
Check: installed package size
Result: NOTE
     installed size is 9.3Mb
     sub-directories of 1Mb or more:
     libs 8.7Mb
Flavors: r-devel-linux-x86_64-fedora-clang, r-devel-linux-x86_64-fedora-gcc

Version: 1.1-2
Flags: --no-stop-on-test-error
Check: compiled code
Result: NOTE
    File ‘RSQLite/libs/RSQLite.so’:
     Found no calls to: ‘R_registerRoutines’, ‘R_useDynamicSymbols’
    
    It is good practice to register native routines and to disable symbol
    search.
    
    See ‘Writing portable packages’ in the ‘Writing R Extensions’ manual.
Flavors: r-devel-linux-x86_64-fedora-clang, r-devel-linux-x86_64-fedora-gcc, r-devel-macos-x86_64-clang

Version: 1.1-2
Check: installed package size
Result: NOTE
     installed size is 8.8Mb
     sub-directories of 1Mb or more:
     libs 8.3Mb
Flavor: r-release-osx-x86_64-mavericks