CRAN Package Check Results for Package RSQLite

Last updated on 2014-10-26 03:47:42.

Flavor Version Tinstall Tcheck Ttotal Status Flags
r-devel-linux-x86_64-debian-clang 1.0.0 34.08 18.34 52.42 NOTE
r-devel-linux-x86_64-debian-gcc 1.0.0 35.97 17.56 53.53 NOTE
r-devel-linux-x86_64-fedora-clang 1.0.0 59.76 NOTE
r-devel-linux-x86_64-fedora-gcc 1.0.0 83.69 OK
r-devel-osx-x86_64-clang 1.0.0 64.67 NOTE
r-devel-windows-ix86+x86_64 0.11.4 70.00 50.00 120.00 NOTE
r-patched-linux-x86_64 1.0.0 35.44 17.54 52.98 NOTE
r-patched-solaris-sparc 1.0.0 401.00 OK
r-patched-solaris-x86 1.0.0 109.50 OK
r-release-linux-ix86 0.11.4 42.26 28.98 71.24 NOTE
r-release-linux-x86_64 0.11.4 32.79 22.00 54.80 NOTE
r-release-osx-x86_64-mavericks 1.0.0 NOTE
r-release-osx-x86_64-snowleopard 1.0.0 NOTE
r-release-windows-ix86+x86_64 1.0.0 62.00 47.00 109.00 OK
r-oldrel-windows-ix86+x86_64 1.0.0 88.00 74.00 162.00 OK

Memtest notes: ASAN UBSAN-gcc UBSAN UBSAN valgrind

Check Details

Version: 1.0.0
Check: installed package size
Result: NOTE
     installed size is 7.3Mb
     sub-directories of 1Mb or more:
     libs 6.5Mb
Flavors: r-devel-linux-x86_64-debian-clang, r-devel-linux-x86_64-debian-gcc, r-devel-linux-x86_64-fedora-clang, r-patched-linux-x86_64, r-release-osx-x86_64-mavericks

Version: 1.0.0
Check: compiled code
Result: NOTE
    File ‘RSQLite/libs/RSQLite.so’:
     Found ‘___stderrp’, possibly from ‘stderr’ (C)
     Object: ‘sqlite-all.o’
     Found ‘_random’, possibly from ‘random’ (C)
     Object: ‘sqlite-all.o’
    
    Compiled code should not call entry points which might terminate R nor
    write to stdout/stderr instead of to the console, nor the C RNG.
    
    See ‘Writing portable packages’ in the ‘Writing R Extensions’ manual.
Flavors: r-devel-osx-x86_64-clang, r-release-osx-x86_64-mavericks, r-release-osx-x86_64-snowleopard

Version: 0.11.4
Check: DESCRIPTION meta-information
Result: NOTE
    Packages listed in more than one of Depends, Imports, Suggests, Enhances:
     'methods' 'DBI'
    A package should be listed in only one of these fields.
Flavors: r-devel-windows-ix86+x86_64, r-release-linux-ix86, r-release-linux-x86_64

Version: 0.11.4
Check: R code for possible problems
Result: NOTE
    .test: no visible global function definition for 'defineTestSuite'
    .test: no visible global function definition for 'runTestSuite'
    .test: no visible global function definition for 'printTextProtocol'
Flavor: r-devel-windows-ix86+x86_64

Version: 0.11.4
Check: Rd cross-references
Result: NOTE
    Package unavailable to check Rd xrefs: 'RMySQL'
Flavor: r-devel-windows-ix86+x86_64