CRAN Package Check Results for Package RSQLite

Last updated on 2015-09-04 11:47:51.

Flavor Version Tinstall Tcheck Ttotal Status Flags
r-devel-linux-x86_64-debian-clang 1.0.0 41.31 15.77 57.08 NOTE
r-devel-linux-x86_64-debian-gcc 1.0.0 37.32 14.78 52.09 NOTE
r-devel-linux-x86_64-fedora-clang 1.0.0 125.72 NOTE
r-devel-linux-x86_64-fedora-gcc 1.0.0 79.36 NOTE
r-devel-osx-x86_64-clang 1.0.0 70.38 NOTE
r-devel-windows-ix86+x86_64 1.0.0 88.00 46.00 134.00 NOTE
r-patched-linux-x86_64 1.0.0 37.70 16.22 53.93 NOTE
r-patched-solaris-sparc 1.0.0 416.90 OK
r-patched-solaris-x86 1.0.0 119.00 OK
r-release-linux-x86_64 1.0.0 37.48 16.32 53.80 NOTE
r-release-osx-x86_64-mavericks 1.0.0 NOTE
r-release-windows-ix86+x86_64 1.0.0 111.00 40.00 151.00 OK
r-oldrel-windows-ix86+x86_64 1.0.0 111.00 48.00 159.00 OK

Memtest notes: clang-UBSAN clang-UBSAN gcc-UBSAN gcc-UBSAN

Check Details

Version: 1.0.0
Check: installed package size
Result: NOTE
     installed size is 6.8Mb
     sub-directories of 1Mb or more:
     libs 6.0Mb
Flavors: r-devel-linux-x86_64-debian-clang, r-devel-linux-x86_64-debian-gcc, r-devel-linux-x86_64-fedora-clang, r-patched-linux-x86_64, r-release-linux-x86_64, r-release-osx-x86_64-mavericks

Version: 1.0.0
Check: R code for possible problems
Result: NOTE
    safe.write: no visible global function definition for ‘write.table’
    dbWriteTable,SQLiteConnection-character-character: no visible global
     function definition for ‘read.table’
    summary,SQLiteDriver: no visible global function definition for
     ‘packageVersion’
    Undefined global functions or variables:
     packageVersion read.table write.table
    Consider adding
     importFrom("utils", "packageVersion", "read.table", "write.table")
    to your NAMESPACE.
Flavors: r-devel-linux-x86_64-debian-clang, r-devel-linux-x86_64-debian-gcc, r-devel-linux-x86_64-fedora-clang, r-devel-linux-x86_64-fedora-gcc, r-devel-windows-ix86+x86_64

Version: 1.0.0
Check: compiled code
Result: NOTE
    File ‘RSQLite/libs/RSQLite.so’:
     Found ‘___stderrp’, possibly from ‘stderr’ (C)
     Object: ‘sqlite-all.o’
     Found ‘_random’, possibly from ‘random’ (C)
     Object: ‘sqlite-all.o’
    
    Compiled code should not call entry points which might terminate R nor
    write to stdout/stderr instead of to the console, nor the system RNG.
    
    See ‘Writing portable packages’ in the ‘Writing R Extensions’ manual.
Flavors: r-devel-osx-x86_64-clang, r-release-osx-x86_64-mavericks