CRAN Package Check Results for Package RSQLite

Last updated on 2015-10-08 23:48:36.

Flavor Version Tinstall Tcheck Ttotal Status Flags
r-devel-linux-x86_64-debian-gcc 1.0.0 36.94 13.88 50.81 NOTE
r-devel-linux-x86_64-fedora-clang 1.0.0 123.59 NOTE
r-devel-linux-x86_64-fedora-gcc 1.0.0 78.38 NOTE
r-devel-osx-x86_64-clang 1.0.0 64.85 NOTE
r-devel-windows-ix86+x86_64 1.0.0 113.00 51.00 164.00 NOTE
r-patched-linux-x86_64 1.0.0 37.01 15.07 52.08 NOTE
r-patched-solaris-sparc 1.0.0 405.30 OK
r-patched-solaris-x86 1.0.0 116.20 OK
r-release-linux-x86_64 1.0.0 36.24 16.46 52.70 NOTE
r-release-osx-x86_64-mavericks 1.0.0 NOTE
r-release-windows-ix86+x86_64 1.0.0 83.00 67.00 150.00 OK
r-oldrel-windows-ix86+x86_64 1.0.0 115.00 66.00 181.00 OK

Memtest notes: clang-UBSAN clang-UBSAN gcc-UBSAN gcc-UBSAN

Check Details

Version: 1.0.0
Check: installed package size
Result: NOTE
     installed size is 5.9Mb
     sub-directories of 1Mb or more:
     libs 5.1Mb
Flavors: r-devel-linux-x86_64-debian-gcc, r-devel-linux-x86_64-fedora-clang, r-patched-linux-x86_64, r-release-linux-x86_64, r-release-osx-x86_64-mavericks

Version: 1.0.0
Check: R code for possible problems
Result: NOTE
    safe.write: no visible global function definition for ‘write.table’
    dbWriteTable,SQLiteConnection-character-character: no visible global
     function definition for ‘read.table’
    summary,SQLiteDriver: no visible global function definition for
    Undefined global functions or variables:
     packageVersion read.table write.table
    Consider adding
     importFrom("utils", "packageVersion", "read.table", "write.table")
    to your NAMESPACE.
Flavors: r-devel-linux-x86_64-debian-gcc, r-devel-linux-x86_64-fedora-clang, r-devel-linux-x86_64-fedora-gcc, r-devel-windows-ix86+x86_64

Version: 1.0.0
Check: compiled code
Result: NOTE
    File ‘RSQLite/libs/’:
     Found ‘___stderrp’, possibly from ‘stderr’ (C)
     Object: ‘sqlite-all.o’
     Found ‘_random’, possibly from ‘random’ (C)
     Object: ‘sqlite-all.o’
    Compiled code should not call entry points which might terminate R nor
    write to stdout/stderr instead of to the console, nor the system RNG.
    See ‘Writing portable packages’ in the ‘Writing R Extensions’ manual.
Flavors: r-devel-osx-x86_64-clang, r-release-osx-x86_64-mavericks