CRAN Package Check Results for Package RSQLite

Last updated on 2020-03-30 19:49:35 CEST.

Flavor Version Tinstall Tcheck Ttotal Status Flags
r-devel-linux-x86_64-debian-clang 2.2.0 270.70 59.29 329.99 OK
r-devel-linux-x86_64-debian-gcc 2.2.0 150.82 46.69 197.51 OK
r-devel-linux-x86_64-fedora-clang 2.2.0 460.57 NOTE
r-devel-linux-x86_64-fedora-gcc 2.2.0 357.48 OK
r-devel-windows-ix86+x86_64 2.2.0 373.00 115.00 488.00 OK
r-devel-windows-ix86+x86_64-gcc8 2.2.0 447.00 122.00 569.00 NOTE
r-patched-linux-x86_64 2.2.0 174.99 58.76 233.75 OK
r-patched-solaris-x86 2.2.0 330.80 OK
r-release-linux-x86_64 2.2.0 168.66 53.67 222.33 OK
r-release-windows-ix86+x86_64 2.2.0 573.00 154.00 727.00 OK
r-release-osx-x86_64 2.2.0 NOTE
r-oldrel-windows-ix86+x86_64 2.2.0 510.00 158.00 668.00 OK
r-oldrel-osx-x86_64 2.2.0 NOTE

Check Details

Version: 2.2.0
Check: installed package size
Result: NOTE
     installed size is 14.7Mb
     sub-directories of 1Mb or more:
     libs 14.0Mb
Flavors: r-devel-linux-x86_64-fedora-clang, r-devel-windows-ix86+x86_64-gcc8, r-release-osx-x86_64, r-oldrel-osx-x86_64