CRAN Package Check Results for Package RSQLite

Last updated on 2014-07-26 08:50:57.

Flavor Version Tinstall Tcheck Ttotal Status Flags
r-devel-linux-x86_64-debian-clang 0.11.4 30.66 19.56 50.23 NOTE
r-devel-linux-x86_64-debian-gcc 0.11.4 34.35 20.69 55.04 NOTE
r-devel-linux-x86_64-fedora-clang 0.11.4 106.16 NOTE
r-devel-linux-x86_64-fedora-gcc 0.11.4 85.13 NOTE
r-devel-osx-x86_64-clang 0.11.4 78.66 NOTE
r-devel-windows-ix86+x86_64 0.11.4 71.00 48.00 119.00 NOTE
r-patched-linux-x86_64 0.11.4 33.46 18.86 52.32 NOTE
r-patched-solaris-sparc 0.11.4 437.60 NOTE
r-patched-solaris-x86 0.11.4 122.90 NOTE
r-release-linux-ix86 0.11.4 42.08 26.40 68.49 NOTE
r-release-linux-x86_64 0.11.4 33.42 19.51 52.93 NOTE
r-release-osx-x86_64-mavericks 0.11.4 NOTE
r-release-windows-ix86+x86_64 0.11.4 94.00 50.00 144.00 NOTE
r-oldrel-windows-ix86+x86_64 0.11.4 74.00 50.00 124.00 NOTE

Memtest notes: ASAN UBSAN UBSAN valgrind

Check Details

Version: 0.11.4
Check: installed package size
Result: NOTE
     installed size is 6.0Mb
     sub-directories of 1Mb or more:
     libs 5.2Mb
Flavors: r-devel-linux-x86_64-debian-clang, r-devel-linux-x86_64-fedora-clang

Version: 0.11.4
Check: DESCRIPTION meta-information
Result: NOTE
    Packages listed in more than one of Depends, Imports, Suggests, Enhances:
     ‘methods’ ‘DBI’
    A package should be listed in only one of these fields.
Flavors: r-devel-linux-x86_64-debian-clang, r-devel-linux-x86_64-debian-gcc, r-devel-linux-x86_64-fedora-clang, r-devel-linux-x86_64-fedora-gcc, r-devel-osx-x86_64-clang, r-devel-windows-ix86+x86_64, r-patched-linux-x86_64, r-patched-solaris-sparc, r-patched-solaris-x86, r-release-linux-ix86, r-release-linux-x86_64, r-release-osx-x86_64-mavericks, r-release-windows-ix86+x86_64, r-oldrel-windows-ix86+x86_64

Version: 0.11.4
Check: Rd cross-references
Result: NOTE
    Package unavailable to check Rd xrefs: ‘RMySQL’
Flavors: r-devel-osx-x86_64-clang, r-devel-windows-ix86+x86_64, r-patched-solaris-sparc, r-patched-solaris-x86, r-release-osx-x86_64-mavericks, r-release-windows-ix86+x86_64, r-oldrel-windows-ix86+x86_64

Version: 0.11.4
Check: compiled code
Result: NOTE
    File ‘/Users/ripley/R/packages/tests-devel/RSQLite.Rcheck/RSQLite/libs/RSQLite.so’:
     Found ‘___stderrp’, possibly from ‘stderr’ (C)
     Object: ‘sqlite-all.o’
    
    Compiled code should not call entry points which might terminate R nor
    write to stdout/stderr instead of to the console.
    
    See ‘Writing portable packages’ in the ‘Writing R Extensions’ manual.
Flavor: r-devel-osx-x86_64-clang

Version: 0.11.4
Check: compiled code
Result: NOTE
    File ‘/Builds/CRAN-QA-Simon/packages/mavericks-x86_64/results/3.1/RSQLite.Rcheck/RSQLite/libs/RSQLite.so’:
     Found ‘___stderrp’, possibly from ‘stderr’ (C)
     Object: ‘sqlite-all.o’
    
    Compiled code should not call entry points which might terminate R nor
    write to stdout/stderr instead of to the console.
    
    See ‘Writing portable packages’ in the ‘Writing R Extensions’ manual.
Flavor: r-release-osx-x86_64-mavericks