CRAN Package Check Results for Package RSQLite

Last updated on 2014-04-24 23:48:12.

Flavor Version Tinstall Tcheck Ttotal Status Flags
r-devel-linux-x86_64-debian-clang 0.11.4 30.76 20.76 51.52 NOTE
r-devel-linux-x86_64-debian-gcc 0.11.4 33.94 20.18 54.11 NOTE
r-devel-linux-x86_64-fedora-clang 0.11.4 106.63 NOTE
r-devel-linux-x86_64-fedora-gcc 0.11.4 88.02 NOTE
r-devel-osx-x86_64-clang 0.11.4 79.27 NOTE
r-devel-osx-x86_64-gcc 0.11.4 NOTE
r-devel-windows-ix86+x86_64 0.11.4 73.00 50.00 123.00 NOTE
r-patched-linux-x86_64 0.11.4 34.11 20.55 54.66 NOTE
r-patched-solaris-sparc 0.11.4 437.60 NOTE
r-patched-solaris-x86 0.11.4 125.10 NOTE
r-release-linux-ix86 0.11.4 51.00 37.00 88.00 NOTE
r-release-linux-x86_64 0.11.4 33.85 20.87 54.72 NOTE
r-release-osx-x86_64-mavericks 0.11.4 WARN
r-release-windows-ix86+x86_64 0.11.4 89.00 68.00 157.00 NOTE
r-oldrel-windows-ix86+x86_64 0.11.4 74.00 50.00 124.00 NOTE

Memtest notes: ASAN UBSAN UBSAN valgrind

Check Details

Version: 0.11.4
Check: installed package size
Result: NOTE
     installed size is 6.0Mb
     sub-directories of 1Mb or more:
     libs 5.2Mb
Flavors: r-devel-linux-x86_64-debian-clang, r-devel-linux-x86_64-debian-gcc, r-devel-linux-x86_64-fedora-clang, r-patched-linux-x86_64, r-release-linux-x86_64

Version: 0.11.4
Check: DESCRIPTION meta-information
Result: NOTE
    Packages listed in more than one of Depends, Imports, Suggests, Enhances:
     ‘methods’ ‘DBI’
    A package should be listed in only one of these fields.
Flavors: r-devel-linux-x86_64-debian-clang, r-devel-linux-x86_64-debian-gcc, r-devel-linux-x86_64-fedora-clang, r-devel-linux-x86_64-fedora-gcc, r-devel-osx-x86_64-clang, r-devel-osx-x86_64-gcc, r-devel-windows-ix86+x86_64, r-patched-linux-x86_64, r-patched-solaris-sparc, r-patched-solaris-x86, r-release-linux-ix86, r-release-linux-x86_64, r-release-osx-x86_64-mavericks, r-release-windows-ix86+x86_64, r-oldrel-windows-ix86+x86_64

Version: 0.11.4
Check: Rd cross-references
Result: NOTE
    Package unavailable to check Rd xrefs: ‘RMySQL’
Flavors: r-devel-osx-x86_64-clang, r-devel-osx-x86_64-gcc, r-devel-windows-ix86+x86_64, r-patched-solaris-sparc, r-patched-solaris-x86, r-release-osx-x86_64-mavericks, r-release-windows-ix86+x86_64, r-oldrel-windows-ix86+x86_64

Version: 0.11.4
Check: compiled code
Result: NOTE
    File ‘/Users/ripley/R/packages/tests-devel/RSQLite.Rcheck/RSQLite/libs/RSQLite.so’:
     Found ‘___stderrp’, possibly from ‘stderr’ (C)
     Object: ‘sqlite-all.o’
    
    Compiled code should not call entry points which might terminate R nor
    write to stdout/stderr instead of to the console.
    
    See ‘Writing portable packages’ in the ‘Writing R Extensions’ manual.
Flavor: r-devel-osx-x86_64-clang

Version: 0.11.4
Check: compiled code
Result: NOTE
    File ‘/Volumes/XT3/Builds/R-dev-web/QA/Simon/packages/snowleopard-x86_64/results/3.2/RSQLite.Rcheck/RSQLite/libs/RSQLite.so’:
     Found ‘___stderrp’, possibly from ‘stderr’ (C)
     Object: ‘sqlite-all.o’
    
    Compiled code should not call entry points which might terminate R nor
    write to stdout/stderr instead of to the console.
    
    See ‘Writing portable packages’ in the ‘Writing R Extensions’ manual.
Flavor: r-devel-osx-x86_64-gcc

Version: 0.11.4
Check: compiled code
Result: NOTE
    File ‘/Builds/CRAN-QA-Simon/packages/mavericks-x86_64/results/3.1/RSQLite.Rcheck/RSQLite/libs/RSQLite.so’:
     Found ‘___stderrp’, possibly from ‘stderr’ (C)
     Object: ‘sqlite-all.o’
    
    Compiled code should not call entry points which might terminate R nor
    write to stdout/stderr instead of to the console.
    
    See ‘Writing portable packages’ in the ‘Writing R Extensions’ manual.
Flavor: r-release-osx-x86_64-mavericks

Version: 0.11.4
Check: PDF version of manual
Result: WARNING
    LaTeX errors when creating PDF version.
    This typically indicates Rd problems.
    LaTeX errors found:
    ! LaTeX Error: File `upquote.sty' not found.
    
    Type X to quit or <RETURN> to proceed,
    or enter new name. (Default extension: sty)
    
    31fbd9a/Rd2.tex:8: ==> Fatal error occurred, no output PDF file produced!
Flavor: r-release-osx-x86_64-mavericks