CRAN Package Check Results for Package RSSL

Last updated on 2017-11-23 07:47:55 CET.

Flavor Version Tinstall Tcheck Ttotal Status Flags
r-devel-linux-x86_64-debian-clang 0.6.1 33.02 179.11 212.13 NOTE
r-devel-linux-x86_64-debian-gcc 0.6.1 39.40 208.42 247.82 NOTE
r-devel-linux-x86_64-fedora-clang 0.6.1 273.80 NOTE
r-devel-linux-x86_64-fedora-gcc 0.6.1 332.14 NOTE
r-devel-windows-ix86+x86_64 0.6.1 105.00 275.00 380.00 OK
r-patched-linux-x86_64 0.6.1 36.20 116.97 153.17 NOTE
r-patched-solaris-x86 0.6.1 372.80 OK
r-release-linux-x86_64 0.6.1 36.21 118.90 155.10 NOTE
r-release-windows-ix86+x86_64 0.6.1 108.00 300.00 408.00 OK
r-release-osx-x86_64 0.6.1 OK
r-oldrel-windows-ix86+x86_64 0.6.1 104.00 276.00 380.00 OK
r-oldrel-osx-x86_64 0.6.1 OK

Check Details

Version: 0.6.1
Check: compiled code
Result: NOTE
    File ‘RSSL/libs/RSSL.so’:
     Found no calls to: ‘R_registerRoutines’, ‘R_useDynamicSymbols’
    
    It is good practice to register native routines and to disable symbol
    search.
    
    See ‘Writing portable packages’ in the ‘Writing R Extensions’ manual.
Flavors: r-devel-linux-x86_64-debian-clang, r-devel-linux-x86_64-debian-gcc, r-devel-linux-x86_64-fedora-clang, r-devel-linux-x86_64-fedora-gcc, r-patched-linux-x86_64, r-release-linux-x86_64