CRAN Package Check Results for Package RSSL

Last updated on 2018-06-21 15:49:25 CEST.

Flavor Version Tinstall Tcheck Ttotal Status Flags
r-devel-linux-x86_64-debian-clang 0.6.1 68.14 162.81 230.95 WARN
r-devel-linux-x86_64-debian-gcc 0.6.1 59.19 147.09 206.28 NOTE
r-devel-linux-x86_64-fedora-clang 0.6.1 314.70 NOTE
r-devel-linux-x86_64-fedora-gcc 0.6.1 300.60 NOTE
r-devel-windows-ix86+x86_64 0.6.1 166.00 279.00 445.00 OK
r-patched-linux-x86_64 0.6.1 62.48 172.93 235.41 NOTE
r-patched-solaris-x86 0.6.1 382.50 OK
r-release-linux-x86_64 0.6.1 68.57 172.11 240.68 NOTE
r-release-windows-ix86+x86_64 0.6.1 117.00 270.00 387.00 OK
r-release-osx-x86_64 0.6.1 WARN
r-oldrel-windows-ix86+x86_64 0.6.1 105.00 277.00 382.00 OK
r-oldrel-osx-x86_64 0.6.1 OK

Check Details

Version: 0.6.1
Check: whether package can be installed
Result: WARN
    Found the following significant warnings:
     ssl.cpp:110:7: warning: 'register' storage class specifier is deprecated and incompatible with C++17 [-Wdeprecated-register]
     ssl.cpp:113:11: warning: 'register' storage class specifier is deprecated and incompatible with C++17 [-Wdeprecated-register]
     ssl.cpp:139:7: warning: 'register' storage class specifier is deprecated and incompatible with C++17 [-Wdeprecated-register]
     ssl.cpp:165:11: warning: 'register' storage class specifier is deprecated and incompatible with C++17 [-Wdeprecated-register]
     ssl.cpp:169:8: warning: 'register' storage class specifier is deprecated and incompatible with C++17 [-Wdeprecated-register]
     ssl.cpp:280:11: warning: 'register' storage class specifier is deprecated and incompatible with C++17 [-Wdeprecated-register]
     ssl.cpp:284:8: warning: 'register' storage class specifier is deprecated and incompatible with C++17 [-Wdeprecated-register]
     ssl.cpp:805:11: warning: 'register' storage class specifier is deprecated and incompatible with C++17 [-Wdeprecated-register]
     ssl.cpp:809:8: warning: 'register' storage class specifier is deprecated and incompatible with C++17 [-Wdeprecated-register]
Flavors: r-devel-linux-x86_64-debian-clang, r-release-osx-x86_64

Version: 0.6.1
Check: compiled code
Result: NOTE
    File ‘RSSL/libs/RSSL.so’:
     Found no calls to: ‘R_registerRoutines’, ‘R_useDynamicSymbols’
    
    It is good practice to register native routines and to disable symbol
    search.
    
    See ‘Writing portable packages’ in the ‘Writing R Extensions’ manual.
Flavors: r-devel-linux-x86_64-debian-clang, r-devel-linux-x86_64-debian-gcc, r-devel-linux-x86_64-fedora-clang, r-devel-linux-x86_64-fedora-gcc, r-patched-linux-x86_64, r-release-linux-x86_64