CRAN Package Check Results for Package RSclient

Last updated on 2015-03-02 11:47:33.

Flavor Version Tinstall Tcheck Ttotal Status Flags
r-devel-linux-x86_64-debian-clang 0.7-2 1.50 8.77 10.27 NOTE
r-devel-linux-x86_64-debian-gcc 0.7-2 1.58 8.53 10.11 NOTE
r-devel-linux-x86_64-fedora-clang 0.7-2 20.33 NOTE
r-devel-linux-x86_64-fedora-gcc 0.7-2 19.16 NOTE
r-devel-osx-x86_64-clang 0.7-2 23.18 NOTE
r-devel-windows-ix86+x86_64 0.7-2 17.00 36.00 53.00 OK
r-patched-linux-x86_64 0.7-2 1.63 9.45 11.08 OK
r-patched-solaris-sparc 0.7-2 132.90 OK
r-patched-solaris-x86 0.7-2 31.70 OK
r-release-linux-ix86 0.7-2 2.28 15.67 17.96 OK
r-release-linux-x86_64 0.7-2 1.80 9.45 11.25 OK
r-release-osx-x86_64-mavericks 0.7-2 OK
r-release-windows-ix86+x86_64 0.7-2 15.00 39.00 54.00 OK
r-oldrel-windows-ix86+x86_64 0.7-2 14.00 32.00 46.00 OK

Check Details

Version: 0.7-2
Check: S3 generic/method consistency
Result: NOTE
    Found the following apparent S3 methods exported but not registered:
     !=.RserveConnection ==.RserveConnection print.RserveConnection
    See section ‘Registering S3 methods’ in the ‘Writing R Extensions’
    manual.
Flavors: r-devel-linux-x86_64-debian-clang, r-devel-linux-x86_64-debian-gcc, r-devel-linux-x86_64-fedora-clang, r-devel-linux-x86_64-fedora-gcc, r-devel-osx-x86_64-clang