CRAN Package Check Results for Package RSclient

Last updated on 2017-09-25 16:47:30.

Flavor Version Tinstall Tcheck Ttotal Status Flags
r-devel-linux-x86_64-debian-clang 0.7-3 2.49 11.09 13.57 NOTE
r-devel-linux-x86_64-debian-gcc 0.7-3 1.73 10.58 12.31 NOTE
r-devel-linux-x86_64-fedora-clang 0.7-3 21.44 NOTE
r-devel-linux-x86_64-fedora-gcc 0.7-3 19.43 NOTE
r-devel-windows-ix86+x86_64 0.7-3 31.00 45.00 76.00 OK
r-patched-linux-x86_64 0.7-3 1.78 10.69 12.47 NOTE
r-patched-solaris-x86 0.7-3 27.90 OK
r-release-linux-x86_64 0.7-3 1.73 10.85 12.58 NOTE
r-release-windows-ix86+x86_64 0.7-3 18.00 43.00 61.00 OK
r-release-osx-x86_64 0.7-3 ERROR
r-oldrel-windows-ix86+x86_64 0.7-3 17.00 41.00 58.00 OK
r-oldrel-osx-x86_64 0.7-3 OK

Additional issues

rchk

Check Details

Version: 0.7-3
Check: compiled code
Result: NOTE
    File ‘RSclient/libs/RSclient.so’:
     Found no calls to: ‘R_registerRoutines’, ‘R_useDynamicSymbols’
    
    It is good practice to register native routines and to disable symbol
    search.
    
    See ‘Writing portable packages’ in the ‘Writing R Extensions’ manual.
Flavors: r-devel-linux-x86_64-debian-clang, r-devel-linux-x86_64-debian-gcc, r-devel-linux-x86_64-fedora-clang, r-devel-linux-x86_64-fedora-gcc, r-patched-linux-x86_64, r-release-linux-x86_64

Version: 0.7-3
Check: whether package can be installed
Result: ERROR
    Installation failed.
Flavor: r-release-osx-x86_64