CRAN Package Check Results for Package RSclient

Last updated on 2018-04-23 10:50:30 CEST.

Flavor Version Tinstall Tcheck Ttotal Status Flags
r-devel-linux-x86_64-debian-clang 0.7-3 3.59 14.62 18.21 NOTE
r-devel-linux-x86_64-debian-gcc 0.7-3 2.32 13.03 15.35 NOTE
r-devel-linux-x86_64-fedora-clang 0.7-3 23.13 NOTE
r-devel-linux-x86_64-fedora-gcc 0.7-3 21.43 NOTE
r-devel-windows-ix86+x86_64 0.7-3 30.00 46.00 76.00 OK
r-devel-osx-x86_64 0.7-3 OK
r-patched-linux-x86_64 0.7-3 2.46 16.03 18.49 NOTE
r-patched-solaris-x86 0.7-3 35.00 OK
r-release-linux-x86_64 0.7-3 2.46 15.42 17.88 NOTE
r-release-windows-ix86+x86_64 0.7-3 18.00 43.00 61.00 OK
r-release-osx-x86_64 0.7-3 ERROR
r-oldrel-windows-ix86+x86_64 0.7-3 17.00 41.00 58.00 OK

Additional issues

rchk

Check Details

Version: 0.7-3
Check: compiled code
Result: NOTE
    File ‘RSclient/libs/RSclient.so’:
     Found no calls to: ‘R_registerRoutines’, ‘R_useDynamicSymbols’
    
    It is good practice to register native routines and to disable symbol
    search.
    
    See ‘Writing portable packages’ in the ‘Writing R Extensions’ manual.
Flavors: r-devel-linux-x86_64-debian-clang, r-devel-linux-x86_64-debian-gcc, r-devel-linux-x86_64-fedora-clang, r-devel-linux-x86_64-fedora-gcc, r-patched-linux-x86_64, r-release-linux-x86_64

Version: 0.7-3
Check: whether package can be installed
Result: ERROR
    Installation failed.
Flavor: r-release-osx-x86_64