CRAN Package Check Results for Package RSclient

Last updated on 2017-02-25 17:47:48.

Flavor Version Tinstall Tcheck Ttotal Status Flags
r-devel-linux-x86_64-debian-clang 0.7-3 1.98 10.57 12.55 NOTE
r-devel-linux-x86_64-debian-gcc 0.7-3 1.82 10.59 12.41 NOTE
r-devel-linux-x86_64-fedora-clang 0.7-3 20.10 NOTE --no-stop-on-test-error
r-devel-linux-x86_64-fedora-gcc 0.7-3 18.87 NOTE --no-stop-on-test-error
r-devel-macos-x86_64-clang 0.7-3 18.29 NOTE --no-stop-on-test-error
r-devel-windows-ix86+x86_64 0.7-3 17.00 51.00 68.00 OK
r-patched-linux-x86_64 0.7-3 1.68 8.85 10.53 OK
r-patched-solaris-sparc 0.7-3 101.70 OK
r-patched-solaris-x86 0.7-3 24.10 OK
r-release-linux-x86_64 0.7-3 1.62 8.84 10.46 OK
r-release-osx-x86_64-mavericks 0.7-3 OK
r-release-windows-ix86+x86_64 0.7-3 17.00 41.00 58.00 OK
r-oldrel-windows-ix86+x86_64 0.7-3 15.00 38.00 53.00 OK

Check Details

Version: 0.7-3
Check: compiled code
Result: NOTE
    File ‘RSclient/libs/RSclient.so’:
     Found no calls to: ‘R_registerRoutines’, ‘R_useDynamicSymbols’
    
    It is good practice to register native routines and to disable symbol
    search.
    
    See ‘Writing portable packages’ in the ‘Writing R Extensions’ manual.
Flavors: r-devel-linux-x86_64-debian-clang, r-devel-linux-x86_64-debian-gcc

Version: 0.7-3
Flags: --no-stop-on-test-error
Check: compiled code
Result: NOTE
    File ‘RSclient/libs/RSclient.so’:
     Found no calls to: ‘R_registerRoutines’, ‘R_useDynamicSymbols’
    
    It is good practice to register native routines and to disable symbol
    search.
    
    See ‘Writing portable packages’ in the ‘Writing R Extensions’ manual.
Flavors: r-devel-linux-x86_64-fedora-clang, r-devel-linux-x86_64-fedora-gcc, r-devel-macos-x86_64-clang