CRAN Package Check Results for Package RSclient

Last updated on 2017-03-30 10:48:37.

Flavor Version Tinstall Tcheck Ttotal Status Flags
r-devel-linux-x86_64-debian-clang 0.7-3 2.14 10.54 12.68 NOTE
r-devel-linux-x86_64-debian-gcc 0.7-3 1.68 10.45 12.13 NOTE
r-devel-linux-x86_64-fedora-clang 0.7-3 20.58 NOTE --no-stop-on-test-error
r-devel-linux-x86_64-fedora-gcc 0.7-3 18.90 NOTE --no-stop-on-test-error
r-devel-macos-x86_64-clang 0.7-3 17.69 NOTE --no-stop-on-test-error
r-devel-windows-ix86+x86_64 0.7-3 21.00 41.00 62.00 OK
r-patched-linux-x86_64 0.7-3 1.63 10.61 12.23 NOTE
r-patched-solaris-sparc 0.7-3 117.80 OK
r-patched-solaris-x86 0.7-3 28.00 OK
r-release-linux-x86_64 0.7-3 1.76 8.89 10.65 OK
r-release-osx-x86_64-mavericks 0.7-3 OK
r-release-windows-ix86+x86_64 0.7-3 17.00 41.00 58.00 OK
r-oldrel-windows-ix86+x86_64 0.7-3 15.00 38.00 53.00 OK

Check Details

Version: 0.7-3
Check: compiled code
Result: NOTE
    File ‘RSclient/libs/RSclient.so’:
     Found no calls to: ‘R_registerRoutines’, ‘R_useDynamicSymbols’
    
    It is good practice to register native routines and to disable symbol
    search.
    
    See ‘Writing portable packages’ in the ‘Writing R Extensions’ manual.
Flavors: r-devel-linux-x86_64-debian-clang, r-devel-linux-x86_64-debian-gcc, r-patched-linux-x86_64

Version: 0.7-3
Flags: --no-stop-on-test-error
Check: compiled code
Result: NOTE
    File ‘RSclient/libs/RSclient.so’:
     Found no calls to: ‘R_registerRoutines’, ‘R_useDynamicSymbols’
    
    It is good practice to register native routines and to disable symbol
    search.
    
    See ‘Writing portable packages’ in the ‘Writing R Extensions’ manual.
Flavors: r-devel-linux-x86_64-fedora-clang, r-devel-linux-x86_64-fedora-gcc, r-devel-macos-x86_64-clang