CRAN Package Check Results for Package RSclient

Last updated on 2018-02-22 16:48:01 CET.

Flavor Version Tinstall Tcheck Ttotal Status Flags
r-devel-linux-x86_64-debian-clang 0.7-3 2.97 14.49 17.46 NOTE
r-devel-linux-x86_64-debian-gcc 0.7-3 2.17 12.95 15.12 NOTE
r-devel-linux-x86_64-fedora-clang 0.7-3 23.10 NOTE
r-devel-linux-x86_64-fedora-gcc 0.7-3 21.06 NOTE
r-devel-windows-ix86+x86_64 0.7-3 23.00 58.00 81.00 OK
r-patched-linux-x86_64 0.7-3 2.43 15.16 17.59 NOTE
r-patched-solaris-x86 0.7-3 28.30 OK
r-release-linux-x86_64 0.7-3 2.68 15.06 17.74 NOTE
r-release-windows-ix86+x86_64 0.7-3 18.00 43.00 61.00 OK
r-release-osx-x86_64 0.7-3 ERROR
r-oldrel-windows-ix86+x86_64 0.7-3 17.00 41.00 58.00 OK
r-oldrel-osx-x86_64 0.7-3 OK

Additional issues

rchk

Check Details

Version: 0.7-3
Check: compiled code
Result: NOTE
    File ‘RSclient/libs/RSclient.so’:
     Found no calls to: ‘R_registerRoutines’, ‘R_useDynamicSymbols’
    
    It is good practice to register native routines and to disable symbol
    search.
    
    See ‘Writing portable packages’ in the ‘Writing R Extensions’ manual.
Flavors: r-devel-linux-x86_64-debian-clang, r-devel-linux-x86_64-debian-gcc, r-devel-linux-x86_64-fedora-clang, r-devel-linux-x86_64-fedora-gcc, r-patched-linux-x86_64, r-release-linux-x86_64

Version: 0.7-3
Check: whether package can be installed
Result: ERROR
    Installation failed.
Flavor: r-release-osx-x86_64