CRAN Package Check Results for Package RSclient

Last updated on 2017-11-24 14:50:04 CET.

Flavor Version Tinstall Tcheck Ttotal Status Flags
r-devel-linux-x86_64-debian-clang 0.7-3 3.03 31.87 34.90 NOTE
r-devel-linux-x86_64-debian-gcc 0.7-3 1.94 29.69 31.63 NOTE
r-devel-linux-x86_64-fedora-clang 0.7-3 19.65 NOTE
r-devel-linux-x86_64-fedora-gcc 0.7-3 18.03 NOTE
r-devel-windows-ix86+x86_64 0.7-3 31.00 46.00 77.00 OK
r-patched-linux-x86_64 0.7-3 2.39 32.58 34.96 NOTE
r-patched-solaris-x86 0.7-3 28.40 OK
r-release-linux-x86_64 0.7-3 2.65 32.18 34.83 NOTE
r-release-windows-ix86+x86_64 0.7-3 18.00 43.00 61.00 OK
r-release-osx-x86_64 0.7-3 ERROR
r-oldrel-windows-ix86+x86_64 0.7-3 17.00 41.00 58.00 OK
r-oldrel-osx-x86_64 0.7-3 OK

Additional issues

rchk

Check Details

Version: 0.7-3
Check: compiled code
Result: NOTE
    File ‘RSclient/libs/RSclient.so’:
     Found no calls to: ‘R_registerRoutines’, ‘R_useDynamicSymbols’
    
    It is good practice to register native routines and to disable symbol
    search.
    
    See ‘Writing portable packages’ in the ‘Writing R Extensions’ manual.
Flavors: r-devel-linux-x86_64-debian-clang, r-devel-linux-x86_64-debian-gcc, r-devel-linux-x86_64-fedora-clang, r-devel-linux-x86_64-fedora-gcc, r-patched-linux-x86_64, r-release-linux-x86_64

Version: 0.7-3
Check: whether package can be installed
Result: ERROR
    Installation failed.
Flavor: r-release-osx-x86_64