CRAN Package Check Results for Package RSclient

Last updated on 2017-05-30 14:47:28.

Flavor Version Tinstall Tcheck Ttotal Status Flags
r-devel-linux-x86_64-debian-clang 0.7-3 2.10 10.73 12.83 NOTE
r-devel-linux-x86_64-debian-gcc 0.7-3 1.90 10.52 12.42 NOTE
r-devel-linux-x86_64-fedora-clang 0.7-3 20.94 NOTE
r-devel-linux-x86_64-fedora-gcc 0.7-3 19.40 NOTE
r-devel-windows-ix86+x86_64 0.7-3 15.00 56.00 71.00 OK
r-patched-linux-x86_64 0.7-3 1.73 10.47 12.20 NOTE
r-patched-solaris-sparc 0.7-3 117.80 OK
r-patched-solaris-x86 0.7-3 28.20 OK
r-release-linux-x86_64 0.7-3 1.79 10.63 12.42 NOTE
r-release-windows-ix86+x86_64 0.7-3 24.00 42.00 66.00 OK
r-release-osx-x86_64 0.7-3 ERROR
r-oldrel-windows-ix86+x86_64 0.7-3 17.00 41.00 58.00 OK
r-oldrel-osx-x86_64 0.7-3 OK

Additional issues

rchk

Check Details

Version: 0.7-3
Check: compiled code
Result: NOTE
    File ‘RSclient/libs/RSclient.so’:
     Found no calls to: ‘R_registerRoutines’, ‘R_useDynamicSymbols’
    
    It is good practice to register native routines and to disable symbol
    search.
    
    See ‘Writing portable packages’ in the ‘Writing R Extensions’ manual.
Flavors: r-devel-linux-x86_64-debian-clang, r-devel-linux-x86_64-debian-gcc, r-devel-linux-x86_64-fedora-clang, r-devel-linux-x86_64-fedora-gcc, r-patched-linux-x86_64, r-release-linux-x86_64

Version: 0.7-3
Check: whether package can be installed
Result: ERROR
    Installation failed.
Flavor: r-release-osx-x86_64