CRAN Package Check Results for Package RSclient

Last updated on 2015-07-04 09:48:14.

Flavor Version Tinstall Tcheck Ttotal Status Flags
r-devel-linux-x86_64-debian-clang 0.7-2 1.48 8.88 10.36 NOTE
r-devel-linux-x86_64-debian-gcc 0.7-2 1.50 8.61 10.11 NOTE
r-devel-linux-x86_64-fedora-clang 0.7-2 18.68 NOTE
r-devel-linux-x86_64-fedora-gcc 0.7-2 17.72 NOTE
r-devel-osx-x86_64-clang 0.7-2 20.11 NOTE
r-devel-windows-ix86+x86_64 0.7-2 22.00 39.00 61.00 OK
r-patched-linux-x86_64 0.7-2 1.56 8.76 10.32 NOTE
r-patched-solaris-sparc 0.7-2 129.30 NOTE
r-patched-solaris-x86 0.7-2 28.20 NOTE
r-release-linux-x86_64 0.7-2 1.60 8.63 10.23 NOTE
r-release-osx-x86_64-mavericks 0.7-2 OK
r-release-windows-ix86+x86_64 0.7-2 17.00 34.00 51.00 OK
r-oldrel-windows-ix86+x86_64 0.7-2 20.00 36.00 56.00 OK

Check Details

Version: 0.7-2
Check: S3 generic/method consistency
Result: NOTE
    Found the following apparent S3 methods exported but not registered:
     !=.RserveConnection ==.RserveConnection print.RserveConnection
    See section ‘Registering S3 methods’ in the ‘Writing R Extensions’
    manual.
Flavors: r-devel-linux-x86_64-debian-clang, r-devel-linux-x86_64-debian-gcc, r-devel-linux-x86_64-fedora-clang, r-devel-linux-x86_64-fedora-gcc, r-devel-osx-x86_64-clang, r-patched-linux-x86_64, r-patched-solaris-sparc, r-patched-solaris-x86, r-release-linux-x86_64