CRAN Package Check Results for Package RSclient

Last updated on 2017-07-20 23:51:40.

Flavor Version Tinstall Tcheck Ttotal Status Flags
r-devel-linux-x86_64-debian-clang 0.7-3 2.14 16.87 19.01 NOTE
r-devel-linux-x86_64-debian-gcc 0.7-3 1.81 17.31 19.13 NOTE
r-devel-linux-x86_64-fedora-clang 0.7-3 22.16 NOTE
r-devel-linux-x86_64-fedora-gcc 0.7-3 20.02 NOTE
r-devel-windows-ix86+x86_64 0.7-3 17.00 39.00 56.00 OK
r-patched-linux-x86_64 0.7-3 1.76 17.23 18.98 NOTE
r-patched-solaris-x86 0.7-3 28.40 OK
r-release-linux-x86_64 0.7-3 1.74 17.04 18.79 NOTE
r-release-windows-ix86+x86_64 0.7-3 24.00 42.00 66.00 OK
r-release-osx-x86_64 0.7-3 ERROR
r-oldrel-windows-ix86+x86_64 0.7-3 17.00 41.00 58.00 OK
r-oldrel-osx-x86_64 0.7-3 OK

Additional issues

rchk

Check Details

Version: 0.7-3
Check: compiled code
Result: NOTE
    File ‘RSclient/libs/RSclient.so’:
     Found no calls to: ‘R_registerRoutines’, ‘R_useDynamicSymbols’
    
    It is good practice to register native routines and to disable symbol
    search.
    
    See ‘Writing portable packages’ in the ‘Writing R Extensions’ manual.
Flavors: r-devel-linux-x86_64-debian-clang, r-devel-linux-x86_64-debian-gcc, r-devel-linux-x86_64-fedora-clang, r-devel-linux-x86_64-fedora-gcc, r-patched-linux-x86_64, r-release-linux-x86_64

Version: 0.7-3
Check: whether package can be installed
Result: ERROR
    Installation failed.
Flavor: r-release-osx-x86_64