CRAN Package Check Results for Package RSclient

Last updated on 2015-01-25 16:49:22.

Flavor Version Tinstall Tcheck Ttotal Status Flags
r-devel-linux-x86_64-debian-clang 0.7-2 1.48 9.50 10.98 OK
r-devel-linux-x86_64-debian-gcc 0.7-2 1.60 9.74 11.34 OK
r-devel-linux-x86_64-fedora-clang 0.7-2 22.49 NOTE
r-devel-linux-x86_64-fedora-gcc 0.7-2 21.19 NOTE
r-devel-osx-x86_64-clang 0.7-2 24.43 NOTE
r-devel-windows-ix86+x86_64 0.7-2 17.00 38.00 55.00 OK
r-patched-linux-x86_64 0.7-2 1.62 9.36 10.98 OK
r-patched-solaris-sparc 0.7-2 132.90 OK
r-patched-solaris-x86 0.7-2 31.60 OK
r-release-linux-ix86 0.7-2 2.35 14.66 17.00 OK
r-release-linux-x86_64 0.7-2 1.62 9.36 10.98 OK
r-release-osx-x86_64-mavericks 0.7-2 OK
r-release-windows-ix86+x86_64 0.7-2 15.00 39.00 54.00 OK
r-oldrel-windows-ix86+x86_64 0.7-2 14.00 32.00 46.00 OK

Check Details

Version: 0.7-2
Check: S3 generic/method consistency
Result: NOTE
    Found the following apparent S3 methods exported but not registered:
     print.RserveConnection ==.RserveConnection !=.RserveConnection
    See section ‘Registering S3 methods’ in the ‘Writing R Extensions’
    manual.
Flavors: r-devel-linux-x86_64-fedora-clang, r-devel-linux-x86_64-fedora-gcc, r-devel-osx-x86_64-clang