CRAN Package Check Results for Package RSeed

Last updated on 2017-08-18 00:50:22.

Flavor Version Tinstall Tcheck Ttotal Status Flags
r-devel-linux-x86_64-debian-clang 0.1.60 3.66 45.14 48.80 OK
r-devel-linux-x86_64-debian-gcc 0.1.60 3.80 43.19 46.99 OK
r-devel-linux-x86_64-fedora-clang 0.1.60 102.67 OK
r-devel-linux-x86_64-fedora-gcc 0.1.60 115.04 OK
r-devel-windows-ix86+x86_64 0.1.60 9.00 108.00 117.00 OK
r-patched-linux-x86_64 0.1.60 4.02 43.98 48.00 OK
r-patched-solaris-x86 0.1.60 142.80 OK
r-release-linux-x86_64 0.1.60 3.91 43.45 47.35 OK
r-release-windows-ix86+x86_64 0.1.60 10.00 77.00 87.00 OK
r-release-osx-x86_64 0.1.60 ERROR
r-oldrel-windows-ix86+x86_64 0.1.60 8.00 65.00 73.00 OK
r-oldrel-osx-x86_64 0.1.60 OK

Check Details

Version: 0.1.60
Check: package dependencies
Result: ERROR
    Packages required but not available: ‘RBGL’ ‘graph’
    
    Package suggested but not available for checking: ‘Rgraphviz’
    
    See section ‘The DESCRIPTION file’ in the ‘Writing R Extensions’
    manual.
Flavor: r-release-osx-x86_64