CRAN Package Check Results for Package RSeed

Last updated on 2014-07-28 08:49:01.

Flavor Version Tinstall Tcheck Ttotal Status Flags
r-devel-linux-x86_64-debian-clang 0.1.31 5.44 52.69 58.14 NOTE
r-devel-linux-x86_64-debian-gcc 0.1.31 4.86 54.81 59.66 NOTE
r-devel-linux-x86_64-fedora-clang 0.1.31 148.67 NOTE
r-devel-linux-x86_64-fedora-gcc 0.1.31 136.31 NOTE
r-devel-osx-x86_64-clang 0.1.31 109.11 NOTE
r-devel-windows-ix86+x86_64 0.1.31 13.00 74.00 87.00 NOTE
r-patched-linux-x86_64 0.1.31 4.85 52.63 57.48 NOTE
r-patched-solaris-sparc 0.1.31 752.10 NOTE
r-patched-solaris-x86 0.1.31 183.80 NOTE
r-release-linux-ix86 0.1.31 5.81 63.95 69.76 NOTE
r-release-linux-x86_64 0.1.31 5.00 52.63 57.64 NOTE
r-release-osx-x86_64-mavericks 0.1.31 NOTE
r-release-osx-x86_64-snowleopard 0.1.31 NOTE
r-release-windows-ix86+x86_64 0.1.31 14.00 76.00 90.00 NOTE
r-oldrel-windows-ix86+x86_64 0.1.31 14.00 72.00 86.00 NOTE

Check Details

Version: 0.1.31
Check: dependencies in R code
Result: NOTE
    'library' or 'require' call to graph which was already attached by Depends.
     Please remove these calls from your code.
    Packages in Depends field not imported from:
     graph methods
     These packages need to be imported from (in the NAMESPACE file)
     for when this namespace is loaded but not attached.
    See the information on DESCRIPTION files in the chapter Creating R
    packages of the Writing R Extensions manual.
Flavors: r-devel-linux-x86_64-debian-clang, r-devel-linux-x86_64-debian-gcc, r-devel-linux-x86_64-fedora-clang, r-devel-linux-x86_64-fedora-gcc, r-devel-osx-x86_64-clang, r-devel-windows-ix86+x86_64, r-patched-linux-x86_64, r-patched-solaris-sparc, r-patched-solaris-x86, r-release-linux-ix86, r-release-linux-x86_64, r-release-osx-x86_64-mavericks, r-release-osx-x86_64-snowleopard, r-release-windows-ix86+x86_64, r-oldrel-windows-ix86+x86_64

Version: 0.1.31
Check: R code for possible problems
Result: NOTE
    buildGraph,RSeed: no visible global function definition for rhs<-
    buildGraph,RSeed: no visible global function definition for rhs
Flavors: r-devel-linux-x86_64-debian-clang, r-devel-linux-x86_64-debian-gcc, r-devel-linux-x86_64-fedora-clang, r-devel-linux-x86_64-fedora-gcc, r-devel-osx-x86_64-clang, r-devel-windows-ix86+x86_64, r-patched-linux-x86_64, r-patched-solaris-sparc, r-patched-solaris-x86, r-release-linux-ix86, r-release-linux-x86_64, r-release-osx-x86_64-mavericks, r-release-osx-x86_64-snowleopard, r-release-windows-ix86+x86_64, r-oldrel-windows-ix86+x86_64