CRAN Package Check Results for Package RSeed

Last updated on 2014-04-23 07:55:08.

Flavor Version Tinstall Tcheck Ttotal Status Flags
r-devel-linux-x86_64-debian-clang 0.1.31 5.46 55.44 60.89 NOTE
r-devel-linux-x86_64-debian-gcc 0.1.31 5.10 54.82 59.92 NOTE
r-devel-linux-x86_64-fedora-clang 0.1.31 148.01 NOTE
r-devel-linux-x86_64-fedora-gcc 0.1.31 142.53 NOTE
r-devel-osx-x86_64-clang 0.1.31 113.41 NOTE
r-devel-osx-x86_64-gcc 0.1.31 ERROR
r-devel-windows-ix86+x86_64 0.1.31 13.00 78.00 91.00 NOTE
r-patched-linux-x86_64 0.1.31 5.34 54.96 60.30 NOTE
r-patched-solaris-sparc 0.1.31 752.10 NOTE
r-patched-solaris-x86 0.1.31 185.80 NOTE
r-release-linux-ix86 0.1.31 8.00 86.00 94.00 NOTE
r-release-linux-x86_64 0.1.31 5.30 55.08 60.38 NOTE
r-release-osx-x86_64-mavericks 0.1.31 ERROR
r-release-osx-x86_64-snowleopard 0.1.31 ERROR
r-release-windows-ix86+x86_64 0.1.31 12.00 77.00 89.00 NOTE
r-oldrel-windows-ix86+x86_64 0.1.31 14.00 72.00 86.00 NOTE

Check Details

Version: 0.1.31
Check: dependencies in R code
Result: NOTE
    'library' or 'require' call to ‘graph’ which was already attached by Depends.
     Please remove these calls from your code.
    Packages in Depends field not imported from:
     ‘graph’ ‘methods’
     These packages need to be imported from (in the NAMESPACE file)
     for when this namespace is loaded but not attached.
    See the information on DESCRIPTION files in the chapter ‘Creating R
    packages’ of the ‘Writing R Extensions’ manual.
Flavors: r-devel-linux-x86_64-debian-clang, r-devel-linux-x86_64-debian-gcc, r-devel-linux-x86_64-fedora-clang, r-devel-linux-x86_64-fedora-gcc, r-devel-osx-x86_64-clang, r-devel-windows-ix86+x86_64, r-patched-linux-x86_64, r-patched-solaris-sparc, r-patched-solaris-x86, r-release-linux-ix86, r-release-linux-x86_64, r-release-windows-ix86+x86_64, r-oldrel-windows-ix86+x86_64

Version: 0.1.31
Check: R code for possible problems
Result: NOTE
    buildGraph,RSeed: no visible global function definition for ‘rhs<-’
    buildGraph,RSeed: no visible global function definition for ‘rhs’
Flavors: r-devel-linux-x86_64-debian-clang, r-devel-linux-x86_64-debian-gcc, r-devel-linux-x86_64-fedora-clang, r-devel-linux-x86_64-fedora-gcc, r-devel-osx-x86_64-clang, r-devel-windows-ix86+x86_64, r-patched-linux-x86_64, r-patched-solaris-sparc, r-patched-solaris-x86, r-release-linux-ix86, r-release-linux-x86_64, r-release-windows-ix86+x86_64, r-oldrel-windows-ix86+x86_64

Version: 0.1.31
Check: package dependencies
Result: ERROR
    Packages required but not available: ‘RBGL’ ‘graph’
    
    Package suggested but not available for checking: ‘Rgraphviz’
    
    See the information on DESCRIPTION files in the chapter ‘Creating R
    packages’ of the ‘Writing R Extensions’ manual.
Flavors: r-devel-osx-x86_64-gcc, r-release-osx-x86_64-mavericks, r-release-osx-x86_64-snowleopard