CRAN Package Check Results for Package RSeed

Last updated on 2014-09-01 23:46:52.

Flavor Version Tinstall Tcheck Ttotal Status Flags
r-devel-linux-x86_64-debian-clang 0.1.31 4.74 50.90 55.64 NOTE
r-devel-linux-x86_64-debian-gcc 0.1.31 4.68 52.55 57.24 NOTE
r-devel-linux-x86_64-fedora-clang 0.1.31 162.27 NOTE
r-devel-linux-x86_64-fedora-gcc 0.1.31 137.61 NOTE
r-devel-osx-x86_64-clang 0.1.31 106.56 NOTE
r-devel-windows-ix86+x86_64 0.1.31 13.00 72.00 85.00 NOTE
r-patched-linux-x86_64 0.1.31 4.93 53.62 58.55 NOTE
r-patched-solaris-sparc 0.1.31 743.60 NOTE
r-patched-solaris-x86 0.1.31 185.80 NOTE
r-release-linux-ix86 0.1.31 5.92 64.95 70.87 NOTE
r-release-linux-x86_64 0.1.31 4.98 52.70 57.68 NOTE
r-release-osx-x86_64-mavericks 0.1.31 NOTE
r-release-osx-x86_64-snowleopard 0.1.31 NOTE
r-release-windows-ix86+x86_64 0.1.31 13.00 112.00 125.00 NOTE
r-oldrel-windows-ix86+x86_64 0.1.31 13.00 69.00 82.00 NOTE

Check Details

Version: 0.1.31
Check: dependencies in R code
Result: NOTE
    'library' or 'require' call to ‘graph’ which was already attached by Depends.
     Please remove these calls from your code.
    Packages in Depends field not imported from:
     ‘graph’ ‘methods’
     These packages need to be imported from (in the NAMESPACE file)
     for when this namespace is loaded but not attached.
    See the information on DESCRIPTION files in the chapter ‘Creating R
    packages’ of the ‘Writing R Extensions’ manual.
Flavors: r-devel-linux-x86_64-debian-clang, r-devel-linux-x86_64-debian-gcc, r-devel-linux-x86_64-fedora-clang, r-devel-linux-x86_64-fedora-gcc, r-devel-osx-x86_64-clang, r-devel-windows-ix86+x86_64, r-patched-linux-x86_64, r-patched-solaris-sparc, r-patched-solaris-x86, r-release-linux-ix86, r-release-linux-x86_64, r-release-osx-x86_64-mavericks, r-release-osx-x86_64-snowleopard, r-release-windows-ix86+x86_64, r-oldrel-windows-ix86+x86_64

Version: 0.1.31
Check: R code for possible problems
Result: NOTE
    buildGraph,RSeed: no visible global function definition for ‘rhs<-’
    buildGraph,RSeed: no visible global function definition for ‘rhs’
    plot,RSeed-missing: no visible global function definition for
     ‘combineNodes’
    plot,RSeed-missing: no visible global function definition for ‘nodes’
    plot,RSeed-missing : dn: no visible global function definition for
     ‘getNodeCenter’
    plot,RSeed-missing : dn: no visible global function definition for
     ‘getX’
    plot,RSeed-missing : dn: no visible global function definition for
     ‘getY’
    plot,RSeed-missing : dn: no visible global function definition for
     ‘getNodeLW’
    plot,RSeed-missing : dn: no visible global function definition for
     ‘getNodeRW’
    plot,RSeed-missing : dn: no visible global function definition for
     ‘getNodeHeight’
    plot,RSeed-missing : dn: no visible global function definition for
     ‘color’
    plot,RSeed-missing : dn: no visible global function definition for
     ‘fillcolor’
    plot,RSeed-missing : dn: no visible global function definition for
     ‘name’
    plot,RSeed-missing: no visible global function definition for ‘agopen’
    sourceCompounds,RSeed: no visible global function definition for
     ‘nodes’
    sourceCompounds,RSeed: no visible global function definition for
     ‘edges’
    sourceCompounds,RSeed: no visible global function definition for
     ‘degree’
Flavors: r-devel-linux-x86_64-debian-clang, r-devel-linux-x86_64-debian-gcc, r-devel-linux-x86_64-fedora-clang, r-devel-linux-x86_64-fedora-gcc, r-devel-osx-x86_64-clang, r-devel-windows-ix86+x86_64

Version: 0.1.31
Check: R code for possible problems
Result: NOTE
    buildGraph,RSeed: no visible global function definition for ‘rhs<-’
    buildGraph,RSeed: no visible global function definition for ‘rhs’
Flavors: r-patched-linux-x86_64, r-patched-solaris-sparc, r-patched-solaris-x86, r-release-linux-ix86, r-release-linux-x86_64, r-release-osx-x86_64-mavericks, r-release-osx-x86_64-snowleopard, r-release-windows-ix86+x86_64, r-oldrel-windows-ix86+x86_64