CRAN Package Check Results for Package RSeed

Last updated on 2017-04-28 05:48:51.

Flavor Version Tinstall Tcheck Ttotal Status Flags
r-devel-linux-x86_64-debian-clang 0.1.60 3.85 43.80 47.65 OK
r-devel-linux-x86_64-debian-gcc 0.1.60 3.70 43.41 47.11 OK
r-devel-linux-x86_64-fedora-clang 0.1.60 105.72 OK --no-stop-on-test-error
r-devel-linux-x86_64-fedora-gcc 0.1.60 102.71 OK --no-stop-on-test-error
r-devel-windows-ix86+x86_64 0.1.60 10.00 102.00 112.00 OK
r-patched-linux-x86_64 0.1.60 3.82 43.28 47.10 OK
r-patched-solaris-sparc 0.1.60 601.70 OK
r-patched-solaris-x86 0.1.60 139.80 OK
r-release-linux-x86_64 0.1.60 3.76 45.35 49.12 OK
r-release-windows-ix86+x86_64 0.1.60 12.00 88.00 100.00 OK
r-release-osx-x86_64 0.1.60 ERROR
r-oldrel-windows-ix86+x86_64 0.1.60 13.00 75.00 88.00 OK
r-oldrel-osx-x86_64 0.1.60 OK

Check Details

Version: 0.1.60
Check: package dependencies
Result: ERROR
    Packages required but not available: ‘RBGL’ ‘graph’
    
    Package suggested but not available for checking: ‘Rgraphviz’
    
    See section ‘The DESCRIPTION file’ in the ‘Writing R Extensions’
    manual.
Flavor: r-release-osx-x86_64