CRAN Package Check Results for Package RSeed

Last updated on 2017-10-16 23:47:46.

Flavor Version Tinstall Tcheck Ttotal Status Flags
r-devel-linux-x86_64-debian-clang 0.1.60 3.98 44.83 48.82 OK
r-devel-linux-x86_64-debian-gcc 0.1.60 4.63 48.70 53.33 OK
r-devel-linux-x86_64-fedora-clang 0.1.60 106.72 OK
r-devel-linux-x86_64-fedora-gcc 0.1.60 103.94 OK
r-devel-windows-ix86+x86_64 0.1.60 10.00 74.00 84.00 OK
r-patched-linux-x86_64 0.1.60 3.94 44.40 48.34 OK
r-patched-solaris-x86 0.1.60 146.80 OK
r-release-linux-x86_64 0.1.60 3.99 44.93 48.92 OK
r-release-windows-ix86+x86_64 0.1.60 9.00 83.00 92.00 OK
r-release-osx-x86_64 0.1.60 ERROR
r-oldrel-windows-ix86+x86_64 0.1.60 13.00 90.00 103.00 OK
r-oldrel-osx-x86_64 0.1.60 OK

Check Details

Version: 0.1.60
Check: package dependencies
Result: ERROR
    Packages required but not available: ‘RBGL’ ‘graph’
    
    Package suggested but not available for checking: ‘Rgraphviz’
    
    See section ‘The DESCRIPTION file’ in the ‘Writing R Extensions’
    manual.
Flavor: r-release-osx-x86_64