CRAN Package Check Results for Package RSeed

Last updated on 2017-06-29 06:53:20.

Flavor Version Tinstall Tcheck Ttotal Status Flags
r-devel-linux-x86_64-debian-clang 0.1.60 3.57 43.83 47.39 OK
r-devel-linux-x86_64-debian-gcc 0.1.60 3.81 49.69 53.50 OK
r-devel-linux-x86_64-fedora-clang 0.1.60 103.72 OK
r-devel-linux-x86_64-fedora-gcc 0.1.60 103.30 OK
r-devel-windows-ix86+x86_64 0.1.60 16.00 82.00 98.00 OK
r-patched-linux-x86_64 0.1.60 3.69 43.37 47.06 OK
r-patched-solaris-sparc 0.1.60 601.70 OK
r-patched-solaris-x86 0.1.60 141.70 OK
r-release-linux-x86_64 0.1.60 3.65 43.53 47.19 OK
r-release-windows-ix86+x86_64 0.1.60 14.00 233.00 247.00 OK
r-release-osx-x86_64 0.1.60 ERROR
r-oldrel-windows-ix86+x86_64 0.1.60 12.00 99.00 111.00 OK
r-oldrel-osx-x86_64 0.1.60 OK

Check Details

Version: 0.1.60
Check: package dependencies
Result: ERROR
    Packages required but not available: ‘RBGL’ ‘graph’
    
    Package suggested but not available for checking: ‘Rgraphviz’
    
    See section ‘The DESCRIPTION file’ in the ‘Writing R Extensions’
    manual.
Flavor: r-release-osx-x86_64