CRAN Package Check Results for Package RSeed

Last updated on 2014-12-21 19:48:47.

Flavor Version Tinstall Tcheck Ttotal Status Flags
r-devel-linux-x86_64-debian-clang 0.1.31 4.70 51.83 56.53 NOTE
r-devel-linux-x86_64-debian-gcc 0.1.31 4.52 51.33 55.85 NOTE
r-devel-linux-x86_64-fedora-clang 0.1.31 142.32 NOTE
r-devel-linux-x86_64-fedora-gcc 0.1.31 139.95 NOTE
r-devel-osx-x86_64-clang 0.1.31 115.48 NOTE
r-devel-windows-ix86+x86_64 0.1.31 13.00 73.00 86.00 NOTE
r-patched-linux-x86_64 0.1.31 4.97 51.69 56.66 NOTE
r-patched-solaris-sparc 0.1.31 733.10 NOTE
r-patched-solaris-x86 0.1.31 185.20 NOTE
r-release-linux-ix86 0.1.31 5.67 62.12 67.80 NOTE
r-release-linux-x86_64 0.1.31 4.83 51.03 55.86 NOTE
r-release-osx-x86_64-mavericks 0.1.31 NOTE
r-release-osx-x86_64-snowleopard 0.1.31 NOTE
r-release-windows-ix86+x86_64 0.1.31 13.00 78.00 91.00 NOTE
r-oldrel-windows-ix86+x86_64 0.1.31 14.00 71.00 85.00 NOTE

Check Details

Version: 0.1.31
Check: dependencies in R code
Result: NOTE
    'library' or 'require' call to ‘graph’ which was already attached by Depends.
     Please remove these calls from your code.
    Packages in Depends field not imported from:
     ‘graph’ ‘methods’
     These packages need to be imported from (in the NAMESPACE file)
     for when this namespace is loaded but not attached.
    See the information on DESCRIPTION files in the chapter ‘Creating R
    packages’ of the ‘Writing R Extensions’ manual.
Flavors: r-devel-linux-x86_64-debian-clang, r-devel-linux-x86_64-debian-gcc, r-devel-linux-x86_64-fedora-clang, r-devel-linux-x86_64-fedora-gcc, r-devel-osx-x86_64-clang, r-devel-windows-ix86+x86_64, r-patched-linux-x86_64, r-patched-solaris-sparc, r-patched-solaris-x86, r-release-linux-ix86, r-release-linux-x86_64, r-release-osx-x86_64-mavericks, r-release-osx-x86_64-snowleopard, r-release-windows-ix86+x86_64, r-oldrel-windows-ix86+x86_64

Version: 0.1.31
Check: R code for possible problems
Result: NOTE
    buildGraph,RSeed: no visible global function definition for ‘rhs<-’
    buildGraph,RSeed: no visible global function definition for ‘rhs’
    plot,RSeed-missing: no visible global function definition for
     ‘combineNodes’
    plot,RSeed-missing: no visible global function definition for ‘nodes’
    plot,RSeed-missing : dn: no visible global function definition for
     ‘getNodeCenter’
    plot,RSeed-missing : dn: no visible global function definition for
     ‘getX’
    plot,RSeed-missing : dn: no visible global function definition for
     ‘getY’
    plot,RSeed-missing : dn: no visible global function definition for
     ‘getNodeLW’
    plot,RSeed-missing : dn: no visible global function definition for
     ‘getNodeRW’
    plot,RSeed-missing : dn: no visible global function definition for
     ‘getNodeHeight’
    plot,RSeed-missing : dn: no visible global function definition for
     ‘color’
    plot,RSeed-missing : dn: no visible global function definition for
     ‘fillcolor’
    plot,RSeed-missing : dn: no visible global function definition for
     ‘name’
    plot,RSeed-missing: no visible global function definition for ‘agopen’
    sourceCompounds,RSeed: no visible global function definition for
     ‘nodes’
    sourceCompounds,RSeed: no visible global function definition for
     ‘edges’
    sourceCompounds,RSeed: no visible global function definition for
     ‘degree’
Flavors: r-devel-linux-x86_64-debian-clang, r-devel-linux-x86_64-debian-gcc, r-devel-linux-x86_64-fedora-clang, r-devel-linux-x86_64-fedora-gcc, r-devel-osx-x86_64-clang, r-devel-windows-ix86+x86_64, r-patched-linux-x86_64, r-patched-solaris-sparc, r-patched-solaris-x86, r-release-linux-ix86, r-release-linux-x86_64, r-release-windows-ix86+x86_64

Version: 0.1.31
Check: R code for possible problems
Result: NOTE
    buildGraph,RSeed: no visible global function definition for ‘rhs<-’
    buildGraph,RSeed: no visible global function definition for ‘rhs’
Flavors: r-release-osx-x86_64-mavericks, r-release-osx-x86_64-snowleopard, r-oldrel-windows-ix86+x86_64