CRAN Package Check Results for Package RSelenium

Last updated on 2020-02-23 14:46:48 CET.

Flavor Version Tinstall Tcheck Ttotal Status Flags
r-devel-linux-x86_64-debian-clang 1.7.7 6.07 55.53 61.60 NOTE
r-devel-linux-x86_64-debian-gcc 1.7.7 4.85 43.35 48.20 NOTE
r-devel-linux-x86_64-fedora-clang 1.7.7 74.28 NOTE
r-devel-linux-x86_64-fedora-gcc 1.7.7 75.34 NOTE
r-devel-windows-ix86+x86_64 1.7.7 15.00 77.00 92.00 NOTE
r-devel-windows-ix86+x86_64-gcc8 1.7.7 28.00 116.00 144.00 NOTE
r-patched-linux-x86_64 1.7.7 NOTE
r-patched-solaris-x86 1.7.7 87.40 NOTE
r-release-linux-x86_64 1.7.7 4.40 49.94 54.34 NOTE
r-release-windows-ix86+x86_64 1.7.7 10.00 72.00 82.00 NOTE
r-release-osx-x86_64 1.7.7 NOTE
r-oldrel-windows-ix86+x86_64 1.7.7 8.00 65.00 73.00 NOTE
r-oldrel-osx-x86_64 1.7.7 NOTE

Check Details

Version: 1.7.7
Check: package dependencies
Result: NOTE
    Package suggested but not available for checking: 'Rcompression'
Flavors: r-devel-linux-x86_64-debian-clang, r-devel-linux-x86_64-debian-gcc, r-devel-linux-x86_64-fedora-clang, r-devel-linux-x86_64-fedora-gcc, r-devel-windows-ix86+x86_64, r-devel-windows-ix86+x86_64-gcc8, r-patched-linux-x86_64, r-patched-solaris-x86, r-release-linux-x86_64, r-release-windows-ix86+x86_64, r-release-osx-x86_64, r-oldrel-windows-ix86+x86_64, r-oldrel-osx-x86_64

Version: 1.7.7
Check: dependencies in R code
Result: NOTE
    Namespaces in Imports field not imported from:
     ‘binman’ ‘httr’
     All declared Imports should be used.
Flavors: r-devel-linux-x86_64-fedora-clang, r-devel-linux-x86_64-fedora-gcc, r-patched-solaris-x86, r-release-osx-x86_64, r-oldrel-osx-x86_64