CRAN Package Check Results for Package RSiena

Last updated on 2017-09-24 11:48:36.

Flavor Version Tinstall Tcheck Ttotal Status Flags
r-devel-linux-x86_64-debian-clang 1.2-3 97.23 133.45 230.68 OK
r-devel-linux-x86_64-debian-gcc 1.2-3 85.98 134.56 220.54 OK
r-devel-linux-x86_64-fedora-clang 1.2-3 505.27 NOTE
r-devel-linux-x86_64-fedora-gcc 1.2-3 401.67 NOTE
r-devel-windows-ix86+x86_64 1.2-3 463.00 250.00 713.00 OK
r-patched-linux-x86_64 1.2-3 84.94 135.60 220.54 OK
r-patched-solaris-x86 1.2-3 22.30 ERROR
r-release-linux-x86_64 1.2-3 84.81 133.16 217.97 OK
r-release-windows-ix86+x86_64 1.2-3 363.00 265.00 628.00 OK
r-release-osx-x86_64 1.2-3 NOTE
r-oldrel-windows-ix86+x86_64 1.2-3 388.00 225.00 613.00 OK
r-oldrel-osx-x86_64 1.2-3 NOTE

Check Details

Version: 1.2-3
Check: installed package size
Result: NOTE
     installed size is 13.3Mb
     sub-directories of 1Mb or more:
     libs 12.3Mb
Flavors: r-devel-linux-x86_64-fedora-clang, r-devel-linux-x86_64-fedora-gcc, r-release-osx-x86_64, r-oldrel-osx-x86_64

Version: 1.2-3
Check: whether package can be installed
Result: ERROR
    Installation failed.
Flavor: r-patched-solaris-x86