CRAN Package Check Results for Package RSiena

Last updated on 2017-11-23 11:52:48 CET.

Flavor Version Tinstall Tcheck Ttotal Status Flags
r-devel-linux-x86_64-debian-clang 1.2-3 76.75 189.17 265.92 OK
r-devel-linux-x86_64-debian-gcc 1.2-3 98.92 261.59 360.51 OK
r-devel-linux-x86_64-fedora-clang 1.2-3 475.62 NOTE
r-devel-linux-x86_64-fedora-gcc 1.2-3 376.84 NOTE
r-devel-windows-ix86+x86_64 1.2-3 386.00 361.00 747.00 OK
r-patched-linux-x86_64 1.2-3 116.32 269.92 386.24 OK
r-patched-solaris-x86 1.2-3 23.90 ERROR
r-release-linux-x86_64 1.2-3 85.03 134.75 219.78 OK
r-release-windows-ix86+x86_64 1.2-3 387.00 275.00 662.00 OK
r-release-osx-x86_64 1.2-3 NOTE
r-oldrel-windows-ix86+x86_64 1.2-3 386.00 230.00 616.00 OK
r-oldrel-osx-x86_64 1.2-3 NOTE

Check Details

Version: 1.2-3
Check: installed package size
Result: NOTE
     installed size is 13.3Mb
     sub-directories of 1Mb or more:
     libs 12.3Mb
Flavors: r-devel-linux-x86_64-fedora-clang, r-devel-linux-x86_64-fedora-gcc, r-release-osx-x86_64, r-oldrel-osx-x86_64

Version: 1.2-3
Check: whether package can be installed
Result: ERROR
    Installation failed.
Flavor: r-patched-solaris-x86