CRAN Package Check Results for Package RSiena

Last updated on 2014-04-24 09:49:10.

Flavor Version Tinstall Tcheck Ttotal Status Flags
r-devel-linux-x86_64-debian-clang 1.1-232 37.48 108.04 145.52 NOTE
r-devel-linux-x86_64-debian-gcc 1.1-232 48.72 108.66 157.38 NOTE
r-devel-linux-x86_64-fedora-clang 1.1-232 382.89 NOTE
r-devel-linux-x86_64-fedora-gcc 1.1-232 334.20 NOTE
r-devel-osx-x86_64-clang 1.1-232 291.31 NOTE
r-devel-osx-x86_64-gcc 1.1-232 NOTE
r-devel-windows-ix86+x86_64 1.1-232 169.00 176.00 345.00 NOTE
r-patched-linux-x86_64 1.1-232 49.01 106.96 155.98 NOTE
r-patched-solaris-sparc 1.1-232 1640.30 NOTE
r-patched-solaris-x86 1.1-232 394.90 NOTE
r-release-linux-ix86 1.1-232 84.00 163.00 247.00 NOTE
r-release-linux-x86_64 1.1-232 48.84 108.26 157.10 NOTE
r-release-osx-x86_64-mavericks 1.1-232 WARN
r-release-osx-x86_64-snowleopard 1.1-232 NOTE
r-release-windows-ix86+x86_64 1.1-232 151.00 182.00 333.00 NOTE
r-oldrel-windows-ix86+x86_64 1.1-232 154.00 183.00 337.00 NOTE

Check Details

Version: 1.1-232
Check: installed package size
Result: NOTE
     installed size is 8.6Mb
     sub-directories of 1Mb or more:
     doc 1.0Mb
     libs 6.6Mb
Flavors: r-devel-linux-x86_64-debian-clang, r-devel-linux-x86_64-debian-gcc, r-devel-linux-x86_64-fedora-clang, r-devel-linux-x86_64-fedora-gcc, r-devel-osx-x86_64-gcc, r-patched-linux-x86_64, r-release-linux-ix86, r-release-linux-x86_64, r-release-osx-x86_64-mavericks, r-release-osx-x86_64-snowleopard

Version: 1.1-232
Check: dependencies in R code
Result: NOTE
    Unexported object imported by a ':::' call: ‘utils:::edit.data.frame’
     See the note in ?`:::` about the use of this operator.
    See the information on DESCRIPTION files in the chapter ‘Creating R
    packages’ of the ‘Writing R Extensions’ manual.
Flavors: r-devel-linux-x86_64-debian-clang, r-devel-linux-x86_64-debian-gcc, r-devel-linux-x86_64-fedora-clang, r-devel-linux-x86_64-fedora-gcc, r-devel-osx-x86_64-clang, r-devel-osx-x86_64-gcc, r-devel-windows-ix86+x86_64, r-patched-linux-x86_64, r-patched-solaris-sparc, r-patched-solaris-x86, r-release-linux-ix86, r-release-linux-x86_64, r-release-osx-x86_64-mavericks, r-release-osx-x86_64-snowleopard, r-release-windows-ix86+x86_64, r-oldrel-windows-ix86+x86_64

Version: 1.1-232
Check: top-level files
Result: NOTE
    Non-standard file/directory found at top level:
     ‘changeLog’
Flavors: r-devel-linux-x86_64-fedora-clang, r-devel-linux-x86_64-fedora-gcc

Version: 1.1-232
Check: PDF version of manual
Result: WARNING
    LaTeX errors when creating PDF version.
    This typically indicates Rd problems.
    LaTeX errors found:
    ! LaTeX Error: File `upquote.sty' not found.
    
    Type X to quit or <RETURN> to proceed,
    or enter new name. (Default extension: sty)
    
    5982eab3/Rd2.tex:8: ==> Fatal error occurred, no output PDF file produced!
Flavor: r-release-osx-x86_64-mavericks