CRAN Package Check Results for Package RSiena

Last updated on 2014-08-02 03:51:00.

Flavor Version Tinstall Tcheck Ttotal Status Flags
r-devel-linux-x86_64-debian-clang 1.1-232 37.89 100.78 138.67 NOTE
r-devel-linux-x86_64-debian-gcc 1.1-232 51.26 99.87 151.13 NOTE
r-devel-linux-x86_64-fedora-clang 1.1-232 381.53 NOTE
r-devel-linux-x86_64-fedora-gcc 1.1-232 322.01 NOTE
r-devel-osx-x86_64-clang 1.1-232 285.53 NOTE
r-devel-windows-ix86+x86_64 1.1-232 167.00 179.00 346.00 NOTE
r-patched-linux-x86_64 1.1-232 51.51 101.96 153.47 NOTE
r-patched-solaris-sparc 1.1-232 1655.20 NOTE
r-patched-solaris-x86 1.1-232 429.00 NOTE
r-release-linux-ix86 1.1-232 70.34 124.34 194.68 NOTE
r-release-linux-x86_64 1.1-232 52.14 101.33 153.47 NOTE
r-release-osx-x86_64-mavericks 1.1-232 NOTE
r-release-osx-x86_64-snowleopard 1.1-232 NOTE
r-release-windows-ix86+x86_64 1.1-232 326.00 252.00 578.00 NOTE
r-oldrel-windows-ix86+x86_64 1.1-232 354.00 249.00 603.00 NOTE

Memtest notes: UBSAN

Check Details

Version: 1.1-232
Check: installed package size
Result: NOTE
     installed size is 8.8Mb
     sub-directories of 1Mb or more:
     doc 1.0Mb
     libs 6.8Mb
Flavors: r-devel-linux-x86_64-debian-clang, r-devel-linux-x86_64-debian-gcc, r-devel-linux-x86_64-fedora-clang, r-devel-linux-x86_64-fedora-gcc, r-patched-linux-x86_64, r-release-linux-ix86, r-release-linux-x86_64, r-release-osx-x86_64-mavericks, r-release-osx-x86_64-snowleopard

Version: 1.1-232
Check: dependencies in R code
Result: NOTE
    Unexported object imported by a ':::' call: utils:::edit.data.frame
     See the note in ?`:::` about the use of this operator.
    See the information on DESCRIPTION files in the chapter Creating R
    packages of the Writing R Extensions manual.
Flavors: r-devel-linux-x86_64-debian-clang, r-devel-linux-x86_64-debian-gcc, r-devel-linux-x86_64-fedora-clang, r-devel-linux-x86_64-fedora-gcc, r-devel-osx-x86_64-clang, r-devel-windows-ix86+x86_64, r-patched-linux-x86_64, r-patched-solaris-sparc, r-patched-solaris-x86, r-release-linux-ix86, r-release-linux-x86_64, r-release-osx-x86_64-mavericks, r-release-osx-x86_64-snowleopard, r-release-windows-ix86+x86_64, r-oldrel-windows-ix86+x86_64

Version: 1.1-232
Check: top-level files
Result: NOTE
    Non-standard file/directory found at top level:
     changeLog
Flavors: r-devel-linux-x86_64-fedora-clang, r-devel-linux-x86_64-fedora-gcc