CRAN Package Check Results for Package RSiena

Last updated on 2018-02-22 01:50:05 CET.

Flavor Version Tinstall Tcheck Ttotal Status Flags
r-devel-linux-x86_64-debian-clang 1.2-3 130.12 155.01 285.13 OK
r-devel-linux-x86_64-debian-gcc 1.2-3 116.07 130.85 246.92 OK
r-devel-linux-x86_64-fedora-clang 1.2-3 511.47 NOTE
r-devel-linux-x86_64-fedora-gcc 1.2-3 383.46 NOTE
r-devel-windows-ix86+x86_64 1.2-3 522.00 240.00 762.00 OK
r-patched-linux-x86_64 1.2-3 122.28 209.35 331.63 OK
r-patched-solaris-x86 1.2-3 26.60 ERROR
r-release-linux-x86_64 1.2-3 122.86 207.31 330.17 OK
r-release-windows-ix86+x86_64 1.2-3 576.00 331.00 907.00 OK
r-release-osx-x86_64 1.2-3 NOTE
r-oldrel-windows-ix86+x86_64 1.2-3 382.00 232.00 614.00 OK
r-oldrel-osx-x86_64 1.2-3 NOTE

Check Details

Version: 1.2-3
Check: installed package size
Result: NOTE
     installed size is 14.2Mb
     sub-directories of 1Mb or more:
     libs 12.5Mb
Flavors: r-devel-linux-x86_64-fedora-clang, r-devel-linux-x86_64-fedora-gcc, r-release-osx-x86_64, r-oldrel-osx-x86_64

Version: 1.2-3
Check: whether package can be installed
Result: ERROR
    Installation failed.
Flavor: r-patched-solaris-x86