CRAN Package Check Results for Package RSiena

Last updated on 2018-04-21 05:49:19 CEST.

Flavor Version Tinstall Tcheck Ttotal Status Flags
r-devel-linux-x86_64-debian-clang 1.2-3 185.13 175.57 360.70 OK
r-devel-linux-x86_64-debian-gcc 1.2-3 150.82 129.29 280.11 OK
r-devel-linux-x86_64-fedora-clang 1.2-3 501.92 NOTE
r-devel-linux-x86_64-fedora-gcc 1.2-3 383.77 NOTE
r-devel-windows-ix86+x86_64 1.2-3 496.00 237.00 733.00 OK
r-devel-osx-x86_64 1.2-3 NOTE
r-patched-linux-x86_64 1.2-3 201.42 170.19 371.61 OK
r-patched-solaris-x86 1.2-3 22.10 ERROR
r-release-linux-x86_64 1.2-3 179.60 205.42 385.02 OK
r-release-windows-ix86+x86_64 1.2-3 516.00 333.00 849.00 OK
r-release-osx-x86_64 1.2-3 NOTE
r-oldrel-windows-ix86+x86_64 1.2-3 501.00 221.00 722.00 OK

Check Details

Version: 1.2-3
Check: installed package size
Result: NOTE
     installed size is 14.2Mb
     sub-directories of 1Mb or more:
     libs 12.5Mb
Flavors: r-devel-linux-x86_64-fedora-clang, r-devel-linux-x86_64-fedora-gcc, r-devel-osx-x86_64, r-release-osx-x86_64

Version: 1.2-3
Check: whether package can be installed
Result: ERROR
    Installation failed.
Flavor: r-patched-solaris-x86