CRAN Package Check Results for Package RSiteCatalyst

Last updated on 2015-02-27 16:48:00.

Flavor Version Tinstall Tcheck Ttotal Status Flags
r-devel-linux-x86_64-debian-clang 1.4.3 2.27 19.90 22.16 NOTE
r-devel-linux-x86_64-debian-gcc 1.4.3 1.43 20.55 21.98 NOTE
r-devel-linux-x86_64-fedora-clang 1.4.3 41.45 NOTE
r-devel-linux-x86_64-fedora-gcc 1.4.3 39.57 NOTE
r-devel-osx-x86_64-clang 1.4.3 42.15 NOTE
r-devel-windows-ix86+x86_64 1.4.3 10.00 31.00 41.00 NOTE
r-patched-linux-x86_64 1.4.3 1.89 25.10 26.99 OK
r-patched-solaris-sparc 1.4.3 279.00 OK
r-patched-solaris-x86 ERROR
r-release-linux-ix86 1.4.3 2.31 31.60 33.91 OK
r-release-linux-x86_64 1.4.3 1.82 25.25 27.07 OK
r-release-osx-x86_64-mavericks 1.4.3 OK
r-release-osx-x86_64-snowleopard 1.4.3 OK
r-release-windows-ix86+x86_64 1.4.3 6.00 39.00 45.00 OK
r-oldrel-windows-ix86+x86_64 1.4.3 8.00 67.00 75.00 OK

Check Details

Version: 1.4.3
Check: DESCRIPTION meta-information
Result: NOTE
    Malformed Description field: should contain one or more complete sentences.
Flavors: r-devel-linux-x86_64-debian-clang, r-devel-linux-x86_64-debian-gcc, r-devel-linux-x86_64-fedora-clang, r-devel-linux-x86_64-fedora-gcc, r-devel-osx-x86_64-clang, r-devel-windows-ix86+x86_64

Version: 1.4.3
Check: whether package can be installed
Result: ERROR
    Installation failed.
Flavor: r-patched-solaris-x86