CRAN Package Check Results for Package RSiteCatalyst

Last updated on 2015-04-19 02:48:36.

Flavor Version Tinstall Tcheck Ttotal Status Flags
r-devel-linux-x86_64-debian-clang 1.4.3 1.48 21.60 23.08 NOTE
r-devel-linux-x86_64-debian-gcc 1.4.3 1.40 20.01 21.40 NOTE
r-devel-linux-x86_64-fedora-clang 1.4.3 41.18 NOTE
r-devel-linux-x86_64-fedora-gcc 1.4.3 38.63 NOTE
r-devel-osx-x86_64-clang 1.4.3 42.39 NOTE
r-patched-linux-x86_64 1.4.3 1.44 21.12 22.56 NOTE
r-patched-solaris-sparc 1.4.3 254.70 NOTE
r-patched-solaris-x86 1.4.3 53.20 NOTE
r-release-linux-x86_64 1.4.3 1.46 19.64 21.09 NOTE
r-release-osx-x86_64-mavericks 1.4.3 NOTE
r-release-osx-x86_64-snowleopard 1.4.3 ERROR
r-release-windows-ix86+x86_64 1.4.3 5.00 36.00 41.00 NOTE
r-oldrel-windows-ix86+x86_64 1.4.3 7.00 51.00 58.00 OK

Check Details

Version: 1.4.3
Check: DESCRIPTION meta-information
Result: NOTE
    Malformed Description field: should contain one or more complete sentences.
Flavors: r-devel-linux-x86_64-debian-clang, r-devel-linux-x86_64-debian-gcc, r-devel-linux-x86_64-fedora-clang, r-devel-linux-x86_64-fedora-gcc, r-devel-osx-x86_64-clang, r-patched-linux-x86_64, r-patched-solaris-sparc, r-patched-solaris-x86, r-release-linux-x86_64, r-release-osx-x86_64-mavericks, r-release-osx-x86_64-snowleopard, r-release-windows-ix86+x86_64

Version: 1.4.3
Check: tests
Result: ERROR
    Running the tests in ‘tests/testthat.R’ failed.
    Last 13 lines of output:
     could not find function "skip_on_cran"
    
     V. Error: Validate SaveRealTimeSettings using legacy credentials ---------------
     could not find function "skip_on_cran"
    
     W. Error: SCAuth legacy credentials work as expected ---------------------------
     could not find function "skip_on_cran"
    
     X. Error: Validate SubmitJsonQueueReport using legacy credentials --------------
     could not find function "skip_on_cran"
    
     Error: Test failures
     Execution halted
Flavor: r-release-osx-x86_64-snowleopard