CRAN Package Check Results for Package RSiteCatalyst

Last updated on 2015-05-24 08:48:42.

Flavor Version Tinstall Tcheck Ttotal Status Flags
r-devel-linux-x86_64-debian-clang 1.4.3 1.49 20.88 22.37 NOTE
r-devel-linux-x86_64-debian-gcc 1.4.3 1.45 20.28 21.74 NOTE
r-devel-linux-x86_64-fedora-clang 1.4.3 41.97 NOTE
r-devel-linux-x86_64-fedora-gcc 1.4.3 40.31 NOTE
r-devel-osx-x86_64-clang 1.4.3 41.69 NOTE
r-devel-windows-ix86+x86_64 1.4.3 6.00 35.00 41.00 NOTE
r-patched-linux-x86_64 1.4.3 1.44 21.50 22.94 NOTE
r-patched-solaris-sparc 1.4.3 266.70 NOTE
r-patched-solaris-x86 1.4.3 57.50 NOTE
r-release-linux-x86_64 1.4.3 1.46 20.52 21.97 NOTE
r-release-osx-x86_64-mavericks 1.4.3 NOTE
r-release-osx-x86_64-snowleopard 1.4.3 ERROR
r-release-windows-ix86+x86_64 1.4.3 6.00 33.00 39.00 NOTE
r-oldrel-windows-ix86+x86_64 1.4.3 7.00 45.00 52.00 OK

Check Details

Version: 1.4.3
Check: DESCRIPTION meta-information
Result: NOTE
    Malformed Description field: should contain one or more complete sentences.
Flavors: r-devel-linux-x86_64-debian-clang, r-devel-linux-x86_64-debian-gcc, r-devel-linux-x86_64-fedora-clang, r-devel-linux-x86_64-fedora-gcc, r-devel-osx-x86_64-clang, r-devel-windows-ix86+x86_64, r-patched-linux-x86_64, r-patched-solaris-sparc, r-patched-solaris-x86, r-release-linux-x86_64, r-release-osx-x86_64-mavericks, r-release-osx-x86_64-snowleopard, r-release-windows-ix86+x86_64

Version: 1.4.3
Check: tests
Result: ERROR
    Running the tests in ‘tests/testthat.R’ failed.
    Last 13 lines of output:
     could not find function "skip_on_cran"
    
     V. Error: Validate SaveRealTimeSettings using legacy credentials ---------------
     could not find function "skip_on_cran"
    
     W. Error: SCAuth legacy credentials work as expected ---------------------------
     could not find function "skip_on_cran"
    
     X. Error: Validate SubmitJsonQueueReport using legacy credentials --------------
     could not find function "skip_on_cran"
    
     Error: Test failures
     Execution halted
Flavor: r-release-osx-x86_64-snowleopard