CRAN Package Check Results for Package RSocrata

Last updated on 2014-07-29 22:47:03.

Flavor Version Tinstall Tcheck Ttotal Status Flags
r-devel-linux-x86_64-debian-clang 1.5 0.73 14.29 15.02 OK
r-devel-linux-x86_64-debian-gcc 1.5 0.73 12.34 13.07 ERROR
r-devel-linux-x86_64-fedora-clang 1.5 34.59 OK
r-devel-linux-x86_64-fedora-gcc 1.5 31.97 OK
r-devel-osx-x86_64-clang 1.5 37.40 OK
r-devel-windows-ix86+x86_64 1.5 4.00 36.00 40.00 OK
r-patched-linux-x86_64 1.5 0.74 14.69 15.44 OK
r-patched-solaris-sparc 1.5 180.10 OK
r-patched-solaris-x86 1.5 37.10 OK
r-release-linux-ix86 1.5 1.46 24.98 26.43 OK
r-release-linux-x86_64 1.5 1.14 19.17 20.30 ERROR
r-release-osx-x86_64-mavericks 1.5 OK
r-release-osx-x86_64-snowleopard 1.5 OK
r-release-windows-ix86+x86_64 1.5 3.00 20.00 23.00 ERROR
r-oldrel-windows-ix86+x86_64 1.5 3.00 19.00 22.00 ERROR

Check Details

Version: 1.5
Check: examples
Result: ERROR
    Running examples in RSocrata-Ex.R failed
    The error most likely occurred in:
    
    > ### Name: read.socrata
    > ### Title: Get a full Socrata data set as an R data frame
    > ### Aliases: read.socrata
    >
    > ### ** Examples
    >
    > df <- read.socrata("https://soda.demo.socrata.com/resource/4334-bgaj.csv")
    Warning in mapCurlOptNames(names(.els), asNames = TRUE) :
     Unrecognized CURL options: writedata
    
     *** caught segfault ***
    address 0xfbad287c, cause 'memory not mapped'
    
    Traceback:
     1: .Call("R_curl_easy_perform", curl, .opts, isProtected, .encoding, PACKAGE = "RCurl")
     2: RCurl::curlPerform(curl = handle$handle, .opts = curl_opts$values)
     3: perform(handle, opts, body)
     4: make_request("get", hu$handle, hu$url, config)
     5: GET(url)
     6: getResponse(validUrl)
     7: read.socrata("https://soda.demo.socrata.com/resource/4334-bgaj.csv")
    aborting ...
    Segmentation fault
Flavor: r-devel-linux-x86_64-debian-gcc

Version: 1.5
Check: examples
Result: ERROR
    Running examples in RSocrata-Ex.R failed
    The error most likely occurred in:
    
    > ### Name: read.socrata
    > ### Title: Get a full Socrata data set as an R data frame
    > ### Aliases: read.socrata
    >
    > ### ** Examples
    >
    > df <- read.socrata("https://soda.demo.socrata.com/resource/4334-bgaj.csv")
    Warning in mapCurlOptNames(names(.els), asNames = TRUE) :
     Unrecognized CURL options: writedata
    
     *** caught segfault ***
    address 0xfbad287c, cause 'memory not mapped'
    
    Traceback:
     1: .Call("R_curl_easy_perform", curl, .opts, isProtected, .encoding, PACKAGE = "RCurl")
     2: curlPerform(curl = handle$handle, .opts = curl_opts$values)
     3: perform(handle, opts, body)
     4: make_request("get", hu$handle, hu$url, config)
     5: GET(url)
     6: getResponse(validUrl)
     7: read.socrata("https://soda.demo.socrata.com/resource/4334-bgaj.csv")
    aborting ...
    Segmentation fault
Flavor: r-release-linux-x86_64

Version: 1.5
Check: examples
Result: ERROR
    Running examples in 'RSocrata-Ex.R' failed
    The error most likely occurred in:
    
    > ### Name: read.socrata
    > ### Title: Get a full Socrata data set as an R data frame
    > ### Aliases: read.socrata
    >
    > ### ** Examples
    >
    > df <- read.socrata("https://soda.demo.socrata.com/resource/4334-bgaj.csv")
    Warning in mapCurlOptNames(names(.els), asNames = TRUE) :
     Unrecognized CURL options: writedata
Flavors: r-release-windows-ix86+x86_64, r-oldrel-windows-ix86+x86_64