CRAN Package Check Results for Package RSocrata

Last updated on 2017-05-27 20:46:33.

Flavor Version Tinstall Tcheck Ttotal Status Flags
r-devel-linux-x86_64-debian-clang 1.7.2-12 1.01 92.63 93.64 ERROR
r-devel-linux-x86_64-debian-gcc 1.7.2-12 0.94 82.09 83.03 ERROR
r-devel-linux-x86_64-fedora-clang 1.7.2-12 43.97 ERROR
r-devel-linux-x86_64-fedora-gcc 1.7.2-12 40.90 ERROR
r-devel-windows-ix86+x86_64 1.7.2-12 4.00 120.00 124.00 ERROR
r-patched-linux-x86_64 1.7.2-12 1.14 94.24 95.38 ERROR
r-patched-solaris-sparc 1.7.2-12 278.70 ERROR
r-patched-solaris-x86 1.7.2-12 66.50 ERROR
r-release-linux-x86_64 1.7.2-12 1.02 79.01 80.04 ERROR
r-release-windows-ix86+x86_64 1.7.2-12 4.00 115.00 119.00 ERROR
r-release-osx-x86_64 1.7.2-12 OK
r-oldrel-windows-ix86+x86_64 1.7.2-12 5.00 105.00 110.00 ERROR
r-oldrel-osx-x86_64 1.7.2-12 OK

Check Details

Version: 1.7.2-12
Check: tests
Result: ERROR
     Running ‘testthat.R’ [11s/73s]
    Running the tests in ‘tests/testthat.R’ failed.
    Last 13 lines of output:
     2017-05-26 17:47:42.694 getResponse: Error in httr GET: 403 https://soda.demo.socrata.com/resource/a9g2-feh2.csv?$order=:id
     2017-05-26 17:47:43.591 getResponse: Error in httr GET: 403 https://soda.demo.socrata.com/resource/a9g2-feh2.json?$order=:id
     1. Failure: converts money fields to numeric (@test-all.R#471) -----------------
     "numeric" not equal to class(df$Employee.Annual.Salary).
     1/1 mismatches
     x[1]: "numeric"
     y[1]: "NULL"
    
    
     testthat results ================================================================
     OK: 156 SKIPPED: 0 FAILED: 1
     1. Failure: converts money fields to numeric (@test-all.R#471)
    
     Error: testthat unit tests failed
     Execution halted
Flavor: r-devel-linux-x86_64-debian-clang

Version: 1.7.2-12
Check: tests
Result: ERROR
     Running ‘testthat.R’ [11s/62s]
    Running the tests in ‘tests/testthat.R’ failed.
    Last 13 lines of output:
     2017-05-25 17:47:46.760 getResponse: Error in httr GET: 403 https://soda.demo.socrata.com/resource/a9g2-feh2.csv?$order=:id
     2017-05-25 17:47:47.641 getResponse: Error in httr GET: 403 https://soda.demo.socrata.com/resource/a9g2-feh2.json?$order=:id
     1. Failure: converts money fields to numeric (@test-all.R#471) -----------------
     "numeric" not equal to class(df$Employee.Annual.Salary).
     1/1 mismatches
     x[1]: "numeric"
     y[1]: "NULL"
    
    
     testthat results ================================================================
     OK: 156 SKIPPED: 0 FAILED: 1
     1. Failure: converts money fields to numeric (@test-all.R#471)
    
     Error: testthat unit tests failed
     Execution halted
Flavor: r-devel-linux-x86_64-debian-gcc

Version: 1.7.2-12
Check: tests
Result: ERROR
     Running ‘testthat.R’ [16s/77s]
    Running the tests in ‘tests/testthat.R’ failed.
    Complete output:
     > library(testthat)
     > library(RSocrata)
     >
     > test_check("RSocrata")
     2017-05-21 14:21:49.224 getResponse: Error in httr GET: 400 http://soda.demo.socrata.com/resource/4334-bgaj.csv?%24select=Region&$order=:id
     2017-05-21 14:21:49.430 getResponse: Error in httr GET: 401 http://data.cityofchicago.org/resource/j8vp-2qpg.json?$order=:id
     2017-05-21 14:22:03.555 getResponse: Error in httr GET: 400 https://soda.demo.socrata.com/resource/4334-bgaj.csv?%24app_token=ew2rEMuESuzWPqMkyPfOSGJgE&$order=:id
     2017-05-21 14:22:04.685 getResponse: Error in httr GET: 400 https://soda.demo.socrata.com/resource/4334-bgaj.csv?%24app_token=ew2rEMuESuzWPqMkyPfOSGJgE&$order=:id
     2017-05-21 14:22:07.400 getResponse: Error in httr GET: 403 https://soda.demo.socrata.com/resource/a9g2-feh2.csv?$order=:id
     2017-05-21 14:22:08.258 getResponse: Error in httr GET: 403 https://soda.demo.socrata.com/resource/a9g2-feh2.json?$order=:id
     1. Failure: converts money fields to numeric (@test-all.R#471) -----------------
     "numeric" not equal to class(df$Employee.Annual.Salary).
     1/1 mismatches
     x[1]: "numeric"
     y[1]: "NULL"
    
    
     testthat results ================================================================
     OK: 156 SKIPPED: 0 FAILED: 1
     1. Failure: converts money fields to numeric (@test-all.R#471)
    
     Error: testthat unit tests failed
     Execution halted
Flavor: r-devel-linux-x86_64-fedora-clang

Version: 1.7.2-12
Check: tests
Result: ERROR
     Running ‘testthat.R’ [14s/56s]
    Running the tests in ‘tests/testthat.R’ failed.
    Complete output:
     > library(testthat)
     > library(RSocrata)
     >
     > test_check("RSocrata")
     2017-05-20 11:53:07.529 getResponse: Error in httr GET: 400 http://soda.demo.socrata.com/resource/4334-bgaj.csv?%24select=Region&$order=:id
     2017-05-20 11:53:07.716 getResponse: Error in httr GET: 401 http://data.cityofchicago.org/resource/j8vp-2qpg.json?$order=:id
     2017-05-20 11:53:20.775 getResponse: Error in httr GET: 400 https://soda.demo.socrata.com/resource/4334-bgaj.csv?%24app_token=ew2rEMuESuzWPqMkyPfOSGJgE&$order=:id
     2017-05-20 11:53:21.760 getResponse: Error in httr GET: 400 https://soda.demo.socrata.com/resource/4334-bgaj.csv?%24app_token=ew2rEMuESuzWPqMkyPfOSGJgE&$order=:id
     2017-05-20 11:53:23.697 getResponse: Error in httr GET: 403 https://soda.demo.socrata.com/resource/a9g2-feh2.csv?$order=:id
     2017-05-20 11:53:24.522 getResponse: Error in httr GET: 403 https://soda.demo.socrata.com/resource/a9g2-feh2.json?$order=:id
     1. Failure: converts money fields to numeric (@test-all.R#471) -----------------
     "numeric" not equal to class(df$Employee.Annual.Salary).
     1/1 mismatches
     x[1]: "numeric"
     y[1]: "NULL"
    
    
     testthat results ================================================================
     OK: 156 SKIPPED: 0 FAILED: 1
     1. Failure: converts money fields to numeric (@test-all.R#471)
    
     Error: testthat unit tests failed
     Execution halted
Flavor: r-devel-linux-x86_64-fedora-gcc

Version: 1.7.2-12
Check: tests
Result: ERROR
     Running 'testthat.R' [78s]
    Running the tests in 'tests/testthat.R' failed.
    Last 13 lines of output:
     2017-05-26 23:50:04.540 getResponse: Error in httr GET: 403 https://soda.demo.socrata.com/resource/a9g2-feh2.csv?$order=:id
     2017-05-26 23:50:05.355 getResponse: Error in httr GET: 403 https://soda.demo.socrata.com/resource/a9g2-feh2.json?$order=:id
     1. Failure: converts money fields to numeric (@test-all.R#471) -----------------
     "numeric" not equal to class(df$Employee.Annual.Salary).
     1/1 mismatches
     x[1]: "numeric"
     y[1]: "NULL"
    
    
     testthat results ================================================================
     OK: 156 SKIPPED: 0 FAILED: 1
     1. Failure: converts money fields to numeric (@test-all.R#471)
    
     Error: testthat unit tests failed
     Execution halted
Flavor: r-devel-windows-ix86+x86_64

Version: 1.7.2-12
Check: tests
Result: ERROR
     Running ‘testthat.R’ [11s/74s]
    Running the tests in ‘tests/testthat.R’ failed.
    Last 13 lines of output:
     2017-05-26 05:45:29.748 getResponse: Error in httr GET: 403 https://soda.demo.socrata.com/resource/a9g2-feh2.csv?$order=:id
     2017-05-26 05:45:30.909 getResponse: Error in httr GET: 403 https://soda.demo.socrata.com/resource/a9g2-feh2.json?$order=:id
     1. Failure: converts money fields to numeric (@test-all.R#471) -----------------
     "numeric" not equal to class(df$Employee.Annual.Salary).
     1/1 mismatches
     x[1]: "numeric"
     y[1]: "NULL"
    
    
     testthat results ================================================================
     OK: 156 SKIPPED: 0 FAILED: 1
     1. Failure: converts money fields to numeric (@test-all.R#471)
    
     Error: testthat unit tests failed
     Execution halted
Flavor: r-patched-linux-x86_64

Version: 1.7.2-12
Check: tests
Result: ERROR
     Running ‘testthat.R’ [102s/148s]
    Running the tests in ‘tests/testthat.R’ failed.
    Complete output:
     > library(testthat)
     > library(RSocrata)
     >
     > test_check("RSocrata")
     2017-05-03 10:07:12.539 getResponse: Error in httr GET: 400 http://soda.demo.socrata.com/resource/4334-bgaj.csv?%24select=Region&$order=:id
     2017-05-03 10:07:12.783 getResponse: Error in httr GET: 401 http://data.cityofchicago.org/resource/j8vp-2qpg.json?$order=:id
     2017-05-03 10:07:47.505 getResponse: Error in httr GET: 400 https://soda.demo.socrata.com/resource/4334-bgaj.csv?%24app_token=ew2rEMuESuzWPqMkyPfOSGJgE&$order=:id
     2017-05-03 10:07:49.315 getResponse: Error in httr GET: 400 https://soda.demo.socrata.com/resource/4334-bgaj.csv?%24app_token=ew2rEMuESuzWPqMkyPfOSGJgE&$order=:id
     2017-05-03 10:07:52.350 getResponse: Error in httr GET: 403 https://soda.demo.socrata.com/resource/a9g2-feh2.csv?$order=:id
     2017-05-03 10:07:53.298 getResponse: Error in httr GET: 403 https://soda.demo.socrata.com/resource/a9g2-feh2.json?$order=:id
     1. Failure: converts money fields to numeric (@test-all.R#471) -----------------
     "numeric" not equal to class(df$Employee.Annual.Salary).
     1/1 mismatches
     x[1]: "numeric"
     y[1]: "NULL"
    
    
     testthat results ================================================================
     OK: 156 SKIPPED: 0 FAILED: 1
     1. Failure: converts money fields to numeric (@test-all.R#471)
    
     Error: testthat unit tests failed
     Execution halted
Flavor: r-patched-solaris-sparc

Version: 1.7.2-12
Check: tests
Result: ERROR
     Running ‘testthat.R’ [26s/71s]
    Running the tests in ‘tests/testthat.R’ failed.
    Complete output:
     > library(testthat)
     > library(RSocrata)
     >
     > test_check("RSocrata")
     2017-05-18 11:21:05.706 getResponse: Error in httr GET: 400 http://soda.demo.socrata.com/resource/4334-bgaj.csv?%24select=Region&$order=:id
     2017-05-18 11:21:05.899 getResponse: Error in httr GET: 401 http://data.cityofchicago.org/resource/j8vp-2qpg.json?$order=:id
     2017-05-18 11:21:23.209 getResponse: Error in httr GET: 400 https://soda.demo.socrata.com/resource/4334-bgaj.csv?%24app_token=ew2rEMuESuzWPqMkyPfOSGJgE&$order=:id
     2017-05-18 11:21:24.304 getResponse: Error in httr GET: 400 https://soda.demo.socrata.com/resource/4334-bgaj.csv?%24app_token=ew2rEMuESuzWPqMkyPfOSGJgE&$order=:id
     2017-05-18 11:21:26.151 getResponse: Error in httr GET: 403 https://soda.demo.socrata.com/resource/a9g2-feh2.csv?$order=:id
     2017-05-18 11:21:26.992 getResponse: Error in httr GET: 403 https://soda.demo.socrata.com/resource/a9g2-feh2.json?$order=:id
     1. Failure: converts money fields to numeric (@test-all.R#471) -----------------
     "numeric" not equal to class(df$Employee.Annual.Salary).
     1/1 mismatches
     x[1]: "numeric"
     y[1]: "NULL"
    
    
     testthat results ================================================================
     OK: 156 SKIPPED: 0 FAILED: 1
     1. Failure: converts money fields to numeric (@test-all.R#471)
    
     Error: testthat unit tests failed
     Execution halted
Flavor: r-patched-solaris-x86

Version: 1.7.2-12
Check: tests
Result: ERROR
     Running ‘testthat.R’ [11s/59s]
    Running the tests in ‘tests/testthat.R’ failed.
    Last 13 lines of output:
     2017-05-27 05:41:10.853 getResponse: Error in httr GET: 403 https://soda.demo.socrata.com/resource/a9g2-feh2.csv?$order=:id
     2017-05-27 05:41:11.776 getResponse: Error in httr GET: 403 https://soda.demo.socrata.com/resource/a9g2-feh2.json?$order=:id
     1. Failure: converts money fields to numeric (@test-all.R#471) -----------------
     "numeric" not equal to class(df$Employee.Annual.Salary).
     1/1 mismatches
     x[1]: "numeric"
     y[1]: "NULL"
    
    
     testthat results ================================================================
     OK: 156 SKIPPED: 0 FAILED: 1
     1. Failure: converts money fields to numeric (@test-all.R#471)
    
     Error: testthat unit tests failed
     Execution halted
Flavor: r-release-linux-x86_64

Version: 1.7.2-12
Check: tests
Result: ERROR
     Running 'testthat.R' [73s]
    Running the tests in 'tests/testthat.R' failed.
    Last 13 lines of output:
     2017-05-24 07:54:25.736 getResponse: Error in httr GET: 403 https://soda.demo.socrata.com/resource/a9g2-feh2.csv?$order=:id
     2017-05-24 07:54:26.531 getResponse: Error in httr GET: 403 https://soda.demo.socrata.com/resource/a9g2-feh2.json?$order=:id
     1. Failure: converts money fields to numeric (@test-all.R#471) -----------------
     "numeric" not equal to class(df$Employee.Annual.Salary).
     1/1 mismatches
     x[1]: "numeric"
     y[1]: "NULL"
    
    
     testthat results ================================================================
     OK: 156 SKIPPED: 0 FAILED: 1
     1. Failure: converts money fields to numeric (@test-all.R#471)
    
     Error: testthat unit tests failed
     Execution halted
Flavor: r-release-windows-ix86+x86_64

Version: 1.7.2-12
Check: tests
Result: ERROR
     Running 'testthat.R' [74s]
    Running the tests in 'tests/testthat.R' failed.
    Last 13 lines of output:
     2017-05-22 02:45:44.748 getResponse: Error in httr GET: 403 https://soda.demo.socrata.com/resource/a9g2-feh2.csv?$order=:id
     2017-05-22 02:45:45.609 getResponse: Error in httr GET: 403 https://soda.demo.socrata.com/resource/a9g2-feh2.json?$order=:id
     1. Failure: converts money fields to numeric (@test-all.R#471) -----------------
     "numeric" not equal to class(df$Employee.Annual.Salary).
     1/1 mismatches
     x[1]: "numeric"
     y[1]: "NULL"
    
    
     testthat results ================================================================
     OK: 156 SKIPPED: 0 FAILED: 1
     1. Failure: converts money fields to numeric (@test-all.R#471)
    
     Error: testthat unit tests failed
     Execution halted
Flavor: r-oldrel-windows-ix86+x86_64