CRAN Package Check Results for Package RSocrata

Last updated on 2016-02-11 07:47:42.

Flavor Version Tinstall Tcheck Ttotal Status Flags
r-devel-linux-x86_64-debian-gcc 1.6.2-10 0.56 21.73 22.29 ERROR
r-devel-linux-x86_64-fedora-clang 1.6.2-10 20.20 ERROR
r-devel-linux-x86_64-fedora-gcc 1.6.2-10 19.53 ERROR
r-devel-osx-x86_64-clang 1.6.2-10 33.28 ERROR
r-devel-windows-ix86+x86_64 1.6.2-10 5.00 33.00 38.00 ERROR
r-patched-linux-x86_64 1.6.2-10 0.74 21.60 22.33 ERROR
r-patched-solaris-sparc 1.6.2-10 125.90 ERROR
r-patched-solaris-x86 1.6.2-10 30.30 ERROR
r-release-linux-x86_64 1.6.2-10 0.65 21.23 21.88 ERROR
r-release-osx-x86_64-mavericks 1.6.2-10 OK
r-release-windows-ix86+x86_64 1.6.2-10 4.00 31.00 35.00 ERROR
r-oldrel-windows-ix86+x86_64 1.6.2-10 6.00 24.00 30.00 ERROR

Check Details

Version: 1.6.2-10
Check: examples
Result: ERROR
    Running examples in ‘RSocrata-Ex.R’ failed
    The error most likely occurred in:
    
    > ### Name: read.socrata
    > ### Title: Get a full Socrata data set as an R data frame
    > ### Aliases: read.socrata
    >
    > ### ** Examples
    >
    > df <- read.socrata("http://soda.demo.socrata.com/resource/4334-bgaj.csv")
    Error: Please install readr package
    Execution halted
Flavors: r-devel-linux-x86_64-debian-gcc, r-devel-linux-x86_64-fedora-clang, r-devel-linux-x86_64-fedora-gcc, r-devel-osx-x86_64-clang, r-devel-windows-ix86+x86_64, r-patched-linux-x86_64, r-patched-solaris-sparc, r-patched-solaris-x86, r-release-linux-x86_64, r-release-windows-ix86+x86_64, r-oldrel-windows-ix86+x86_64

Version: 1.6.2-10
Check: tests
Result: ERROR
    Running the tests in ‘tests/testthat.R’ failed.
    Last 13 lines of output:
     9. Error: readAPIConflictHumanReadable
     1. Error: incorrect API Query
     2. Error: incorrect API Query Human Readable
     3. Failure (at test-all.R#186): List datasets available from a Socrata domain
     4. ...
    
     Error: testthat unit tests failed
     In addition: Warning messages:
     1: In validateUrl(url, app_token) :
     https://soda.demo.socrata.com/resource/4334-bgaj.csv?$$app_token=ew2rEMuESuzWPqMkyPfOSGJgE already contains an API token in url. Ignoring user-defined token.
     2: In validateUrl(url, app_token) :
     https://soda.demo.socrata.com/dataset/USGS-Earthquake-Reports/4334-bgaj?$$app_token=ew2rEMuESuzWPqMkyPfOSGJgE already contains an API token in url. Ignoring user-defined token.
     Execution halted
Flavors: r-devel-linux-x86_64-debian-gcc, r-devel-linux-x86_64-fedora-clang, r-devel-linux-x86_64-fedora-gcc, r-devel-osx-x86_64-clang, r-devel-windows-ix86+x86_64, r-patched-linux-x86_64, r-patched-solaris-sparc, r-patched-solaris-x86, r-release-linux-x86_64, r-release-windows-ix86+x86_64