CRAN Package Check Results for Package RSocrata

Last updated on 2015-06-30 18:47:32.

Flavor Version Tinstall Tcheck Ttotal Status Flags
r-devel-linux-x86_64-debian-clang 1.6.0-12 0.64 12.82 13.46 WARN
r-devel-linux-x86_64-debian-gcc 1.6.0-12 0.67 13.01 13.68 WARN
r-devel-linux-x86_64-fedora-clang 1.6.0-12 22.37 WARN
r-devel-linux-x86_64-fedora-gcc 1.6.0-12 22.09 WARN
r-devel-osx-x86_64-clang 1.6.0-12 26.40 WARN
r-devel-windows-ix86+x86_64 1.6.0-12 4.00 23.00 27.00 WARN
r-patched-linux-x86_64 1.6.0-12 0.67 12.78 13.46 WARN
r-patched-solaris-sparc 1.6.0-12 148.90 ERROR
r-patched-solaris-x86 1.6.0-12 36.90 WARN
r-release-linux-x86_64 1.6.0-12 0.69 12.71 13.40 WARN
r-release-osx-x86_64-mavericks 1.6.0-12 OK
r-release-windows-ix86+x86_64 1.6.0-12 4.00 23.00 27.00 WARN
r-oldrel-windows-ix86+x86_64 1.6.0-12 6.00 53.00 59.00 WARN

Check Details

Version: 1.6.0-12
Check: whether package can be installed
Result: WARN
    Found the following significant warnings:
     Warning: replacing previous import by ‘curl::handle_reset’ when loading ‘RSocrata’
Flavors: r-devel-linux-x86_64-debian-clang, r-devel-linux-x86_64-debian-gcc, r-devel-linux-x86_64-fedora-clang, r-devel-linux-x86_64-fedora-gcc, r-devel-osx-x86_64-clang, r-devel-windows-ix86+x86_64, r-patched-linux-x86_64, r-patched-solaris-sparc, r-patched-solaris-x86, r-release-linux-x86_64, r-release-windows-ix86+x86_64, r-oldrel-windows-ix86+x86_64

Version: 1.6.0-12
Check: examples
Result: ERROR
    Running examples in ‘RSocrata-Ex.R’ failed
    The error most likely occurred in:
    
    > ### Name: ls.socrata
    > ### Title: List datasets available from a Socrata domain
    > ### Aliases: ls.socrata
    >
    > ### ** Examples
    >
    > df <- ls.socrata("http://soda.demo.socrata.com")
    
     *** caught segfault ***
    address 1c00000, cause 'memory not mapped'
    
    Traceback:
     1: open.connection(con, "rb")
     2: open(con, "rb")
     3: parse_con(txt, 1024^2, bigint_as_char)
     4: parseJSON(txt, bigint_as_char)
     5: fromJSON_string(txt = txt, simplifyVector = simplifyVector, simplifyDataFrame = simplifyDataFrame, simplifyMatrix = simplifyMatrix, flatten = flatten, ...)
     6: fromJSON(build_url(parsedUrl))
     7: ls.socrata("http://soda.demo.socrata.com")
    aborting ...
Flavor: r-patched-solaris-sparc