CRAN Package Check Results for Package RSocrata

Last updated on 2017-02-19 14:52:20.

Flavor Version Tinstall Tcheck Ttotal Status Flags
r-devel-linux-x86_64-debian-clang 1.7.1-24 0.90 71.70 72.59 OK
r-devel-linux-x86_64-debian-gcc 1.7.1-24 0.94 73.16 74.09 OK
r-devel-linux-x86_64-fedora-clang 1.7.1-24 38.43 OK --no-stop-on-test-error
r-devel-linux-x86_64-fedora-gcc 1.7.1-24 37.62 OK --no-stop-on-test-error
r-devel-macos-x86_64-clang 1.7.1-24 33.41 OK --no-stop-on-test-error
r-devel-windows-ix86+x86_64 1.7.1-24 4.00 121.00 125.00 ERROR
r-patched-linux-x86_64 1.7.1-24 0.82 71.99 72.81 OK
r-patched-solaris-sparc 1.7.1-24 196.70 OK
r-patched-solaris-x86 1.7.1-24 46.50 OK
r-release-linux-x86_64 1.7.1-24 0.84 68.00 68.84 OK
r-release-osx-x86_64-mavericks 1.7.1-24 OK
r-release-windows-ix86+x86_64 1.7.1-24 3.00 91.00 94.00 OK
r-oldrel-windows-ix86+x86_64 1.7.1-24 7.00 107.00 114.00 OK

Check Details

Version: 1.7.1-24
Check: examples
Result: ERROR
    Running examples in 'RSocrata-Ex.R' failed
    The error most likely occurred in:
    
    > ### Name: ls.socrata
    > ### Title: List datasets available from a Socrata domain
    > ### Aliases: ls.socrata
    >
    > ### ** Examples
    >
    > # Download list of data sets
    > df <- ls.socrata("http://soda.demo.socrata.com")
    Error in open.connection(con, "rb") : HTTP error 503.
    Calls: ls.socrata ... fromJSON_string -> parseJSON -> parse_con -> open -> open.connection
    Execution halted
Flavor: r-devel-windows-ix86+x86_64

Version: 1.7.1-24
Check: tests
Result: ERROR
     Running 'testthat.R' [12s]
    Running the tests in 'tests/testthat.R' failed.
    Last 13 lines of output:
     testthat results ================================================================
     OK: 37 SKIPPED: 0 FAILED: 38
     1. Error: read Socrata CSV is compatible with posixify (@test-all.R#15)
     2. Error: read Socrata JSON is compatible with posixify (issue 85) (@test-all.R#22)
     3. Error: Calendar Date Short (@test-all.R#53)
     4. Error: Date is not entirely NA if the first record is bad (issue 68) (@test-all.R#71)
     5. Error: read Socrata CSV as default (@test-all.R#100)
     6. Error: read Socrata CSV as character (@test-all.R#111)
     7. Error: read Socrata CSV as factor (@test-all.R#122)
     8. Error: read Socrata JSON as default (@test-all.R#134)
     9. Error: read Socrata JSON as character (@test-all.R#145)
     1. ...
    
     Error: testthat unit tests failed
     Execution halted
Flavor: r-devel-windows-ix86+x86_64