CRAN Package Check Results for Package RSocrata

Last updated on 2017-03-30 20:47:25.

Flavor Version Tinstall Tcheck Ttotal Status Flags
r-devel-linux-x86_64-debian-clang 1.7.1-24 0.98 77.75 78.74 OK
r-devel-linux-x86_64-debian-gcc 1.7.1-24 0.92 79.19 80.11 ERROR
r-devel-linux-x86_64-fedora-clang 1.7.1-24 39.18 OK --no-stop-on-test-error
r-devel-linux-x86_64-fedora-gcc 1.7.1-24 36.22 OK --no-stop-on-test-error
r-devel-macos-x86_64-clang 1.7.1-24 33.29 OK --no-stop-on-test-error
r-devel-windows-ix86+x86_64 1.7.1-24 3.00 98.00 101.00 OK
r-patched-linux-x86_64 1.7.1-24 0.91 75.10 76.01 OK
r-patched-solaris-sparc 1.7.1-24 227.40 OK
r-patched-solaris-x86 1.7.1-24 53.40 OK
r-release-linux-x86_64 1.7.1-24 0.82 69.81 70.62 ERROR
r-release-osx-x86_64-mavericks 1.7.1-24 OK
r-release-windows-ix86+x86_64 1.7.1-24 9.00 99.00 108.00 OK
r-oldrel-windows-ix86+x86_64 1.7.1-24 6.00 110.00 116.00 OK

Check Details

Version: 1.7.1-24
Check: tests
Result: ERROR
     Running ‘testthat.R’ [6s/59s]
    Running the tests in ‘tests/testthat.R’ failed.
    Last 13 lines of output:
     Forbidden (HTTP 403).
     1: read.socrata("https://data.cityofboston.gov/resource/awu8-dc52.csv?$where=case_enquiry_id< 101000295717") at testthat/test-all.R:195
     2: getResponse(validUrl, email, password)
     3: httr::stop_for_status(response)
    
     2017-03-28 17:30:13.480 getResponse: Error in httr GET: 400 https://soda.demo.socrata.com/resource/4334-bgaj.csv?%24app_token=ew2rEMuESuzWPqMkyPfOSGJgE&$order=:id
     2017-03-28 17:30:14.907 getResponse: Error in httr GET: 400 https://soda.demo.socrata.com/resource/4334-bgaj.csv?%24app_token=ew2rEMuESuzWPqMkyPfOSGJgE&$order=:id
     2017-03-28 17:30:17.149 getResponse: Error in httr GET: 403 https://soda.demo.socrata.com/resource/a9g2-feh2.csv?$order=:id
     2017-03-28 17:30:18.185 getResponse: Error in httr GET: 403 https://soda.demo.socrata.com/resource/a9g2-feh2.json?$order=:id
     testthat results ================================================================
     OK: 138 SKIPPED: 0 FAILED: 1
     1. Error: Read data with missing dates (@test-all.R#195)
    
     Error: testthat unit tests failed
     Execution halted
Flavor: r-devel-linux-x86_64-debian-gcc

Version: 1.7.1-24
Check: tests
Result: ERROR
     Running ‘testthat.R’ [6s/53s]
    Running the tests in ‘tests/testthat.R’ failed.
    Last 13 lines of output:
     Forbidden (HTTP 403).
     1: read.socrata("https://data.cityofboston.gov/resource/awu8-dc52.csv?$where=case_enquiry_id< 101000295717") at testthat/test-all.R:195
     2: getResponse(validUrl, email, password)
     3: httr::stop_for_status(response)
    
     2017-03-29 08:13:41.668 getResponse: Error in httr GET: 400 https://soda.demo.socrata.com/resource/4334-bgaj.csv?%24app_token=ew2rEMuESuzWPqMkyPfOSGJgE&$order=:id
     2017-03-29 08:13:42.778 getResponse: Error in httr GET: 400 https://soda.demo.socrata.com/resource/4334-bgaj.csv?%24app_token=ew2rEMuESuzWPqMkyPfOSGJgE&$order=:id
     2017-03-29 08:13:44.952 getResponse: Error in httr GET: 403 https://soda.demo.socrata.com/resource/a9g2-feh2.csv?$order=:id
     2017-03-29 08:13:45.876 getResponse: Error in httr GET: 403 https://soda.demo.socrata.com/resource/a9g2-feh2.json?$order=:id
     testthat results ================================================================
     OK: 138 SKIPPED: 0 FAILED: 1
     1. Error: Read data with missing dates (@test-all.R#195)
    
     Error: testthat unit tests failed
     Execution halted
Flavor: r-release-linux-x86_64