CRAN Package Check Results for Package RSocrata

Last updated on 2015-05-23 15:47:27.

Flavor Version Tinstall Tcheck Ttotal Status Flags
r-devel-linux-x86_64-debian-clang 1.6.0-12 0.68 12.54 13.23 WARN
r-devel-linux-x86_64-debian-gcc 1.6.0-12 0.67 12.91 13.58 WARN
r-devel-linux-x86_64-fedora-clang 1.6.0-12 24.04 WARN
r-devel-linux-x86_64-fedora-gcc 1.6.0-12 24.41 WARN
r-devel-osx-x86_64-clang 1.6.0-12 29.10 WARN
r-devel-windows-ix86+x86_64 1.6.0-12 3.00 23.00 26.00 WARN
r-patched-linux-x86_64 1.6.0-12 0.69 12.94 13.63 WARN
r-patched-solaris-sparc 1.6.0-12 148.90 ERROR
r-patched-solaris-x86 1.6.0-12 35.50 ERROR
r-release-linux-x86_64 1.6.0-12 0.69 12.92 13.61 WARN
r-release-osx-x86_64-mavericks 1.6.0-12 OK
r-release-osx-x86_64-snowleopard 1.6.0-12 ERROR
r-release-windows-ix86+x86_64 1.6.0-12 3.00 22.00 25.00 WARN
r-oldrel-windows-ix86+x86_64 1.6.0-12 6.00 38.00 44.00 WARN

Check Details

Version: 1.6.0-12
Check: whether package can be installed
Result: WARN
    Found the following significant warnings:
     Warning: replacing previous import by ‘curl::handle_reset’ when loading ‘RSocrata’
Flavors: r-devel-linux-x86_64-debian-clang, r-devel-linux-x86_64-debian-gcc, r-devel-linux-x86_64-fedora-clang, r-devel-linux-x86_64-fedora-gcc, r-devel-osx-x86_64-clang, r-devel-windows-ix86+x86_64, r-patched-linux-x86_64, r-patched-solaris-sparc, r-patched-solaris-x86, r-release-linux-x86_64, r-release-windows-ix86+x86_64

Version: 1.6.0-12
Check: examples
Result: ERROR
    Running examples in ‘RSocrata-Ex.R’ failed
    The error most likely occurred in:
    
    > ### Name: ls.socrata
    > ### Title: List datasets available from a Socrata domain
    > ### Aliases: ls.socrata
    >
    > ### ** Examples
    >
    > df <- ls.socrata("http://soda.demo.socrata.com")
    
     *** caught segfault ***
    address 1c00000, cause 'memory not mapped'
    
    Traceback:
     1: open.connection(con, "rb")
     2: open(con, "rb")
     3: parse_con(txt, 1024^2, bigint_as_char)
     4: parseJSON(txt, bigint_as_char)
     5: fromJSON_string(txt = txt, simplifyVector = simplifyVector, simplifyDataFrame = simplifyDataFrame, simplifyMatrix = simplifyMatrix, flatten = flatten, ...)
     6: fromJSON(build_url(parsedUrl))
     7: ls.socrata("http://soda.demo.socrata.com")
    aborting ...
Flavor: r-patched-solaris-sparc

Version: 1.6.0-12
Check: examples
Result: ERROR
    Running examples in ‘RSocrata-Ex.R’ failed
    The error most likely occurred in:
    
    > ### Name: ls.socrata
    > ### Title: List datasets available from a Socrata domain
    > ### Aliases: ls.socrata
    >
    > ### ** Examples
    >
    > df <- ls.socrata("http://soda.demo.socrata.com")
    
     *** caught segfault ***
    address 9970000, cause 'memory not mapped'
    
    Traceback:
     1: open.connection(con, "rb")
     2: open(con, "rb")
     3: parse_con(txt, 1024^2, bigint_as_char)
     4: parseJSON(txt, bigint_as_char)
     5: fromJSON_string(txt = txt, simplifyVector = simplifyVector, simplifyDataFrame = simplifyDataFrame, simplifyMatrix = simplifyMatrix, flatten = flatten, ...)
     6: fromJSON(build_url(parsedUrl))
     7: ls.socrata("http://soda.demo.socrata.com")
    aborting ...
Flavor: r-patched-solaris-x86

Version: 1.6.0-12
Check: package dependencies
Result: ERROR
    Package required and available but unsuitable version: ‘jsonlite’
    
    See section ‘The DESCRIPTION file’ in the ‘Writing R Extensions’
    manual.
Flavor: r-release-osx-x86_64-snowleopard

Version: 1.6.0-12
Check: whether package can be installed
Result: WARN
    Found the following significant warnings:
     Warning: No CA bundle found. SSL validation disabled.
     Warning: replacing previous import by 'curl::handle_reset' when loading 'RSocrata'
Flavor: r-oldrel-windows-ix86+x86_64