CRAN Package Check Results for Package RSocrata

Last updated on 2014-04-23 17:47:53.

Flavor Version Tinstall Tcheck Ttotal Status Flags
r-devel-linux-x86_64-debian-clang 1.4 1.15 18.52 19.67 OK
r-devel-linux-x86_64-debian-gcc 1.4 1.17 19.40 20.57 OK
r-devel-linux-x86_64-fedora-clang 1.4 34.40 OK
r-devel-linux-x86_64-fedora-gcc 1.4 32.32 OK
r-devel-osx-x86_64-clang 1.4 38.10 OK
r-devel-osx-x86_64-gcc 1.4 OK
r-devel-windows-ix86+x86_64 1.4 4.00 30.00 34.00 OK
r-patched-linux-x86_64 1.4 1.15 18.62 19.78 OK
r-patched-solaris-sparc 1.4 181.80 OK
r-patched-solaris-x86 1.4 47.50 OK
r-release-linux-ix86 1.4 2.00 34.00 36.00 OK
r-release-linux-x86_64 1.4 1.22 44.18 45.41 OK
r-release-osx-x86_64-mavericks 1.4 WARN
r-release-osx-x86_64-snowleopard 1.4 OK
r-release-windows-ix86+x86_64 1.4 4.00 29.00 33.00 OK
r-oldrel-windows-ix86+x86_64 1.4 4.00 28.00 32.00 OK

Check Details

Version: 1.4
Check: PDF version of manual
Result: WARNING
    LaTeX errors when creating PDF version.
    This typically indicates Rd problems.
    LaTeX errors found:
    ! LaTeX Error: File `upquote.sty' not found.
    
    Type X to quit or <RETURN> to proceed,
    or enter new name. (Default extension: sty)
    
    ed3aec5/Rd2.tex:8: ==> Fatal error occurred, no output PDF file produced!
Flavor: r-release-osx-x86_64-mavericks