CRAN Package Check Results for Package RSocrata

Last updated on 2017-09-22 19:47:17.

Flavor Version Tinstall Tcheck Ttotal Status Flags
r-devel-linux-x86_64-debian-clang 1.7.3-2 0.88 94.67 95.55 OK
r-devel-linux-x86_64-debian-gcc 1.7.3-2 1.04 93.60 94.64 ERROR
r-devel-linux-x86_64-fedora-clang 1.7.3-2 44.34 OK
r-devel-linux-x86_64-fedora-gcc 1.7.3-2 43.69 OK
r-devel-windows-ix86+x86_64 1.7.3-2 4.00 138.00 142.00 OK
r-patched-linux-x86_64 1.7.3-2 0.88 118.13 119.01 OK
r-patched-solaris-x86 1.7.3-2 67.80 OK
r-release-linux-x86_64 1.7.3-2 0.88 118.24 119.12 OK
r-release-windows-ix86+x86_64 1.7.3-2 4.00 167.00 171.00 OK
r-release-osx-x86_64 1.7.3-2 OK
r-oldrel-windows-ix86+x86_64 1.7.3-2 3.00 153.00 156.00 OK
r-oldrel-osx-x86_64 1.7.3-2 OK

Check Details

Version: 1.7.3-2
Check: tests
Result: ERROR
     Running ‘testthat.R’ [8s/72s]
    Running the tests in ‘tests/testthat.R’ failed.
    Complete output:
     > library(testthat)
     > library(RSocrata)
     >
     > test_check("RSocrata")
     1. Error: Warn instead of fail if X-SODA2-* headers are missing (@test-all.R#130)
     Timeout was reached: Operation timed out after 10001 milliseconds with 0 out of 0 bytes received
     1: expect_warning(dfCsv <- read.socrata("https://data.healthcare.gov/resource/enx3-h2qp.csv?$limit=1000"),
     info = "https://github.com/Chicago/RSocrata/issues/118") at testthat/test-all.R:130
     2: capture_warnings(object)
     3: withCallingHandlers(code, warning = function(condition) {
     out$push(condition)
     invokeRestart("muffleWarning")
     })
     4: read.socrata("https://data.healthcare.gov/resource/enx3-h2qp.csv?$limit=1000")
     5: getResponse(validUrl, email, password)
     6: httr::GET(url)
     7: request_perform(req, hu$handle$handle)
     8: request_fetch(req$output, req$url, handle)
     9: request_fetch.write_memory(req$output, req$url, handle)
     10: curl::curl_fetch_memory(url, handle = handle)
    
     2017-09-21 18:05:51.714 getResponse: Error in httr GET: 400 http://soda.demo.socrata.com/resource/4334-bgaj.csv?%24select=Region&$order=:id
     2017-09-21 18:05:51.961 getResponse: Error in httr GET: 401 http://data.cityofchicago.org/resource/j8vp-2qpg.json?$order=:id
     2017-09-21 18:06:09.984 getResponse: Error in httr GET: 400 https://soda.demo.socrata.com/resource/4334-bgaj.csv?%24app_token=ew2rEMuESuzWPqMkyPfOSGJgE&$order=:id
     2017-09-21 18:06:11.717 getResponse: Error in httr GET: 400 https://soda.demo.socrata.com/resource/4334-bgaj.csv?%24app_token=ew2rEMuESuzWPqMkyPfOSGJgE&$order=:id
     2017-09-21 18:06:15.369 getResponse: Error in httr GET: 403 https://soda.demo.socrata.com/resource/a9g2-feh2.csv?$order=:id
     2017-09-21 18:06:16.611 getResponse: Error in httr GET: 403 https://soda.demo.socrata.com/resource/a9g2-feh2.json?$order=:id
     testthat results ================================================================
     OK: 149 SKIPPED: 0 FAILED: 1
     1. Error: Warn instead of fail if X-SODA2-* headers are missing (@test-all.R#130)
    
     Error: testthat unit tests failed
     Execution halted
Flavor: r-devel-linux-x86_64-debian-gcc