CRAN Package Check Results for Package RSofia

Last updated on 2014-04-16 15:49:35.

Flavor Version Tinstall Tcheck Ttotal Status Flags
r-devel-linux-x86_64-debian-clang 1.1 14.60 18.30 32.90 NOTE
r-devel-linux-x86_64-debian-gcc 1.1 15.74 18.26 34.00 NOTE
r-devel-linux-x86_64-fedora-clang 1.1 73.35 NOTE
r-devel-linux-x86_64-fedora-gcc 1.1 65.54 NOTE
r-devel-macosx-x86_64-clang 1.1 52.89 NOTE
r-devel-macosx-x86_64-gcc 1.1 NOTE
r-devel-windows-ix86+x86_64 1.1 55.00 55.00 110.00 NOTE
r-patched-linux-x86_64 1.1 15.92 18.16 34.08 NOTE
r-patched-solaris-sparc 1.1 394.80 NOTE
r-patched-solaris-x86 1.1 85.80 NOTE
r-release-linux-ix86 1.1 32.00 36.00 68.00 NOTE
r-release-linux-x86_64 1.1 15.78 18.30 34.08 NOTE
r-release-macosx-x86_64 1.1 NOTE
r-release-windows-ix86+x86_64 1.1 90.00 58.00 148.00 NOTE
r-oldrel-windows-ix86+x86_64 1.1 53.00 46.00 99.00 NOTE

Check Details

Version: 1.1
Check: installed package size
Result: NOTE
     installed size is 5.1Mb
     sub-directories of 1Mb or more:
     libs 2.2Mb
     sofia-ml-read-only 2.7Mb
Flavors: r-devel-linux-x86_64-debian-clang, r-devel-linux-x86_64-debian-gcc, r-devel-linux-x86_64-fedora-clang, r-devel-linux-x86_64-fedora-gcc, r-patched-linux-x86_64, r-patched-solaris-sparc, r-patched-solaris-x86, r-release-linux-x86_64, r-release-macosx-x86_64

Version: 1.1
Check: dependencies in R code
Result: NOTE
    'library' or 'require' call to ‘methods’ which was already attached by Depends.
     Please remove these calls from your code.
    Package in Depends field not imported from: ‘methods’
     These packages need to be imported from (in the NAMESPACE file)
     for when this namespace is loaded but not attached.
    See the information on DESCRIPTION files in the chapter ‘Creating R
    packages’ of the ‘Writing R Extensions’ manual.
Flavors: r-devel-linux-x86_64-debian-clang, r-devel-linux-x86_64-debian-gcc, r-devel-linux-x86_64-fedora-clang, r-devel-linux-x86_64-fedora-gcc, r-devel-macosx-x86_64-clang, r-devel-macosx-x86_64-gcc, r-devel-windows-ix86+x86_64, r-patched-linux-x86_64, r-patched-solaris-sparc, r-patched-solaris-x86, r-release-linux-ix86, r-release-linux-x86_64, r-release-windows-ix86+x86_64, r-oldrel-windows-ix86+x86_64

Version: 1.1
Check: R code for possible problems
Result: NOTE
    File ‘RSofia/R/zzz.R’:
     .onLoad has wrong argument list ‘pkgname, libname’
     .onLoad calls:
     require("methods", character = TRUE, quietly = TRUE)
    
    Package startup functions should have two arguments with names starting
     with ‘lib’ and ‘pkg’, respectively.
    Package startup functions should not change the search path.
    See section ‘Good practice’ in '?.onAttach'.
    
    .onLoad: warning in require("methods", character = TRUE, quietly =
     TRUE): partial argument match of 'character' to 'character.only'
Flavors: r-devel-linux-x86_64-debian-clang, r-devel-linux-x86_64-debian-gcc, r-devel-linux-x86_64-fedora-clang, r-devel-linux-x86_64-fedora-gcc, r-devel-macosx-x86_64-clang, r-devel-macosx-x86_64-gcc, r-devel-windows-ix86+x86_64, r-patched-linux-x86_64, r-patched-solaris-sparc, r-patched-solaris-x86, r-release-linux-ix86, r-release-linux-x86_64, r-release-macosx-x86_64, r-release-windows-ix86+x86_64, r-oldrel-windows-ix86+x86_64

Version: 1.1
Check: Rd files
Result: NOTE
    prepare_Rd: parse_formula.Rd:23-26: Dropping empty section \seealso
    prepare_Rd: sofia.Rd:80: Dropping empty section \details
Flavors: r-devel-linux-x86_64-debian-clang, r-devel-linux-x86_64-debian-gcc, r-devel-linux-x86_64-fedora-clang, r-devel-linux-x86_64-fedora-gcc, r-devel-macosx-x86_64-clang, r-devel-macosx-x86_64-gcc, r-devel-windows-ix86+x86_64, r-patched-linux-x86_64, r-patched-solaris-sparc, r-patched-solaris-x86, r-release-linux-ix86, r-release-linux-x86_64, r-release-macosx-x86_64, r-release-windows-ix86+x86_64, r-oldrel-windows-ix86+x86_64

Version: 1.1
Check: Rd line widths
Result: NOTE
    Rd file 'sofia.Rd':
     \usage lines wider than 90 characters:
     perceptron_margin_size = 1, training_objective = FALSE,no_bias_term = FALSE, dimensionality=150000, hash_mask_bits = 0,
    
    These lines will be truncated in the PDF manual.
Flavors: r-devel-linux-x86_64-fedora-clang, r-devel-linux-x86_64-fedora-gcc

Version: 1.1
Check: for hidden files and directories
Result: NOTE
    Found the following hidden files and directories:
     .gitignore
    These were most likely included in error. See section 'Package
    structure' in the 'Writing R Extensions' manual.
Flavor: r-release-macosx-x86_64

Version: 1.1
Check: dependencies in R code
Result: NOTE
    'library' or 'require' call to 'methods' which was already attached by Depends.
     Please remove these calls from your code.
    Package in Depends field not imported from: 'methods'
     These packages need to be imported from for the case when
     this namespace is loaded but not attached.
    See the information on DESCRIPTION files in the chapter 'Creating R
    packages' of the 'Writing R Extensions' manual.
Flavor: r-release-macosx-x86_64