CRAN Package Check Results for Package RSofia

Last updated on 2015-04-27 05:47:45.

Flavor Version Tinstall Tcheck Ttotal Status Flags
r-devel-linux-x86_64-debian-clang 1.1 14.74 16.38 31.12 NOTE
r-devel-linux-x86_64-debian-gcc 1.1 16.10 15.23 31.33 NOTE
r-devel-linux-x86_64-fedora-clang 1.1 67.89 NOTE
r-devel-linux-x86_64-fedora-gcc 1.1 59.19 NOTE
r-devel-osx-x86_64-clang 1.1 54.18 NOTE
r-devel-windows-ix86+x86_64 1.1 62.00 41.00 103.00 NOTE
r-patched-linux-x86_64 1.1 16.08 15.30 31.38 NOTE
r-patched-solaris-sparc 1.1 401.90 NOTE
r-patched-solaris-x86 1.1 82.00 NOTE
r-release-linux-x86_64 1.1 16.39 14.91 31.30 NOTE
r-release-osx-x86_64-mavericks 1.1 NOTE
r-release-osx-x86_64-snowleopard 1.1 NOTE
r-release-windows-ix86+x86_64 1.1 44.00 50.00 94.00 NOTE
r-oldrel-windows-ix86+x86_64 1.1 49.00 50.00 99.00 NOTE

Check Details

Version: 1.1
Check: installed package size
Result: NOTE
     installed size is 5.2Mb
     sub-directories of 1Mb or more:
     libs 2.2Mb
     sofia-ml-read-only 2.7Mb
Flavors: r-devel-linux-x86_64-debian-clang, r-devel-linux-x86_64-debian-gcc, r-devel-linux-x86_64-fedora-clang, r-devel-linux-x86_64-fedora-gcc, r-patched-solaris-sparc, r-patched-solaris-x86, r-release-osx-x86_64-mavericks

Version: 1.1
Check: DESCRIPTION meta-information
Result: NOTE
    Malformed Description field: should contain one or more complete sentences.
Flavors: r-devel-linux-x86_64-debian-clang, r-devel-linux-x86_64-debian-gcc, r-devel-linux-x86_64-fedora-clang, r-devel-linux-x86_64-fedora-gcc, r-devel-osx-x86_64-clang, r-devel-windows-ix86+x86_64, r-patched-solaris-sparc, r-patched-solaris-x86, r-release-osx-x86_64-mavericks, r-release-osx-x86_64-snowleopard, r-release-windows-ix86+x86_64

Version: 1.1
Check: dependencies in R code
Result: NOTE
    'library' or 'require' call to ‘methods’ which was already attached by Depends.
     Please remove these calls from your code.
    Package in Depends field not imported from: ‘methods’
     These packages need to be imported from (in the NAMESPACE file)
     for when this namespace is loaded but not attached.
Flavors: r-devel-linux-x86_64-debian-clang, r-devel-linux-x86_64-debian-gcc, r-devel-linux-x86_64-fedora-clang, r-devel-linux-x86_64-fedora-gcc, r-devel-osx-x86_64-clang, r-devel-windows-ix86+x86_64, r-patched-solaris-sparc, r-patched-solaris-x86, r-release-osx-x86_64-mavericks, r-release-osx-x86_64-snowleopard, r-release-windows-ix86+x86_64, r-oldrel-windows-ix86+x86_64

Version: 1.1
Check: S3 generic/method consistency
Result: NOTE
    Found the following apparent S3 methods exported but not registered:
     predict.sofia sofia.character sofia.fit sofia.formula
    See section ‘Registering S3 methods’ in the ‘Writing R Extensions’
    manual.
Flavors: r-devel-linux-x86_64-debian-clang, r-devel-linux-x86_64-debian-gcc, r-devel-linux-x86_64-fedora-clang, r-devel-linux-x86_64-fedora-gcc, r-devel-osx-x86_64-clang, r-patched-solaris-x86

Version: 1.1
Check: R code for possible problems
Result: NOTE
    File ‘RSofia/R/zzz.R’:
     .onLoad has wrong argument list ‘pkgname, libname’
     .onLoad calls:
     require("methods", character = TRUE, quietly = TRUE)
    
    Package startup functions should have two arguments with names starting
     with ‘lib’ and ‘pkg’, respectively.
    Package startup functions should not change the search path.
    See section ‘Good practice’ in '?.onAttach'.
    
    .onLoad: warning in require("methods", character = TRUE, quietly =
     TRUE): partial argument match of ‘character’ to ‘character.only’
Flavors: r-devel-linux-x86_64-debian-clang, r-devel-linux-x86_64-debian-gcc, r-devel-linux-x86_64-fedora-clang, r-devel-linux-x86_64-fedora-gcc, r-devel-osx-x86_64-clang, r-devel-windows-ix86+x86_64, r-patched-solaris-sparc, r-patched-solaris-x86, r-release-osx-x86_64-mavericks, r-release-osx-x86_64-snowleopard, r-release-windows-ix86+x86_64, r-oldrel-windows-ix86+x86_64

Version: 1.1
Check: Rd files
Result: NOTE
    prepare_Rd: parse_formula.Rd:23-26: Dropping empty section \seealso
    prepare_Rd: sofia.Rd:80: Dropping empty section \details
Flavors: r-devel-linux-x86_64-debian-clang, r-devel-linux-x86_64-debian-gcc, r-devel-linux-x86_64-fedora-clang, r-devel-linux-x86_64-fedora-gcc, r-devel-osx-x86_64-clang, r-devel-windows-ix86+x86_64, r-patched-solaris-sparc, r-patched-solaris-x86, r-release-osx-x86_64-mavericks, r-release-osx-x86_64-snowleopard, r-release-windows-ix86+x86_64, r-oldrel-windows-ix86+x86_64

Version: 1.1
Check: Rd line widths
Result: NOTE
    Rd file 'sofia.Rd':
     \usage lines wider than 90 characters:
     perceptron_margin_size = 1, training_objective = FALSE,no_bias_term = FALSE, dimensionality=150000, hash_mask_bits = 0,
    
    These lines will be truncated in the PDF manual.
Flavors: r-devel-linux-x86_64-debian-clang, r-devel-linux-x86_64-debian-gcc, r-devel-linux-x86_64-fedora-clang, r-devel-linux-x86_64-fedora-gcc

Version: 1.1
Check: line endings in Makefiles
Result: NOTE
    Found the following Makefile(s) without a final LF:
     inst/sofia-ml-read-only/sofia-ml/src/Makefile
    Some ‘make’ programs ignore lines not ending in LF.
Flavors: r-devel-linux-x86_64-debian-clang, r-devel-linux-x86_64-debian-gcc, r-devel-linux-x86_64-fedora-clang, r-devel-linux-x86_64-fedora-gcc, r-devel-osx-x86_64-clang, r-devel-windows-ix86+x86_64, r-patched-solaris-sparc, r-patched-solaris-x86, r-release-osx-x86_64-mavericks, r-release-osx-x86_64-snowleopard, r-release-windows-ix86+x86_64, r-oldrel-windows-ix86+x86_64

Version: 1.1
Check: compiled code
Result: NOTE
    File ‘RSofia/libs/RSofia.so’:
     Found ‘rand’, possibly from ‘rand’ (C)
     Objects: ‘sf-weight-vector.o’, ‘sofia-ml-methods.o’
     Found ‘srand’, possibly from ‘srand’ (C)
     Object: ‘RSofiaFacade.o’
    
    Compiled code should not call entry points which might terminate R nor
    write to stdout/stderr instead of to the console, nor the system RNG.
    
    See ‘Writing portable packages’ in the ‘Writing R Extensions’ manual.
Flavors: r-devel-linux-x86_64-debian-clang, r-devel-linux-x86_64-debian-gcc, r-devel-linux-x86_64-fedora-clang, r-devel-linux-x86_64-fedora-gcc, r-patched-solaris-sparc, r-patched-solaris-x86

Version: 1.1
Check: compiled code
Result: NOTE
    File ‘RSofia/libs/RSofia.so’:
     Found ‘_rand’, possibly from ‘rand’ (C)
     Objects: ‘sf-weight-vector.o’, ‘sofia-ml-methods.o’
     Found ‘_srand’, possibly from ‘srand’ (C)
     Object: ‘RSofiaFacade.o’
    
    Compiled code should not call entry points which might terminate R nor
    write to stdout/stderr instead of to the console, nor the system RNG.
    
    See ‘Writing portable packages’ in the ‘Writing R Extensions’ manual.
Flavors: r-devel-osx-x86_64-clang, r-release-osx-x86_64-mavericks, r-release-osx-x86_64-snowleopard

Version: 1.1
Check: compiled code
Result: NOTE
    File 'RSofia/libs/i386/RSofia.dll':
     Found 'rand', possibly from 'rand' (C)
     Objects: 'sf-weight-vector.o', 'sofia-ml-methods.o'
     Found 'srand', possibly from 'srand' (C)
     Object: 'RSofiaFacade.o'
    File 'RSofia/libs/x64/RSofia.dll':
     Found 'rand', possibly from 'rand' (C)
     Objects: 'sf-weight-vector.o', 'sofia-ml-methods.o'
     Found 'srand', possibly from 'srand' (C)
     Object: 'RSofiaFacade.o'
    
    Compiled code should not call entry points which might terminate R nor
    write to stdout/stderr instead of to the console, nor the system RNG.
    
    See 'Writing portable packages' in the 'Writing R Extensions' manual.
Flavors: r-devel-windows-ix86+x86_64, r-release-windows-ix86+x86_64, r-oldrel-windows-ix86+x86_64