Last updated on 2023-12-07 04:02:06 CET.
Flavor | Version | Tinstall | Tcheck | Ttotal | Status | Flags |
---|---|---|---|---|---|---|
r-devel-linux-x86_64-debian-clang | 0.16-1 | 187.61 | 76.01 | 263.62 | OK | |
r-devel-linux-x86_64-debian-gcc | 0.16-1 | 159.46 | 63.45 | 222.91 | OK | |
r-devel-linux-x86_64-fedora-clang | 0.16-1 | 333.09 | OK | |||
r-devel-linux-x86_64-fedora-gcc | 0.16-1 | 433.51 | OK | |||
r-devel-windows-x86_64 | 0.16-1 | 140.00 | 106.00 | 246.00 | OK | |
r-patched-linux-x86_64 | 0.16-1 | 169.96 | 80.71 | 250.67 | OK | |
r-release-linux-x86_64 | 0.16-1 | 182.61 | 82.47 | 265.08 | OK | |
r-release-macos-arm64 | 0.16-1 | 115.00 | NOTE | |||
r-release-macos-x86_64 | 0.16-1 | 176.00 | NOTE | |||
r-release-windows-x86_64 | 0.16-1 | 175.00 | 127.00 | 302.00 | OK | |
r-oldrel-macos-arm64 | 0.16-1 | 114.00 | NOTE | |||
r-oldrel-macos-x86_64 | 0.16-1 | 174.00 | NOTE | |||
r-oldrel-windows-x86_64 | 0.16-1 | 160.00 | 118.00 | 278.00 | OK |
Version: 0.16-1
Check: installed package size
Result: NOTE
installed size is 45.0Mb
sub-directories of 1Mb or more:
libs 44.3Mb
Flavors: r-release-macos-arm64, r-release-macos-x86_64, r-oldrel-macos-arm64, r-oldrel-macos-x86_64