CRAN Package Check Results for Package RStorm

Last updated on 2014-12-22 09:54:26.

Flavor Version Tinstall Tcheck Ttotal Status Flags
r-devel-linux-x86_64-debian-clang 0.902 1.10 18.21 19.32 NOTE
r-devel-linux-x86_64-debian-gcc 0.902 1.04 17.72 18.76 NOTE
r-devel-linux-x86_64-fedora-clang 0.902 40.91 NOTE
r-devel-linux-x86_64-fedora-gcc 0.902 40.64 NOTE
r-devel-osx-x86_64-clang 0.902 38.90 NOTE
r-devel-windows-ix86+x86_64 0.902 5.00 30.00 35.00 NOTE
r-patched-linux-x86_64 0.902 1.19 17.98 19.16 NOTE
r-patched-solaris-sparc 0.902 251.60 NOTE
r-patched-solaris-x86 0.902 52.10 NOTE
r-release-linux-ix86 0.902 1.40 23.51 24.91 NOTE
r-release-linux-x86_64 0.902 1.18 18.01 19.19 NOTE
r-release-osx-x86_64-mavericks 0.902 NOTE
r-release-osx-x86_64-snowleopard 0.902 OK
r-release-windows-ix86+x86_64 0.902 4.00 31.00 35.00 NOTE
r-oldrel-windows-ix86+x86_64 0.902 4.00 32.00 36.00 NOTE

Check Details

Version: 0.902
Check: dependencies in R code
Result: NOTE
    Package in Depends field not imported from: ‘plyr’
     These packages need to be imported from (in the NAMESPACE file)
     for when this namespace is loaded but not attached.
    See the information on DESCRIPTION files in the chapter ‘Creating R
    packages’ of the ‘Writing R Extensions’ manual.
Flavors: r-devel-linux-x86_64-debian-clang, r-devel-linux-x86_64-debian-gcc, r-devel-linux-x86_64-fedora-clang, r-devel-linux-x86_64-fedora-gcc, r-devel-osx-x86_64-clang, r-devel-windows-ix86+x86_64, r-patched-linux-x86_64, r-patched-solaris-sparc, r-patched-solaris-x86, r-release-linux-ix86, r-release-linux-x86_64, r-release-osx-x86_64-mavericks, r-release-windows-ix86+x86_64, r-oldrel-windows-ix86+x86_64

Version: 0.902
Check: R code for possible problems
Result: NOTE
    RStorm: no visible global function definition for ‘alply’
Flavors: r-devel-linux-x86_64-debian-clang, r-devel-linux-x86_64-debian-gcc, r-devel-linux-x86_64-fedora-clang, r-devel-linux-x86_64-fedora-gcc, r-devel-osx-x86_64-clang, r-devel-windows-ix86+x86_64, r-patched-linux-x86_64, r-patched-solaris-sparc, r-patched-solaris-x86, r-release-linux-ix86, r-release-linux-x86_64, r-release-windows-ix86+x86_64