CRAN Package Check Results for Package RStorm

Last updated on 2015-04-27 10:48:59.

Flavor Version Tinstall Tcheck Ttotal Status Flags
r-devel-linux-x86_64-debian-clang 0.902 0.96 16.38 17.34 NOTE
r-devel-linux-x86_64-debian-gcc 0.902 0.94 15.78 16.72 NOTE
r-devel-linux-x86_64-fedora-clang 0.902 34.14 NOTE
r-devel-linux-x86_64-fedora-gcc 0.902 31.01 NOTE
r-devel-osx-x86_64-clang 0.902 34.50 NOTE
r-devel-windows-ix86+x86_64 0.902 3.00 28.00 31.00 NOTE
r-patched-linux-x86_64 0.902 0.93 15.76 16.70 NOTE
r-patched-solaris-sparc 0.902 225.00 NOTE
r-patched-solaris-x86 0.902 44.50 NOTE
r-release-linux-x86_64 0.902 0.93 15.58 16.51 NOTE
r-release-osx-x86_64-mavericks 0.902 NOTE
r-release-osx-x86_64-snowleopard 0.902 NOTE
r-release-windows-ix86+x86_64 0.902 6.00 37.00 43.00 NOTE
r-oldrel-windows-ix86+x86_64 0.902 3.00 31.00 34.00 NOTE

Check Details

Version: 0.902
Check: dependencies in R code
Result: NOTE
    Package in Depends field not imported from: ‘plyr’
     These packages need to be imported from (in the NAMESPACE file)
     for when this namespace is loaded but not attached.
Flavors: r-devel-linux-x86_64-debian-clang, r-devel-linux-x86_64-debian-gcc, r-devel-linux-x86_64-fedora-clang, r-devel-linux-x86_64-fedora-gcc, r-devel-osx-x86_64-clang, r-devel-windows-ix86+x86_64, r-patched-solaris-sparc, r-patched-solaris-x86, r-release-osx-x86_64-mavericks, r-release-osx-x86_64-snowleopard, r-release-windows-ix86+x86_64, r-oldrel-windows-ix86+x86_64

Version: 0.902
Check: S3 generic/method consistency
Result: NOTE
    Found the following apparent S3 methods exported but not registered:
     plot.RStorm plot.Topology print.RStorm print.Topology
    See section ‘Registering S3 methods’ in the ‘Writing R Extensions’
    manual.
Flavors: r-devel-linux-x86_64-debian-clang, r-devel-linux-x86_64-debian-gcc, r-devel-linux-x86_64-fedora-clang, r-devel-linux-x86_64-fedora-gcc, r-devel-osx-x86_64-clang, r-patched-solaris-x86

Version: 0.902
Check: R code for possible problems
Result: NOTE
    RStorm: no visible global function definition for ‘alply’
Flavors: r-devel-linux-x86_64-debian-clang, r-devel-linux-x86_64-debian-gcc, r-devel-linux-x86_64-fedora-clang, r-devel-linux-x86_64-fedora-gcc, r-devel-osx-x86_64-clang, r-devel-windows-ix86+x86_64, r-patched-solaris-sparc, r-patched-solaris-x86, r-release-osx-x86_64-mavericks, r-release-osx-x86_64-snowleopard, r-release-windows-ix86+x86_64, r-oldrel-windows-ix86+x86_64