CRAN Package Check Results for Package RStorm

Last updated on 2014-04-18 05:48:12.

Flavor Version Tinstall Tcheck Ttotal Status Flags
r-devel-linux-x86_64-debian-clang 0.902 1.17 18.41 19.58 NOTE
r-devel-linux-x86_64-debian-gcc NOTE
r-devel-linux-x86_64-fedora-clang 0.902 41.23 NOTE
r-devel-linux-x86_64-fedora-gcc 0.902 37.98 NOTE
r-devel-macosx-x86_64-clang 0.902 39.02 NOTE
r-devel-macosx-x86_64-gcc 0.902 NOTE
r-devel-windows-ix86+x86_64 0.902 3.00 31.00 34.00 NOTE
r-patched-linux-x86_64 0.902 1.21 18.60 19.80 NOTE
r-patched-solaris-sparc 0.902 222.70 NOTE
r-patched-solaris-x86 0.902 50.60 NOTE
r-release-linux-ix86 0.902 2.00 34.00 36.00 NOTE
r-release-linux-x86_64 0.902 1.17 18.97 20.14 NOTE
r-release-macosx-x86_64 0.902 OK
r-release-windows-ix86+x86_64 0.902 3.00 30.00 33.00 NOTE
r-oldrel-windows-ix86+x86_64 0.902 3.00 28.00 31.00 NOTE

Check Details

Version: 0.902
Check: dependencies in R code
Result: NOTE
    Package in Depends field not imported from: ‘plyr’
     These packages need to be imported from (in the NAMESPACE file)
     for when this namespace is loaded but not attached.
    See the information on DESCRIPTION files in the chapter ‘Creating R
    packages’ of the ‘Writing R Extensions’ manual.
Flavors: r-devel-linux-x86_64-debian-clang, r-devel-linux-x86_64-debian-gcc, r-devel-linux-x86_64-fedora-clang, r-devel-linux-x86_64-fedora-gcc, r-devel-macosx-x86_64-clang, r-devel-macosx-x86_64-gcc, r-devel-windows-ix86+x86_64, r-patched-linux-x86_64, r-patched-solaris-sparc, r-patched-solaris-x86, r-release-linux-ix86, r-release-linux-x86_64, r-release-windows-ix86+x86_64, r-oldrel-windows-ix86+x86_64