CRAN Package Check Results for Package RStorm

Last updated on 2018-05-22 05:49:42 CEST.

Flavor Version Tinstall Tcheck Ttotal Status Flags
r-devel-linux-x86_64-debian-clang 0.902 1.75 26.65 28.40 NOTE
r-devel-linux-x86_64-debian-gcc 0.902 1.33 23.66 24.99 NOTE
r-devel-linux-x86_64-fedora-clang 0.902 38.68 NOTE
r-devel-linux-x86_64-fedora-gcc 0.902 36.94 NOTE
r-devel-windows-ix86+x86_64 0.902 5.00 43.00 48.00 NOTE
r-patched-linux-x86_64 0.902 1.32 28.34 29.66 NOTE
r-patched-solaris-x86 0.902 54.10 NOTE
r-release-linux-x86_64 0.902 1.52 28.26 29.78 NOTE
r-release-windows-ix86+x86_64 0.902 7.00 60.00 67.00 NOTE
r-release-osx-x86_64 0.902 NOTE
r-oldrel-windows-ix86+x86_64 0.902 6.00 56.00 62.00 NOTE
r-oldrel-osx-x86_64 0.902 NOTE

Check Details

Version: 0.902
Check: dependencies in R code
Result: NOTE
    Package in Depends field not imported from: ‘plyr’
     These packages need to be imported from (in the NAMESPACE file)
     for when this namespace is loaded but not attached.
Flavors: r-devel-linux-x86_64-debian-clang, r-devel-linux-x86_64-debian-gcc, r-devel-linux-x86_64-fedora-clang, r-devel-linux-x86_64-fedora-gcc, r-devel-windows-ix86+x86_64, r-patched-linux-x86_64, r-patched-solaris-x86, r-release-linux-x86_64, r-release-windows-ix86+x86_64, r-release-osx-x86_64, r-oldrel-windows-ix86+x86_64, r-oldrel-osx-x86_64

Version: 0.902
Check: S3 generic/method consistency
Result: NOTE
    Found the following apparent S3 methods exported but not registered:
     plot.RStorm plot.Topology print.RStorm print.Topology
    See section ‘Registering S3 methods’ in the ‘Writing R Extensions’
    manual.
Flavors: r-devel-linux-x86_64-debian-clang, r-devel-linux-x86_64-debian-gcc, r-devel-linux-x86_64-fedora-clang, r-devel-linux-x86_64-fedora-gcc, r-patched-linux-x86_64, r-patched-solaris-x86, r-release-linux-x86_64

Version: 0.902
Check: R code for possible problems
Result: NOTE
    RStorm: no visible global function definition for ‘alply’
    Undefined global functions or variables:
     alply
Flavors: r-devel-linux-x86_64-debian-clang, r-devel-linux-x86_64-debian-gcc, r-devel-linux-x86_64-fedora-clang, r-devel-linux-x86_64-fedora-gcc, r-devel-windows-ix86+x86_64, r-patched-linux-x86_64, r-patched-solaris-x86, r-release-linux-x86_64, r-release-windows-ix86+x86_64, r-release-osx-x86_64, r-oldrel-windows-ix86+x86_64, r-oldrel-osx-x86_64