CRAN Package Check Results for Package RStorm

Last updated on 2017-02-22 23:54:20.

Flavor Version Tinstall Tcheck Ttotal Status Flags
r-devel-linux-x86_64-debian-clang 0.902 0.90 17.66 18.56 NOTE
r-devel-linux-x86_64-debian-gcc 0.902 0.94 17.66 18.59 NOTE
r-devel-linux-x86_64-fedora-clang 0.902 32.01 NOTE --no-stop-on-test-error
r-devel-linux-x86_64-fedora-gcc 0.902 31.47 NOTE --no-stop-on-test-error
r-devel-macos-x86_64-clang 0.902 29.10 NOTE --no-stop-on-test-error
r-devel-windows-ix86+x86_64 0.902 5.00 56.00 61.00 NOTE
r-patched-linux-x86_64 0.902 0.83 15.42 16.25 NOTE
r-patched-solaris-sparc 0.902 191.80 NOTE
r-patched-solaris-x86 0.902 39.50 NOTE
r-release-linux-x86_64 0.902 0.92 15.22 16.14 NOTE
r-release-osx-x86_64-mavericks 0.902 NOTE
r-release-windows-ix86+x86_64 0.902 5.00 51.00 56.00 NOTE
r-oldrel-windows-ix86+x86_64 0.902 6.00 44.00 50.00 NOTE

Check Details

Version: 0.902
Check: dependencies in R code
Result: NOTE
    Package in Depends field not imported from: ‘plyr’
     These packages need to be imported from (in the NAMESPACE file)
     for when this namespace is loaded but not attached.
Flavors: r-devel-linux-x86_64-debian-clang, r-devel-linux-x86_64-debian-gcc, r-devel-windows-ix86+x86_64, r-patched-linux-x86_64, r-patched-solaris-sparc, r-patched-solaris-x86, r-release-linux-x86_64, r-release-osx-x86_64-mavericks, r-release-windows-ix86+x86_64, r-oldrel-windows-ix86+x86_64

Version: 0.902
Check: S3 generic/method consistency
Result: NOTE
    Found the following apparent S3 methods exported but not registered:
     plot.RStorm plot.Topology print.RStorm print.Topology
    See section ‘Registering S3 methods’ in the ‘Writing R Extensions’
    manual.
Flavors: r-devel-linux-x86_64-debian-clang, r-devel-linux-x86_64-debian-gcc, r-patched-linux-x86_64, r-patched-solaris-sparc, r-patched-solaris-x86, r-release-linux-x86_64

Version: 0.902
Check: R code for possible problems
Result: NOTE
    RStorm: no visible global function definition for ‘alply’
    Undefined global functions or variables:
     alply
Flavors: r-devel-linux-x86_64-debian-clang, r-devel-linux-x86_64-debian-gcc, r-devel-windows-ix86+x86_64, r-patched-linux-x86_64, r-patched-solaris-sparc, r-patched-solaris-x86, r-release-linux-x86_64, r-release-osx-x86_64-mavericks, r-release-windows-ix86+x86_64

Version: 0.902
Flags: --no-stop-on-test-error
Check: dependencies in R code
Result: NOTE
    Package in Depends field not imported from: ‘plyr’
     These packages need to be imported from (in the NAMESPACE file)
     for when this namespace is loaded but not attached.
Flavors: r-devel-linux-x86_64-fedora-clang, r-devel-linux-x86_64-fedora-gcc, r-devel-macos-x86_64-clang

Version: 0.902
Flags: --no-stop-on-test-error
Check: S3 generic/method consistency
Result: NOTE
    Found the following apparent S3 methods exported but not registered:
     plot.RStorm plot.Topology print.RStorm print.Topology
    See section ‘Registering S3 methods’ in the ‘Writing R Extensions’
    manual.
Flavors: r-devel-linux-x86_64-fedora-clang, r-devel-linux-x86_64-fedora-gcc, r-devel-macos-x86_64-clang

Version: 0.902
Flags: --no-stop-on-test-error
Check: R code for possible problems
Result: NOTE
    RStorm: no visible global function definition for ‘alply’
    Undefined global functions or variables:
     alply
Flavors: r-devel-linux-x86_64-fedora-clang, r-devel-linux-x86_64-fedora-gcc, r-devel-macos-x86_64-clang

Version: 0.902
Check: R code for possible problems
Result: NOTE
    RStorm: no visible global function definition for 'alply'
Flavor: r-oldrel-windows-ix86+x86_64