CRAN Package Check Results for Package RStorm

Last updated on 2014-08-28 10:47:10.

Flavor Version Tinstall Tcheck Ttotal Status Flags
r-devel-linux-x86_64-debian-clang 0.902 1.12 16.82 17.94 NOTE
r-devel-linux-x86_64-debian-gcc 0.902 1.08 16.72 17.79 NOTE
r-devel-linux-x86_64-fedora-clang 0.902 39.95 NOTE
r-devel-linux-x86_64-fedora-gcc 0.902 35.52 NOTE
r-devel-osx-x86_64-clang 0.902 35.80 NOTE
r-devel-windows-ix86+x86_64 0.902 3.00 26.00 29.00 NOTE
r-patched-linux-x86_64 0.902 1.12 17.74 18.86 NOTE
r-patched-solaris-sparc 0.902 234.70 NOTE
r-patched-solaris-x86 0.902 51.30 NOTE
r-release-linux-ix86 0.902 1.49 24.76 26.26 NOTE
r-release-linux-x86_64 0.902 1.29 18.32 19.61 NOTE
r-release-osx-x86_64-mavericks 0.902 NOTE
r-release-osx-x86_64-snowleopard 0.902 OK
r-release-windows-ix86+x86_64 0.902 3.00 30.00 33.00 NOTE
r-oldrel-windows-ix86+x86_64 0.902 4.00 28.00 32.00 NOTE

Check Details

Version: 0.902
Check: dependencies in R code
Result: NOTE
    Package in Depends field not imported from: ‘plyr’
     These packages need to be imported from (in the NAMESPACE file)
     for when this namespace is loaded but not attached.
    See the information on DESCRIPTION files in the chapter ‘Creating R
    packages’ of the ‘Writing R Extensions’ manual.
Flavors: r-devel-linux-x86_64-debian-clang, r-devel-linux-x86_64-debian-gcc, r-devel-linux-x86_64-fedora-clang, r-devel-linux-x86_64-fedora-gcc, r-devel-osx-x86_64-clang, r-devel-windows-ix86+x86_64, r-patched-linux-x86_64, r-patched-solaris-sparc, r-patched-solaris-x86, r-release-linux-ix86, r-release-linux-x86_64, r-release-osx-x86_64-mavericks, r-release-windows-ix86+x86_64, r-oldrel-windows-ix86+x86_64

Version: 0.902
Check: R code for possible problems
Result: NOTE
    RStorm: no visible global function definition for ‘alply’
Flavors: r-devel-linux-x86_64-debian-clang, r-devel-linux-x86_64-debian-gcc, r-devel-linux-x86_64-fedora-clang, r-devel-linux-x86_64-fedora-gcc, r-devel-osx-x86_64-clang, r-devel-windows-ix86+x86_64