CRAN Package Check Results for Package RStorm

Last updated on 2016-05-29 08:46:47.

Flavor Version Tinstall Tcheck Ttotal Status Flags
r-devel-linux-x86_64-debian-gcc 0.902 0.88 16.01 16.89 NOTE
r-devel-linux-x86_64-fedora-clang 0.902 29.44 NOTE
r-devel-linux-x86_64-fedora-gcc 0.902 27.31 NOTE
r-devel-osx-x86_64-clang 0.902 34.71 NOTE
r-devel-windows-ix86+x86_64 0.902 3.00 35.00 38.00 NOTE
r-patched-linux-x86_64 0.902 0.86 14.99 15.85 NOTE
r-patched-solaris-sparc 0.902 191.30 NOTE
r-patched-solaris-x86 0.902 41.20 NOTE
r-release-linux-x86_64 0.902 0.96 15.07 16.03 NOTE
r-release-osx-x86_64-mavericks 0.902 NOTE
r-release-windows-ix86+x86_64 0.902 5.00 35.00 40.00 NOTE
r-oldrel-windows-ix86+x86_64 0.902 4.00 48.00 52.00 NOTE

Check Details

Version: 0.902
Check: dependencies in R code
Result: NOTE
    Package in Depends field not imported from: ‘plyr’
     These packages need to be imported from (in the NAMESPACE file)
     for when this namespace is loaded but not attached.
Flavors: r-devel-linux-x86_64-debian-gcc, r-devel-linux-x86_64-fedora-clang, r-devel-linux-x86_64-fedora-gcc, r-devel-osx-x86_64-clang, r-devel-windows-ix86+x86_64, r-patched-linux-x86_64, r-patched-solaris-sparc, r-patched-solaris-x86, r-release-linux-x86_64, r-release-osx-x86_64-mavericks, r-release-windows-ix86+x86_64, r-oldrel-windows-ix86+x86_64

Version: 0.902
Check: S3 generic/method consistency
Result: NOTE
    Found the following apparent S3 methods exported but not registered:
     plot.RStorm plot.Topology print.RStorm print.Topology
    See section ‘Registering S3 methods’ in the ‘Writing R Extensions’
    manual.
Flavors: r-devel-linux-x86_64-debian-gcc, r-devel-linux-x86_64-fedora-clang, r-devel-linux-x86_64-fedora-gcc, r-devel-osx-x86_64-clang, r-patched-linux-x86_64, r-patched-solaris-sparc, r-patched-solaris-x86, r-release-linux-x86_64

Version: 0.902
Check: R code for possible problems
Result: NOTE
    RStorm: no visible global function definition for ‘alply’
    Undefined global functions or variables:
     alply
Flavors: r-devel-linux-x86_64-debian-gcc, r-devel-linux-x86_64-fedora-clang, r-devel-linux-x86_64-fedora-gcc, r-devel-osx-x86_64-clang, r-devel-windows-ix86+x86_64, r-patched-linux-x86_64, r-patched-solaris-sparc, r-patched-solaris-x86, r-release-linux-x86_64, r-release-osx-x86_64-mavericks, r-release-windows-ix86+x86_64

Version: 0.902
Check: R code for possible problems
Result: NOTE
    RStorm: no visible global function definition for 'alply'
Flavor: r-oldrel-windows-ix86+x86_64