CRAN Package Check Results for Package RStorm

Last updated on 2014-10-26 07:50:11.

Flavor Version Tinstall Tcheck Ttotal Status Flags
r-devel-linux-x86_64-debian-clang 0.902 1.22 18.28 19.50 NOTE
r-devel-linux-x86_64-debian-gcc 0.902 1.08 17.24 18.32 NOTE
r-devel-linux-x86_64-fedora-clang 0.902 38.66 NOTE
r-devel-linux-x86_64-fedora-gcc 0.902 35.47 NOTE
r-devel-osx-x86_64-clang 0.902 38.40 NOTE
r-devel-windows-ix86+x86_64 0.902 3.00 27.00 30.00 NOTE
r-patched-linux-x86_64 0.902 1.12 17.77 18.90 NOTE
r-patched-solaris-sparc 0.902 216.90 NOTE
r-patched-solaris-x86 0.902 51.40 NOTE
r-release-linux-ix86 0.902 1.50 25.03 26.53 NOTE
r-release-linux-x86_64 0.902 1.13 18.52 19.65 NOTE
r-release-osx-x86_64-mavericks 0.902 NOTE
r-release-osx-x86_64-snowleopard 0.902 OK
r-release-windows-ix86+x86_64 0.902 4.00 29.00 33.00 NOTE
r-oldrel-windows-ix86+x86_64 0.902 4.00 31.00 35.00 NOTE

Check Details

Version: 0.902
Check: dependencies in R code
Result: NOTE
    Package in Depends field not imported from: ‘plyr’
     These packages need to be imported from (in the NAMESPACE file)
     for when this namespace is loaded but not attached.
    See the information on DESCRIPTION files in the chapter ‘Creating R
    packages’ of the ‘Writing R Extensions’ manual.
Flavors: r-devel-linux-x86_64-debian-clang, r-devel-linux-x86_64-debian-gcc, r-devel-linux-x86_64-fedora-clang, r-devel-linux-x86_64-fedora-gcc, r-devel-osx-x86_64-clang, r-devel-windows-ix86+x86_64, r-patched-linux-x86_64, r-patched-solaris-sparc, r-patched-solaris-x86, r-release-linux-ix86, r-release-linux-x86_64, r-release-osx-x86_64-mavericks, r-release-windows-ix86+x86_64, r-oldrel-windows-ix86+x86_64

Version: 0.902
Check: R code for possible problems
Result: NOTE
    RStorm: no visible global function definition for ‘alply’
Flavors: r-devel-linux-x86_64-debian-clang, r-devel-linux-x86_64-debian-gcc, r-devel-linux-x86_64-fedora-clang, r-devel-linux-x86_64-fedora-gcc, r-devel-osx-x86_64-clang, r-devel-windows-ix86+x86_64, r-patched-linux-x86_64, r-patched-solaris-sparc, r-patched-solaris-x86