CRAN Package Check Results for Package RStorm

Last updated on 2017-08-18 02:49:25.

Flavor Version Tinstall Tcheck Ttotal Status Flags
r-devel-linux-x86_64-debian-clang 0.902 1.03 18.53 19.55 NOTE
r-devel-linux-x86_64-debian-gcc 0.902 0.94 18.04 18.97 NOTE
r-devel-linux-x86_64-fedora-clang 0.902 33.19 NOTE
r-devel-linux-x86_64-fedora-gcc 0.902 36.53 NOTE
r-devel-windows-ix86+x86_64 0.902 4.00 43.00 47.00 NOTE
r-patched-linux-x86_64 0.902 0.98 17.83 18.81 NOTE
r-patched-solaris-x86 0.902 45.60 NOTE
r-release-linux-x86_64 0.902 1.08 17.64 18.71 NOTE
r-release-windows-ix86+x86_64 0.902 3.00 42.00 45.00 NOTE
r-release-osx-x86_64 0.902 NOTE
r-oldrel-windows-ix86+x86_64 0.902 3.00 54.00 57.00 NOTE
r-oldrel-osx-x86_64 0.902 NOTE

Check Details

Version: 0.902
Check: dependencies in R code
Result: NOTE
    Package in Depends field not imported from: ‘plyr’
     These packages need to be imported from (in the NAMESPACE file)
     for when this namespace is loaded but not attached.
Flavors: r-devel-linux-x86_64-debian-clang, r-devel-linux-x86_64-debian-gcc, r-devel-linux-x86_64-fedora-clang, r-devel-linux-x86_64-fedora-gcc, r-devel-windows-ix86+x86_64, r-patched-linux-x86_64, r-patched-solaris-x86, r-release-linux-x86_64, r-release-windows-ix86+x86_64, r-release-osx-x86_64, r-oldrel-windows-ix86+x86_64, r-oldrel-osx-x86_64

Version: 0.902
Check: S3 generic/method consistency
Result: NOTE
    Found the following apparent S3 methods exported but not registered:
     plot.RStorm plot.Topology print.RStorm print.Topology
    See section ‘Registering S3 methods’ in the ‘Writing R Extensions’
    manual.
Flavors: r-devel-linux-x86_64-debian-clang, r-devel-linux-x86_64-debian-gcc, r-devel-linux-x86_64-fedora-clang, r-devel-linux-x86_64-fedora-gcc, r-patched-linux-x86_64, r-patched-solaris-x86, r-release-linux-x86_64

Version: 0.902
Check: R code for possible problems
Result: NOTE
    RStorm: no visible global function definition for ‘alply’
    Undefined global functions or variables:
     alply
Flavors: r-devel-linux-x86_64-debian-clang, r-devel-linux-x86_64-debian-gcc, r-devel-linux-x86_64-fedora-clang, r-devel-linux-x86_64-fedora-gcc, r-devel-windows-ix86+x86_64, r-patched-linux-x86_64, r-patched-solaris-x86, r-release-linux-x86_64, r-release-windows-ix86+x86_64, r-release-osx-x86_64, r-oldrel-windows-ix86+x86_64, r-oldrel-osx-x86_64