CRAN Package Check Results for Package RStorm

Last updated on 2016-12-07 10:48:46.

Flavor Version Tinstall Tcheck Ttotal Status Flags
r-devel-linux-x86_64-debian-clang 0.902 0.96 17.50 18.45 NOTE
r-devel-linux-x86_64-debian-gcc 0.902 0.95 17.47 18.41 NOTE
r-devel-linux-x86_64-fedora-clang 0.902 37.34 NOTE --no-stop-on-test-error
r-devel-linux-x86_64-fedora-gcc 0.902 35.13 NOTE --no-stop-on-test-error
r-devel-macos-x86_64-clang 0.902 29.78 NOTE
r-devel-windows-ix86+x86_64 0.902 6.00 62.00 68.00 NOTE
r-patched-linux-x86_64 0.902 0.90 15.39 16.29 NOTE
r-patched-solaris-sparc 0.902 187.80 NOTE
r-patched-solaris-x86 0.902 39.60 NOTE
r-release-linux-x86_64 0.902 0.94 15.31 16.26 NOTE
r-release-osx-x86_64-mavericks 0.902 NOTE
r-release-windows-ix86+x86_64 0.902 3.00 37.00 40.00 NOTE
r-oldrel-windows-ix86+x86_64 0.902 5.00 33.00 38.00 NOTE

Check Details

Version: 0.902
Check: dependencies in R code
Result: NOTE
    Package in Depends field not imported from: ‘plyr’
     These packages need to be imported from (in the NAMESPACE file)
     for when this namespace is loaded but not attached.
Flavors: r-devel-linux-x86_64-debian-clang, r-devel-linux-x86_64-debian-gcc, r-devel-macos-x86_64-clang, r-devel-windows-ix86+x86_64, r-patched-linux-x86_64, r-patched-solaris-sparc, r-patched-solaris-x86, r-release-linux-x86_64, r-release-osx-x86_64-mavericks, r-release-windows-ix86+x86_64, r-oldrel-windows-ix86+x86_64

Version: 0.902
Check: S3 generic/method consistency
Result: NOTE
    Found the following apparent S3 methods exported but not registered:
     plot.RStorm plot.Topology print.RStorm print.Topology
    See section ‘Registering S3 methods’ in the ‘Writing R Extensions’
    manual.
Flavors: r-devel-linux-x86_64-debian-clang, r-devel-linux-x86_64-debian-gcc, r-devel-macos-x86_64-clang, r-patched-linux-x86_64, r-patched-solaris-sparc, r-patched-solaris-x86, r-release-linux-x86_64

Version: 0.902
Check: R code for possible problems
Result: NOTE
    RStorm: no visible global function definition for ‘alply’
    Undefined global functions or variables:
     alply
Flavors: r-devel-linux-x86_64-debian-clang, r-devel-linux-x86_64-debian-gcc, r-devel-macos-x86_64-clang, r-devel-windows-ix86+x86_64, r-patched-linux-x86_64, r-patched-solaris-sparc, r-patched-solaris-x86, r-release-linux-x86_64, r-release-osx-x86_64-mavericks, r-release-windows-ix86+x86_64

Version: 0.902
Flags: --no-stop-on-test-error
Check: dependencies in R code
Result: NOTE
    Package in Depends field not imported from: ‘plyr’
     These packages need to be imported from (in the NAMESPACE file)
     for when this namespace is loaded but not attached.
Flavors: r-devel-linux-x86_64-fedora-clang, r-devel-linux-x86_64-fedora-gcc

Version: 0.902
Flags: --no-stop-on-test-error
Check: S3 generic/method consistency
Result: NOTE
    Found the following apparent S3 methods exported but not registered:
     plot.RStorm plot.Topology print.RStorm print.Topology
    See section ‘Registering S3 methods’ in the ‘Writing R Extensions’
    manual.
Flavors: r-devel-linux-x86_64-fedora-clang, r-devel-linux-x86_64-fedora-gcc

Version: 0.902
Flags: --no-stop-on-test-error
Check: R code for possible problems
Result: NOTE
    RStorm: no visible global function definition for ‘alply’
    Undefined global functions or variables:
     alply
Flavors: r-devel-linux-x86_64-fedora-clang, r-devel-linux-x86_64-fedora-gcc

Version: 0.902
Check: R code for possible problems
Result: NOTE
    RStorm: no visible global function definition for 'alply'
Flavor: r-oldrel-windows-ix86+x86_64