CRAN Package Check Results for Package RStorm

Last updated on 2014-09-18 15:48:29.

Flavor Version Tinstall Tcheck Ttotal Status Flags
r-devel-linux-x86_64-debian-clang 0.902 1.47 17.15 18.62 NOTE
r-devel-linux-x86_64-debian-gcc 0.902 1.08 17.40 18.48 NOTE
r-devel-linux-x86_64-fedora-clang 0.902 38.97 NOTE
r-devel-linux-x86_64-fedora-gcc 0.902 40.51 NOTE
r-devel-osx-x86_64-clang 0.902 35.97 NOTE
r-devel-windows-ix86+x86_64 0.902 3.00 28.00 31.00 NOTE
r-patched-linux-x86_64 0.902 1.12 17.81 18.94 NOTE
r-patched-solaris-sparc 0.902 234.70 NOTE
r-patched-solaris-x86 0.902 49.50 NOTE
r-release-linux-ix86 0.902 1.49 24.84 26.33 NOTE
r-release-linux-x86_64 0.902 1.15 18.42 19.57 NOTE
r-release-osx-x86_64-mavericks 0.902 NOTE
r-release-osx-x86_64-snowleopard 0.902 OK
r-release-windows-ix86+x86_64 0.902 4.00 30.00 34.00 NOTE
r-oldrel-windows-ix86+x86_64 0.902 4.00 29.00 33.00 NOTE

Check Details

Version: 0.902
Check: dependencies in R code
Result: NOTE
    Package in Depends field not imported from: ‘plyr’
     These packages need to be imported from (in the NAMESPACE file)
     for when this namespace is loaded but not attached.
    See the information on DESCRIPTION files in the chapter ‘Creating R
    packages’ of the ‘Writing R Extensions’ manual.
Flavors: r-devel-linux-x86_64-debian-clang, r-devel-linux-x86_64-debian-gcc, r-devel-linux-x86_64-fedora-clang, r-devel-linux-x86_64-fedora-gcc, r-devel-osx-x86_64-clang, r-devel-windows-ix86+x86_64, r-patched-linux-x86_64, r-patched-solaris-sparc, r-patched-solaris-x86, r-release-linux-ix86, r-release-linux-x86_64, r-release-osx-x86_64-mavericks, r-release-windows-ix86+x86_64, r-oldrel-windows-ix86+x86_64

Version: 0.902
Check: R code for possible problems
Result: NOTE
    RStorm: no visible global function definition for ‘alply’
Flavors: r-devel-linux-x86_64-debian-clang, r-devel-linux-x86_64-debian-gcc, r-devel-linux-x86_64-fedora-clang, r-devel-linux-x86_64-fedora-gcc, r-devel-osx-x86_64-clang, r-devel-windows-ix86+x86_64