CRAN Package Check Results for Package RStorm

Last updated on 2015-09-02 11:48:41.

Flavor Version Tinstall Tcheck Ttotal Status Flags
r-devel-linux-x86_64-debian-clang 0.902 0.92 14.56 15.49 NOTE
r-devel-linux-x86_64-debian-gcc 0.902 0.86 14.62 15.48 NOTE
r-devel-linux-x86_64-fedora-clang 0.902 31.28 NOTE
r-devel-linux-x86_64-fedora-gcc 0.902 28.65 NOTE
r-devel-osx-x86_64-clang 0.902 29.57 NOTE
r-devel-windows-ix86+x86_64 0.902 5.00 44.00 49.00 NOTE
r-patched-linux-x86_64 0.902 0.94 15.50 16.44 NOTE
r-patched-solaris-sparc 0.902 204.90 NOTE
r-patched-solaris-x86 0.902 45.00 NOTE
r-release-linux-x86_64 0.902 1.04 15.49 16.52 NOTE
r-release-osx-x86_64-mavericks 0.902 NOTE
r-release-windows-ix86+x86_64 0.902 4.00 41.00 45.00 NOTE
r-oldrel-windows-ix86+x86_64 0.902 5.00 35.00 40.00 NOTE

Check Details

Version: 0.902
Check: dependencies in R code
Result: NOTE
    Package in Depends field not imported from: ‘plyr’
     These packages need to be imported from (in the NAMESPACE file)
     for when this namespace is loaded but not attached.
Flavors: r-devel-linux-x86_64-debian-clang, r-devel-linux-x86_64-debian-gcc, r-devel-linux-x86_64-fedora-clang, r-devel-linux-x86_64-fedora-gcc, r-devel-osx-x86_64-clang, r-devel-windows-ix86+x86_64, r-patched-linux-x86_64, r-patched-solaris-sparc, r-patched-solaris-x86, r-release-linux-x86_64, r-release-osx-x86_64-mavericks, r-release-windows-ix86+x86_64, r-oldrel-windows-ix86+x86_64

Version: 0.902
Check: S3 generic/method consistency
Result: NOTE
    Found the following apparent S3 methods exported but not registered:
     plot.RStorm plot.Topology print.RStorm print.Topology
    See section ‘Registering S3 methods’ in the ‘Writing R Extensions’
    manual.
Flavors: r-devel-linux-x86_64-debian-clang, r-devel-linux-x86_64-debian-gcc, r-devel-linux-x86_64-fedora-clang, r-devel-linux-x86_64-fedora-gcc, r-devel-osx-x86_64-clang, r-patched-linux-x86_64, r-patched-solaris-sparc, r-patched-solaris-x86, r-release-linux-x86_64

Version: 0.902
Check: R code for possible problems
Result: NOTE
    RStorm: no visible global function definition for ‘alply’
    Undefined global functions or variables:
     alply
Flavors: r-devel-linux-x86_64-debian-clang, r-devel-linux-x86_64-debian-gcc, r-devel-linux-x86_64-fedora-clang, r-devel-linux-x86_64-fedora-gcc, r-devel-osx-x86_64-clang, r-devel-windows-ix86+x86_64

Version: 0.902
Check: R code for possible problems
Result: NOTE
    RStorm: no visible global function definition for ‘alply’
Flavors: r-patched-linux-x86_64, r-patched-solaris-sparc, r-patched-solaris-x86, r-release-linux-x86_64, r-release-osx-x86_64-mavericks, r-release-windows-ix86+x86_64, r-oldrel-windows-ix86+x86_64