CRAN Package Check Results for Package RStorm

Last updated on 2017-10-16 23:47:48.

Flavor Version Tinstall Tcheck Ttotal Status Flags
r-devel-linux-x86_64-debian-clang 0.902 0.94 18.88 19.82 NOTE
r-devel-linux-x86_64-debian-gcc 0.902 1.36 20.36 21.73 NOTE
r-devel-linux-x86_64-fedora-clang 0.902 34.77 NOTE
r-devel-linux-x86_64-fedora-gcc 0.902 33.58 NOTE
r-devel-windows-ix86+x86_64 0.902 4.00 38.00 42.00 NOTE
r-patched-linux-x86_64 0.902 0.94 18.08 19.02 NOTE
r-patched-solaris-x86 0.902 47.00 NOTE
r-release-linux-x86_64 0.902 0.98 18.05 19.03 NOTE
r-release-windows-ix86+x86_64 0.902 4.00 35.00 39.00 NOTE
r-release-osx-x86_64 0.902 NOTE
r-oldrel-windows-ix86+x86_64 0.902 6.00 46.00 52.00 NOTE
r-oldrel-osx-x86_64 0.902 NOTE

Check Details

Version: 0.902
Check: dependencies in R code
Result: NOTE
    Package in Depends field not imported from: ‘plyr’
     These packages need to be imported from (in the NAMESPACE file)
     for when this namespace is loaded but not attached.
Flavors: r-devel-linux-x86_64-debian-clang, r-devel-linux-x86_64-debian-gcc, r-devel-linux-x86_64-fedora-clang, r-devel-linux-x86_64-fedora-gcc, r-devel-windows-ix86+x86_64, r-patched-linux-x86_64, r-patched-solaris-x86, r-release-linux-x86_64, r-release-windows-ix86+x86_64, r-release-osx-x86_64, r-oldrel-windows-ix86+x86_64, r-oldrel-osx-x86_64

Version: 0.902
Check: S3 generic/method consistency
Result: NOTE
    Found the following apparent S3 methods exported but not registered:
     plot.RStorm plot.Topology print.RStorm print.Topology
    See section ‘Registering S3 methods’ in the ‘Writing R Extensions’
    manual.
Flavors: r-devel-linux-x86_64-debian-clang, r-devel-linux-x86_64-debian-gcc, r-devel-linux-x86_64-fedora-clang, r-devel-linux-x86_64-fedora-gcc, r-patched-linux-x86_64, r-patched-solaris-x86, r-release-linux-x86_64

Version: 0.902
Check: R code for possible problems
Result: NOTE
    RStorm: no visible global function definition for ‘alply’
    Undefined global functions or variables:
     alply
Flavors: r-devel-linux-x86_64-debian-clang, r-devel-linux-x86_64-debian-gcc, r-devel-linux-x86_64-fedora-clang, r-devel-linux-x86_64-fedora-gcc, r-devel-windows-ix86+x86_64, r-patched-linux-x86_64, r-patched-solaris-x86, r-release-linux-x86_64, r-release-windows-ix86+x86_64, r-release-osx-x86_64, r-oldrel-windows-ix86+x86_64, r-oldrel-osx-x86_64