CRAN Package Check Results for Package RStorm

Last updated on 2015-07-03 13:46:48.

Flavor Version Tinstall Tcheck Ttotal Status Flags
r-devel-linux-x86_64-debian-clang 0.902 0.90 15.51 16.41 NOTE
r-devel-linux-x86_64-debian-gcc 0.902 0.90 15.34 16.24 NOTE
r-devel-linux-x86_64-fedora-clang 0.902 32.24 NOTE
r-devel-linux-x86_64-fedora-gcc 0.902 29.13 NOTE
r-devel-osx-x86_64-clang 0.902 30.58 NOTE
r-devel-windows-ix86+x86_64 0.902 3.00 26.00 29.00 NOTE
r-patched-linux-x86_64 0.902 0.92 15.51 16.44 NOTE
r-patched-solaris-sparc 0.902 214.40 NOTE
r-patched-solaris-x86 0.902 44.90 NOTE
r-release-linux-x86_64 0.902 0.97 15.44 16.41 NOTE
r-release-osx-x86_64-mavericks 0.902 NOTE
r-release-windows-ix86+x86_64 0.902 4.00 27.00 31.00 NOTE
r-oldrel-windows-ix86+x86_64 0.902 4.00 48.00 52.00 NOTE

Check Details

Version: 0.902
Check: dependencies in R code
Result: NOTE
    Package in Depends field not imported from: ‘plyr’
     These packages need to be imported from (in the NAMESPACE file)
     for when this namespace is loaded but not attached.
Flavors: r-devel-linux-x86_64-debian-clang, r-devel-linux-x86_64-debian-gcc, r-devel-linux-x86_64-fedora-clang, r-devel-linux-x86_64-fedora-gcc, r-devel-osx-x86_64-clang, r-devel-windows-ix86+x86_64, r-patched-linux-x86_64, r-patched-solaris-sparc, r-patched-solaris-x86, r-release-linux-x86_64, r-release-osx-x86_64-mavericks, r-release-windows-ix86+x86_64, r-oldrel-windows-ix86+x86_64

Version: 0.902
Check: S3 generic/method consistency
Result: NOTE
    Found the following apparent S3 methods exported but not registered:
     plot.RStorm plot.Topology print.RStorm print.Topology
    See section ‘Registering S3 methods’ in the ‘Writing R Extensions’
    manual.
Flavors: r-devel-linux-x86_64-debian-clang, r-devel-linux-x86_64-debian-gcc, r-devel-linux-x86_64-fedora-clang, r-devel-linux-x86_64-fedora-gcc, r-devel-osx-x86_64-clang, r-patched-linux-x86_64, r-patched-solaris-sparc, r-patched-solaris-x86, r-release-linux-x86_64

Version: 0.902
Check: R code for possible problems
Result: NOTE
    RStorm: no visible global function definition for ‘alply’
    Undefined global functions or variables:
     alply
Flavors: r-devel-linux-x86_64-debian-clang, r-devel-linux-x86_64-debian-gcc, r-devel-linux-x86_64-fedora-clang, r-devel-linux-x86_64-fedora-gcc, r-devel-osx-x86_64-clang, r-devel-windows-ix86+x86_64

Version: 0.902
Check: R code for possible problems
Result: NOTE
    RStorm: no visible global function definition for ‘alply’
Flavors: r-patched-linux-x86_64, r-patched-solaris-sparc, r-patched-solaris-x86, r-release-linux-x86_64, r-release-osx-x86_64-mavericks, r-release-windows-ix86+x86_64, r-oldrel-windows-ix86+x86_64