Last updated on 2021-01-18 21:49:29 CET.
Flavor | Version | Tinstall | Tcheck | Ttotal | Status | Flags |
---|---|---|---|---|---|---|
r-devel-linux-x86_64-debian-clang | 0.37-253 | 17.19 | 102.38 | 119.57 | OK | --no-vignettes |
r-devel-linux-x86_64-debian-gcc | 0.37-253 | 11.87 | 75.10 | 86.97 | OK | --no-vignettes |
r-devel-linux-x86_64-fedora-clang | 0.37-253 | 1608.80 | OK | |||
r-devel-linux-x86_64-fedora-gcc | 0.37-253 | 285.01 | OK | |||
r-devel-windows-ix86+x86_64 | 0.37-253 | 25.00 | 435.00 | 460.00 | OK | |
r-patched-linux-x86_64 | 0.37-253 | 16.96 | 93.86 | 110.82 | OK | --no-vignettes |
r-patched-solaris-x86 | 0.37-253 | 195.90 | ERROR | |||
r-release-linux-x86_64 | 0.37-253 | 14.82 | 94.11 | 108.93 | OK | --no-vignettes |
r-release-macos-x86_64 | 0.37-253 | OK | ||||
r-release-windows-ix86+x86_64 | 0.37-253 | 26.00 | 409.00 | 435.00 | OK | |
r-oldrel-macos-x86_64 | 0.37-253 | OK | ||||
r-oldrel-windows-ix86+x86_64 | 0.37-253 | 18.00 | 378.00 | 396.00 | OK |
Version: 0.37-253
Check: examples
Result: ERROR
Running examples in ‘RSuite-Ex.R’ failed
The error most likely occurred in:
> ### Name: prj_pack
> ### Title: Prepares project source pack tagged with version.
> ### Aliases: prj_pack
>
> ### ** Examples
>
> # create exemplary project base folder
> prj_base <- tempfile("example_")
> dir.create(prj_base, recursive = TRUE, showWarnings = FALSE)
>
> # start project
> prj <- prj_start("my_project", skip_rc = TRUE, path = prj_base)
2021-01-07 19:27:51 INFO:rsuite:Project my_project has structure compliant with current version of RSuite(v0.37.253).
2021-01-07 19:27:51 INFO:rsuite:Project my_project started.
>
> # create package in the project
> prj_start_package("mypackage", prj = prj, skip_rc = TRUE)
2021-01-07 19:27:51 INFO:rsuite:Package mypackage started in project my_project.
>
> # build project source pack
> pack_fpath <- prj_pack(prj = prj, path = tempdir(), pack_ver = "1.0")
2021-01-07 19:27:51 WARNING:rsuite:Project environment is not locked!
2021-01-07 19:27:51 INFO:rsuite:Exporting project from /tmp/RtmpGWaOHW/working_dir/RtmprYaOWk/example_1585259a6caa/my_project ...
2021-01-07 19:27:51 INFO:rsuite:Exporting project from /tmp/RtmpGWaOHW/working_dir/RtmprYaOWk/example_1585259a6caa/my_project ... done
2021-01-07 19:27:52 WARNING:rsuite:Zip building aborted for /tmp/RtmpGWaOHW/working_dir/RtmprYaOWk/prjpack_my_project_1.0x.zip
2021-01-07 19:27:52 ERROR:rsuite:Failed to create pack file (zip returned non 0 return status).
Error: Failed to create pack file (zip returned non 0 return status).
Execution halted
Flavor: r-patched-solaris-x86