CRAN Package Check Results for Package RSurvey

Last updated on 2014-04-24 17:49:53.

Flavor Version Tinstall Tcheck Ttotal Status Flags
r-devel-linux-x86_64-debian-clang 0.8-0 10.54 52.87 63.41 OK
r-devel-linux-x86_64-debian-gcc 0.8-0 10.84 52.29 63.13 OK
r-devel-linux-x86_64-fedora-clang 0.8-0 123.71 OK
r-devel-linux-x86_64-fedora-gcc 0.8-0 117.39 OK
r-devel-osx-x86_64-clang 0.8-0 112.83 OK
r-devel-osx-x86_64-gcc 0.8-0 ERROR
r-devel-windows-ix86+x86_64 0.8-0 17.00 61.00 78.00 OK
r-patched-linux-x86_64 0.8-0 10.46 54.10 64.56 OK
r-patched-solaris-sparc 0.8-0 689.40 OK
r-patched-solaris-x86 0.8-0 170.40 OK
r-release-linux-ix86 0.8-0 16.00 86.00 102.00 OK
r-release-linux-x86_64 0.8-0 10.35 53.08 63.43 OK
r-release-osx-x86_64-mavericks 0.8-0 ERROR
r-release-osx-x86_64-snowleopard 0.8-0 OK
r-release-windows-ix86+x86_64 0.8-0 18.00 74.00 92.00 OK
r-oldrel-windows-ix86+x86_64 0.8-0 19.00 63.00 82.00 OK

Check Details

Version: 0.8-0
Check: package dependencies
Result: ERROR
    Package required but not available: ‘rgeos’
    
    Package suggested but not available for checking: ‘XML’
    
    See the information on DESCRIPTION files in the chapter ‘Creating R
    packages’ of the ‘Writing R Extensions’ manual.
Flavor: r-devel-osx-x86_64-gcc

Version: 0.8-0
Check: package dependencies
Result: ERROR
    Packages required but not available: ‘rgeos’ ‘MBA’
    
    Package suggested but not available for checking: ‘rgdal’
    
    See the information on DESCRIPTION files in the chapter ‘Creating R
    packages’ of the ‘Writing R Extensions’ manual.
Flavor: r-release-osx-x86_64-mavericks