CRAN Package Check Results for Package RSurvey

Last updated on 2015-04-21 15:50:26.

Flavor Version Tinstall Tcheck Ttotal Status Flags
r-devel-linux-x86_64-debian-clang 0.8-3 8.57 48.41 56.98 OK
r-devel-linux-x86_64-debian-gcc 0.8-3 8.00 47.00 55.01 OK
r-devel-linux-x86_64-fedora-clang 0.8-3 105.69 OK
r-devel-linux-x86_64-fedora-gcc 0.8-3 100.48 OK
r-devel-osx-x86_64-clang 0.8-3 107.51 OK
r-devel-windows-ix86+x86_64 0.8-3 16.00 59.00 75.00 OK
r-patched-linux-x86_64 0.8-3 8.00 45.25 53.25 OK
r-patched-solaris-sparc 0.8-3 676.40 OK
r-patched-solaris-x86 0.8-3 144.60 OK
r-release-linux-x86_64 0.8-3 8.40 46.13 54.53 OK
r-release-osx-x86_64-mavericks 0.8-3 ERROR
r-release-osx-x86_64-snowleopard 0.8-3 ERROR
r-release-windows-ix86+x86_64 0.8-3 13.00 57.00 70.00 OK
r-oldrel-windows-ix86+x86_64 0.8-3 15.00 62.00 77.00 OK

Check Details

Version: 0.8-3
Check: package dependencies
Result: ERROR
    Package required but not available: ‘rgeos’
    
    Package suggested but not available for checking: ‘rgdal’
    
    See section ‘The DESCRIPTION file’ in the ‘Writing R Extensions’
    manual.
Flavor: r-release-osx-x86_64-mavericks

Version: 0.8-3
Check: package dependencies
Result: ERROR
    Package required but not available: ‘rgeos’
    
    Package suggested but not available for checking: ‘XML’
    
    See section ‘The DESCRIPTION file’ in the ‘Writing R Extensions’
    manual.
Flavor: r-release-osx-x86_64-snowleopard