CRAN Package Check Results for Package RSurvey

Last updated on 2014-11-28 19:51:28.

Flavor Version Tinstall Tcheck Ttotal Status Flags
r-devel-linux-x86_64-debian-clang 0.8-2 9.20 49.19 58.38 OK
r-devel-linux-x86_64-debian-gcc 0.8-2 9.10 49.78 58.88 OK
r-devel-linux-x86_64-fedora-clang 0.8-2 114.15 OK
r-devel-linux-x86_64-fedora-gcc 0.8-2 115.45 OK
r-devel-osx-x86_64-clang 0.8-2 115.73 OK
r-devel-windows-ix86+x86_64 0.8-2 14.00 57.00 71.00 OK
r-patched-linux-x86_64 0.8-2 10.19 49.83 60.02 OK
r-patched-solaris-sparc 0.8-2 643.10 OK
r-patched-solaris-x86 0.8-2 160.50 OK
r-release-linux-ix86 0.8-2 12.25 64.24 76.49 OK
r-release-linux-x86_64 0.8-2 10.05 50.28 60.33 OK
r-release-osx-x86_64-mavericks 0.8-2 ERROR
r-release-osx-x86_64-snowleopard 0.8-2 OK
r-release-windows-ix86+x86_64 0.8-2 16.00 75.00 91.00 OK
r-oldrel-windows-ix86+x86_64 0.8-0 17.00 64.00 81.00 OK

Check Details

Version: 0.8-2
Check: package dependencies
Result: ERROR
    Package required but not available: ‘rgeos’
    
    Package suggested but not available for checking: ‘rgdal’
    
    See the information on DESCRIPTION files in the chapter ‘Creating R
    packages’ of the ‘Writing R Extensions’ manual.
Flavor: r-release-osx-x86_64-mavericks