CRAN Package Check Results for Package RSurvey

Last updated on 2015-05-25 23:47:36.

Flavor Version Tinstall Tcheck Ttotal Status Flags
r-devel-linux-x86_64-debian-clang 0.8-3 8.60 48.00 56.60 OK
r-devel-linux-x86_64-debian-gcc 0.8-3 8.01 47.18 55.19 OK
r-devel-linux-x86_64-fedora-clang 0.8-3 105.81 OK
r-devel-linux-x86_64-fedora-gcc 0.8-3 101.61 OK
r-devel-osx-x86_64-clang 0.8-3 101.54 OK
r-devel-windows-ix86+x86_64 0.8-3 16.00 65.00 81.00 OK
r-patched-linux-x86_64 0.8-3 8.26 46.19 54.44 OK
r-patched-solaris-sparc 0.8-3 648.40 OK
r-patched-solaris-x86 0.8-3 146.50 OK
r-release-linux-x86_64 0.8-3 8.13 45.55 53.68 OK
r-release-osx-x86_64-mavericks 0.8-3 OK
r-release-osx-x86_64-snowleopard 0.8-3 ERROR
r-release-windows-ix86+x86_64 0.8-3 18.00 59.00 77.00 OK
r-oldrel-windows-ix86+x86_64 0.8-3 18.00 64.00 82.00 OK

Check Details

Version: 0.8-3
Check: package dependencies
Result: ERROR
    Package required but not available: ‘rgeos’
    
    Package suggested but not available for checking: ‘XML’
    
    See section ‘The DESCRIPTION file’ in the ‘Writing R Extensions’
    manual.
Flavor: r-release-osx-x86_64-snowleopard