CRAN Package Check Results for Package RSurvey

Last updated on 2014-07-23 15:47:52.

Flavor Version Tinstall Tcheck Ttotal Status Flags
r-devel-linux-x86_64-debian-clang 0.8-0 10.19 51.21 61.40 OK
r-devel-linux-x86_64-debian-gcc 0.8-0 10.55 50.32 60.87 OK
r-devel-linux-x86_64-fedora-clang 0.8-0 122.89 OK
r-devel-linux-x86_64-fedora-gcc 0.8-0 114.94 OK
r-devel-osx-x86_64-clang 0.8-0 110.21 OK
r-devel-windows-ix86+x86_64 0.8-0 19.00 63.00 82.00 OK
r-patched-linux-x86_64 0.8-0 10.36 49.24 59.60 OK
r-patched-solaris-sparc 0.8-0 689.40 OK
r-patched-solaris-x86 0.8-0 163.70 OK
r-release-linux-ix86 0.8-0 12.64 66.20 78.85 OK
r-release-linux-x86_64 0.8-0 10.35 50.67 61.02 OK
r-release-osx-x86_64-mavericks 0.8-0 ERROR
r-release-osx-x86_64-snowleopard 0.8-0 OK
r-release-windows-ix86+x86_64 0.8-0 16.00 68.00 84.00 OK
r-oldrel-windows-ix86+x86_64 0.8-0 18.00 67.00 85.00 OK

Check Details

Version: 0.8-0
Check: package dependencies
Result: ERROR
    Package required but not available: ‘rgeos’
    
    Package suggested but not available for checking: ‘rgdal’
    
    See the information on DESCRIPTION files in the chapter ‘Creating R
    packages’ of the ‘Writing R Extensions’ manual.
Flavor: r-release-osx-x86_64-mavericks