CRAN Package Check Results for Package RSurvey

Last updated on 2015-03-01 19:48:16.

Flavor Version Tinstall Tcheck Ttotal Status Flags
r-devel-linux-x86_64-debian-clang 0.8-3 8.64 47.77 56.42 OK
r-devel-linux-x86_64-debian-gcc 0.8-3 8.03 46.90 54.93 OK
r-devel-linux-x86_64-fedora-clang 0.8-3 102.50 OK
r-devel-linux-x86_64-fedora-gcc 0.8-3 94.26 OK
r-devel-osx-x86_64-clang 0.8-3 104.28 OK
r-devel-windows-ix86+x86_64 0.8-3 19.00 62.00 81.00 OK
r-patched-linux-x86_64 0.8-3 10.33 53.36 63.68 OK
r-patched-solaris-sparc 0.8-3 711.50 OK
r-patched-solaris-x86 0.8-3 167.30 OK
r-release-linux-ix86 0.8-3 12.27 66.50 78.77 OK
r-release-linux-x86_64 0.8-3 9.85 50.46 60.31 OK
r-release-osx-x86_64-mavericks 0.8-3 ERROR
r-release-osx-x86_64-snowleopard 0.8-3 OK
r-release-windows-ix86+x86_64 0.8-3 18.00 71.00 89.00 OK
r-oldrel-windows-ix86+x86_64 0.8-0 17.00 64.00 81.00 OK

Check Details

Version: 0.8-3
Check: package dependencies
Result: ERROR
    Package required but not available: ‘rgeos’
    
    Package suggested but not available for checking: ‘rgdal’
    
    See section ‘The DESCRIPTION file’ in the ‘Writing R Extensions’
    manual.
Flavor: r-release-osx-x86_64-mavericks