CRAN Package Check Results for Package RSurvey

Last updated on 2014-09-01 14:46:39.

Flavor Version Tinstall Tcheck Ttotal Status Flags
r-devel-linux-x86_64-debian-clang 0.8-0 9.13 47.22 56.35 NOTE
r-devel-linux-x86_64-debian-gcc 0.8-0 8.72 46.72 55.44 NOTE
r-devel-linux-x86_64-fedora-clang 0.8-0 123.25 NOTE
r-devel-linux-x86_64-fedora-gcc 0.8-0 109.91 NOTE
r-devel-osx-x86_64-clang 0.8-0 104.51 NOTE
r-devel-windows-ix86+x86_64 0.8-0 17.00 59.00 76.00 NOTE
r-patched-linux-x86_64 0.8-0 9.85 50.89 60.74 OK
r-patched-solaris-sparc 0.8-0 691.00 OK
r-patched-solaris-x86 0.8-0 165.40 OK
r-release-linux-ix86 0.8-0 12.49 66.82 79.31 OK
r-release-linux-x86_64 0.8-0 9.81 51.24 61.05 OK
r-release-osx-x86_64-mavericks 0.8-0 ERROR
r-release-osx-x86_64-snowleopard 0.8-0 OK
r-release-windows-ix86+x86_64 0.8-0 15.00 64.00 79.00 OK
r-oldrel-windows-ix86+x86_64 0.8-0 19.00 63.00 82.00 OK

Check Details

Version: 0.8-0
Check: R code for possible problems
Result: NOTE
    .GetSharedStrings: no visible global function definition for
     ‘xpathSApply’
    .GetSharedStrings: no visible global function definition for ‘xmlParse’
    .GetSharedStrings: no visible binding for global variable ‘xmlValue’
    .GetSheetNames: no visible global function definition for ‘xmlToList’
    .GetSheetNames: no visible global function definition for ‘xmlParse’
    .GetStyles: no visible global function definition for ‘xmlParse’
    .GetStyles: no visible global function definition for ‘xpathApply’
    .GetStyles: no visible binding for global variable ‘xmlAttrs’
    .GetWorksheet: no visible global function definition for ‘xmlRoot’
    .GetWorksheet: no visible global function definition for ‘xmlParse’
    .GetWorksheet : Fun: no visible global function definition for
     ‘xmlValue’
    .GetWorksheet : Fun: no visible global function definition for
     ‘xmlAttrs’
    .GetWorksheet: no visible global function definition for ‘xpathApply’
    AutocropRegion: no visible global function definition for ‘convex.hull’
    OpenRSurvey : CloseDevices: no visible global function definition for
     ‘rgl.cur’
    OpenRSurvey : CloseDevices: no visible global function definition for
     ‘rgl.close’
    OpenRSurvey : SaveRGLDevice: no visible global function definition for
     ‘rgl.cur’
    OpenRSurvey : SaveRGLDevice: no visible global function definition for
     ‘rgl.snapshot’
    OpenRSurvey : SaveRGLDevice: no visible global function definition for
     ‘rgl.postscript’
    Plot3d: no visible global function definition for ‘open3d’
    Plot3d: no visible global function definition for ‘par3d’
    Plot3d: no visible global function definition for ‘bg3d’
    Plot3d: no visible global function definition for ‘surface3d’
    Plot3d: no visible global function definition for ‘view3d’
    Plot3d: no visible global function definition for ‘points3d’
Flavors: r-devel-linux-x86_64-debian-clang, r-devel-linux-x86_64-debian-gcc, r-devel-linux-x86_64-fedora-clang, r-devel-linux-x86_64-fedora-gcc, r-devel-osx-x86_64-clang, r-devel-windows-ix86+x86_64

Version: 0.8-0
Check: package dependencies
Result: ERROR
    Package required but not available: ‘rgeos’
    
    Package suggested but not available for checking: ‘rgdal’
    
    See the information on DESCRIPTION files in the chapter ‘Creating R
    packages’ of the ‘Writing R Extensions’ manual.
Flavor: r-release-osx-x86_64-mavericks