CRAN Package Check Results for Package RSvgDevice

Last updated on 2016-12-08 18:47:21.

Flavor Version Tinstall Tcheck Ttotal Status Flags
r-devel-linux-x86_64-debian-clang 0.6.4.4 1.00 8.98 9.97 NOTE
r-devel-linux-x86_64-debian-gcc 0.6.4.4 0.99 8.88 9.87 NOTE
r-devel-linux-x86_64-fedora-clang 0.6.4.4 17.34 NOTE --no-stop-on-test-error
r-devel-linux-x86_64-fedora-gcc 0.6.4.4 16.79 NOTE --no-stop-on-test-error
r-devel-macos-x86_64-clang 0.6.4.4 15.85 NOTE
r-patched-linux-x86_64 0.6.4.4 0.87 7.50 8.37 NOTE
r-patched-solaris-sparc 0.6.4.4 83.60 NOTE
r-patched-solaris-x86 0.6.4.4 19.80 NOTE
r-release-linux-x86_64 0.6.4.4 0.88 7.51 8.39 NOTE
r-release-osx-x86_64-mavericks 0.6.4.4 NOTE

Check Details

Version: 0.6.4.4
Check: DESCRIPTION meta-information
Result: NOTE
    Malformed Title field: should not end in a period.
Flavors: r-devel-linux-x86_64-debian-clang, r-devel-linux-x86_64-debian-gcc, r-devel-macos-x86_64-clang, r-patched-linux-x86_64, r-patched-solaris-sparc, r-patched-solaris-x86, r-release-linux-x86_64, r-release-osx-x86_64-mavericks

Version: 0.6.4.4
Flags: --no-stop-on-test-error
Check: DESCRIPTION meta-information
Result: NOTE
    Malformed Title field: should not end in a period.
Flavors: r-devel-linux-x86_64-fedora-clang, r-devel-linux-x86_64-fedora-gcc