CRAN Package Check Results for Package RSvgDevice

Last updated on 2016-07-28 05:50:27.

Flavor Version Tinstall Tcheck Ttotal Status Flags
r-devel-linux-x86_64-debian-clang 0.6.4.4 1.07 8.26 9.33 NOTE
r-devel-linux-x86_64-debian-gcc 0.6.4.4 1.04 9.64 10.69 NOTE
r-devel-linux-x86_64-fedora-clang 0.6.4.4 13.87 NOTE
r-devel-linux-x86_64-fedora-gcc 0.6.4.4 12.43 NOTE
r-devel-osx-x86_64-clang 0.6.4.4 13.32 NOTE
r-patched-linux-x86_64 0.6.4.4 1.08 9.27 10.35 NOTE
r-patched-solaris-sparc 0.6.4.4 83.60 NOTE
r-patched-solaris-x86 0.6.4.4 19.70 NOTE
r-release-linux-x86_64 0.6.4.4 1.10 9.13 10.23 NOTE
r-release-osx-x86_64-mavericks 0.6.4.4 NOTE

Check Details

Version: 0.6.4.4
Check: DESCRIPTION meta-information
Result: NOTE
    Malformed Title field: should not end in a period.
Flavors: r-devel-linux-x86_64-debian-clang, r-devel-linux-x86_64-debian-gcc, r-devel-linux-x86_64-fedora-clang, r-devel-linux-x86_64-fedora-gcc, r-devel-osx-x86_64-clang, r-patched-linux-x86_64, r-patched-solaris-sparc, r-patched-solaris-x86, r-release-linux-x86_64, r-release-osx-x86_64-mavericks