CRAN Package Check Results for Package RSvgDevice

Last updated on 2016-05-30 19:47:44.

Flavor Version Tinstall Tcheck Ttotal Status Flags
r-devel-linux-x86_64-debian-gcc 0.6.4.4 0.80 7.65 8.46 NOTE
r-devel-linux-x86_64-fedora-clang 0.6.4.4 13.90 NOTE
r-devel-linux-x86_64-fedora-gcc 0.6.4.4 12.94 NOTE
r-devel-osx-x86_64-clang 0.6.4.4 17.50 NOTE
r-patched-linux-x86_64 0.6.4.4 0.83 7.37 8.19 NOTE
r-patched-solaris-sparc 0.6.4.4 84.30 NOTE
r-patched-solaris-x86 0.6.4.4 20.00 NOTE
r-release-linux-x86_64 0.6.4.4 0.85 7.58 8.43 NOTE
r-release-osx-x86_64-mavericks 0.6.4.4 NOTE

Check Details

Version: 0.6.4.4
Check: DESCRIPTION meta-information
Result: NOTE
    Malformed Title field: should not end in a period.
Flavors: r-devel-linux-x86_64-debian-gcc, r-devel-linux-x86_64-fedora-clang, r-devel-linux-x86_64-fedora-gcc, r-devel-osx-x86_64-clang, r-patched-linux-x86_64, r-patched-solaris-sparc, r-patched-solaris-x86, r-release-linux-x86_64, r-release-osx-x86_64-mavericks