CRAN Package Check Results for Package RSvgDevice

Last updated on 2015-09-04 06:48:20.

Flavor Version Tinstall Tcheck Ttotal Status Flags
r-devel-linux-x86_64-debian-clang 0.6.4.4 0.79 7.39 8.18 NOTE
r-devel-linux-x86_64-debian-gcc 0.6.4.4 0.74 7.45 8.19 NOTE
r-devel-linux-x86_64-fedora-clang 0.6.4.4 15.23 NOTE
r-devel-linux-x86_64-fedora-gcc 0.6.4.4 14.13 NOTE
r-devel-osx-x86_64-clang 0.6.4.4 16.76 NOTE
r-patched-linux-x86_64 0.6.4.4 0.82 7.72 8.54 NOTE
r-patched-solaris-sparc 0.6.4.4 110.30 NOTE
r-patched-solaris-x86 0.6.4.4 25.00 NOTE
r-release-linux-x86_64 0.6.4.4 0.86 8.23 9.09 NOTE
r-release-osx-x86_64-mavericks 0.6.4.4 NOTE

Check Details

Version: 0.6.4.4
Check: DESCRIPTION meta-information
Result: NOTE
    Malformed Title field: should not end in a period.
Flavors: r-devel-linux-x86_64-debian-clang, r-devel-linux-x86_64-debian-gcc, r-devel-linux-x86_64-fedora-clang, r-devel-linux-x86_64-fedora-gcc, r-devel-osx-x86_64-clang, r-patched-linux-x86_64, r-patched-solaris-sparc, r-patched-solaris-x86, r-release-linux-x86_64, r-release-osx-x86_64-mavericks