CRAN Package Check Results for Package RSvgDevice

Last updated on 2017-11-20 00:54:44.

Flavor Version Tinstall Tcheck Ttotal Status Flags
r-devel-linux-x86_64-debian-clang 0.6.4.4 1.00 9.15 10.15 NOTE
r-devel-linux-x86_64-debian-gcc 0.6.4.4 1.16 23.43 24.59 NOTE
r-devel-linux-x86_64-fedora-clang 0.6.4.4 16.59 NOTE
r-devel-linux-x86_64-fedora-gcc 0.6.4.4 16.94 NOTE
r-patched-linux-x86_64 0.6.4.4 0.94 9.84 10.77 NOTE
r-patched-solaris-x86 0.6.4.4 25.30 NOTE
r-release-linux-x86_64 0.6.4.4 0.99 9.59 10.57 NOTE
r-release-osx-x86_64 0.6.4.4 NOTE
r-oldrel-osx-x86_64 0.6.4.4 NOTE

Check Details

Version: 0.6.4.4
Check: DESCRIPTION meta-information
Result: NOTE
    Malformed Title field: should not end in a period.
Flavors: r-devel-linux-x86_64-debian-clang, r-devel-linux-x86_64-debian-gcc, r-devel-linux-x86_64-fedora-clang, r-devel-linux-x86_64-fedora-gcc, r-patched-linux-x86_64, r-patched-solaris-x86, r-release-linux-x86_64, r-release-osx-x86_64, r-oldrel-osx-x86_64

Version: 0.6.4.4
Check: compiled code
Result: NOTE
    File ‘RSvgDevice/libs/RSvgDevice.so’:
     Found no calls to: ‘R_registerRoutines’, ‘R_useDynamicSymbols’
    
    It is good practice to register native routines and to disable symbol
    search.
    
    See ‘Writing portable packages’ in the ‘Writing R Extensions’ manual.
Flavors: r-devel-linux-x86_64-debian-clang, r-devel-linux-x86_64-debian-gcc, r-devel-linux-x86_64-fedora-clang, r-devel-linux-x86_64-fedora-gcc, r-patched-linux-x86_64, r-release-linux-x86_64