CRAN Package Check Results for Package RSvgDevice

Last updated on 2015-03-27 07:48:57.

Flavor Version Tinstall Tcheck Ttotal Status Flags
r-devel-linux-x86_64-debian-clang 0.6.4.4 0.81 8.19 9.00 NOTE
r-devel-linux-x86_64-debian-gcc 0.6.4.4 0.81 8.09 8.90 NOTE
r-devel-linux-x86_64-fedora-clang 0.6.4.4 17.29 NOTE
r-devel-linux-x86_64-fedora-gcc 0.6.4.4 15.61 NOTE
r-devel-osx-x86_64-clang 0.6.4.4 23.49 NOTE
r-prerel-linux-x86_64 0.6.4.4 0.83 7.77 8.60 NOTE
r-prerel-solaris-sparc 0.6.4.4 113.40 NOTE
r-prerel-solaris-x86 0.6.4.4 25.20 NOTE
r-release-linux-x86_64 0.6.4.4 0.91 9.00 9.92 OK
r-release-osx-x86_64-mavericks 0.6.4.4 OK
r-release-osx-x86_64-snowleopard 0.6.4.4 OK

Check Details

Version: 0.6.4.4
Check: DESCRIPTION meta-information
Result: NOTE
    Malformed Title field: should not end in a period.
Flavors: r-devel-linux-x86_64-debian-clang, r-devel-linux-x86_64-debian-gcc, r-devel-linux-x86_64-fedora-clang, r-devel-linux-x86_64-fedora-gcc, r-devel-osx-x86_64-clang, r-prerel-linux-x86_64, r-prerel-solaris-sparc, r-prerel-solaris-x86