CRAN Package Check Results for Package RSvgDevice

Last updated on 2017-03-31 01:49:26.

Flavor Version Tinstall Tcheck Ttotal Status Flags
r-devel-linux-x86_64-debian-clang 0.6.4.4 1.08 9.25 10.33 NOTE
r-devel-linux-x86_64-debian-gcc 0.6.4.4 0.95 9.18 10.13 NOTE
r-devel-linux-x86_64-fedora-clang 0.6.4.4 16.64 NOTE --no-stop-on-test-error
r-devel-linux-x86_64-fedora-gcc 0.6.4.4 15.90 NOTE --no-stop-on-test-error
r-devel-macos-x86_64-clang 0.6.4.4 15.50 NOTE --no-stop-on-test-error
r-patched-linux-x86_64 0.6.4.4 0.98 9.27 10.26 NOTE
r-patched-solaris-sparc 0.6.4.4 102.30 NOTE
r-patched-solaris-x86 0.6.4.4 25.30 NOTE
r-release-linux-x86_64 0.6.4.4 0.84 7.75 8.59 NOTE
r-release-osx-x86_64-mavericks 0.6.4.4 NOTE

Check Details

Version: 0.6.4.4
Check: DESCRIPTION meta-information
Result: NOTE
    Malformed Title field: should not end in a period.
Flavors: r-devel-linux-x86_64-debian-clang, r-devel-linux-x86_64-debian-gcc, r-patched-linux-x86_64, r-patched-solaris-sparc, r-patched-solaris-x86, r-release-linux-x86_64, r-release-osx-x86_64-mavericks

Version: 0.6.4.4
Check: compiled code
Result: NOTE
    File ‘RSvgDevice/libs/RSvgDevice.so’:
     Found no calls to: ‘R_registerRoutines’, ‘R_useDynamicSymbols’
    
    It is good practice to register native routines and to disable symbol
    search.
    
    See ‘Writing portable packages’ in the ‘Writing R Extensions’ manual.
Flavors: r-devel-linux-x86_64-debian-clang, r-devel-linux-x86_64-debian-gcc, r-patched-linux-x86_64

Version: 0.6.4.4
Flags: --no-stop-on-test-error
Check: DESCRIPTION meta-information
Result: NOTE
    Malformed Title field: should not end in a period.
Flavors: r-devel-linux-x86_64-fedora-clang, r-devel-linux-x86_64-fedora-gcc, r-devel-macos-x86_64-clang

Version: 0.6.4.4
Flags: --no-stop-on-test-error
Check: compiled code
Result: NOTE
    File ‘RSvgDevice/libs/RSvgDevice.so’:
     Found no calls to: ‘R_registerRoutines’, ‘R_useDynamicSymbols’
    
    It is good practice to register native routines and to disable symbol
    search.
    
    See ‘Writing portable packages’ in the ‘Writing R Extensions’ manual.
Flavors: r-devel-linux-x86_64-fedora-clang, r-devel-linux-x86_64-fedora-gcc, r-devel-macos-x86_64-clang