CRAN Package Check Results for Package RSvgDevice

Last updated on 2017-02-24 10:47:59.

Flavor Version Tinstall Tcheck Ttotal Status Flags
r-devel-linux-x86_64-debian-clang 0.6.4.4 0.96 9.71 10.67 NOTE
r-devel-linux-x86_64-debian-gcc 0.6.4.4 0.94 9.52 10.46 NOTE
r-devel-linux-x86_64-fedora-clang 0.6.4.4 16.53 NOTE --no-stop-on-test-error
r-devel-linux-x86_64-fedora-gcc 0.6.4.4 15.99 NOTE --no-stop-on-test-error
r-devel-macos-x86_64-clang 0.6.4.4 16.10 NOTE --no-stop-on-test-error
r-patched-linux-x86_64 0.6.4.4 0.90 7.58 8.48 NOTE
r-patched-solaris-sparc 0.6.4.4 86.20 NOTE
r-patched-solaris-x86 0.6.4.4 21.40 NOTE
r-release-linux-x86_64 0.6.4.4 0.95 7.69 8.64 NOTE
r-release-osx-x86_64-mavericks 0.6.4.4 NOTE

Check Details

Version: 0.6.4.4
Check: DESCRIPTION meta-information
Result: NOTE
    Malformed Title field: should not end in a period.
Flavors: r-devel-linux-x86_64-debian-clang, r-devel-linux-x86_64-debian-gcc, r-patched-linux-x86_64, r-patched-solaris-sparc, r-patched-solaris-x86, r-release-linux-x86_64, r-release-osx-x86_64-mavericks

Version: 0.6.4.4
Check: compiled code
Result: NOTE
    File ‘RSvgDevice/libs/RSvgDevice.so’:
     Found no calls to: ‘R_registerRoutines’, ‘R_useDynamicSymbols’
    
    It is good practice to register native routines and to disable symbol
    search.
    
    See ‘Writing portable packages’ in the ‘Writing R Extensions’ manual.
Flavors: r-devel-linux-x86_64-debian-clang, r-devel-linux-x86_64-debian-gcc

Version: 0.6.4.4
Flags: --no-stop-on-test-error
Check: DESCRIPTION meta-information
Result: NOTE
    Malformed Title field: should not end in a period.
Flavors: r-devel-linux-x86_64-fedora-clang, r-devel-linux-x86_64-fedora-gcc, r-devel-macos-x86_64-clang

Version: 0.6.4.4
Flags: --no-stop-on-test-error
Check: compiled code
Result: NOTE
    File ‘RSvgDevice/libs/RSvgDevice.so’:
     Found no calls to: ‘R_registerRoutines’, ‘R_useDynamicSymbols’
    
    It is good practice to register native routines and to disable symbol
    search.
    
    See ‘Writing portable packages’ in the ‘Writing R Extensions’ manual.
Flavors: r-devel-linux-x86_64-fedora-clang, r-devel-linux-x86_64-fedora-gcc, r-devel-macos-x86_64-clang