CRAN Package Check Results for Package RSvgDevice

Last updated on 2018-06-23 15:53:41 CEST.

Flavor Version Tinstall Tcheck Ttotal Status Flags
r-devel-linux-x86_64-debian-clang 0.6.4.4 1.34 16.14 17.48 NOTE
r-devel-linux-x86_64-debian-gcc 0.6.4.4 1.08 12.87 13.95 NOTE
r-devel-linux-x86_64-fedora-clang 0.6.4.4 20.52 NOTE
r-devel-linux-x86_64-fedora-gcc 0.6.4.4 19.06 NOTE
r-patched-linux-x86_64 0.6.4.4 1.34 14.88 16.22 NOTE
r-patched-solaris-x86 0.6.4.4 31.80 NOTE
r-release-linux-x86_64 0.6.4.4 1.43 14.69 16.12 NOTE
r-release-osx-x86_64 0.6.4.4 NOTE
r-oldrel-osx-x86_64 0.6.4.4 NOTE

Check Details

Version: 0.6.4.4
Check: DESCRIPTION meta-information
Result: NOTE
    Malformed Title field: should not end in a period.
Flavors: r-devel-linux-x86_64-debian-clang, r-devel-linux-x86_64-debian-gcc, r-devel-linux-x86_64-fedora-clang, r-devel-linux-x86_64-fedora-gcc, r-patched-linux-x86_64, r-patched-solaris-x86, r-release-linux-x86_64, r-release-osx-x86_64, r-oldrel-osx-x86_64

Version: 0.6.4.4
Check: compiled code
Result: NOTE
    File ‘RSvgDevice/libs/RSvgDevice.so’:
     Found no calls to: ‘R_registerRoutines’, ‘R_useDynamicSymbols’
    
    It is good practice to register native routines and to disable symbol
    search.
    
    See ‘Writing portable packages’ in the ‘Writing R Extensions’ manual.
Flavors: r-devel-linux-x86_64-debian-clang, r-devel-linux-x86_64-debian-gcc, r-devel-linux-x86_64-fedora-clang, r-devel-linux-x86_64-fedora-gcc, r-patched-linux-x86_64, r-release-linux-x86_64