CRAN Package Check Results for Package RSvgDevice

Last updated on 2017-09-23 17:48:21.

Flavor Version Tinstall Tcheck Ttotal Status Flags
r-devel-linux-x86_64-debian-clang 0.6.4.4 1.04 9.93 10.97 NOTE
r-devel-linux-x86_64-debian-gcc 0.6.4.4 1.05 9.69 10.74 NOTE
r-devel-linux-x86_64-fedora-clang 0.6.4.4 17.46 NOTE
r-devel-linux-x86_64-fedora-gcc 0.6.4.4 17.72 NOTE
r-patched-linux-x86_64 0.6.4.4 0.95 9.61 10.55 NOTE
r-patched-solaris-x86 0.6.4.4 24.80 NOTE
r-release-linux-x86_64 0.6.4.4 0.96 10.03 10.99 NOTE
r-release-osx-x86_64 0.6.4.4 NOTE
r-oldrel-osx-x86_64 0.6.4.4 NOTE

Check Details

Version: 0.6.4.4
Check: DESCRIPTION meta-information
Result: NOTE
    Malformed Title field: should not end in a period.
Flavors: r-devel-linux-x86_64-debian-clang, r-devel-linux-x86_64-debian-gcc, r-devel-linux-x86_64-fedora-clang, r-devel-linux-x86_64-fedora-gcc, r-patched-linux-x86_64, r-patched-solaris-x86, r-release-linux-x86_64, r-release-osx-x86_64, r-oldrel-osx-x86_64

Version: 0.6.4.4
Check: compiled code
Result: NOTE
    File ‘RSvgDevice/libs/RSvgDevice.so’:
     Found no calls to: ‘R_registerRoutines’, ‘R_useDynamicSymbols’
    
    It is good practice to register native routines and to disable symbol
    search.
    
    See ‘Writing portable packages’ in the ‘Writing R Extensions’ manual.
Flavors: r-devel-linux-x86_64-debian-clang, r-devel-linux-x86_64-debian-gcc, r-devel-linux-x86_64-fedora-clang, r-devel-linux-x86_64-fedora-gcc, r-patched-linux-x86_64, r-release-linux-x86_64