CRAN Package Check Results for Package RSvgDevice

Last updated on 2017-07-20 19:48:18.

Flavor Version Tinstall Tcheck Ttotal Status Flags
r-devel-linux-x86_64-debian-clang 0.6.4.4 1.10 15.26 16.36 NOTE
r-devel-linux-x86_64-debian-gcc 0.6.4.4 1.04 15.36 16.39 NOTE
r-devel-linux-x86_64-fedora-clang 0.6.4.4 17.09 NOTE
r-devel-linux-x86_64-fedora-gcc 0.6.4.4 16.16 NOTE
r-patched-linux-x86_64 0.6.4.4 1.05 15.43 16.48 NOTE
r-patched-solaris-x86 0.6.4.4 25.10 NOTE
r-release-linux-x86_64 0.6.4.4 1.00 15.39 16.39 NOTE
r-release-osx-x86_64 0.6.4.4 NOTE
r-oldrel-osx-x86_64 0.6.4.4 NOTE

Check Details

Version: 0.6.4.4
Check: DESCRIPTION meta-information
Result: NOTE
    Malformed Title field: should not end in a period.
Flavors: r-devel-linux-x86_64-debian-clang, r-devel-linux-x86_64-debian-gcc, r-devel-linux-x86_64-fedora-clang, r-devel-linux-x86_64-fedora-gcc, r-patched-linux-x86_64, r-patched-solaris-x86, r-release-linux-x86_64, r-release-osx-x86_64, r-oldrel-osx-x86_64

Version: 0.6.4.4
Check: compiled code
Result: NOTE
    File ‘RSvgDevice/libs/RSvgDevice.so’:
     Found no calls to: ‘R_registerRoutines’, ‘R_useDynamicSymbols’
    
    It is good practice to register native routines and to disable symbol
    search.
    
    See ‘Writing portable packages’ in the ‘Writing R Extensions’ manual.
Flavors: r-devel-linux-x86_64-debian-clang, r-devel-linux-x86_64-debian-gcc, r-devel-linux-x86_64-fedora-clang, r-devel-linux-x86_64-fedora-gcc, r-patched-linux-x86_64, r-release-linux-x86_64