CRAN Package Check Results for Package RSvgDevice

Last updated on 2015-04-19 19:52:02.

Flavor Version Tinstall Tcheck Ttotal Status Flags
r-devel-linux-x86_64-debian-clang 0.6.4.4 0.79 8.08 8.88 NOTE
r-devel-linux-x86_64-debian-gcc 0.6.4.4 0.88 8.12 8.99 NOTE
r-devel-linux-x86_64-fedora-clang 0.6.4.4 17.00 NOTE
r-devel-linux-x86_64-fedora-gcc 0.6.4.4 15.76 NOTE
r-devel-osx-x86_64-clang 0.6.4.4 22.04 NOTE
r-patched-linux-x86_64 0.6.4.4 0.85 8.05 8.90 NOTE
r-patched-solaris-sparc 0.6.4.4 113.40 NOTE
r-patched-solaris-x86 0.6.4.4 24.90 NOTE
r-release-linux-x86_64 0.6.4.4 0.86 7.72 8.58 NOTE
r-release-osx-x86_64-mavericks 0.6.4.4 NOTE
r-release-osx-x86_64-snowleopard 0.6.4.4 NOTE

Check Details

Version: 0.6.4.4
Check: DESCRIPTION meta-information
Result: NOTE
    Malformed Title field: should not end in a period.
Flavors: r-devel-linux-x86_64-debian-clang, r-devel-linux-x86_64-debian-gcc, r-devel-linux-x86_64-fedora-clang, r-devel-linux-x86_64-fedora-gcc, r-devel-osx-x86_64-clang, r-patched-linux-x86_64, r-patched-solaris-sparc, r-patched-solaris-x86, r-release-linux-x86_64, r-release-osx-x86_64-mavericks, r-release-osx-x86_64-snowleopard