CRAN Package Check Results for Package RSvgDevice

Last updated on 2017-01-20 07:50:01.

Flavor Version Tinstall Tcheck Ttotal Status Flags
r-devel-linux-x86_64-debian-clang 0.6.4.4 0.99 9.11 10.10 NOTE
r-devel-linux-x86_64-debian-gcc 0.6.4.4 1.08 9.01 10.09 NOTE
r-devel-linux-x86_64-fedora-clang 0.6.4.4 16.48 NOTE --no-stop-on-test-error
r-devel-linux-x86_64-fedora-gcc 0.6.4.4 17.65 NOTE --no-stop-on-test-error
r-devel-macos-x86_64-clang 0.6.4.4 15.33 NOTE --no-stop-on-test-error
r-patched-linux-x86_64 0.6.4.4 0.90 7.65 8.54 NOTE
r-patched-solaris-sparc 0.6.4.4 86.20 NOTE
r-patched-solaris-x86 0.6.4.4 20.90 NOTE
r-release-linux-x86_64 0.6.4.4 0.82 7.71 8.53 NOTE
r-release-osx-x86_64-mavericks 0.6.4.4 NOTE

Check Details

Version: 0.6.4.4
Check: DESCRIPTION meta-information
Result: NOTE
    Malformed Title field: should not end in a period.
Flavors: r-devel-linux-x86_64-debian-clang, r-devel-linux-x86_64-debian-gcc, r-patched-linux-x86_64, r-patched-solaris-sparc, r-patched-solaris-x86, r-release-linux-x86_64, r-release-osx-x86_64-mavericks

Version: 0.6.4.4
Flags: --no-stop-on-test-error
Check: DESCRIPTION meta-information
Result: NOTE
    Malformed Title field: should not end in a period.
Flavors: r-devel-linux-x86_64-fedora-clang, r-devel-linux-x86_64-fedora-gcc, r-devel-macos-x86_64-clang