CRAN Package Check Results for Package RSwissMaps

Last updated on 2019-06-25 20:47:14 CEST.

Flavor Version Tinstall Tcheck Ttotal Status Flags
r-devel-linux-x86_64-debian-clang 0.1.0.1 5.61 51.08 56.69 NOTE
r-devel-linux-x86_64-debian-gcc 0.1.0.1 3.67 38.63 42.30 NOTE
r-devel-linux-x86_64-fedora-clang 0.1.0.1 65.33 NOTE
r-devel-linux-x86_64-fedora-gcc 0.1.0.1 62.99 NOTE
r-devel-windows-ix86+x86_64 0.1.0.1 12.00 86.00 98.00 OK
r-patched-linux-x86_64 0.1.0.1 5.01 48.89 53.90 OK
r-patched-solaris-x86 0.1.0.1 88.50 NOTE
r-release-linux-x86_64 0.1.0.1 4.40 49.37 53.77 OK
r-release-windows-ix86+x86_64 0.1.0.1 9.00 70.00 79.00 OK
r-release-osx-x86_64 0.1.0.1 NOTE
r-oldrel-windows-ix86+x86_64 0.1.0.1 8.00 64.00 72.00 OK
r-oldrel-osx-x86_64 0.1.0.1 NOTE

Check Details

Version: 0.1.0.1
Check: package vignettes
Result: NOTE
    Package vignette with placeholder title 'Vignette Title':
     'vignette.Rmd'
Flavors: r-devel-linux-x86_64-debian-clang, r-devel-linux-x86_64-debian-gcc

Version: 0.1.0.1
Check: for non-standard things in the check directory
Result: NOTE
    Found the following files/directories:
     'mapCH2017.rda'
Flavors: r-devel-linux-x86_64-debian-clang, r-devel-linux-x86_64-debian-gcc, r-devel-linux-x86_64-fedora-clang, r-devel-linux-x86_64-fedora-gcc

Version: 0.1.0.1
Check: data for non-ASCII characters
Result: NOTE
     Note: found 18627 marked UTF-8 strings
Flavors: r-devel-linux-x86_64-fedora-clang, r-devel-linux-x86_64-fedora-gcc, r-patched-solaris-x86, r-release-osx-x86_64, r-oldrel-osx-x86_64