CRAN Package Check Results for Package RSwissMaps

Last updated on 2019-03-24 04:47:22 CET.

Flavor Version Tinstall Tcheck Ttotal Status Flags
r-devel-linux-x86_64-debian-clang 0.1.0 5.65 47.72 53.37 OK
r-devel-linux-x86_64-debian-gcc 0.1.0 5.04 37.44 42.48 OK
r-devel-linux-x86_64-fedora-clang 0.1.0 63.62 NOTE
r-devel-linux-x86_64-fedora-gcc 0.1.0 60.40 NOTE
r-devel-windows-ix86+x86_64 0.1.0 11.00 75.00 86.00 OK
r-patched-linux-x86_64 0.1.0 4.41 45.04 49.45 OK
r-patched-solaris-x86 0.1.0 84.20 NOTE
r-release-linux-x86_64 0.1.0 0.35 2.07 2.42 ERROR
r-release-windows-ix86+x86_64 0.1.0 7.00 59.00 66.00 OK
r-release-osx-x86_64 0.1.0 NOTE
r-oldrel-windows-ix86+x86_64 0.1.0 5.00 73.00 78.00 OK
r-oldrel-osx-x86_64 0.1.0 NOTE

Check Details

Version: 0.1.0
Check: data for non-ASCII characters
Result: NOTE
     Note: found 18627 marked UTF-8 strings
Flavors: r-devel-linux-x86_64-fedora-clang, r-devel-linux-x86_64-fedora-gcc, r-patched-solaris-x86, r-release-osx-x86_64, r-oldrel-osx-x86_64

Version: 0.1.0
Check: whether package can be installed
Result: ERROR
    Installation failed.
Flavor: r-release-linux-x86_64