CRAN Package Check Results for Package RSwissMaps

Last updated on 2019-01-20 00:16:23 CET.

Flavor Version Tinstall Tcheck Ttotal Status Flags
r-devel-linux-x86_64-debian-clang 0.1.0 3.95 49.27 53.22 OK
r-devel-linux-x86_64-debian-gcc 0.1.0 4.04 37.80 41.84 OK
r-devel-linux-x86_64-fedora-clang 0.1.0 63.63 NOTE
r-devel-linux-x86_64-fedora-gcc 0.1.0 57.99 NOTE
r-devel-windows-ix86+x86_64 0.1.0 10.00 76.00 86.00 OK
r-patched-linux-x86_64 0.1.0 5.02 46.09 51.11 OK
r-patched-solaris-x86 0.1.0 88.70 NOTE
r-release-linux-x86_64 0.1.0 3.64 45.69 49.33 OK
r-release-windows-ix86+x86_64 0.1.0 10.00 72.00 82.00 OK
r-release-osx-x86_64 0.1.0 NOTE
r-oldrel-windows-ix86+x86_64 0.1.0 7.00 90.00 97.00 OK
r-oldrel-osx-x86_64 0.1.0 NOTE

Check Details

Version: 0.1.0
Check: data for non-ASCII characters
Result: NOTE
     Note: found 18627 marked UTF-8 strings
Flavors: r-devel-linux-x86_64-fedora-clang, r-devel-linux-x86_64-fedora-gcc, r-patched-solaris-x86, r-release-osx-x86_64, r-oldrel-osx-x86_64