CRAN Package Check Results for Package RTIGER

Last updated on 2023-06-03 18:53:43 CEST.

Flavor Version Tinstall Tcheck Ttotal Status Flags
r-devel-linux-x86_64-debian-clang 2.1.0 22.90 226.67 249.57 OK
r-devel-linux-x86_64-debian-gcc 2.1.0 20.09 169.66 189.75 OK
r-devel-linux-x86_64-fedora-clang 2.1.0 314.50 OK
r-devel-linux-x86_64-fedora-gcc 2.1.0 332.42 OK
r-devel-windows-x86_64 2.1.0 21.00 162.00 183.00 OK
r-patched-linux-x86_64 2.1.0 OK
r-release-linux-x86_64 2.1.0 23.91 214.58 238.49 OK
r-release-macos-arm64 2.1.0 86.00 NOTE
r-release-macos-x86_64 2.1.0 132.00 NOTE
r-release-windows-x86_64 2.1.0 26.00 209.00 235.00 OK
r-oldrel-macos-arm64 2.1.0 90.00 OK
r-oldrel-macos-x86_64 2.1.0 114.00 OK
r-oldrel-windows-x86_64 2.1.0 29.00 205.00 234.00 OK

Check Details

Version: 2.1.0
Check: package dependencies
Result: NOTE
    Package suggested but not available for checking: ‘Gviz’
Flavors: r-release-macos-arm64, r-release-macos-x86_64