CRAN Package Check Results for Package RTLknitr

Last updated on 2024-06-13 19:48:42 CEST.

Flavor Version Tinstall Tcheck Ttotal Status Flags
r-devel-linux-x86_64-debian-clang 1.0.0 5.95 44.35 50.30 OK
r-devel-linux-x86_64-debian-gcc 1.0.0 0.33 1.53 1.86 ERROR
r-devel-linux-x86_64-fedora-clang 1.0.0 61.92 OK
r-devel-linux-x86_64-fedora-gcc 1.0.0 58.56 OK
r-devel-windows-x86_64 1.0.0 6.00 52.00 58.00 OK
r-patched-linux-x86_64 1.0.0 10.48 42.80 53.28 OK
r-release-linux-x86_64 1.0.0 3.42 41.46 44.88 OK
r-release-macos-arm64 1.0.0 23.00 OK
r-release-macos-x86_64 1.0.0 37.00 OK
r-release-windows-x86_64 1.0.0 6.00 53.00 59.00 OK
r-oldrel-macos-arm64 1.0.0 24.00 OK
r-oldrel-macos-x86_64 1.0.0 43.00 OK
r-oldrel-windows-x86_64 1.0.0 7.00 58.00 65.00 OK

Check Details

Version: 1.0.0
Check: package dependencies
Result: ERROR Package required but not available: ‘gt’ See section ‘The DESCRIPTION file’ in the ‘Writing R Extensions’ manual. Flavor: r-devel-linux-x86_64-debian-gcc