CRAN Package Check Results for Package RTOMO

Last updated on 2015-07-31 15:47:44.

Flavor Version Tinstall Tcheck Ttotal Status Flags
r-devel-linux-x86_64-debian-clang 1.1-3 2.15 27.85 30.00 NOTE
r-devel-linux-x86_64-debian-gcc 1.1-3 2.65 26.18 28.83 NOTE
r-devel-linux-x86_64-fedora-clang 1.1-3 59.09 NOTE
r-devel-linux-x86_64-fedora-gcc 1.1-3 55.80 NOTE
r-devel-osx-x86_64-clang 1.1-3 52.45 OK
r-devel-windows-ix86+x86_64 1.1-3 8.00 71.00 79.00 NOTE
r-patched-linux-x86_64 1.1-3 1.92 27.00 28.92 OK
r-patched-solaris-sparc 1.1-3 363.90 OK
r-patched-solaris-x86 1.1-3 76.50 OK
r-release-linux-x86_64 1.1-3 1.89 27.82 29.71 OK
r-release-osx-x86_64-mavericks 1.1-3 OK
r-release-windows-ix86+x86_64 1.1-3 10.00 72.00 82.00 OK
r-oldrel-windows-ix86+x86_64 1.1-3 10.00 91.00 101.00 OK

Check Details

Version: 1.1-3
Check: R code for possible problems
Result: NOTE
    FANCY.TOMO: no visible global function definition for ‘rect’
    FANCY.TOMO: no visible global function definition for ‘text’
    FANCY.TOMO: no visible global function definition for ‘title’
    HOZscale: no visible global function definition for ‘par’
    HOZscale: no visible global function definition for ‘rect’
    HOZscale: no visible global function definition for ‘text’
    PLOT.TOMOXSEC: no visible global function definition for ‘plot’
    PLOT.TOMOXSEC: no visible global function definition for ‘rect’
    SHOWTOMO: no visible global function definition for ‘topo.colors’
    SHOWTOMO: no visible global function definition for ‘par’
    SHOWTOMO: no visible global function definition for ‘text’
    SHOWTOMO: no visible global function definition for ‘box’
    TOMO3D.drive: no visible global function definition for ‘par’
    TOMO3D.drive: no visible global function definition for ‘dev.cur’
    TOMO3D.drive: no visible global function definition for ‘dev.set’
    TOMO3D.drive: no visible global function definition for ‘locator’
    TOMO3D.drive: no visible global function definition for ‘rgb’
    TOMO3D.drive: no visible global function definition for ‘grey’
    TOMO3D.drive: no visible global function definition for ‘title’
    TOMO3D.drive: no visible global function definition for ‘polygon’
    TOMO3D.drive: no visible global function definition for ‘points’
    TOMO3D.drive: no visible global function definition for ‘segments’
    TOMO3D.drive: no visible global function definition for ‘text’
    TOMO3D.drive: no visible global function definition for ‘dev.new’
    TOMO3D.drive: no visible global function definition for ‘contour’
    TOMOXSEC: no visible global function definition for ‘rainbow’
    TOMOinfo: no visible global function definition for ‘boxplot.stats’
    TOMOinfo: no visible global function definition for ‘var’
    TOMOinfo: no visible global function definition for ‘boxplot’
    XSEC.drive: no visible global function definition for ‘dev.cur’
    XSEC.drive: no visible global function definition for ‘dev.set’
    XSEC.drive: no visible global function definition for ‘par’
    XSEC.drive: no visible global function definition for ‘locator’
    XSEC.drive: no visible global function definition for ‘rgb’
    XSEC.drive: no visible global function definition for ‘grey’
    XSEC.drive: no visible global function definition for ‘title’
    XSEC.drive: no visible global function definition for ‘lines’
    get2Drayblox: no visible global function definition for ‘lm’
    get2Drayblox: no visible global function definition for ‘col2rgb’
    get2Drayblox: no visible global function definition for ‘plot’
    get2Drayblox: no visible global function definition for ‘segments’
    get2Drayblox: no visible global function definition for ‘rect’
    jstats: no visible global function definition for ‘boxplot.stats’
    jstats: no visible global function definition for ‘var’
    makeMOD: no visible global function definition for ‘image’
    pltomo: no visible global function definition for ‘rainbow’
    pltomo: no visible global function definition for ‘plot’
    pltomo: no visible global function definition for ‘rect’
    pltomo: no visible global function definition for ‘image’
    tomo.colors: no visible global function definition for ‘hsv’
    Undefined global functions or variables:
     box boxplot boxplot.stats col2rgb contour dev.cur dev.new dev.set
     grey hsv image lines lm locator par plot points polygon rainbow rect
     rgb segments text title topo.colors var
    Consider adding
     importFrom("grDevices", "boxplot.stats", "col2rgb", "dev.cur",
     "dev.new", "dev.set", "grey", "hsv", "rainbow", "rgb",
     "topo.colors")
     importFrom("graphics", "box", "boxplot", "contour", "image", "lines",
     "locator", "par", "plot", "points", "polygon", "rect",
     "segments", "text", "title")
     importFrom("stats", "lm", "var")
    to your NAMESPACE.
Flavors: r-devel-linux-x86_64-debian-clang, r-devel-linux-x86_64-debian-gcc, r-devel-linux-x86_64-fedora-clang, r-devel-linux-x86_64-fedora-gcc, r-devel-windows-ix86+x86_64