CRAN Package Check Results for Package RTOMO

Last updated on 2014-04-23 12:48:27.

Flavor Version Tinstall Tcheck Ttotal Status Flags
r-devel-linux-x86_64-debian-clang 1.1-2 1.57 24.30 25.87 OK
r-devel-linux-x86_64-debian-gcc 1.1-2 1.57 23.70 25.28 OK
r-devel-linux-x86_64-fedora-clang 1.1-2 50.31 OK
r-devel-linux-x86_64-fedora-gcc 1.1-2 47.72 OK
r-devel-osx-x86_64-clang 1.1-2 49.86 OK
r-devel-osx-x86_64-gcc 1.1-2 OK
r-devel-windows-ix86+x86_64 1.1-2 6.00 38.00 44.00 OK
r-patched-linux-x86_64 1.1-2 1.56 24.08 25.65 OK
r-patched-solaris-sparc 1.1-2 274.00 OK
r-patched-solaris-x86 1.1-2 67.10 OK
r-release-linux-ix86 1.1-2 2.00 44.00 46.00 OK
r-release-linux-x86_64 1.1-2 1.57 23.07 24.64 OK
r-release-osx-x86_64-mavericks 1.1-2 ERROR
r-release-osx-x86_64-snowleopard 1.1-2 OK
r-release-windows-ix86+x86_64 1.1-2 6.00 39.00 45.00 OK
r-oldrel-windows-ix86+x86_64 1.1-2 6.00 38.00 44.00 OK

Check Details

Version: 1.1-2
Check: package dependencies
Result: ERROR
    Package required but not available: ‘GEOmap’
    
    See the information on DESCRIPTION files in the chapter ‘Creating R
    packages’ of the ‘Writing R Extensions’ manual.
Flavor: r-release-osx-x86_64-mavericks