CRAN Package Check Results for Package RTextTools

Last updated on 2017-04-28 23:52:43.

Flavor Version Tinstall Tcheck Ttotal Status Flags
r-devel-linux-x86_64-debian-clang 1.4.2 6.13 62.71 68.83 NOTE
r-devel-linux-x86_64-debian-gcc 1.4.2 5.38 55.76 61.14 NOTE
r-devel-linux-x86_64-fedora-clang 1.4.2 141.72 NOTE --no-stop-on-test-error
r-devel-linux-x86_64-fedora-gcc 1.4.2 133.94 NOTE --no-stop-on-test-error
r-devel-windows-ix86+x86_64 1.4.2 29.00 171.00 200.00 NOTE
r-patched-linux-x86_64 1.4.2 5.29 55.22 60.51 NOTE
r-patched-solaris-sparc 1.4.2 749.00 NOTE
r-patched-solaris-x86 1.4.2 179.40 NOTE
r-release-linux-x86_64 1.4.2 5.21 59.09 64.30 NOTE
r-release-windows-ix86+x86_64 1.4.2 33.00 180.00 213.00 NOTE
r-release-osx-x86_64 1.4.2 NOTE
r-oldrel-windows-ix86+x86_64 1.4.2 34.00 117.00 151.00 NOTE
r-oldrel-osx-x86_64 1.4.2 NOTE

Check Details

Version: 1.4.2
Check: R code for possible problems
Result: NOTE
    classify_model: no visible global function definition for ‘predict’
    cross_validate: no visible global function definition for ‘predict’
    read_data: no visible global function definition for ‘read.csv’
    read_data: no visible global function definition for ‘read.delim’
    Undefined global functions or variables:
     predict read.csv read.delim
    Consider adding
     importFrom("stats", "predict")
     importFrom("utils", "read.csv", "read.delim")
    to your NAMESPACE file.
Flavors: r-devel-linux-x86_64-debian-clang, r-devel-linux-x86_64-debian-gcc, r-devel-windows-ix86+x86_64, r-patched-linux-x86_64, r-patched-solaris-sparc, r-patched-solaris-x86, r-release-linux-x86_64, r-release-windows-ix86+x86_64, r-release-osx-x86_64, r-oldrel-windows-ix86+x86_64, r-oldrel-osx-x86_64

Version: 1.4.2
Flags: --no-stop-on-test-error
Check: R code for possible problems
Result: NOTE
    classify_model: no visible global function definition for ‘predict’
    cross_validate: no visible global function definition for ‘predict’
    read_data: no visible global function definition for ‘read.csv’
    read_data: no visible global function definition for ‘read.delim’
    Undefined global functions or variables:
     predict read.csv read.delim
    Consider adding
     importFrom("stats", "predict")
     importFrom("utils", "read.csv", "read.delim")
    to your NAMESPACE file.
Flavors: r-devel-linux-x86_64-fedora-clang, r-devel-linux-x86_64-fedora-gcc