CRAN Package Check Results for Package RTextTools

Last updated on 2018-04-26 06:47:49 CEST.

Flavor Version Tinstall Tcheck Ttotal Status Flags
r-devel-linux-x86_64-debian-clang 1.4.2 9.07 80.12 89.19 NOTE
r-devel-linux-x86_64-debian-gcc 1.4.2 6.80 74.12 80.92 NOTE
r-devel-linux-x86_64-fedora-clang 1.4.2 117.89 NOTE
r-devel-linux-x86_64-fedora-gcc 1.4.2 118.77 NOTE
r-devel-windows-ix86+x86_64 1.4.2 36.00 137.00 173.00 NOTE
r-patched-linux-x86_64 1.4.2 7.72 88.38 96.10 NOTE
r-patched-solaris-x86 1.4.2 182.60 NOTE
r-release-linux-x86_64 1.4.2 8.28 87.31 95.59 NOTE
r-release-windows-ix86+x86_64 1.4.2 36.00 137.00 173.00 NOTE
r-release-osx-x86_64 1.4.2 NOTE
r-oldrel-windows-ix86+x86_64 1.4.2 29.00 127.00 156.00 NOTE
r-oldrel-osx-x86_64 1.4.2 NOTE

Check Details

Version: 1.4.2
Check: R code for possible problems
Result: NOTE
    classify_model: no visible global function definition for ‘predict’
    cross_validate: no visible global function definition for ‘predict’
    read_data: no visible global function definition for ‘read.csv’
    read_data: no visible global function definition for ‘read.delim’
    Undefined global functions or variables:
     predict read.csv read.delim
    Consider adding
     importFrom("stats", "predict")
     importFrom("utils", "read.csv", "read.delim")
    to your NAMESPACE file.
Flavors: r-devel-linux-x86_64-debian-clang, r-devel-linux-x86_64-debian-gcc, r-devel-linux-x86_64-fedora-clang, r-devel-linux-x86_64-fedora-gcc, r-devel-windows-ix86+x86_64, r-patched-linux-x86_64, r-patched-solaris-x86, r-release-linux-x86_64, r-release-windows-ix86+x86_64, r-release-osx-x86_64, r-oldrel-windows-ix86+x86_64, r-oldrel-osx-x86_64