CRAN Package Check Results for Package RTextTools

Last updated on 2017-02-21 23:51:08.

Flavor Version Tinstall Tcheck Ttotal Status Flags
r-devel-linux-x86_64-debian-clang 1.4.2 5.60 64.11 69.71 NOTE
r-devel-linux-x86_64-debian-gcc 1.4.2 5.34 65.24 70.58 NOTE
r-devel-linux-x86_64-fedora-clang 1.4.2 145.43 NOTE --no-stop-on-test-error
r-devel-linux-x86_64-fedora-gcc 1.4.2 144.93 NOTE --no-stop-on-test-error
r-devel-macos-x86_64-clang 1.4.2 114.44 NOTE --no-stop-on-test-error
r-devel-windows-ix86+x86_64 1.4.2 38.00 200.00 238.00 NOTE
r-patched-linux-x86_64 1.4.2 4.91 52.33 57.24 NOTE
r-patched-solaris-sparc 1.4.2 677.30 NOTE
r-patched-solaris-x86 1.4.2 162.60 NOTE
r-release-linux-x86_64 1.4.2 5.01 55.04 60.05 NOTE
r-release-osx-x86_64-mavericks 1.4.2 NOTE
r-release-windows-ix86+x86_64 1.4.2 50.00 191.00 241.00 NOTE
r-oldrel-windows-ix86+x86_64 1.4.2 33.00 309.00 342.00 OK

Check Details

Version: 1.4.2
Check: R code for possible problems
Result: NOTE
    classify_model: no visible global function definition for ‘predict’
    cross_validate: no visible global function definition for ‘predict’
    read_data: no visible global function definition for ‘read.csv’
    read_data: no visible global function definition for ‘read.delim’
    Undefined global functions or variables:
     predict read.csv read.delim
    Consider adding
     importFrom("stats", "predict")
     importFrom("utils", "read.csv", "read.delim")
    to your NAMESPACE file.
Flavors: r-devel-linux-x86_64-debian-clang, r-devel-linux-x86_64-debian-gcc, r-devel-windows-ix86+x86_64, r-patched-linux-x86_64, r-patched-solaris-sparc, r-patched-solaris-x86, r-release-linux-x86_64, r-release-osx-x86_64-mavericks, r-release-windows-ix86+x86_64

Version: 1.4.2
Flags: --no-stop-on-test-error
Check: R code for possible problems
Result: NOTE
    classify_model: no visible global function definition for ‘predict’
    cross_validate: no visible global function definition for ‘predict’
    read_data: no visible global function definition for ‘read.csv’
    read_data: no visible global function definition for ‘read.delim’
    Undefined global functions or variables:
     predict read.csv read.delim
    Consider adding
     importFrom("stats", "predict")
     importFrom("utils", "read.csv", "read.delim")
    to your NAMESPACE file.
Flavors: r-devel-linux-x86_64-fedora-clang, r-devel-linux-x86_64-fedora-gcc, r-devel-macos-x86_64-clang