CRAN Package Check Results for Package RTextTools

Last updated on 2015-07-31 06:47:12.

Flavor Version Tinstall Tcheck Ttotal Status Flags
r-devel-linux-x86_64-debian-clang 1.4.2 5.82 64.44 70.27 NOTE
r-devel-linux-x86_64-debian-gcc 1.4.2 5.13 57.08 62.21 NOTE
r-devel-linux-x86_64-fedora-clang 1.4.2 128.24 NOTE
r-devel-linux-x86_64-fedora-gcc 1.4.2 126.44 NOTE
r-devel-osx-x86_64-clang 1.4.2 105.36 OK
r-devel-windows-ix86+x86_64 1.4.2 37.00 158.00 195.00 NOTE
r-patched-linux-x86_64 1.4.2 5.59 58.85 64.44 OK
r-patched-solaris-sparc 1.4.2 738.40 OK
r-patched-solaris-x86 1.4.2 178.70 OK
r-release-linux-x86_64 1.4.2 5.18 60.15 65.33 OK
r-release-osx-x86_64-mavericks 1.4.2 OK
r-release-windows-ix86+x86_64 1.4.2 34.00 131.00 165.00 OK
r-oldrel-windows-ix86+x86_64 1.4.2 38.00 202.00 240.00 OK

Check Details

Version: 1.4.2
Check: R code for possible problems
Result: NOTE
    classify_model: no visible global function definition for ‘predict’
    cross_validate: no visible global function definition for ‘predict’
    read_data: no visible global function definition for ‘read.csv’
    read_data: no visible global function definition for ‘read.delim’
    Undefined global functions or variables:
     predict read.csv read.delim
    Consider adding
     importFrom("stats", "predict")
     importFrom("utils", "read.csv", "read.delim")
    to your NAMESPACE.
Flavors: r-devel-linux-x86_64-debian-clang, r-devel-linux-x86_64-debian-gcc, r-devel-linux-x86_64-fedora-clang, r-devel-linux-x86_64-fedora-gcc, r-devel-windows-ix86+x86_64