CRAN Package Check Results for Package RTextTools

Last updated on 2016-06-25 16:48:04.

Flavor Version Tinstall Tcheck Ttotal Status Flags
r-devel-linux-x86_64-debian-gcc 1.4.2 5.86 61.36 67.22 NOTE
r-devel-linux-x86_64-fedora-clang 1.4.2 118.23 NOTE
r-devel-linux-x86_64-fedora-gcc 1.4.2 114.10 NOTE
r-devel-osx-x86_64-clang 1.4.2 94.46 NOTE
r-devel-windows-ix86+x86_64 1.4.2 31.00 140.00 171.00 NOTE
r-patched-linux-x86_64 1.4.2 5.80 61.83 67.63 NOTE
r-patched-solaris-sparc 1.4.2 668.50 NOTE
r-patched-solaris-x86 1.4.2 162.70 NOTE
r-release-linux-x86_64 1.4.2 5.84 58.99 64.83 NOTE
r-release-osx-x86_64-mavericks 1.4.2 NOTE
r-release-windows-ix86+x86_64 1.4.2 32.00 138.00 170.00 NOTE
r-oldrel-windows-ix86+x86_64 1.4.2 34.00 150.00 184.00 OK

Check Details

Version: 1.4.2
Check: R code for possible problems
Result: NOTE
    classify_model: no visible global function definition for ‘predict’
    cross_validate: no visible global function definition for ‘predict’
    read_data: no visible global function definition for ‘read.csv’
    read_data: no visible global function definition for ‘read.delim’
    Undefined global functions or variables:
     predict read.csv read.delim
    Consider adding
     importFrom("stats", "predict")
     importFrom("utils", "read.csv", "read.delim")
    to your NAMESPACE file.
Flavors: r-devel-linux-x86_64-debian-gcc, r-devel-linux-x86_64-fedora-clang, r-devel-linux-x86_64-fedora-gcc, r-devel-osx-x86_64-clang, r-devel-windows-ix86+x86_64, r-patched-linux-x86_64, r-patched-solaris-sparc, r-patched-solaris-x86, r-release-linux-x86_64, r-release-osx-x86_64-mavericks, r-release-windows-ix86+x86_64