CRAN Package Check Results for Package RTextTools

Last updated on 2015-09-03 14:48:34.

Flavor Version Tinstall Tcheck Ttotal Status Flags
r-devel-linux-x86_64-debian-clang 1.4.2 4.97 55.86 60.82 NOTE
r-devel-linux-x86_64-debian-gcc 1.4.2 5.09 55.94 61.03 NOTE
r-devel-linux-x86_64-fedora-clang 1.4.2 121.97 NOTE
r-devel-linux-x86_64-fedora-gcc 1.4.2 117.52 NOTE
r-devel-osx-x86_64-clang 1.4.2 103.66 OK
r-devel-windows-ix86+x86_64 1.4.2 39.00 152.00 191.00 NOTE
r-patched-linux-x86_64 1.4.2 5.18 44.32 49.50 OK
r-patched-solaris-sparc 1.4.2 738.40 OK
r-patched-solaris-x86 1.4.2 180.40 OK
r-release-linux-x86_64 1.4.2 5.13 45.47 50.60 OK
r-release-osx-x86_64-mavericks 1.4.2 OK
r-release-windows-ix86+x86_64 1.4.2 32.00 152.00 184.00 OK
r-oldrel-windows-ix86+x86_64 1.4.2 45.00 201.00 246.00 OK

Check Details

Version: 1.4.2
Check: R code for possible problems
Result: NOTE
    classify_model: no visible global function definition for ‘predict’
    cross_validate: no visible global function definition for ‘predict’
    read_data: no visible global function definition for ‘read.csv’
    read_data: no visible global function definition for ‘read.delim’
    Undefined global functions or variables:
     predict read.csv read.delim
    Consider adding
     importFrom("stats", "predict")
     importFrom("utils", "read.csv", "read.delim")
    to your NAMESPACE.
Flavors: r-devel-linux-x86_64-debian-clang, r-devel-linux-x86_64-debian-gcc, r-devel-linux-x86_64-fedora-clang, r-devel-linux-x86_64-fedora-gcc, r-devel-windows-ix86+x86_64