CRAN Package Check Results for Package RTextTools

Last updated on 2016-08-27 06:47:49.

Flavor Version Tinstall Tcheck Ttotal Status Flags
r-devel-linux-x86_64-debian-clang 1.4.2 5.41 60.92 66.33 NOTE
r-devel-linux-x86_64-debian-gcc 1.4.2 7.39 71.42 78.82 NOTE
r-devel-linux-x86_64-fedora-clang 1.4.2 122.09 NOTE
r-devel-linux-x86_64-fedora-gcc 1.4.2 118.85 NOTE
r-devel-osx-x86_64-clang 1.4.2 96.19 NOTE
r-devel-windows-ix86+x86_64 1.4.2 30.00 148.00 178.00 NOTE
r-patched-linux-x86_64 1.4.2 5.69 59.04 64.73 NOTE
r-patched-solaris-sparc 1.4.2 668.50 NOTE
r-patched-solaris-x86 1.4.2 161.90 NOTE
r-release-linux-x86_64 1.4.2 5.84 58.18 64.02 NOTE
r-release-osx-x86_64-mavericks 1.4.2 NOTE
r-release-windows-ix86+x86_64 1.4.2 27.00 141.00 168.00 NOTE
r-oldrel-windows-ix86+x86_64 1.4.2 27.00 147.00 174.00 OK

Check Details

Version: 1.4.2
Check: R code for possible problems
Result: NOTE
    classify_model: no visible global function definition for ‘predict’
    cross_validate: no visible global function definition for ‘predict’
    read_data: no visible global function definition for ‘read.csv’
    read_data: no visible global function definition for ‘read.delim’
    Undefined global functions or variables:
     predict read.csv read.delim
    Consider adding
     importFrom("stats", "predict")
     importFrom("utils", "read.csv", "read.delim")
    to your NAMESPACE file.
Flavors: r-devel-linux-x86_64-debian-clang, r-devel-linux-x86_64-debian-gcc, r-devel-linux-x86_64-fedora-clang, r-devel-linux-x86_64-fedora-gcc, r-devel-osx-x86_64-clang, r-devel-windows-ix86+x86_64, r-patched-linux-x86_64, r-patched-solaris-sparc, r-patched-solaris-x86, r-release-linux-x86_64, r-release-osx-x86_64-mavericks, r-release-windows-ix86+x86_64