CRAN Package Check Results for Package RTextTools

Last updated on 2016-12-07 16:47:25.

Flavor Version Tinstall Tcheck Ttotal Status Flags
r-devel-linux-x86_64-debian-clang 1.4.2 5.71 60.83 66.53 NOTE
r-devel-linux-x86_64-debian-gcc 1.4.2 5.22 62.58 67.79 NOTE
r-devel-linux-x86_64-fedora-clang 1.4.2 155.56 NOTE --no-stop-on-test-error
r-devel-linux-x86_64-fedora-gcc 1.4.2 147.68 NOTE --no-stop-on-test-error
r-devel-macos-x86_64-clang 1.4.2 111.73 NOTE
r-devel-windows-ix86+x86_64 1.4.2 30.00 181.00 211.00 NOTE
r-patched-linux-x86_64 1.4.2 5.01 52.84 57.85 NOTE
r-patched-solaris-sparc 1.4.2 668.50 NOTE
r-patched-solaris-x86 1.4.2 158.90 NOTE
r-release-linux-x86_64 1.4.2 5.00 51.54 56.54 NOTE
r-release-osx-x86_64-mavericks 1.4.2 NOTE
r-release-windows-ix86+x86_64 1.4.2 21.00 120.00 141.00 NOTE
r-oldrel-windows-ix86+x86_64 1.4.2 41.00 134.00 175.00 OK

Check Details

Version: 1.4.2
Check: R code for possible problems
Result: NOTE
    classify_model: no visible global function definition for ‘predict’
    cross_validate: no visible global function definition for ‘predict’
    read_data: no visible global function definition for ‘read.csv’
    read_data: no visible global function definition for ‘read.delim’
    Undefined global functions or variables:
     predict read.csv read.delim
    Consider adding
     importFrom("stats", "predict")
     importFrom("utils", "read.csv", "read.delim")
    to your NAMESPACE file.
Flavors: r-devel-linux-x86_64-debian-clang, r-devel-linux-x86_64-debian-gcc, r-devel-macos-x86_64-clang, r-devel-windows-ix86+x86_64, r-patched-linux-x86_64, r-patched-solaris-sparc, r-patched-solaris-x86, r-release-linux-x86_64, r-release-osx-x86_64-mavericks, r-release-windows-ix86+x86_64

Version: 1.4.2
Flags: --no-stop-on-test-error
Check: R code for possible problems
Result: NOTE
    classify_model: no visible global function definition for ‘predict’
    cross_validate: no visible global function definition for ‘predict’
    read_data: no visible global function definition for ‘read.csv’
    read_data: no visible global function definition for ‘read.delim’
    Undefined global functions or variables:
     predict read.csv read.delim
    Consider adding
     importFrom("stats", "predict")
     importFrom("utils", "read.csv", "read.delim")
    to your NAMESPACE file.
Flavors: r-devel-linux-x86_64-fedora-clang, r-devel-linux-x86_64-fedora-gcc