CRAN Package Check Results for Package RTextTools

Last updated on 2017-10-18 23:48:05.

Flavor Version Tinstall Tcheck Ttotal Status Flags
r-devel-linux-x86_64-debian-clang 1.4.2 5.71 58.90 64.61 NOTE
r-devel-linux-x86_64-debian-gcc 1.4.2 6.16 58.37 64.53 NOTE
r-devel-linux-x86_64-fedora-clang 1.4.2 136.68 NOTE
r-devel-linux-x86_64-fedora-gcc 1.4.2 133.96 NOTE
r-devel-windows-ix86+x86_64 1.4.2 26.00 129.00 155.00 NOTE
r-patched-linux-x86_64 1.4.2 6.17 56.79 62.96 NOTE
r-patched-solaris-x86 1.4.2 189.30 NOTE
r-release-linux-x86_64 1.4.2 5.73 57.16 62.89 NOTE
r-release-windows-ix86+x86_64 1.4.2 37.00 135.00 172.00 NOTE
r-release-osx-x86_64 1.4.2 NOTE
r-oldrel-windows-ix86+x86_64 1.4.2 43.00 151.00 194.00 NOTE
r-oldrel-osx-x86_64 1.4.2 NOTE

Check Details

Version: 1.4.2
Check: R code for possible problems
Result: NOTE
    classify_model: no visible global function definition for ‘predict’
    cross_validate: no visible global function definition for ‘predict’
    read_data: no visible global function definition for ‘read.csv’
    read_data: no visible global function definition for ‘read.delim’
    Undefined global functions or variables:
     predict read.csv read.delim
    Consider adding
     importFrom("stats", "predict")
     importFrom("utils", "read.csv", "read.delim")
    to your NAMESPACE file.
Flavors: r-devel-linux-x86_64-debian-clang, r-devel-linux-x86_64-debian-gcc, r-devel-linux-x86_64-fedora-clang, r-devel-linux-x86_64-fedora-gcc, r-devel-windows-ix86+x86_64, r-patched-linux-x86_64, r-patched-solaris-x86, r-release-linux-x86_64, r-release-windows-ix86+x86_64, r-release-osx-x86_64, r-oldrel-windows-ix86+x86_64, r-oldrel-osx-x86_64