CRAN Package Check Results for Package RTextTools

Last updated on 2014-04-19 18:47:48.

Flavor Version Tinstall Tcheck Ttotal Status Flags
r-devel-linux-x86_64-debian-clang 1.4.2 7.09 80.27 87.36 OK
r-devel-linux-x86_64-debian-gcc 1.4.2 6.96 80.10 87.06 OK
r-devel-linux-x86_64-fedora-clang 1.4.2 182.38 OK
r-devel-linux-x86_64-fedora-gcc 1.4.2 177.02 OK
r-devel-macosx-x86_64-clang 1.4.2 155.01 OK
r-devel-macosx-x86_64-gcc 1.4.2 ERROR
r-devel-windows-ix86+x86_64 1.4.2 28.00 159.00 187.00 OK
r-patched-linux-x86_64 1.4.2 7.16 79.80 86.96 OK
r-patched-solaris-sparc 1.4.2 923.80 OK
r-patched-solaris-x86 1.4.2 235.10 OK
r-release-linux-ix86 OK
r-release-linux-x86_64 1.4.2 7.13 80.02 87.15 OK
r-release-macosx-x86_64 1.4.2 OK
r-release-windows-ix86+x86_64 1.4.2 39.00 167.00 206.00 OK
r-oldrel-windows-ix86+x86_64 1.4.2 28.00 158.00 186.00 OK

Check Details

Version: 1.4.2
Check: package dependencies
Result: ERROR
    Packages required but not available: ‘tm’ ‘maxent’
    
    See the information on DESCRIPTION files in the chapter ‘Creating R
    packages’ of the ‘Writing R Extensions’ manual.
Flavor: r-devel-macosx-x86_64-gcc