CRAN Package Check Results for Package RTextTools

Last updated on 2015-05-25 03:47:50.

Flavor Version Tinstall Tcheck Ttotal Status Flags
r-devel-linux-x86_64-debian-clang 1.4.2 5.08 58.99 64.07 OK
r-devel-linux-x86_64-debian-gcc 1.4.2 5.20 61.30 66.50 OK
r-devel-linux-x86_64-fedora-clang 1.4.2 129.70 OK
r-devel-linux-x86_64-fedora-gcc 1.4.2 128.83 OK
r-devel-osx-x86_64-clang 1.4.2 107.74 OK
r-devel-windows-ix86+x86_64 1.4.2 26.00 134.00 160.00 OK
r-patched-linux-x86_64 1.4.2 5.26 59.42 64.68 OK
r-patched-solaris-sparc 1.4.2 719.80 OK
r-patched-solaris-x86 1.4.2 178.90 OK
r-release-linux-x86_64 1.4.2 5.19 58.78 63.97 OK
r-release-osx-x86_64-mavericks 1.4.2 OK
r-release-osx-x86_64-snowleopard 1.4.2 ERROR
r-release-windows-ix86+x86_64 1.4.2 26.00 131.00 157.00 OK
r-oldrel-windows-ix86+x86_64 1.4.2 32.00 168.00 200.00 OK

Check Details

Version: 1.4.2
Check: package dependencies
Result: ERROR
    Packages required but not available: ‘tm’ ‘maxent’
    
    See section ‘The DESCRIPTION file’ in the ‘Writing R Extensions’
    manual.
Flavor: r-release-osx-x86_64-snowleopard