CRAN Package Check Results for Package RTextTools

Last updated on 2018-02-23 01:46:42 CET.

Flavor Version Tinstall Tcheck Ttotal Status Flags
r-devel-linux-x86_64-debian-clang 1.4.2 10.27 87.56 97.83 NOTE
r-devel-linux-x86_64-debian-gcc 1.4.2 6.94 73.80 80.74 NOTE
r-devel-linux-x86_64-fedora-clang 1.4.2 120.10 NOTE
r-devel-linux-x86_64-fedora-gcc 1.4.2 114.73 NOTE
r-devel-windows-ix86+x86_64 1.4.2 36.00 147.00 183.00 NOTE
r-patched-linux-x86_64 1.4.2 8.09 88.85 96.94 NOTE
r-patched-solaris-x86 1.4.2 186.70 NOTE
r-release-linux-x86_64 1.4.2 6.95 88.76 95.71 NOTE
r-release-windows-ix86+x86_64 1.4.2 46.00 183.00 229.00 NOTE
r-release-osx-x86_64 1.4.2 NOTE
r-oldrel-windows-ix86+x86_64 1.4.2 26.00 129.00 155.00 NOTE
r-oldrel-osx-x86_64 1.4.2 NOTE

Check Details

Version: 1.4.2
Check: R code for possible problems
Result: NOTE
    classify_model: no visible global function definition for ‘predict’
    cross_validate: no visible global function definition for ‘predict’
    read_data: no visible global function definition for ‘read.csv’
    read_data: no visible global function definition for ‘read.delim’
    Undefined global functions or variables:
     predict read.csv read.delim
    Consider adding
     importFrom("stats", "predict")
     importFrom("utils", "read.csv", "read.delim")
    to your NAMESPACE file.
Flavors: r-devel-linux-x86_64-debian-clang, r-devel-linux-x86_64-debian-gcc, r-devel-linux-x86_64-fedora-clang, r-devel-linux-x86_64-fedora-gcc, r-devel-windows-ix86+x86_64, r-patched-linux-x86_64, r-patched-solaris-x86, r-release-linux-x86_64, r-release-windows-ix86+x86_64, r-release-osx-x86_64, r-oldrel-windows-ix86+x86_64, r-oldrel-osx-x86_64