CRAN Package Check Results for Package RTextTools

Last updated on 2017-03-27 06:48:35.

Flavor Version Tinstall Tcheck Ttotal Status Flags
r-devel-linux-x86_64-debian-clang 1.4.2 5.96 59.04 65.00 NOTE
r-devel-linux-x86_64-debian-gcc 1.4.2 5.19 56.38 61.57 NOTE
r-devel-linux-x86_64-fedora-clang 1.4.2 134.60 NOTE --no-stop-on-test-error
r-devel-linux-x86_64-fedora-gcc 1.4.2 137.47 NOTE --no-stop-on-test-error
r-devel-macos-x86_64-clang 1.4.2 102.95 NOTE --no-stop-on-test-error
r-patched-linux-x86_64 1.4.2 5.14 56.58 61.72 NOTE
r-patched-solaris-sparc 1.4.2 749.00 NOTE
r-patched-solaris-x86 1.4.2 185.30 NOTE
r-release-linux-x86_64 1.4.2 5.01 55.24 60.25 NOTE
r-release-osx-x86_64-mavericks 1.4.2 NOTE
r-release-windows-ix86+x86_64 1.4.2 33.00 124.00 157.00 NOTE
r-oldrel-windows-ix86+x86_64 1.4.2 24.00 124.00 148.00 OK

Check Details

Version: 1.4.2
Check: R code for possible problems
Result: NOTE
    classify_model: no visible global function definition for ‘predict’
    cross_validate: no visible global function definition for ‘predict’
    read_data: no visible global function definition for ‘read.csv’
    read_data: no visible global function definition for ‘read.delim’
    Undefined global functions or variables:
     predict read.csv read.delim
    Consider adding
     importFrom("stats", "predict")
     importFrom("utils", "read.csv", "read.delim")
    to your NAMESPACE file.
Flavors: r-devel-linux-x86_64-debian-clang, r-devel-linux-x86_64-debian-gcc, r-patched-linux-x86_64, r-patched-solaris-sparc, r-patched-solaris-x86, r-release-linux-x86_64, r-release-osx-x86_64-mavericks, r-release-windows-ix86+x86_64

Version: 1.4.2
Flags: --no-stop-on-test-error
Check: R code for possible problems
Result: NOTE
    classify_model: no visible global function definition for ‘predict’
    cross_validate: no visible global function definition for ‘predict’
    read_data: no visible global function definition for ‘read.csv’
    read_data: no visible global function definition for ‘read.delim’
    Undefined global functions or variables:
     predict read.csv read.delim
    Consider adding
     importFrom("stats", "predict")
     importFrom("utils", "read.csv", "read.delim")
    to your NAMESPACE file.
Flavors: r-devel-linux-x86_64-fedora-clang, r-devel-linux-x86_64-fedora-gcc, r-devel-macos-x86_64-clang