CRAN Package Check Results for Package RTextTools

Last updated on 2017-12-11 17:49:18 CET.

Flavor Version Tinstall Tcheck Ttotal Status Flags
r-devel-linux-x86_64-debian-clang 1.4.2 6.51 71.78 78.29 NOTE
r-devel-linux-x86_64-debian-gcc 1.4.2 6.52 73.20 79.72 NOTE
r-devel-linux-x86_64-fedora-clang 1.4.2 122.33 NOTE
r-devel-linux-x86_64-fedora-gcc 1.4.2 117.66 NOTE
r-devel-windows-ix86+x86_64 1.4.2 40.00 176.00 216.00 NOTE
r-patched-linux-x86_64 1.4.2 6.82 92.10 98.92 NOTE
r-patched-solaris-x86 1.4.2 179.70 NOTE
r-release-linux-x86_64 1.4.2 7.33 91.34 98.67 NOTE
r-release-windows-ix86+x86_64 1.4.2 27.00 144.00 171.00 NOTE
r-release-osx-x86_64 1.4.2 NOTE
r-oldrel-windows-ix86+x86_64 1.4.2 41.00 110.00 151.00 NOTE
r-oldrel-osx-x86_64 1.4.2 NOTE

Check Details

Version: 1.4.2
Check: R code for possible problems
Result: NOTE
    classify_model: no visible global function definition for ‘predict’
    cross_validate: no visible global function definition for ‘predict’
    read_data: no visible global function definition for ‘read.csv’
    read_data: no visible global function definition for ‘read.delim’
    Undefined global functions or variables:
     predict read.csv read.delim
    Consider adding
     importFrom("stats", "predict")
     importFrom("utils", "read.csv", "read.delim")
    to your NAMESPACE file.
Flavors: r-devel-linux-x86_64-debian-clang, r-devel-linux-x86_64-debian-gcc, r-devel-linux-x86_64-fedora-clang, r-devel-linux-x86_64-fedora-gcc, r-devel-windows-ix86+x86_64, r-patched-linux-x86_64, r-patched-solaris-x86, r-release-linux-x86_64, r-release-windows-ix86+x86_64, r-release-osx-x86_64, r-oldrel-windows-ix86+x86_64, r-oldrel-osx-x86_64