CRAN Package Check Results for Package RTextTools

Last updated on 2016-05-26 11:49:49.

Flavor Version Tinstall Tcheck Ttotal Status Flags
r-devel-linux-x86_64-debian-gcc 1.4.2 5.40 62.01 67.41 NOTE
r-devel-linux-x86_64-fedora-clang 1.4.2 118.68 NOTE
r-devel-linux-x86_64-fedora-gcc 1.4.2 117.30 NOTE
r-devel-osx-x86_64-clang 1.4.2 126.74 NOTE
r-devel-windows-ix86+x86_64 1.4.2 19.00 149.00 168.00 NOTE
r-patched-linux-x86_64 1.4.2 5.08 59.81 64.88 NOTE
r-patched-solaris-sparc 1.4.2 675.00 NOTE
r-patched-solaris-x86 1.4.2 162.00 NOTE
r-release-linux-x86_64 1.4.2 5.40 61.66 67.06 NOTE
r-release-osx-x86_64-mavericks 1.4.2 NOTE
r-release-windows-ix86+x86_64 1.4.2 31.00 143.00 174.00 NOTE
r-oldrel-windows-ix86+x86_64 1.4.2 25.00 140.00 165.00 OK

Check Details

Version: 1.4.2
Check: R code for possible problems
Result: NOTE
    classify_model: no visible global function definition for ‘predict’
    cross_validate: no visible global function definition for ‘predict’
    read_data: no visible global function definition for ‘read.csv’
    read_data: no visible global function definition for ‘read.delim’
    Undefined global functions or variables:
     predict read.csv read.delim
    Consider adding
     importFrom("stats", "predict")
     importFrom("utils", "read.csv", "read.delim")
    to your NAMESPACE file.
Flavors: r-devel-linux-x86_64-debian-gcc, r-devel-linux-x86_64-fedora-clang, r-devel-linux-x86_64-fedora-gcc, r-devel-osx-x86_64-clang, r-devel-windows-ix86+x86_64, r-patched-linux-x86_64, r-patched-solaris-sparc, r-patched-solaris-x86, r-release-linux-x86_64, r-release-osx-x86_64-mavericks, r-release-windows-ix86+x86_64