CRAN Package Check Results for Package RTextTools

Last updated on 2016-07-28 13:47:41.

Flavor Version Tinstall Tcheck Ttotal Status Flags
r-devel-linux-x86_64-debian-clang 1.4.2 8.51 64.44 72.95 NOTE
r-devel-linux-x86_64-debian-gcc 1.4.2 8.25 64.29 72.54 NOTE
r-devel-linux-x86_64-fedora-clang 1.4.2 122.28 NOTE
r-devel-linux-x86_64-fedora-gcc 1.4.2 114.64 NOTE
r-devel-osx-x86_64-clang 1.4.2 96.58 NOTE
r-devel-windows-ix86+x86_64 1.4.2 33.00 156.00 189.00 NOTE
r-patched-linux-x86_64 1.4.2 6.62 61.85 68.47 NOTE
r-patched-solaris-sparc 1.4.2 668.50 NOTE
r-patched-solaris-x86 1.4.2 161.10 NOTE
r-release-linux-x86_64 1.4.2 6.87 64.80 71.67 NOTE
r-release-osx-x86_64-mavericks 1.4.2 NOTE
r-release-windows-ix86+x86_64 1.4.2 31.00 210.00 241.00 NOTE
r-oldrel-windows-ix86+x86_64 1.4.2 36.00 196.00 232.00 OK

Check Details

Version: 1.4.2
Check: R code for possible problems
Result: NOTE
    classify_model: no visible global function definition for ‘predict’
    cross_validate: no visible global function definition for ‘predict’
    read_data: no visible global function definition for ‘read.csv’
    read_data: no visible global function definition for ‘read.delim’
    Undefined global functions or variables:
     predict read.csv read.delim
    Consider adding
     importFrom("stats", "predict")
     importFrom("utils", "read.csv", "read.delim")
    to your NAMESPACE file.
Flavors: r-devel-linux-x86_64-debian-clang, r-devel-linux-x86_64-debian-gcc, r-devel-linux-x86_64-fedora-clang, r-devel-linux-x86_64-fedora-gcc, r-devel-osx-x86_64-clang, r-devel-windows-ix86+x86_64, r-patched-linux-x86_64, r-patched-solaris-sparc, r-patched-solaris-x86, r-release-linux-x86_64, r-release-osx-x86_64-mavericks, r-release-windows-ix86+x86_64