CRAN Package Check Results for Package RTextTools

Last updated on 2017-06-22 17:48:10.

Flavor Version Tinstall Tcheck Ttotal Status Flags
r-devel-linux-x86_64-debian-clang 1.4.2 6.00 61.56 67.56 NOTE
r-devel-linux-x86_64-debian-gcc 1.4.2 6.38 58.24 64.63 NOTE
r-devel-linux-x86_64-fedora-clang 1.4.2 139.64 NOTE
r-devel-linux-x86_64-fedora-gcc 1.4.2 136.82 NOTE
r-devel-windows-ix86+x86_64 1.4.2 37.00 185.00 222.00 NOTE
r-patched-linux-x86_64 1.4.2 5.69 59.42 65.11 NOTE
r-patched-solaris-sparc 1.4.2 749.00 NOTE
r-patched-solaris-x86 1.4.2 179.80 NOTE
r-release-linux-x86_64 1.4.2 5.47 59.95 65.42 NOTE
r-release-windows-ix86+x86_64 1.4.2 34.00 135.00 169.00 NOTE
r-release-osx-x86_64 1.4.2 NOTE
r-oldrel-windows-ix86+x86_64 1.4.2 38.00 123.00 161.00 NOTE
r-oldrel-osx-x86_64 1.4.2 NOTE

Check Details

Version: 1.4.2
Check: R code for possible problems
Result: NOTE
    classify_model: no visible global function definition for ‘predict’
    cross_validate: no visible global function definition for ‘predict’
    read_data: no visible global function definition for ‘read.csv’
    read_data: no visible global function definition for ‘read.delim’
    Undefined global functions or variables:
     predict read.csv read.delim
    Consider adding
     importFrom("stats", "predict")
     importFrom("utils", "read.csv", "read.delim")
    to your NAMESPACE file.
Flavors: r-devel-linux-x86_64-debian-clang, r-devel-linux-x86_64-debian-gcc, r-devel-linux-x86_64-fedora-clang, r-devel-linux-x86_64-fedora-gcc, r-devel-windows-ix86+x86_64, r-patched-linux-x86_64, r-patched-solaris-sparc, r-patched-solaris-x86, r-release-linux-x86_64, r-release-windows-ix86+x86_64, r-release-osx-x86_64, r-oldrel-windows-ix86+x86_64, r-oldrel-osx-x86_64