CRAN Package Check Results for Package RTextTools

Last updated on 2016-02-06 22:47:19.

Flavor Version Tinstall Tcheck Ttotal Status Flags
r-devel-linux-x86_64-debian-gcc 1.4.2 5.34 56.81 62.15 NOTE
r-devel-linux-x86_64-fedora-clang 1.4.2 120.40 NOTE
r-devel-linux-x86_64-fedora-gcc 1.4.2 116.83 NOTE
r-devel-osx-x86_64-clang 1.4.2 124.38 NOTE
r-devel-windows-ix86+x86_64 1.4.2 32.00 152.00 184.00 NOTE
r-patched-linux-x86_64 1.4.2 5.31 60.19 65.50 OK
r-patched-solaris-sparc 1.4.2 688.70 OK
r-patched-solaris-x86 1.4.2 163.40 OK
r-release-linux-x86_64 1.4.2 5.31 58.74 64.05 OK
r-release-osx-x86_64-mavericks 1.4.2 OK
r-release-windows-ix86+x86_64 1.4.2 27.00 134.00 161.00 OK
r-oldrel-windows-ix86+x86_64 1.4.2 44.00 211.00 255.00 OK

Check Details

Version: 1.4.2
Check: R code for possible problems
Result: NOTE
    classify_model: no visible global function definition for ‘predict’
    cross_validate: no visible global function definition for ‘predict’
    read_data: no visible global function definition for ‘read.csv’
    read_data: no visible global function definition for ‘read.delim’
    Undefined global functions or variables:
     predict read.csv read.delim
    Consider adding
     importFrom("stats", "predict")
     importFrom("utils", "read.csv", "read.delim")
    to your NAMESPACE file.
Flavors: r-devel-linux-x86_64-debian-gcc, r-devel-linux-x86_64-fedora-clang, r-devel-osx-x86_64-clang

Version: 1.4.2
Check: R code for possible problems
Result: NOTE
    classify_model: no visible global function definition for ‘predict’
    cross_validate: no visible global function definition for ‘predict’
    read_data: no visible global function definition for ‘read.csv’
    read_data: no visible global function definition for ‘read.delim’
    Undefined global functions or variables:
     predict read.csv read.delim
    Consider adding
     importFrom("stats", "predict")
     importFrom("utils", "read.csv", "read.delim")
    to your NAMESPACE.
Flavors: r-devel-linux-x86_64-fedora-gcc, r-devel-windows-ix86+x86_64