CRAN Package Check Results for Package RTextTools

Last updated on 2017-01-18 06:48:11.

Flavor Version Tinstall Tcheck Ttotal Status Flags
r-devel-linux-x86_64-debian-clang 1.4.2 5.57 61.06 66.63 NOTE
r-devel-linux-x86_64-debian-gcc 1.4.2 5.38 61.19 66.57 NOTE
r-devel-linux-x86_64-fedora-clang 1.4.2 141.03 NOTE --no-stop-on-test-error
r-devel-linux-x86_64-fedora-gcc 1.4.2 147.57 NOTE --no-stop-on-test-error
r-devel-macos-x86_64-clang 1.4.2 110.88 NOTE --no-stop-on-test-error
r-devel-windows-ix86+x86_64 1.4.2 30.00 139.00 169.00 NOTE
r-patched-linux-x86_64 1.4.2 5.04 53.79 58.83 NOTE
r-patched-solaris-sparc 1.4.2 677.30 NOTE
r-patched-solaris-x86 1.4.2 162.90 NOTE
r-release-linux-x86_64 1.4.2 5.17 54.06 59.24 NOTE
r-release-osx-x86_64-mavericks 1.4.2 NOTE
r-release-windows-ix86+x86_64 1.4.2 19.00 122.00 141.00 NOTE
r-oldrel-windows-ix86+x86_64 1.4.2 26.00 140.00 166.00 OK

Check Details

Version: 1.4.2
Check: R code for possible problems
Result: NOTE
    classify_model: no visible global function definition for ‘predict’
    cross_validate: no visible global function definition for ‘predict’
    read_data: no visible global function definition for ‘read.csv’
    read_data: no visible global function definition for ‘read.delim’
    Undefined global functions or variables:
     predict read.csv read.delim
    Consider adding
     importFrom("stats", "predict")
     importFrom("utils", "read.csv", "read.delim")
    to your NAMESPACE file.
Flavors: r-devel-linux-x86_64-debian-clang, r-devel-linux-x86_64-debian-gcc, r-devel-windows-ix86+x86_64, r-patched-linux-x86_64, r-patched-solaris-sparc, r-patched-solaris-x86, r-release-linux-x86_64, r-release-osx-x86_64-mavericks, r-release-windows-ix86+x86_64

Version: 1.4.2
Flags: --no-stop-on-test-error
Check: R code for possible problems
Result: NOTE
    classify_model: no visible global function definition for ‘predict’
    cross_validate: no visible global function definition for ‘predict’
    read_data: no visible global function definition for ‘read.csv’
    read_data: no visible global function definition for ‘read.delim’
    Undefined global functions or variables:
     predict read.csv read.delim
    Consider adding
     importFrom("stats", "predict")
     importFrom("utils", "read.csv", "read.delim")
    to your NAMESPACE file.
Flavors: r-devel-linux-x86_64-fedora-clang, r-devel-linux-x86_64-fedora-gcc, r-devel-macos-x86_64-clang