CRAN Package Check Results for Package RTransProb

Last updated on 2019-11-14 22:49:27 CET.

Flavor Version Tinstall Tcheck Ttotal Status Flags
r-devel-linux-x86_64-debian-clang 0.3.3 51.96 73.24 125.20 WARN
r-devel-linux-x86_64-debian-gcc 0.3.3 37.52 57.66 95.18 NOTE
r-devel-linux-x86_64-fedora-clang 0.3.3 167.29 WARN
r-devel-linux-x86_64-fedora-gcc 0.3.3 161.64 NOTE
r-devel-windows-ix86+x86_64 0.3.3 131.00 104.00 235.00 OK
r-patched-linux-x86_64 0.3.3 45.20 71.23 116.43 NOTE
r-patched-solaris-x86 0.3.3 203.30 OK
r-release-linux-x86_64 0.3.3 42.23 71.42 113.65 NOTE
r-release-windows-ix86+x86_64 0.3.3 86.00 153.00 239.00 OK
r-release-osx-x86_64 0.3.3 WARN
r-oldrel-windows-ix86+x86_64 0.3.3 75.00 112.00 187.00 OK
r-oldrel-osx-x86_64 0.3.3 OK

Check Details

Version: 0.3.3
Check: whether package can be installed
Result: WARN
    Found the following significant warnings:
     getFunctions.cpp:90:16: warning: explicitly assigning value of variable of type 'arma::mat' (aka 'Mat<double>') to itself [-Wself-assign-overloaded]
Flavors: r-devel-linux-x86_64-debian-clang, r-devel-linux-x86_64-fedora-clang, r-release-osx-x86_64

Version: 0.3.3
Check: use of SHLIB_OPENMP_*FLAGS in Makefiles
Result: NOTE
     src/Makevars: SHLIB_OPENMP_CXXFLAGS is included in PKG_CXXFLAGS but not in PKG_LIBS
     src/Makevars: SHLIB_OPENMP_CFLAGS is included in PKG_LIBS but linking is by C++
     src/Makevars.win: SHLIB_OPENMP_CXXFLAGS is included in PKG_CXXFLAGS but not in PKG_LIBS
     src/Makevars.win: SHLIB_OPENMP_CFLAGS is included in PKG_LIBS but linking is by C++
    Use of these macros is discussed in sect 1.2.1.1 of 'Writing R
    Extensions'. The macros for different languages may differ so the
    matching macro must be used in PKG_CXXFLAGS (etc) and match that used
    in PKG_LIBS (except for Fortran: see the manual).
Flavors: r-devel-linux-x86_64-debian-clang, r-devel-linux-x86_64-debian-gcc, r-devel-linux-x86_64-fedora-clang, r-devel-linux-x86_64-fedora-gcc, r-patched-linux-x86_64, r-release-linux-x86_64