CRAN Package Check Results for Package RUnit

Last updated on 2015-08-04 03:48:20.

Flavor Version Tinstall Tcheck Ttotal Status Flags
r-devel-linux-x86_64-debian-clang 0.4.28 0.68 16.00 16.68 NOTE
r-devel-linux-x86_64-debian-gcc 0.4.28 0.67 15.21 15.88 NOTE
r-devel-linux-x86_64-fedora-clang 0.4.28 31.92 NOTE
r-devel-linux-x86_64-fedora-gcc 0.4.28 28.95 NOTE
r-devel-osx-x86_64-clang 0.4.28 31.80 NOTE
r-devel-windows-ix86+x86_64 0.4.28 3.00 32.00 35.00 NOTE
r-patched-linux-x86_64 0.4.28 0.76 16.53 17.29 NOTE
r-patched-solaris-sparc 0.4.28 199.10 NOTE
r-patched-solaris-x86 0.4.28 43.80 NOTE
r-release-linux-x86_64 0.4.28 0.74 16.31 17.05 NOTE
r-release-osx-x86_64-mavericks 0.4.28 NOTE
r-release-windows-ix86+x86_64 0.4.28 3.00 32.00 35.00 NOTE
r-oldrel-windows-ix86+x86_64 0.4.28 4.00 31.00 35.00 OK

Check Details

Version: 0.4.28
Check: DESCRIPTION meta-information
Result: NOTE
    Malformed Description field: should contain one or more complete sentences.
Flavors: r-devel-linux-x86_64-debian-clang, r-devel-linux-x86_64-debian-gcc, r-devel-linux-x86_64-fedora-clang, r-devel-linux-x86_64-fedora-gcc, r-devel-osx-x86_64-clang, r-devel-windows-ix86+x86_64, r-patched-linux-x86_64, r-patched-solaris-sparc, r-patched-solaris-x86, r-release-linux-x86_64, r-release-osx-x86_64-mavericks, r-release-windows-ix86+x86_64

Version: 0.4.28
Check: R code for possible problems
Result: NOTE
    plotConnection.trackInfo: no visible global function definition for
     ‘plot’
    plotConnection.trackInfo: no visible global function definition for
     ‘text’
    plotConnection.trackInfo: no visible global function definition for
     ‘lines’
    plotConnection.trackInfo: no visible global function definition for
     ‘arrows’
    plotConnection.trackInfo: no visible global function definition for
     ‘legend’
    Undefined global functions or variables:
     arrows legend lines plot text
    Consider adding
     importFrom("graphics", "arrows", "legend", "lines", "plot", "text")
    to your NAMESPACE.
    
    Found the following assignments to the global environment:
    File ‘RUnit/R/00Init.r’:
     assign(".testLogger", NULL, envir = .GlobalEnv)
    File ‘RUnit/R/runit.r’:
     assign(".testLogger", .newTestLogger(useOwnErrorHandler), envir = .GlobalEnv)
Flavors: r-devel-linux-x86_64-debian-clang, r-devel-linux-x86_64-debian-gcc, r-devel-linux-x86_64-fedora-clang

Version: 0.4.28
Check: R code for possible problems
Result: NOTE
    plotConnection.trackInfo: no visible global function definition for
     ‘plot’
    plotConnection.trackInfo: no visible global function definition for
     ‘text’
    plotConnection.trackInfo: no visible global function definition for
     ‘lines’
    plotConnection.trackInfo: no visible global function definition for
     ‘arrows’
    plotConnection.trackInfo: no visible global function definition for
     ‘legend’
    Undefined global functions or variables:
     arrows legend lines plot text
    Consider adding
     importFrom("graphics", "arrows", "legend", "lines", "plot", "text")
    to your NAMESPACE.
Flavors: r-devel-linux-x86_64-fedora-gcc, r-devel-windows-ix86+x86_64

Version: 0.4.28
Check: R code for possible problems
Result: NOTE
    Found the following assignments to the global environment:
    File ‘RUnit/R/00Init.r’:
     assign(".testLogger", NULL, envir = .GlobalEnv)
    File ‘RUnit/R/runit.r’:
     assign(".testLogger", .newTestLogger(useOwnErrorHandler), envir = .GlobalEnv)
Flavors: r-devel-osx-x86_64-clang, r-patched-linux-x86_64, r-release-linux-x86_64