CRAN Package Check Results for Package RUnit

Last updated on 2015-02-27 11:48:54.

Flavor Version Tinstall Tcheck Ttotal Status Flags
r-devel-linux-x86_64-debian-clang 0.4.28 0.88 15.66 16.54 NOTE
r-devel-linux-x86_64-debian-gcc 0.4.28 0.68 15.90 16.58 NOTE
r-devel-linux-x86_64-fedora-clang 0.4.28 33.14 NOTE
r-devel-linux-x86_64-fedora-gcc 0.4.28 30.30 NOTE
r-devel-osx-x86_64-clang 0.4.28 37.36 NOTE
r-devel-windows-ix86+x86_64 0.4.28 5.00 28.00 33.00 NOTE
r-patched-linux-x86_64 0.4.28 0.74 16.34 17.07 NOTE
r-patched-solaris-sparc 0.4.28 200.00 OK
r-patched-solaris-x86 0.4.28 48.50 OK
r-release-linux-ix86 0.4.28 1.13 25.87 27.00 NOTE
r-release-linux-x86_64 0.4.28 0.74 16.54 17.28 NOTE
r-release-osx-x86_64-mavericks 0.4.28 OK
r-release-osx-x86_64-snowleopard 0.4.28 OK
r-release-windows-ix86+x86_64 0.4.28 5.00 34.00 39.00 OK
r-oldrel-windows-ix86+x86_64 0.4.28 4.00 43.00 47.00 OK

Check Details

Version: 0.4.28
Check: DESCRIPTION meta-information
Result: NOTE
    Malformed Description field: should contain one or more complete sentences.
Flavors: r-devel-linux-x86_64-debian-clang, r-devel-linux-x86_64-debian-gcc, r-devel-linux-x86_64-fedora-clang, r-devel-linux-x86_64-fedora-gcc, r-devel-osx-x86_64-clang, r-devel-windows-ix86+x86_64

Version: 0.4.28
Check: R code for possible problems
Result: NOTE
    Found the following assignments to the global environment:
    File ‘RUnit/R/00Init.r’:
     assign(".testLogger", NULL, envir = .GlobalEnv)
    File ‘RUnit/R/runit.r’:
     assign(".testLogger", .newTestLogger(useOwnErrorHandler), envir = .GlobalEnv)
Flavors: r-devel-linux-x86_64-debian-clang, r-devel-linux-x86_64-debian-gcc, r-devel-linux-x86_64-fedora-clang, r-devel-osx-x86_64-clang, r-patched-linux-x86_64, r-release-linux-ix86, r-release-linux-x86_64