CRAN Package Check Results for Package RUnit

Last updated on 2015-04-26 03:47:38.

Flavor Version Tinstall Tcheck Ttotal Status Flags
r-devel-linux-x86_64-debian-clang 0.4.28 0.76 16.67 17.43 NOTE
r-devel-linux-x86_64-debian-gcc 0.4.28 0.70 15.83 16.52 NOTE
r-devel-linux-x86_64-fedora-clang 0.4.28 32.36 NOTE
r-devel-linux-x86_64-fedora-gcc 0.4.28 30.95 NOTE
r-devel-osx-x86_64-clang 0.4.28 37.01 NOTE
r-devel-windows-ix86+x86_64 0.4.28 3.00 32.00 35.00 NOTE
r-patched-linux-x86_64 0.4.28 0.69 15.62 16.31 NOTE
r-patched-solaris-sparc 0.4.28 196.80 NOTE
r-patched-solaris-x86 0.4.28 43.70 NOTE
r-release-linux-x86_64 0.4.28 0.70 15.47 16.17 NOTE
r-release-osx-x86_64-mavericks 0.4.28 NOTE
r-release-osx-x86_64-snowleopard 0.4.28 NOTE
r-release-windows-ix86+x86_64 0.4.28 2.00 31.00 33.00 NOTE
r-oldrel-windows-ix86+x86_64 0.4.28 4.00 31.00 35.00 OK

Check Details

Version: 0.4.28
Check: DESCRIPTION meta-information
Result: NOTE
    Malformed Description field: should contain one or more complete sentences.
Flavors: r-devel-windows-ix86+x86_64, r-release-windows-ix86+x86_64