CRAN Package Check Results for Package RUnit

Last updated on 2016-05-03 15:49:29.

Flavor Version Tinstall Tcheck Ttotal Status Flags
r-devel-linux-x86_64-debian-gcc 0.4.31 0.75 15.89 16.64 OK
r-devel-linux-x86_64-fedora-clang 0.4.31 29.41 OK
r-devel-linux-x86_64-fedora-gcc 0.4.31 28.96 OK
r-devel-osx-x86_64-clang 0.4.31 36.31 OK
r-devel-windows-ix86+x86_64 0.4.31 3.00 44.00 47.00 OK
r-patched-linux-x86_64 0.4.31 0.71 15.99 16.70 OK
r-patched-solaris-sparc 0.4.31 202.90 WARN
r-patched-solaris-x86 0.4.31 42.00 OK
r-release-linux-x86_64 0.4.31 0.76 16.88 17.63 OK
r-release-osx-x86_64-mavericks 0.4.31 OK
r-release-windows-ix86+x86_64 0.4.31 3.00 43.00 46.00 OK
r-oldrel-windows-ix86+x86_64 0.4.31 5.00 41.00 46.00 OK

Check Details

Version: 0.4.31
Check: for unstated dependencies in examples
Result: WARN
    Warning in file(filename, "r") :
     cannot open file 'RUnit-Ex.R': No such file or directory
    Warning: parse error in file 'RUnit-Ex.R':
    cannot open the connection
Flavor: r-patched-solaris-sparc

Version: 0.4.31
Check: re-building of vignette outputs
Result: WARN
    Error in re-building vignettes:
     ...
    Error in texi2dvi(file = file, pdf = TRUE, clean = clean, quiet = quiet, :
     Running 'texi2dvi' on 'RUnit.tex' failed.
    Messages:
    /usr/local/bin/texi2dvi: line 744: cd: /home/ripley/R/packages/tests32/RUnit.Rcheck/vign_test/RUnit/vignettes/RUnit.t2d/pdf/bak: No such file or directory
    Calls: buildVignettes -> texi2pdf -> texi2dvi
    Execution halted
Flavor: r-patched-solaris-sparc