CRAN Package Check Results for Package RUnit

Last updated on 2014-08-20 15:50:26.

Flavor Version Tinstall Tcheck Ttotal Status Flags
r-devel-linux-x86_64-debian-clang 0.4.26 0.75 14.72 15.46 NOTE
r-devel-linux-x86_64-debian-gcc 0.4.26 0.72 14.60 15.32 NOTE
r-devel-linux-x86_64-fedora-clang 0.4.26 34.91 NOTE
r-devel-linux-x86_64-fedora-gcc 0.4.26 31.01 NOTE
r-devel-osx-x86_64-clang 0.4.26 30.69 NOTE
r-devel-windows-ix86+x86_64 0.4.26 2.00 23.00 25.00 NOTE
r-patched-linux-x86_64 0.4.26 0.80 14.68 15.47 NOTE
r-patched-solaris-sparc 0.4.26 174.30 NOTE
r-patched-solaris-x86 0.4.26 43.60 NOTE
r-release-linux-ix86 0.4.26 1.10 23.42 24.52 NOTE
r-release-linux-x86_64 0.4.26 0.77 14.46 15.23 NOTE
r-release-osx-x86_64-mavericks 0.4.26 NOTE
r-release-windows-ix86+x86_64 0.4.26 3.00 22.00 25.00 NOTE
r-oldrel-windows-ix86+x86_64 0.4.26 2.00 26.00 28.00 NOTE

Check Details

Version: 0.4.26
Check: for hidden files and directories
Result: NOTE
    Found the following hidden files and directories:
     .cvsignore
    These were most likely included in error. See section ‘Package
    structure’ in the ‘Writing R Extensions’ manual.
Flavors: r-devel-linux-x86_64-debian-clang, r-devel-linux-x86_64-debian-gcc, r-devel-linux-x86_64-fedora-clang, r-devel-linux-x86_64-fedora-gcc, r-devel-osx-x86_64-clang, r-devel-windows-ix86+x86_64, r-patched-linux-x86_64, r-patched-solaris-sparc, r-patched-solaris-x86, r-release-linux-ix86, r-release-linux-x86_64, r-release-osx-x86_64-mavericks, r-release-windows-ix86+x86_64, r-oldrel-windows-ix86+x86_64

Version: 0.4.26
Check: dependencies in R code
Result: NOTE
    'library' or 'require' call to ‘methods’ which was already attached by Depends.
     Please remove these calls from your code.
    See the information on DESCRIPTION files in the chapter ‘Creating R
    packages’ of the ‘Writing R Extensions’ manual.
Flavors: r-devel-linux-x86_64-debian-clang, r-devel-linux-x86_64-debian-gcc, r-devel-linux-x86_64-fedora-clang, r-devel-linux-x86_64-fedora-gcc, r-devel-osx-x86_64-clang, r-devel-windows-ix86+x86_64, r-patched-linux-x86_64, r-patched-solaris-sparc, r-patched-solaris-x86, r-release-linux-ix86, r-release-linux-x86_64, r-release-osx-x86_64-mavericks, r-release-windows-ix86+x86_64, r-oldrel-windows-ix86+x86_64

Version: 0.4.26
Check: R code for possible problems
Result: NOTE
    File ‘RUnit/R/00Init.r’:
     .onLoad calls:
     require(methods)
    
    Package startup functions should not change the search path.
    See section ‘Good practice’ in '?.onAttach'.
    
    Found the following assignments to the global environment:
    File ‘RUnit/R/00Init.r’:
     assign(".testLogger", NULL, envir = .GlobalEnv)
    File ‘RUnit/R/runit.r’:
     assign(".testLogger", .newTestLogger(useOwnErrorHandler), envir = .GlobalEnv)
Flavors: r-devel-linux-x86_64-debian-clang, r-devel-linux-x86_64-debian-gcc, r-devel-linux-x86_64-fedora-clang, r-devel-osx-x86_64-clang, r-patched-linux-x86_64, r-release-linux-ix86, r-release-linux-x86_64

Version: 0.4.26
Check: Rd \usage sections
Result: NOTE
    S3 methods shown with full name in documentation object 'textProtocol':
     ‘print.RUnitTestData’ ‘summary.RUnitTestData’
    
    The \usage entries for S3 methods should use the \method markup and not
    their full name.
    See the chapter ‘Writing R documentation files’ in the ‘Writing R
    Extensions’ manual.
Flavors: r-devel-linux-x86_64-debian-clang, r-devel-linux-x86_64-debian-gcc, r-devel-linux-x86_64-fedora-clang, r-devel-linux-x86_64-fedora-gcc, r-devel-osx-x86_64-clang, r-devel-windows-ix86+x86_64, r-patched-linux-x86_64, r-patched-solaris-sparc, r-patched-solaris-x86, r-release-linux-ix86, r-release-linux-x86_64, r-release-osx-x86_64-mavericks, r-release-windows-ix86+x86_64, r-oldrel-windows-ix86+x86_64

Version: 0.4.26
Check: installed files from ‘inst/doc’
Result: NOTE
    The following files look like leftovers/mistakes:
     ‘RUnit.dvi’, ‘RUnit.out’
    Please remove them from your package.
    The following files should probably not be installed:
     ‘Makefile’, ‘RUnit.tex’
    
    Consider the use of a .Rinstignore file: see ‘Writing R Extensions’,
    or move the vignette sources from ‘inst/doc’ to ‘vignettes’.
Flavors: r-devel-linux-x86_64-debian-clang, r-devel-linux-x86_64-debian-gcc, r-devel-linux-x86_64-fedora-clang, r-devel-linux-x86_64-fedora-gcc, r-devel-osx-x86_64-clang, r-devel-windows-ix86+x86_64, r-patched-linux-x86_64, r-patched-solaris-sparc, r-patched-solaris-x86, r-release-linux-ix86, r-release-linux-x86_64, r-release-osx-x86_64-mavericks, r-release-windows-ix86+x86_64, r-oldrel-windows-ix86+x86_64

Version: 0.4.26
Check: for old-style vignette sources
Result: NOTE
    Vignette sources only in ‘inst/doc’:
     ‘RUnit.Rnw’
    A ‘vignettes’ directory is required as from R 3.1.0
    and these will not be indexed nor checked
Flavors: r-devel-linux-x86_64-debian-clang, r-devel-linux-x86_64-debian-gcc, r-devel-linux-x86_64-fedora-clang, r-devel-linux-x86_64-fedora-gcc, r-devel-osx-x86_64-clang, r-devel-windows-ix86+x86_64, r-patched-linux-x86_64, r-patched-solaris-sparc, r-patched-solaris-x86, r-release-linux-ix86, r-release-linux-x86_64, r-release-osx-x86_64-mavericks, r-release-windows-ix86+x86_64

Version: 0.4.26
Check: R code for possible problems
Result: NOTE
    File ‘RUnit/R/00Init.r’:
     .onLoad calls:
     require(methods)
    
    Package startup functions should not change the search path.
    See section ‘Good practice’ in '?.onAttach'.
Flavors: r-devel-linux-x86_64-fedora-gcc, r-devel-windows-ix86+x86_64, r-patched-solaris-sparc, r-patched-solaris-x86, r-release-osx-x86_64-mavericks, r-release-windows-ix86+x86_64, r-oldrel-windows-ix86+x86_64

Version: 0.4.26
Check: for old-style vignette sources
Result: NOTE
    Vignette sources only in 'inst/doc':
     'RUnit.Rnw'
    A 'vignettes' directory will be required as from R 3.1.0
Flavor: r-oldrel-windows-ix86+x86_64