CRAN Package Check Results for Package RUnit

Last updated on 2015-05-24 03:48:13.

Flavor Version Tinstall Tcheck Ttotal Status Flags
r-devel-linux-x86_64-debian-clang 0.4.28 0.71 15.80 16.51 NOTE
r-devel-linux-x86_64-debian-gcc 0.4.28 0.69 15.76 16.45 NOTE
r-devel-linux-x86_64-fedora-clang 0.4.28 32.74 NOTE
r-devel-linux-x86_64-fedora-gcc 0.4.28 29.90 NOTE
r-devel-osx-x86_64-clang 0.4.28 37.09 NOTE
r-devel-windows-ix86+x86_64 0.4.28 4.00 30.00 34.00 NOTE
r-patched-linux-x86_64 0.4.28 0.76 16.08 16.84 NOTE
r-patched-solaris-sparc 0.4.28 189.60 NOTE
r-patched-solaris-x86 0.4.28 44.00 NOTE
r-release-linux-x86_64 0.4.28 0.70 15.99 16.69 NOTE
r-release-osx-x86_64-mavericks 0.4.28 NOTE
r-release-osx-x86_64-snowleopard 0.4.28 NOTE
r-release-windows-ix86+x86_64 0.4.28 2.00 31.00 33.00 NOTE
r-oldrel-windows-ix86+x86_64 0.4.28 4.00 31.00 35.00 OK

Check Details

Version: 0.4.28
Check: DESCRIPTION meta-information
Result: NOTE
    Malformed Description field: should contain one or more complete sentences.
Flavors: r-devel-linux-x86_64-debian-clang, r-devel-linux-x86_64-debian-gcc, r-devel-linux-x86_64-fedora-clang, r-devel-linux-x86_64-fedora-gcc, r-devel-osx-x86_64-clang, r-devel-windows-ix86+x86_64, r-patched-linux-x86_64, r-patched-solaris-sparc, r-patched-solaris-x86, r-release-linux-x86_64, r-release-osx-x86_64-mavericks, r-release-osx-x86_64-snowleopard, r-release-windows-ix86+x86_64

Version: 0.4.28
Check: R code for possible problems
Result: NOTE
    Found the following assignments to the global environment:
    File ‘RUnit/R/00Init.r’:
     assign(".testLogger", NULL, envir = .GlobalEnv)
    File ‘RUnit/R/runit.r’:
     assign(".testLogger", .newTestLogger(useOwnErrorHandler), envir = .GlobalEnv)
Flavors: r-devel-linux-x86_64-debian-clang, r-devel-linux-x86_64-debian-gcc, r-devel-linux-x86_64-fedora-clang, r-devel-osx-x86_64-clang, r-patched-linux-x86_64, r-release-linux-x86_64