CRAN Package Check Results for Package RUnit

Last updated on 2014-11-24 19:50:33.

Flavor Version Tinstall Tcheck Ttotal Status Flags
r-devel-linux-x86_64-debian-clang 0.4.27 0.81 16.76 17.57 NOTE
r-devel-linux-x86_64-debian-gcc 0.4.27 0.81 16.08 16.88 NOTE
r-devel-linux-x86_64-fedora-clang 0.4.27 35.93 NOTE
r-devel-linux-x86_64-fedora-gcc 0.4.27 33.66 OK
r-devel-osx-x86_64-clang 0.4.27 38.65 NOTE
r-devel-windows-ix86+x86_64 0.4.27 3.00 25.00 28.00 OK
r-patched-linux-x86_64 0.4.27 0.80 16.65 17.45 NOTE
r-patched-solaris-sparc 0.4.27 191.10 OK
r-patched-solaris-x86 0.4.27 47.60 OK
r-release-linux-ix86 0.4.27 1.07 23.44 24.51 NOTE
r-release-linux-x86_64 0.4.27 0.75 16.71 17.46 NOTE
r-release-osx-x86_64-mavericks 0.4.27 OK
r-release-osx-x86_64-snowleopard 0.4.27 OK
r-release-windows-ix86+x86_64 0.4.27 3.00 27.00 30.00 OK
r-oldrel-windows-ix86+x86_64 0.4.27 3.00 34.00 37.00 OK

Check Details

Version: 0.4.27
Check: R code for possible problems
Result: NOTE
    Found the following assignments to the global environment:
    File ‘RUnit/R/00Init.r’:
     assign(".testLogger", NULL, envir = .GlobalEnv)
    File ‘RUnit/R/runit.r’:
     assign(".testLogger", .newTestLogger(useOwnErrorHandler), envir = .GlobalEnv)
Flavors: r-devel-linux-x86_64-debian-clang, r-devel-linux-x86_64-debian-gcc, r-devel-linux-x86_64-fedora-clang, r-devel-osx-x86_64-clang, r-patched-linux-x86_64, r-release-linux-ix86, r-release-linux-x86_64