CRAN Package Check Results for Package RUnit

Last updated on 2015-03-29 06:50:00.

Flavor Version Tinstall Tcheck Ttotal Status Flags
r-devel-linux-x86_64-debian-clang 0.4.28 0.70 16.13 16.83 NOTE
r-devel-linux-x86_64-debian-gcc 0.4.28 0.69 17.11 17.80 NOTE
r-devel-linux-x86_64-fedora-clang 0.4.28 32.49 NOTE
r-devel-linux-x86_64-fedora-gcc 0.4.28 29.94 NOTE
r-devel-osx-x86_64-clang 0.4.28 40.63 NOTE
r-prerel-windows-ix86+x86_64 0.4.28 5.00 30.00 35.00 NOTE
r-prerel-linux-x86_64 0.4.28 0.74 16.09 16.83 NOTE
r-prerel-solaris-sparc 0.4.28 196.80 NOTE
r-prerel-solaris-x86 0.4.28 44.30 NOTE
r-release-linux-x86_64 0.4.28 0.74 16.48 17.23 NOTE
r-release-osx-x86_64-mavericks 0.4.28 OK
r-release-osx-x86_64-snowleopard 0.4.28 OK
r-release-windows-ix86+x86_64 0.4.28 4.00 31.00 35.00 OK
r-oldrel-windows-ix86+x86_64 0.4.28 4.00 43.00 47.00 OK

Check Details

Version: 0.4.28
Check: DESCRIPTION meta-information
Result: NOTE
    Malformed Description field: should contain one or more complete sentences.
Flavors: r-devel-linux-x86_64-debian-clang, r-devel-linux-x86_64-debian-gcc, r-devel-linux-x86_64-fedora-clang, r-devel-linux-x86_64-fedora-gcc, r-devel-osx-x86_64-clang, r-prerel-windows-ix86+x86_64, r-prerel-linux-x86_64, r-prerel-solaris-sparc, r-prerel-solaris-x86

Version: 0.4.28
Check: R code for possible problems
Result: NOTE
    Found the following assignments to the global environment:
    File ‘RUnit/R/00Init.r’:
     assign(".testLogger", NULL, envir = .GlobalEnv)
    File ‘RUnit/R/runit.r’:
     assign(".testLogger", .newTestLogger(useOwnErrorHandler), envir = .GlobalEnv)
Flavors: r-devel-linux-x86_64-debian-clang, r-devel-linux-x86_64-debian-gcc, r-devel-linux-x86_64-fedora-clang, r-devel-osx-x86_64-clang, r-prerel-linux-x86_64, r-release-linux-x86_64