CRAN Package Check Results for Package RVAideMemoire

Last updated on 2015-05-29 21:47:08.

Flavor Version Tinstall Tcheck Ttotal Status Flags
r-devel-linux-x86_64-debian-clang 0.9-45-2 4.52 67.62 72.14 OK
r-devel-linux-x86_64-debian-gcc 0.9-45-2 4.37 64.46 68.83 OK
r-devel-linux-x86_64-fedora-clang 0.9-45-2 144.85 OK
r-devel-linux-x86_64-fedora-gcc 0.9-45-2 134.76 OK
r-devel-osx-x86_64-clang 0.9-45-2 135.53 OK
r-devel-windows-ix86+x86_64 0.9-45-2 12.00 102.00 114.00 OK
r-patched-linux-x86_64 0.9-45-2 4.39 64.80 69.18 OK
r-patched-solaris-sparc 0.9-45-2 837.60 OK
r-patched-solaris-x86 0.9-45-2 186.70 OK
r-release-linux-x86_64 0.9-45-2 4.39 66.80 71.19 OK
r-release-osx-x86_64-mavericks 0.9-45-2 OK
r-release-osx-x86_64-snowleopard 0.9-45-2 ERROR
r-release-windows-ix86+x86_64 0.9-45-2 15.00 101.00 116.00 OK
r-oldrel-windows-ix86+x86_64 0.9-45-2 21.00 119.00 140.00 OK

Check Details

Version: 0.9-45-2
Check: package dependencies
Result: ERROR
    Packages required but not available:
     ‘car’ ‘mixOmics’ ‘multcompView’ ‘vegan’
    
    Package suggested but not available for checking: ‘lsmeans’
    
    See section ‘The DESCRIPTION file’ in the ‘Writing R Extensions’
    manual.
Flavor: r-release-osx-x86_64-snowleopard