CRAN Package Check Results for Package RVAideMemoire

Last updated on 2016-07-26 18:48:32.

Flavor Version Tinstall Tcheck Ttotal Status Flags
r-devel-linux-x86_64-debian-clang 0.9-57 5.65 94.55 100.20 OK
r-devel-linux-x86_64-debian-gcc 0.9-57 5.15 95.23 100.38 OK
r-devel-linux-x86_64-fedora-clang 0.9-57 173.45 NOTE
r-devel-linux-x86_64-fedora-gcc 0.9-57 161.26 NOTE
r-devel-osx-x86_64-clang 0.9-57 140.40 NOTE
r-devel-windows-ix86+x86_64 0.9-57 24.00 140.00 164.00 OK
r-patched-linux-x86_64 0.9-57 6.03 91.37 97.40 OK
r-patched-solaris-sparc 0.9-57 938.60 NOTE
r-patched-solaris-x86 0.9-57 198.80 NOTE
r-release-linux-x86_64 0.9-57 6.04 91.06 97.10 OK
r-release-osx-x86_64-mavericks 0.9-57 NOTE
r-release-windows-ix86+x86_64 0.9-57 19.00 173.00 192.00 OK
r-oldrel-windows-ix86+x86_64 0.9-57 28.00 173.00 201.00 NOTE

Check Details

Version: 0.9-57
Check: dependencies in R code
Result: NOTE
    Namespace in Imports field not imported from: ‘dgof’
     All declared Imports should be used.
Flavors: r-devel-linux-x86_64-fedora-clang, r-devel-linux-x86_64-fedora-gcc, r-devel-osx-x86_64-clang, r-patched-solaris-sparc, r-patched-solaris-x86, r-oldrel-windows-ix86+x86_64

Version: 0.9-57
Check: dependencies in R code
Result: NOTE
    Invalid MIT-MAGIC-COOKIE-1 keyNamespace in Imports field not imported from: ‘dgof’
     All declared Imports should be used.
Flavor: r-release-osx-x86_64-mavericks