CRAN Package Check Results for Package RVAideMemoire

Last updated on 2014-04-20 22:47:06.

Flavor Version Tinstall Tcheck Ttotal Status Flags
r-devel-linux-x86_64-debian-clang 0.9-35 5.52 77.68 83.20 OK
r-devel-linux-x86_64-debian-gcc 0.9-35 5.38 77.55 82.93 OK
r-devel-linux-x86_64-fedora-clang 0.9-35 186.15 OK
r-devel-linux-x86_64-fedora-gcc 0.9-35 174.73 OK
r-devel-macosx-x86_64-clang 0.9-35 152.68 OK
r-devel-macosx-x86_64-gcc 0.9-35 ERROR
r-devel-windows-ix86+x86_64 0.9-35 13.00 112.00 125.00 OK
r-patched-linux-x86_64 0.9-35 5.35 77.90 83.24 OK
r-patched-solaris-sparc 0.9-35 885.70 OK
r-patched-solaris-x86 0.9-35 215.20 OK
r-release-linux-ix86 OK
r-release-linux-x86_64 0.9-35 5.25 77.38 82.63 OK
r-release-macosx-x86_64 0.9-35 ERROR
r-release-windows-ix86+x86_64 0.9-35 18.00 115.00 133.00 OK
r-oldrel-windows-ix86+x86_64 0.9-35 14.00 106.00 120.00 OK

Check Details

Version: 0.9-35
Check: package dependencies
Result: ERROR
    Packages required but not available: ‘car’ ‘lsmeans’ ‘mixOmics’ ‘multcomp’
    
    See the information on DESCRIPTION files in the chapter ‘Creating R
    packages’ of the ‘Writing R Extensions’ manual.
Flavor: r-devel-macosx-x86_64-gcc

Version: 0.9-35
Check: package dependencies
Result: ERROR
    Packages required but not available: ‘lsmeans’ ‘multcomp’
    
    See the information on DESCRIPTION files in the chapter ‘Creating R
    packages’ of the ‘Writing R Extensions’ manual.
Flavor: r-release-macosx-x86_64