CRAN Package Check Results for Package RVAideMemoire

Last updated on 2016-09-26 06:47:29.

Flavor Version Tinstall Tcheck Ttotal Status Flags
r-devel-linux-x86_64-debian-clang 0.9-60 6.22 85.81 92.02 WARN
r-devel-linux-x86_64-debian-gcc 0.9-60 4.63 80.44 85.07 WARN
r-devel-linux-x86_64-fedora-clang 0.9-60 172.47 WARN
r-devel-linux-x86_64-fedora-gcc 0.9-60 166.43 WARN
r-devel-macos-x86_64-clang 0.9-60 136.04 WARN
r-devel-windows-ix86+x86_64 0.9-60 21.00 182.00 203.00 WARN
r-patched-linux-x86_64 0.9-60 4.88 82.90 87.78 WARN
r-patched-solaris-sparc 0.9-60 979.70 WARN
r-patched-solaris-x86 0.9-60 207.20 WARN
r-release-linux-x86_64 0.9-60 4.98 83.53 88.51 WARN
r-release-osx-x86_64-mavericks 0.9-60 OK
r-release-windows-ix86+x86_64 0.9-60 20.00 177.00 197.00 WARN
r-oldrel-windows-ix86+x86_64 0.9-60 27.00 185.00 212.00 WARN

Check Details

Version: 0.9-60
Check: Rd cross-references
Result: WARN
    Missing link or links in documentation object 'MVA.cor.Rd':
     ‘[mixOmics]{multilevel}’
    
    Missing link or links in documentation object 'MVA.corplot.Rd':
     ‘[mixOmics]{multilevel}’
    
    Missing link or links in documentation object 'MVA.load.Rd':
     ‘[mixOmics]{multilevel}’
    
    Missing link or links in documentation object 'MVA.loadplot.Rd':
     ‘[mixOmics]{multilevel}’
    
    Missing link or links in documentation object 'MVA.scoreplot.Rd':
     ‘[mixOmics]{multilevel}’
    
    Missing link or links in documentation object 'MVA.scores.Rd':
     ‘[mixOmics]{multilevel}’
    
    See section 'Cross-references' in the 'Writing R Extensions' manual.
Flavors: r-devel-linux-x86_64-debian-clang, r-devel-linux-x86_64-debian-gcc, r-devel-linux-x86_64-fedora-clang, r-devel-linux-x86_64-fedora-gcc, r-devel-macos-x86_64-clang, r-devel-windows-ix86+x86_64, r-patched-linux-x86_64, r-patched-solaris-sparc, r-patched-solaris-x86, r-release-linux-x86_64, r-release-windows-ix86+x86_64, r-oldrel-windows-ix86+x86_64