CRAN Package Check Results for Package RVAideMemoire

Last updated on 2017-08-17 18:47:02.

Flavor Version Tinstall Tcheck Ttotal Status Flags
r-devel-linux-x86_64-debian-clang 0.9-66 4.80 96.33 101.13 WARN
r-devel-linux-x86_64-debian-gcc 0.9-66 4.74 92.19 96.93 WARN
r-devel-linux-x86_64-fedora-clang 0.9-66 193.06 WARN
r-devel-linux-x86_64-fedora-gcc 0.9-66 209.18 WARN
r-devel-windows-ix86+x86_64 0.9-66 15.00 136.00 151.00 WARN
r-patched-linux-x86_64 0.9-66 4.88 95.52 100.41 WARN
r-patched-solaris-x86 0.9-66 246.10 WARN
r-release-linux-x86_64 0.9-66 5.32 93.15 98.47 WARN
r-release-windows-ix86+x86_64 0.9-66 15.00 159.00 174.00 WARN
r-release-osx-x86_64 0.9-66 OK
r-oldrel-windows-ix86+x86_64 0.9-66 15.00 122.00 137.00 WARN
r-oldrel-osx-x86_64 0.9-66 OK

Check Details

Version: 0.9-66
Check: Rd cross-references
Result: WARN
    Missing link or links in documentation object 'MVA.cor.Rd':
     ‘[ade4]{cca}’
    
    Missing link or links in documentation object 'MVA.corplot.Rd':
     ‘[ade4]{cca}’
    
    Missing link or links in documentation object 'MVA.scoreplot.Rd':
     ‘[ade4]{cca}’
    
    Missing link or links in documentation object 'MVA.scores.Rd':
     ‘[ade4]{cca}’
    
    Missing link or links in documentation object 'MVA.synt.Rd':
     ‘[ade4]{cca}’
    
    See section 'Cross-references' in the 'Writing R Extensions' manual.
Flavors: r-devel-linux-x86_64-debian-clang, r-devel-linux-x86_64-debian-gcc, r-devel-linux-x86_64-fedora-clang, r-devel-linux-x86_64-fedora-gcc, r-devel-windows-ix86+x86_64, r-patched-linux-x86_64, r-patched-solaris-x86, r-release-linux-x86_64, r-release-windows-ix86+x86_64, r-oldrel-windows-ix86+x86_64