CRAN Package Check Results for Package RVAideMemoire

Last updated on 2015-06-30 09:47:11.

Flavor Version Tinstall Tcheck Ttotal Status Flags
r-devel-linux-x86_64-debian-clang 0.9-45-2 4.36 68.49 72.85 NOTE
r-devel-linux-x86_64-debian-gcc 0.9-45-2 4.96 66.51 71.47 NOTE
r-devel-linux-x86_64-fedora-clang 0.9-45-2 143.81 OK
r-devel-linux-x86_64-fedora-gcc 0.9-45-2 133.78 OK
r-devel-osx-x86_64-clang 0.9-45-2 134.47 OK
r-devel-windows-ix86+x86_64 0.9-45-2 14.00 102.00 116.00 NOTE
r-patched-linux-x86_64 0.9-45-2 4.43 66.62 71.05 OK
r-patched-solaris-sparc 0.9-45-2 837.60 OK
r-patched-solaris-x86 0.9-45-2 186.90 OK
r-release-linux-x86_64 0.9-45-2 4.94 65.28 70.22 OK
r-release-osx-x86_64-mavericks 0.9-45-2 OK
r-release-windows-ix86+x86_64 0.9-45-2 22.00 105.00 127.00 OK
r-oldrel-windows-ix86+x86_64 0.9-45-2 23.00 132.00 155.00 OK

Check Details

Version: 0.9-45-2
Check: R code for possible problems
Result: NOTE
    .ci: no visible global function definition for ‘na.omit’
    .perm.anova.1way: no visible global function definition for ‘anova’
    .perm.anova.1way: no visible global function definition for ‘lm’
    .perm.anova.1way: no visible global function definition for
     ‘txtProgressBar’
    .perm.anova.1way: no visible global function definition for
     ‘setTxtProgressBar’
    .perm.anova.2wayA: no visible global function definition for ‘anova’
    .perm.anova.2wayA: no visible global function definition for ‘lm’
    .perm.anova.2wayA: no visible global function definition for
     ‘txtProgressBar’
    .perm.anova.2wayA: no visible global function definition for
     ‘setTxtProgressBar’
    .perm.anova.2wayB: no visible global function definition for ‘anova’
    .perm.anova.2wayB: no visible global function definition for ‘lm’
    .perm.anova.2wayB: no visible global function definition for
     ‘txtProgressBar’
    .perm.anova.2wayB: no visible global function definition for
     ‘setTxtProgressBar’
    .perm.anova.2wayC: no visible global function definition for ‘anova’
    .perm.anova.2wayC: no visible global function definition for ‘lm’
    .perm.anova.2wayC: no visible global function definition for
     ‘txtProgressBar’
    .perm.anova.2wayC: no visible global function definition for
     ‘setTxtProgressBar’
    .perm.anova.2wayD: no visible global function definition for ‘anova’
    .perm.anova.2wayD: no visible global function definition for ‘lm’
    .perm.anova.2wayD: no visible global function definition for
     ‘txtProgressBar’
    .perm.anova.2wayD: no visible global function definition for
     ‘setTxtProgressBar’
    .perm.anova.3wayA: no visible global function definition for ‘anova’
    .perm.anova.3wayA: no visible global function definition for ‘lm’
    .perm.anova.3wayA: no visible global function definition for
     ‘txtProgressBar’
    .perm.anova.3wayA: no visible global function definition for
     ‘setTxtProgressBar’
    .perm.anova.3wayB: no visible global function definition for ‘anova’
    .perm.anova.3wayB: no visible global function definition for ‘lm’
    .perm.anova.3wayB: no visible global function definition for
     ‘txtProgressBar’
    .perm.anova.3wayB: no visible global function definition for
     ‘setTxtProgressBar’
    Anova.II.clm: no visible global function definition for ‘terms’
    Anova.II.clm: no visible global function definition for ‘update’
    Anova.II.clm: no visible global function definition for ‘as.formula’
    Anova.II.clm: no visible global function definition for ‘logLik’
    Anova.II.clm: no visible global function definition for ‘pchisq’
    Anova.II.clmm: no visible global function definition for ‘terms’
    Anova.II.clmm: no visible global function definition for ‘update’
    Anova.II.clmm: no visible global function definition for ‘as.formula’
    Anova.II.clmm: no visible global function definition for
     ‘update.formula’
    Anova.II.clmm: no visible global function definition for ‘formula’
    Anova.II.clmm: no visible global function definition for ‘logLik’
    Anova.II.clmm: no visible global function definition for ‘pchisq’
    Anova.III.clm: no visible global function definition for ‘terms’
    Anova.III.clm: no visible global function definition for ‘logLik’
    Anova.III.clm: no visible global function definition for ‘update’
    Anova.III.clm: no visible global function definition for ‘as.formula’
    Anova.III.clm: no visible global function definition for ‘pchisq’
    Anova.III.clmm: no visible global function definition for ‘terms’
    Anova.III.clmm: no visible global function definition for ‘logLik’
    Anova.III.clmm: no visible global function definition for ‘update’
    Anova.III.clmm: no visible global function definition for ‘as.formula’
    Anova.III.clmm: no visible global function definition for
     ‘update.formula’
    Anova.III.clmm: no visible global function definition for ‘formula’
    Anova.III.clmm: no visible global function definition for ‘pchisq’
    DA.confusion: no visible global function definition for ‘predict’
    DA.confusion: no visible global function definition for
     ‘packageVersion’
    DA.valid: no visible global function definition for ‘predict’
    DA.valid: no visible global function definition for ‘txtProgressBar’
    DA.valid: no visible global function definition for ‘setTxtProgressBar’
    DA.valid: no visible global function definition for ‘packageVersion’
    G.bintest: no visible global function definition for ‘complete.cases’
    G.bintest: no visible global function definition for ‘relevel’
    G.multcomp: no visible global function definition for ‘pairwise.table’
    G.test: no visible global function definition for ‘chisq.test’
    G.test: no visible global function definition for ‘pchisq’
    G.theo.multcomp: no visible global function definition for ‘p.adjust’
    LDA.format: no visible global function definition for ‘model.frame’
    LDA.format: no visible global function definition for ‘delete.response’
    LDA.format: no visible global function definition for ‘model.response’
    LDA.format: no visible global function definition for ‘cor’
    MVA.synt: no visible global function definition for ‘aggregate’
    MVA.synt: no visible global function definition for ‘packageVersion’
    MVA.synt: no visible global function definition for ‘na.omit’
    PLSDA.VIP: no visible global function definition for ‘packageVersion’
    PLSDA.VIP: no visible global function definition for ‘par’
    PLSDA.VIP: no visible global function definition for ‘barplot’
    PLSDA.VIP: no visible global function definition for ‘mtext’
    PLSDA.VIP: no visible global function definition for ‘abline’
    PLSDA.ncomp: no visible global function definition for ‘packageVersion’
    PLSDA.ncomp: no visible global function definition for ‘par’
    PLSDA.ncomp: no visible global function definition for ‘plot’
    PLSDA.ncomp: no visible global function definition for ‘axis’
    PLSDA.ncomp: no visible global function definition for ‘box’
    PLSDA.ncomp: no visible global function definition for ‘mtext’
    PLSDA.ncomp: no visible global function definition for ‘abline’
    PLSDA.ncomp: no visible global function definition for ‘segments’
    PLSDA.ncomp: no visible global function definition for ‘lines’
    PLSDA.test: no visible global function definition for ‘packageVersion’
    PLSDA.test: no visible global function definition for ‘na.omit’
    PLSDA.test: no visible global function definition for ‘txtProgressBar’
    PLSDA.test: no visible global function definition for
     ‘setTxtProgressBar’
    adonis.II: no visible global function definition for ‘model.frame’
    adonis.II: no visible global function definition for ‘terms’
    adonis.II: no visible global function definition for ‘as.formula’
    byf.hist: no visible global function definition for ‘par’
    byf.hist: no visible global function definition for ‘n2mfrow’
    byf.hist: no visible global function definition for ‘hist’
    byf.hist: no visible global function definition for ‘plot’
    byf.hist: no visible global function definition for ‘col2rgb’
    byf.hist: no visible global function definition for ‘palette’
    byf.hist: no visible global function definition for ‘rgb’
    byf.hist: no visible global function definition for ‘polygon’
    byf.hist: no visible global function definition for ‘rug’
    byf.hist: no visible global function definition for ‘box’
    byf.hist: no visible global function definition for ‘legend’
    byf.mqqnorm: no visible global function definition for ‘par’
    byf.mqqnorm: no visible global function definition for ‘n2mfrow’
    byf.qqnorm: no visible global function definition for ‘par’
    byf.qqnorm: no visible global function definition for ‘n2mfrow’
    byf.shapiro: no visible global function definition for ‘shapiro.test’
    chisq.bin.exp: no visible global function definition for
     ‘complete.cases’
    chisq.bin.exp: no visible global function definition for ‘relevel’
    chisq.bin.exp: no visible global function definition for ‘mosaicplot’
    chisq.bintest: no visible global function definition for
     ‘complete.cases’
    chisq.bintest: no visible global function definition for ‘relevel’
    chisq.bintest: no visible global function definition for ‘chisq.test’
    chisq.bintest: no visible global function definition for
     ‘pairwise.prop.test’
    chisq.exp: no visible global function definition for ‘mosaicplot’
    chisq.multcomp : fun.p: no visible global function definition for
     ‘chisq.test’
    chisq.multcomp: no visible global function definition for
     ‘pairwise.table’
    chisq.theo.bintest: no visible global function definition for
     ‘complete.cases’
    chisq.theo.bintest: no visible global function definition for ‘relevel’
    chisq.theo.bintest: no visible global function definition for
     ‘prop.test’
    chisq.theo.multcomp: no visible global function definition for
     ‘chisq.test’
    chisq.theo.multcomp: no visible global function definition for
     ‘p.adjust’
    cochran.qtest: no visible global function definition for
     ‘complete.cases’
    cochran.qtest: no visible global function definition for ‘na.omit’
    cochran.qtest : <anonymous>: no visible global function definition for
     ‘na.omit’
    cochran.qtest: no visible global function definition for ‘pchisq’
    cochran.qtest : fun.p: no visible global function definition for
     ‘binom.test’
    cochran.qtest: no visible global function definition for
     ‘pairwise.table’
    cor.2comp: no visible global function definition for ‘cor.test’
    cor.2comp: no visible global function definition for ‘pnorm’
    cor.2comp: no visible global function definition for ‘qnorm’
    cor.conf: no visible global function definition for ‘cor.test’
    cor.conf: no visible global function definition for ‘pnorm’
    cor.multcomp: no visible global function definition for ‘cor.test’
    cor.multcomp: no visible global function definition for ‘pchisq’
    cor.multcomp: no visible global function definition for ‘qnorm’
    cor.multcomp: no visible global function definition for ‘pnorm’
    cor.multcomp : fun.p: no visible global function definition for ‘pnorm’
    cor.multcomp: no visible global function definition for
     ‘pairwise.table’
    cor.sparse: no visible global function definition for ‘cor’
    cox.resid: no visible global function definition for ‘model.frame’
    cox.resid: no visible global function definition for ‘residuals’
    cox.resid: no visible global function definition for ‘par’
    cox.resid: no visible global function definition for ‘n2mfrow’
    cox.resid: no visible global function definition for ‘plot’
    cox.resid: no visible global function definition for ‘abline’
    cox.resid: no visible global function definition for ‘panel.smooth’
    cramer.test: no visible global function definition for ‘chisq.test’
    cramer.test : v.fun: no visible global function definition for
     ‘chisq.test’
    cv: no visible global function definition for ‘sd’
    dendro.gp: no visible global function definition for ‘par’
    dendro.gp: no visible global function definition for ‘plot’
    dendro.gp: no visible global function definition for ‘rect.hclust’
    dendro.gp: no visible global function definition for ‘barplot’
    dendro.gp: no visible global function definition for ‘rect’
    dhist: no visible global function definition for ‘density’
    dhist: no visible global function definition for ‘hist’
    dhist: no visible global function definition for ‘plot’
    dhist : <anonymous>: no visible global function definition for
     ‘density’
    dhist: no visible global function definition for ‘col2rgb’
    dhist: no visible global function definition for ‘palette’
    dhist : <anonymous>: no visible global function definition for ‘rgb’
    dhist: no visible global function definition for ‘polygon’
    dhist: no visible global function definition for ‘rug’
    fisher.bintest: no visible global function definition for
     ‘complete.cases’
    fisher.bintest: no visible global function definition for ‘relevel’
    fisher.bintest: no visible global function definition for ‘fisher.test’
    fisher.multcomp: no visible global function definition for ‘combn’
    fisher.multcomp: no visible global function definition for
     ‘fisher.test’
    fp.test.default: no visible global function definition for ‘var’
    fp.test.default: no visible global function definition for ‘pnorm’
    fp.test.formula: no visible global function definition for ‘terms’
    fp.test.formula: no visible global function definition for ‘setNames’
    ind.contrib: no visible global function definition for ‘lm.influence’
    ind.contrib: no visible global function definition for ‘plot’
    ind.contrib: no visible global function definition for ‘abline’
    ind.contrib: no visible global function definition for ‘lines’
    ind.contrib: no visible global function definition for ‘legend’
    ind.contrib: no visible global function definition for ‘text’
    least.rect: no visible global function definition for ‘na.omit’
    least.rect : lr: no visible global function definition for ‘cor.test’
    least.rect : lr: no visible global function definition for ‘qt’
    least.rect : lr: no visible global function definition for ‘sd’
    least.rect : lr: no visible global function definition for ‘cov’
    least.rect : lr: no visible global function definition for ‘pt’
    logis.fit: no visible global function definition for ‘points’
    logis.fit: no visible global function definition for ‘segments’
    logis.noise: no visible global function definition for ‘rnorm’
    mod: no visible global function definition for ‘na.omit’
    mod: no visible global function definition for ‘density’
    model.matrix.clmm: no visible global function definition for ‘update’
    mood.medtest.default: no visible global function definition for
     ‘complete.cases’
    mood.medtest.default: no visible global function definition for
     ‘fisher.test’
    mood.medtest.default: no visible global function definition for
     ‘chisq.test’
    mqqnorm: no visible global function definition for ‘mahalanobis’
    mqqnorm: no visible global function definition for ‘cov’
    mshapiro.test: no visible global function definition for
     ‘complete.cases’
    mshapiro.test: no visible global function definition for ‘shapiro.test’
    multinomial.multcomp : fun.p: no visible global function definition for
     ‘binom.test’
    multinomial.multcomp: no visible global function definition for
     ‘pairwise.table’
    multinomial.test: no visible global function definition for ‘dmultinom’
    multinomial.test : <anonymous>: no visible global function definition
     for ‘dmultinom’
    multinomial.theo.multcomp: no visible global function definition for
     ‘binom.test’
    multinomial.theo.multcomp: no visible global function definition for
     ‘p.adjust’
    overdisp.glmer: no visible global function definition for ‘model.frame’
    overdisp.glmer: no visible global function definition for ‘residuals’
    pairwise.G.test: no visible global function definition for
     ‘pairwise.table’
    pairwise.mood.medtest: no visible global function definition for
     ‘pairwise.table’
    pairwise.perm.manova : fun.p: no visible global function definition for
     ‘as.dist’
    pairwise.perm.manova: no visible global function definition for
     ‘pairwise.table’
    pairwise.perm.t.test: no visible global function definition for
     ‘pairwise.table’
    pairwise.to.groups: no visible global function definition for ‘combn’
    pairwise.to.groups: no visible global function definition for ‘na.omit’
    pcor: no visible global function definition for ‘as.formula’
    pcor: no visible global function definition for ‘lm’
    pcor: no visible global function definition for ‘cor’
    pcor: no visible global function definition for ‘resid’
    pcor.test: no visible global function definition for ‘complete.cases’
    pcor.test: no visible global function definition for ‘pt’
    pcor.test: no visible global function definition for ‘qnorm’
    perm.bartlett.test: no visible global function definition for
     ‘bartlett.test’
    perm.bartlett.test: no visible global function definition for
     ‘txtProgressBar’
    perm.bartlett.test: no visible global function definition for
     ‘setTxtProgressBar’
    perm.cor.test: no visible global function definition for ‘cor.test’
    perm.cor.test: no visible global function definition for
     ‘txtProgressBar’
    perm.cor.test: no visible global function definition for
     ‘setTxtProgressBar’
    perm.manova: no visible global function definition for ‘anova’
    perm.manova: no visible global function definition for ‘lm’
    perm.manova: no visible global function definition for ‘txtProgressBar’
    perm.manova: no visible global function definition for
     ‘setTxtProgressBar’
    perm.t.test.formula: no visible global function definition for ‘t.test’
    perm.t.test.formula: no visible global function definition for
     ‘txtProgressBar’
    perm.t.test.formula: no visible global function definition for
     ‘setTxtProgressBar’
    perm.var.test.formula: no visible global function definition for ‘var’
    perm.var.test.formula: no visible global function definition for
     ‘var.test’
    perm.var.test.formula: no visible global function definition for
     ‘txtProgressBar’
    perm.var.test.formula: no visible global function definition for
     ‘setTxtProgressBar’
    plot1comp.var: no visible global function definition for ‘par’
    plot1comp.var: no visible global function definition for ‘plot’
    plot1comp.var: no visible global function definition for ‘box’
    plot1comp.var: no visible global function definition for ‘mtext’
    plot1comp.var: no visible global function definition for ‘abline’
    plot1comp.var: no visible global function definition for ‘arrows’
    plotresid: no visible global function definition for ‘packageVersion’
    plotresid: no visible global function definition for ‘rstudent’
    plotresid: no visible global function definition for ‘residuals’
    plotresid: no visible global function definition for ‘family’
    plotresid: no visible global function definition for ‘fitted’
    plotresid: no visible global function definition for ‘ppois’
    plotresid: no visible global function definition for ‘runif’
    plotresid: no visible global function definition for ‘qnorm’
    plotresid: no visible global function definition for ‘model.frame’
    plotresid: no visible global function definition for ‘pbinom’
    plotresid: no visible global function definition for ‘pbeta’
    plotresid: no visible global function definition for ‘resid’
    plotresid: no visible global function definition for ‘predict’
    plotresid: no visible global function definition for ‘par’
    plotresid: no visible global function definition for ‘plot’
    plotresid: no visible global function definition for ‘abline’
    plotresid: no visible global function definition for ‘panel.smooth’
    plotresid: no visible global function definition for ‘shapiro.test’
    plotsurvivors: no visible global function definition for ‘plot’
    predict.coadisc: no visible global function definition for ‘dist’
    print.byf.test: no visible global function definition for
     ‘printCoefmat’
    prop.bin.multcomp: no visible global function definition for
     ‘complete.cases’
    prop.bin.multcomp: no visible global function definition for ‘relevel’
    prop.bin.multcomp: no visible global function definition for
     ‘binom.test’
    prop.bin.multcomp: no visible global function definition for ‘p.adjust’
    prop.multcomp: no visible global function definition for ‘binom.test’
    prop.multcomp: no visible global function definition for ‘p.adjust’
    prop.multinom.test : <anonymous>: no visible global function definition
     for ‘pnorm’
    prop.multinom.test: no visible global function definition for ‘relevel’
    prop.multinom.test: no visible global function definition for
     ‘p.adjust’
    rating.prob: no visible global function definition for ‘complete.cases’
    reg.ci: no visible global function definition for ‘predict’
    reg.ci: no visible global function definition for ‘lm’
    reg.ci: no visible global function definition for ‘lines’
    responseName.clm_m: no visible global function definition for ‘terms’
    s.corcircle2 : arrow1: no visible global function definition for
     ‘segments’
    s.corcircle2 : arrow1: no visible global function definition for
     ‘strheight’
    s.corcircle2 : arrow1: no visible global function definition for ‘par’
    s.corcircle2 : point1: no visible global function definition for
     ‘points’
    s.corcircle2 : scatterutil.circ: no visible global function definition
     for ‘segments’
    s.corcircle2 : scatterutil.circ: no visible global function definition
     for ‘symbols’
    s.corcircle2 : scatterutil.circ: no visible global function definition
     for ‘par’
    s.corcircle2 : scatterutil.circ: no visible global function definition
     for ‘strwidth’
    s.corcircle2 : scatterutil.circ: no visible global function definition
     for ‘strheight’
    s.corcircle2 : scatterutil.circ: no visible global function definition
     for ‘rect’
    s.corcircle2: no visible global function definition for ‘par’
    s.corcircle2: no visible global function definition for ‘plot’
    scat.cr: no visible global function definition for ‘par’
    scat.cr: no visible global function definition for ‘barplot’
    scat.cr: no visible global function definition for ‘legend’
    scat.mix.categorical: no visible global function definition for ‘par’
    scat.mix.categorical: no visible global function definition for
     ‘n2mfrow’
    scat.mix.categorical: no visible global function definition for
     ‘rainbow’
    scatter.coa2: no visible global function definition for ‘par’
    scatterutil.eti.circ2: no visible global function definition for ‘par’
    scatterutil.eti.circ2: no visible global function definition for
     ‘strwidth’
    scatterutil.eti.circ2: no visible global function definition for
     ‘strheight’
    scatterutil.eti.circ2: no visible global function definition for ‘rect’
    scatterutil.eti.circ2: no visible global function definition for ‘text’
    se: no visible global function definition for ‘sd’
    se: no visible global function definition for ‘na.omit’
    seq2: no visible global function definition for ‘na.omit’
    spearman.ci : cor.fun: no visible global function definition for
     ‘cor.test’
    spearman.ci: no visible global function definition for ‘cor.test’
    summary.least.rect: no visible global function definition for
     ‘printCoefmat’
    wald.ptheo.test: no visible global function definition for ‘predict’
    wald.ptheo.test: no visible global function definition for ‘glm’
    wald.ptheo.test: no visible global function definition for ‘pnorm’
    wilcox.paired.multcomp: no visible global function definition for
     ‘complete.cases’
    wilcox.paired.multcomp : fun.p: no visible global function definition
     for ‘wilcox.test’
    wilcox.paired.multcomp: no visible global function definition for
     ‘pairwise.table’
    wilcox.signtest.default: no visible global function definition for
     ‘complete.cases’
    wilcox.signtest.default: no visible global function definition for
     ‘binom.test’
    wilcox.signtest.default: no visible global function definition for
     ‘pbinom’
    wilcox.signtest.formula: no visible global function definition for
     ‘terms’
    wilcox.signtest.formula: no visible global function definition for
     ‘setNames’
Flavors: r-devel-linux-x86_64-debian-clang, r-devel-linux-x86_64-debian-gcc, r-devel-windows-ix86+x86_64