CRAN Package Check Results for Package RVAideMemoire

Last updated on 2016-06-30 11:48:04.

Flavor Version Tinstall Tcheck Ttotal Status Flags
r-devel-linux-x86_64-debian-gcc 0.9-56 5.04 74.78 79.82 ERROR
r-devel-linux-x86_64-fedora-clang 0.9-56 151.62 ERROR
r-devel-linux-x86_64-fedora-gcc 0.9-56 138.63 ERROR
r-devel-osx-x86_64-clang 0.9-56 119.86 ERROR
r-devel-windows-ix86+x86_64 0.9-56 13.00 122.00 135.00 ERROR
r-patched-linux-x86_64 0.9-56 4.99 73.61 78.60 ERROR
r-patched-solaris-sparc 0.9-56 897.90 ERROR
r-patched-solaris-x86 0.9-56 183.70 ERROR
r-release-linux-x86_64 0.9-56 4.70 71.87 76.57 ERROR
r-release-osx-x86_64-mavericks 0.9-56 NOTE
r-release-windows-ix86+x86_64 0.9-56 20.00 148.00 168.00 ERROR
r-oldrel-windows-ix86+x86_64 0.9-56 21.00 125.00 146.00 ERROR

Check Details

Version: 0.9-56
Check: examples
Result: ERROR
    Running examples in ‘RVAideMemoire-Ex.R’ failed
    The error most likely occurred in:
    
    > ### Name: PLSDA.VIP
    > ### Title: Variable Importance in the Projection (VIP)
    > ### Aliases: PLSDA.VIP
    >
    > ### ** Examples
    >
    > require(mixOmics)
    Loading required package: mixOmics
    Loading required package: MASS
    Loading required package: lattice
    Loading required package: ggplot2
    
    Loaded mixOmics 6.0.0
    
    Visit http://www.mixOmics.org for more details about our methods.
    Any bug reports or comments? Notify us at mixomics at math.univ-toulouse.fr or https://bitbucket.org/klecao/package-mixomics/issues
    
    Thank you for using mixOmics!
    > data(yeast)
    >
    > model.PLSDA <- plsda(t(yeast$data),yeast$strain.cond)
    > PLSDA.VIP(model.PLSDA)
    Error in cor(object$Y, object$variates$X, use = "pairwise") :
     'x' must be numeric
    Calls: PLSDA.VIP -> <Anonymous> -> cor
    Execution halted
Flavors: r-devel-linux-x86_64-debian-gcc, r-devel-linux-x86_64-fedora-clang, r-devel-linux-x86_64-fedora-gcc, r-devel-osx-x86_64-clang, r-devel-windows-ix86+x86_64, r-patched-linux-x86_64, r-patched-solaris-sparc, r-patched-solaris-x86, r-release-linux-x86_64, r-release-windows-ix86+x86_64, r-oldrel-windows-ix86+x86_64

Version: 0.9-56
Check: dependencies in R code
Result: NOTE
    Invalid MIT-MAGIC-COOKIE-1 key
Flavor: r-release-osx-x86_64-mavericks