CRAN Package Check Results for Package RVAideMemoire

Last updated on 2016-05-05 11:48:19.

Flavor Version Tinstall Tcheck Ttotal Status Flags
r-devel-linux-x86_64-debian-gcc 0.9-55 5.00 79.30 84.30 OK
r-devel-linux-x86_64-fedora-clang 0.9-55 165.17 OK
r-devel-linux-x86_64-fedora-gcc 0.9-55 153.52 OK
r-devel-osx-x86_64-clang 0.9-55 181.18 OK
r-devel-windows-ix86+x86_64 0.9-55 13.00 131.00 144.00 OK
r-patched-linux-x86_64 0.9-55 4.73 80.36 85.09 OK
r-patched-solaris-sparc 0.9-55 956.00 OK
r-patched-solaris-x86 0.9-55 197.60 OK
r-release-linux-x86_64 0.9-55 4.63 78.20 82.83 OK
r-release-osx-x86_64-mavericks 0.9-55 NOTE
r-release-windows-ix86+x86_64 0.9-55 13.00 131.00 144.00 OK
r-oldrel-windows-ix86+x86_64 0.9-55 24.00 177.00 201.00 OK

Check Details

Version: 0.9-55
Check: dependencies in R code
Result: NOTE
    Invalid MIT-MAGIC-COOKIE-1 key
Flavor: r-release-osx-x86_64-mavericks