CRAN Package Check Results for Package RVAideMemoire

Last updated on 2020-10-30 14:46:59 CET.

Flavor Version Tinstall Tcheck Ttotal Status Flags
r-devel-linux-x86_64-debian-clang 0.9-78 18.12 127.76 145.88 NOTE
r-devel-linux-x86_64-debian-gcc 0.9-78 14.39 95.59 109.98 NOTE
r-devel-linux-x86_64-fedora-clang 0.9-78 196.66 NOTE
r-devel-linux-x86_64-fedora-gcc 0.9-78 188.92 NOTE
r-devel-windows-ix86+x86_64 0.9-78 32.00 175.00 207.00 OK
r-patched-linux-x86_64 0.9-78 16.68 119.82 136.50 NOTE
r-patched-solaris-x86 0.9-78 209.10 NOTE
r-release-linux-x86_64 0.9-78 19.64 117.55 137.19 NOTE
r-release-macos-x86_64 0.9-78 OK
r-release-windows-ix86+x86_64 0.9-78 22.00 123.00 145.00 OK
r-oldrel-macos-x86_64 0.9-78 OK
r-oldrel-windows-ix86+x86_64 0.9-78 29.00 153.00 182.00 OK

Check Details

Version: 0.9-78
Check: Rd cross-references
Result: NOTE
    Unknown package 'npsm' in Rd xrefs
Flavors: r-devel-linux-x86_64-debian-clang, r-devel-linux-x86_64-debian-gcc, r-devel-linux-x86_64-fedora-gcc, r-patched-linux-x86_64, r-patched-solaris-x86, r-release-linux-x86_64

Version: 0.9-78
Check: Rd cross-references
Result: NOTE
    Undeclared packages ‘labdsv’, ‘ape’, ‘RGCCA’, ‘FSA’, ‘npsm’, ‘mvnormtest’, ‘EMT’, ‘statmod’ in Rd xrefs
    Unknown package ‘npsm’ in Rd xrefs
Flavor: r-devel-linux-x86_64-fedora-clang