CRAN Package Check Results for Package RVAideMemoire

Last updated on 2017-03-24 06:48:37.

Flavor Version Tinstall Tcheck Ttotal Status Flags
r-devel-linux-x86_64-debian-clang 0.9-63 4.94 92.08 97.02 WARN
r-devel-linux-x86_64-debian-gcc 0.9-63 5.30 91.03 96.33 WARN
r-devel-linux-x86_64-fedora-clang 0.9-63 192.87 WARN --no-stop-on-test-error
r-devel-linux-x86_64-fedora-gcc 0.9-63 191.59 WARN --no-stop-on-test-error
r-devel-macos-x86_64-clang 0.9-63 152.41 WARN --no-stop-on-test-error
r-devel-windows-ix86+x86_64 0.9-63 17.00 146.00 163.00 WARN
r-patched-linux-x86_64 0.9-63 4.87 84.65 89.52 OK
r-patched-solaris-sparc 0.9-63 1129.30 WARN
r-patched-solaris-x86 0.9-63 230.90 WARN
r-release-linux-x86_64 0.9-63 4.86 84.84 89.70 OK
r-release-osx-x86_64-mavericks 0.9-63 OK
r-release-windows-ix86+x86_64 0.9-63 24.00 131.00 155.00 OK
r-oldrel-windows-ix86+x86_64 0.9-63 22.00 195.00 217.00 OK

Check Details

Version: 0.9-63
Check: S3 generic/method consistency
Result: WARN
    median:
     function(x, na.rm, ...)
    median.factor:
     function(x, na.rm)
    
    See section ‘Generic functions and methods’ in the ‘Writing R
    Extensions’ manual.
Flavors: r-devel-linux-x86_64-debian-clang, r-devel-linux-x86_64-debian-gcc, r-devel-windows-ix86+x86_64, r-patched-solaris-sparc, r-patched-solaris-x86

Version: 0.9-63
Flags: --no-stop-on-test-error
Check: S3 generic/method consistency
Result: WARN
    median:
     function(x, na.rm, ...)
    median.factor:
     function(x, na.rm)
    
    See section ‘Generic functions and methods’ in the ‘Writing R
    Extensions’ manual.
Flavors: r-devel-linux-x86_64-fedora-clang, r-devel-linux-x86_64-fedora-gcc, r-devel-macos-x86_64-clang