CRAN Package Check Results for Package RVAideMemoire

Last updated on 2015-04-26 17:47:51.

Flavor Version Tinstall Tcheck Ttotal Status Flags
r-devel-linux-x86_64-debian-clang 0.9-45-2 4.42 65.69 70.11 OK
r-devel-linux-x86_64-debian-gcc 0.9-45-2 4.46 66.39 70.84 OK
r-devel-linux-x86_64-fedora-clang 0.9-45-2 146.62 OK
r-devel-linux-x86_64-fedora-gcc 0.9-45-2 135.21 OK
r-devel-osx-x86_64-clang 0.9-45-2 126.00 OK
r-devel-windows-ix86+x86_64 0.9-45-2 15.00 105.00 120.00 OK
r-patched-linux-x86_64 0.9-45-2 4.46 66.81 71.28 OK
r-patched-solaris-sparc 0.9-45-2 739.30 OK
r-patched-solaris-x86 0.9-45-2 184.70 OK
r-release-linux-x86_64 0.9-45-2 4.38 65.56 69.94 OK
r-release-osx-x86_64-mavericks 0.9-45-2 ERROR
r-release-osx-x86_64-snowleopard 0.9-45-2 ERROR
r-release-windows-ix86+x86_64 0.9-45-2 14.00 106.00 120.00 OK
r-oldrel-windows-ix86+x86_64 0.9-45-2 18.00 115.00 133.00 OK

Check Details

Version: 0.9-45-2
Check: package dependencies
Result: NOTE
    Package suggested but not available for checking: ‘lsmeans’
Flavor: r-release-osx-x86_64-mavericks

Version: 0.9-45-2
Check: Rd cross-references
Result: NOTE
    Package unavailable to check Rd xrefs: ‘lsmeans’
Flavor: r-release-osx-x86_64-mavericks

Version: 0.9-45-2
Check: examples
Result: ERROR
    Running examples in ‘RVAideMemoire-Ex.R’ failed
    The error most likely occurred in:
    
    > ### Name: back.lsmeans
    > ### Title: Back-transformation of LSMeans
    > ### Aliases: back.lsmeans
    >
    > ### ** Examples
    >
    > require(lsmeans)
    Loading required package: lsmeans
    Warning in library(package, lib.loc = lib.loc, character.only = TRUE, logical.return = TRUE, :
     there is no package called ‘lsmeans’
    >
    > set.seed(1149)
    > response <- c(rpois(30,0),rpois(30,2),rpois(30,4))
    > fact <- gl(3,30,labels=LETTERS[1:3])
    >
    > model <- lm(log(response+1)~fact)
    > LSM <- lsmeans(model,~fact)
    Error: could not find function "lsmeans"
    Execution halted
Flavor: r-release-osx-x86_64-mavericks

Version: 0.9-45-2
Check: package dependencies
Result: ERROR
    Packages required but not available:
     ‘car’ ‘mixOmics’ ‘multcompView’ ‘vegan’
    
    Package suggested but not available for checking: ‘lsmeans’
    
    See section ‘The DESCRIPTION file’ in the ‘Writing R Extensions’
    manual.
Flavor: r-release-osx-x86_64-snowleopard