CRAN Package Check Results for Package RVenn

Last updated on 2022-12-02 05:55:27 CET.

Flavor Version Tinstall Tcheck Ttotal Status Flags
r-devel-linux-x86_64-debian-clang 1.1.0 4.33 61.51 65.84 NOTE
r-devel-linux-x86_64-debian-gcc 1.1.0 3.02 46.44 49.46 NOTE
r-devel-linux-x86_64-fedora-clang 1.1.0 90.79 NOTE
r-devel-linux-x86_64-fedora-gcc 1.1.0 89.80 NOTE
r-devel-windows-x86_64 1.1.0 19.00 94.00 113.00 NOTE
r-patched-linux-x86_64 1.1.0 4.96 58.57 63.53 NOTE
r-release-linux-x86_64 1.1.0 3.15 59.19 62.34 NOTE
r-release-macos-arm64 1.1.0 27.00 NOTE
r-release-macos-x86_64 1.1.0 58.00 NOTE
r-release-windows-x86_64 1.1.0 19.00 88.00 107.00 NOTE
r-oldrel-macos-arm64 1.1.0 36.00 NOTE
r-oldrel-macos-x86_64 1.1.0 46.00 NOTE
r-oldrel-windows-ix86+x86_64 1.1.0 11.00 82.00 93.00 NOTE

Check Details

Version: 1.1.0
Check: LazyData
Result: NOTE
     'LazyData' is specified without a 'data' directory
Flavors: r-devel-linux-x86_64-debian-clang, r-devel-linux-x86_64-debian-gcc, r-devel-linux-x86_64-fedora-clang, r-devel-linux-x86_64-fedora-gcc, r-devel-windows-x86_64, r-patched-linux-x86_64, r-release-linux-x86_64, r-release-macos-arm64, r-release-macos-x86_64, r-release-windows-x86_64, r-oldrel-macos-arm64, r-oldrel-macos-x86_64, r-oldrel-windows-ix86+x86_64