CRAN Package Check Results for Package RVideoPoker

Last updated on 2014-04-18 11:47:25.

Flavor Version Tinstall Tcheck Ttotal Status Flags
r-devel-linux-x86_64-debian-clang 0.3 1.21 14.23 15.44 NOTE
r-devel-linux-x86_64-debian-gcc NOTE
r-devel-linux-x86_64-fedora-clang 0.3 30.56 NOTE
r-devel-linux-x86_64-fedora-gcc 0.3 28.63 NOTE
r-devel-macosx-x86_64-clang 0.3 36.45 NOTE
r-devel-macosx-x86_64-gcc 0.3 NOTE
r-devel-windows-ix86+x86_64 0.3 5.00 27.00 32.00 NOTE
r-patched-linux-x86_64 0.3 1.21 14.31 15.52 NOTE
r-patched-solaris-sparc 0.3 186.30 NOTE
r-patched-solaris-x86 0.3 57.90 NOTE
r-release-linux-ix86 0.3 3.00 31.00 34.00 NOTE
r-release-linux-x86_64 0.3 1.23 14.36 15.60 NOTE
r-release-macosx-x86_64 0.3 NOTE
r-release-windows-ix86+x86_64 0.3 5.00 25.00 30.00 NOTE
r-oldrel-windows-ix86+x86_64 0.3 5.00 25.00 30.00 NOTE

Check Details

Version: 0.3
Check: dependencies in R code
Result: NOTE
    'library' or 'require' call to ‘pixmap’ which was already attached by Depends.
     Please remove these calls from your code.
    See the information on DESCRIPTION files in the chapter ‘Creating R
    packages’ of the ‘Writing R Extensions’ manual.
Flavors: r-devel-linux-x86_64-debian-clang, r-devel-linux-x86_64-debian-gcc, r-devel-linux-x86_64-fedora-clang, r-devel-linux-x86_64-fedora-gcc, r-devel-macosx-x86_64-clang, r-devel-macosx-x86_64-gcc, r-devel-windows-ix86+x86_64, r-patched-linux-x86_64, r-patched-solaris-sparc, r-patched-solaris-x86, r-release-linux-ix86, r-release-linux-x86_64, r-release-macosx-x86_64, r-release-windows-ix86+x86_64, r-oldrel-windows-ix86+x86_64

Version: 0.3
Check: R code for possible problems
Result: NOTE
    rvideopoker: warning in rp.radiogroup(mypanel, var =
     state$penny.nickel.quarter.dollar, initval = 1, values = c(1, 5, 25,
     100), title = "Bet (in Cents)", action = setbet): partial argument
     match of 'var' to 'variable'
    rvideopoker: warning in rp.slider(mypanel, var = state$no.of.credits,
     from = 1, to = 5, initval = 1, title = "How many Credits?",
     resolution = 1, action = creditset, showvalue = TRUE): partial
     argument match of 'var' to 'variable'
    rvideopoker: warning in rp.checkbox(panel = mypanel, var =
     state$keepC1, action = card1check, title = "Keep Card 1?"): partial
     argument match of 'var' to 'variable'
    rvideopoker: warning in rp.checkbox(panel = mypanel, var =
     state$keepC2, action = card2check, title = "Keep Card 2?"): partial
     argument match of 'var' to 'variable'
    rvideopoker: warning in rp.checkbox(panel = mypanel, var =
     state$keepC3, action = card3check, title = "Keep Card 3?"): partial
     argument match of 'var' to 'variable'
    rvideopoker: warning in rp.checkbox(panel = mypanel, var =
     state$keepC4, action = card4check, title = "Keep Card 4?"): partial
     argument match of 'var' to 'variable'
    rvideopoker: warning in rp.checkbox(panel = mypanel, var =
     state$keepC5, action = card5check, title = "Keep Card 5?"): partial
     argument match of 'var' to 'variable'
Flavors: r-devel-linux-x86_64-debian-clang, r-devel-linux-x86_64-debian-gcc, r-devel-linux-x86_64-fedora-clang, r-devel-linux-x86_64-fedora-gcc, r-devel-macosx-x86_64-clang, r-devel-macosx-x86_64-gcc, r-devel-windows-ix86+x86_64, r-patched-linux-x86_64, r-patched-solaris-sparc, r-patched-solaris-x86, r-release-linux-ix86, r-release-linux-x86_64, r-release-macosx-x86_64, r-release-windows-ix86+x86_64, r-oldrel-windows-ix86+x86_64