CRAN Package Check Results for Package RVideoPoker

Last updated on 2014-09-01 11:49:05.

Flavor Version Tinstall Tcheck Ttotal Status Flags
r-devel-linux-x86_64-debian-clang 0.3 1.12 13.46 14.58 NOTE
r-devel-linux-x86_64-debian-gcc 0.3 1.04 13.62 14.66 NOTE
r-devel-linux-x86_64-fedora-clang 0.3 33.63 NOTE
r-devel-linux-x86_64-fedora-gcc 0.3 29.12 NOTE
r-devel-osx-x86_64-clang 0.3 34.29 NOTE
r-devel-windows-ix86+x86_64 0.3 5.00 25.00 30.00 NOTE
r-patched-linux-x86_64 0.3 1.10 14.88 15.99 NOTE
r-patched-solaris-sparc 0.3 184.70 NOTE
r-patched-solaris-x86 0.3 47.00 NOTE
r-release-linux-ix86 0.3 1.62 22.12 23.74 NOTE
r-release-linux-x86_64 0.3 1.21 14.28 15.49 NOTE
r-release-osx-x86_64-mavericks 0.3 NOTE
r-release-osx-x86_64-snowleopard 0.3 NOTE
r-release-windows-ix86+x86_64 0.3 5.00 25.00 30.00 NOTE
r-oldrel-windows-ix86+x86_64 0.3 7.00 23.00 30.00 NOTE

Check Details

Version: 0.3
Check: dependencies in R code
Result: NOTE
    'library' or 'require' call to ‘pixmap’ which was already attached by Depends.
     Please remove these calls from your code.
    See the information on DESCRIPTION files in the chapter ‘Creating R
    packages’ of the ‘Writing R Extensions’ manual.
Flavors: r-devel-linux-x86_64-debian-clang, r-devel-linux-x86_64-debian-gcc, r-devel-linux-x86_64-fedora-clang, r-devel-linux-x86_64-fedora-gcc, r-devel-osx-x86_64-clang, r-devel-windows-ix86+x86_64, r-patched-linux-x86_64, r-patched-solaris-sparc, r-patched-solaris-x86, r-release-linux-ix86, r-release-linux-x86_64, r-release-osx-x86_64-mavericks, r-release-osx-x86_64-snowleopard, r-release-windows-ix86+x86_64, r-oldrel-windows-ix86+x86_64

Version: 0.3
Check: R code for possible problems
Result: NOTE
    rvideopoker: warning in rp.radiogroup(mypanel, var =
     state$penny.nickel.quarter.dollar, initval = 1, values = c(1, 5, 25,
     100), title = "Bet (in Cents)", action = setbet): partial argument
     match of 'var' to 'variable'
    rvideopoker: warning in rp.slider(mypanel, var = state$no.of.credits,
     from = 1, to = 5, initval = 1, title = "How many Credits?",
     resolution = 1, action = creditset, showvalue = TRUE): partial
     argument match of 'var' to 'variable'
    rvideopoker: warning in rp.checkbox(panel = mypanel, var =
     state$keepC1, action = card1check, title = "Keep Card 1?"): partial
     argument match of 'var' to 'variable'
    rvideopoker: warning in rp.checkbox(panel = mypanel, var =
     state$keepC2, action = card2check, title = "Keep Card 2?"): partial
     argument match of 'var' to 'variable'
    rvideopoker: warning in rp.checkbox(panel = mypanel, var =
     state$keepC3, action = card3check, title = "Keep Card 3?"): partial
     argument match of 'var' to 'variable'
    rvideopoker: warning in rp.checkbox(panel = mypanel, var =
     state$keepC4, action = card4check, title = "Keep Card 4?"): partial
     argument match of 'var' to 'variable'
    rvideopoker: warning in rp.checkbox(panel = mypanel, var =
     state$keepC5, action = card5check, title = "Keep Card 5?"): partial
     argument match of 'var' to 'variable'
Flavors: r-devel-linux-x86_64-debian-clang, r-devel-linux-x86_64-debian-gcc, r-devel-linux-x86_64-fedora-clang, r-devel-linux-x86_64-fedora-gcc, r-devel-osx-x86_64-clang, r-devel-windows-ix86+x86_64, r-patched-linux-x86_64, r-patched-solaris-sparc, r-patched-solaris-x86, r-release-linux-ix86, r-release-linux-x86_64, r-release-osx-x86_64-mavericks, r-release-osx-x86_64-snowleopard, r-release-windows-ix86+x86_64, r-oldrel-windows-ix86+x86_64