CRAN Package Check Results for Package RVowpalWabbit

Last updated on 2018-04-21 05:49:19 CEST.

Flavor Version Tinstall Tcheck Ttotal Status Flags
r-devel-linux-x86_64-debian-clang 0.0.12 198.27 29.55 227.82 OK
r-devel-linux-x86_64-debian-gcc 0.0.12 155.63 23.01 178.64 OK
r-devel-linux-x86_64-fedora-clang 0.0.12 320.48 NOTE
r-devel-linux-x86_64-fedora-gcc 0.0.12 276.01 NOTE
r-devel-osx-x86_64 0.0.12 ERROR
r-patched-linux-x86_64 0.0.12 208.29 28.96 237.25 OK
r-release-linux-x86_64 0.0.12 202.75 28.90 231.65 OK
r-release-osx-x86_64 0.0.12 ERROR

Additional issues

clang-UBSAN gcc-UBSAN

Check Details

Version: 0.0.12
Check: installed package size
Result: NOTE
     installed size is 24.3Mb
     sub-directories of 1Mb or more:
     libs 4.6Mb
     test 19.6Mb
Flavors: r-devel-linux-x86_64-fedora-clang, r-devel-linux-x86_64-fedora-gcc

Version: 0.0.12
Check: whether package can be installed
Result: ERROR
    Installation failed.
Flavors: r-devel-osx-x86_64, r-release-osx-x86_64