CRAN Package Check Results for Package RVowpalWabbit

Last updated on 2017-03-29 23:53:30.

Flavor Version Tinstall Tcheck Ttotal Status Flags
r-devel-linux-x86_64-debian-clang 0.0.9 123.90 17.92 141.82 OK
r-devel-linux-x86_64-debian-gcc 0.0.9 123.95 18.35 142.30 OK
r-devel-linux-x86_64-fedora-clang 0.0.9 313.55 NOTE --no-stop-on-test-error
r-devel-linux-x86_64-fedora-gcc 0.0.9 274.44 NOTE --no-stop-on-test-error
r-devel-macos-x86_64-clang 0.0.9 196.67 NOTE --no-stop-on-test-error
r-patched-linux-x86_64 0.0.9 99.00 18.30 117.30 OK
r-release-linux-x86_64 0.0.9 98.60 12.20 110.80 OK
r-release-osx-x86_64-mavericks 0.0.9 ERROR

Memtest notes: clang-UBSAN clang-UBSAN gcc-UBSAN gcc-UBSAN

Check Details

Version: 0.0.9
Flags: --no-stop-on-test-error
Check: installed package size
Result: NOTE
     installed size is 24.0Mb
     sub-directories of 1Mb or more:
     libs 4.3Mb
     test 19.6Mb
Flavors: r-devel-linux-x86_64-fedora-clang, r-devel-linux-x86_64-fedora-gcc, r-devel-macos-x86_64-clang

Version: 0.0.9
Check: whether package can be installed
Result: ERROR
    Installation failed.
Flavor: r-release-osx-x86_64-mavericks