CRAN Package Check Results for Package RVowpalWabbit

Last updated on 2016-08-30 04:50:43.

Flavor Version Tinstall Tcheck Ttotal Status Flags
r-devel-linux-x86_64-debian-clang 0.0.7 112.13 11.83 123.95 NOTE
r-devel-linux-x86_64-debian-gcc 0.0.7 115.78 12.05 127.82 NOTE
r-devel-linux-x86_64-fedora-clang 0.0.7 20.39 NOTE --install=fake
r-devel-linux-x86_64-fedora-gcc 0.0.7 249.55 NOTE
r-devel-osx-x86_64-clang 0.0.7 165.62 NOTE
r-patched-linux-x86_64 0.0.7 93.95 11.87 105.82 NOTE
r-release-linux-x86_64 0.0.7 94.81 11.75 106.56 NOTE
r-release-osx-x86_64-mavericks 0.0.7 ERROR

Memtest notes: clang-UBSAN gcc6-UBSAN gcc7-UBSAN

Check Details

Version: 0.0.7
Check: installed package size
Result: NOTE
     installed size is 23.5Mb
     sub-directories of 1Mb or more:
     libs 3.8Mb
     test 19.6Mb
Flavors: r-devel-linux-x86_64-debian-clang, r-devel-linux-x86_64-debian-gcc, r-devel-linux-x86_64-fedora-gcc, r-devel-osx-x86_64-clang, r-patched-linux-x86_64, r-release-linux-x86_64

Version: 0.0.7
Flags: --install=fake
Check: installed package size
Result: NOTE
     installed size is 19.7Mb
     sub-directories of 1Mb or more:
     test 19.6Mb
Flavor: r-devel-linux-x86_64-fedora-clang

Version: 0.0.7
Check: whether package can be installed
Result: ERROR
    Installation failed.
Flavor: r-release-osx-x86_64-mavericks