CRAN Package Check Results for Package RVowpalWabbit

Last updated on 2018-06-21 04:49:31 CEST.

Flavor Version Tinstall Tcheck Ttotal Status Flags
r-devel-linux-x86_64-debian-clang 0.0.12 199.91 29.64 229.55 OK
r-devel-linux-x86_64-debian-gcc 0.0.12 160.32 25.30 185.62 OK
r-devel-linux-x86_64-fedora-clang 0.0.12 331.27 NOTE
r-devel-linux-x86_64-fedora-gcc 0.0.12 281.80 OK
r-patched-linux-x86_64 0.0.12 206.37 29.53 235.90 OK
r-release-linux-x86_64 0.0.12 201.90 29.86 231.76 OK
r-release-osx-x86_64 0.0.12 ERROR
r-oldrel-osx-x86_64 0.0.12 ERROR

Additional issues

clang-UBSAN gcc-UBSAN

Check Details

Version: 0.0.12
Check: installed package size
Result: NOTE
     installed size is 24.3Mb
     sub-directories of 1Mb or more:
     libs 4.6Mb
     test 19.6Mb
Flavor: r-devel-linux-x86_64-fedora-clang

Version: 0.0.12
Check: whether package can be installed
Result: ERROR
    Installation failed.
Flavors: r-release-osx-x86_64, r-oldrel-osx-x86_64