CRAN Package Check Results for Package RVowpalWabbit

Last updated on 2017-05-30 14:47:28.

Flavor Version Tinstall Tcheck Ttotal Status Flags
r-devel-linux-x86_64-debian-clang 0.0.9 124.92 19.35 144.27 OK
r-devel-linux-x86_64-debian-gcc 0.0.9 124.31 18.41 142.72 OK
r-devel-linux-x86_64-fedora-clang 0.0.9 307.57 NOTE
r-devel-linux-x86_64-fedora-gcc 0.0.9 274.38 NOTE
r-patched-linux-x86_64 0.0.9 101.72 18.62 120.33 OK
r-release-linux-x86_64 0.0.9 102.10 18.55 120.65 OK
r-release-osx-x86_64 0.0.9 ERROR
r-oldrel-osx-x86_64 0.0.9 ERROR

Additional issues

clang-UBSAN clang-UBSAN gcc-UBSAN gcc-UBSAN

Check Details

Version: 0.0.9
Check: installed package size
Result: NOTE
     installed size is 24.1Mb
     sub-directories of 1Mb or more:
     libs 4.4Mb
     test 19.6Mb
Flavors: r-devel-linux-x86_64-fedora-clang, r-devel-linux-x86_64-fedora-gcc

Version: 0.0.9
Check: whether package can be installed
Result: ERROR
    Installation failed.
Flavors: r-release-osx-x86_64, r-oldrel-osx-x86_64