CRAN Package Check Results for Package RVowpalWabbit

Last updated on 2014-04-16 23:47:04.

Flavor Version Tinstall Tcheck Ttotal Status Flags
r-devel-linux-x86_64-debian-clang 0.0.6 91.48 14.38 105.86 NOTE
r-devel-linux-x86_64-debian-gcc 0.0.6 99.79 14.02 113.81 NOTE
r-devel-linux-x86_64-fedora-clang 0.0.6 211.24 ERROR
r-devel-linux-x86_64-fedora-gcc 0.0.6 215.05 NOTE
r-devel-macosx-x86_64-gcc 0.0.6 ERROR
r-patched-linux-x86_64 0.0.6 99.48 14.50 113.98 NOTE
r-release-linux-ix86 0.0.6 217.00 32.00 249.00 WARN
r-release-linux-x86_64 0.0.6 99.71 14.34 114.05 NOTE
r-release-macosx-x86_64 0.0.6 ERROR

Check Details

Version: 0.0.6
Check: installed package size
Result: NOTE
     installed size is 23.0Mb
     sub-directories of 1Mb or more:
     libs 3.3Mb
     test 19.6Mb
Flavors: r-devel-linux-x86_64-debian-clang, r-devel-linux-x86_64-debian-gcc, r-devel-linux-x86_64-fedora-gcc, r-patched-linux-x86_64, r-release-linux-ix86, r-release-linux-x86_64

Version: 0.0.6
Check: dependencies in R code
Result: NOTE
    Package in Depends field not imported from: ‘Rcpp’
     These packages need to be imported from (in the NAMESPACE file)
     for when this namespace is loaded but not attached.
    See the information on DESCRIPTION files in the chapter ‘Creating R
    packages’ of the ‘Writing R Extensions’ manual.
Flavors: r-devel-linux-x86_64-debian-clang, r-devel-linux-x86_64-debian-gcc, r-devel-linux-x86_64-fedora-gcc, r-patched-linux-x86_64, r-release-linux-ix86, r-release-linux-x86_64

Version: 0.0.6
Check: whether package can be installed
Result: ERROR
    Installation failed.
    See ‘/data/gannet/ripley/R/packages/tests-clang/RVowpalWabbit.Rcheck/00install.out’ for details.
Flavor: r-devel-linux-x86_64-fedora-clang

Version: 0.0.6
Check: whether package can be installed
Result: ERROR
    Installation failed.
    See ‘/Volumes/XT3/Builds/R-dev-web/QA/Simon/packages/snowleopard-x86_64/results/3.2/RVowpalWabbit.Rcheck/00install.out’ for details.
Flavor: r-devel-macosx-x86_64-gcc

Version: 0.0.6
Check: whether package can be installed
Result: WARNING
    Found the following significant warnings:
     lda_core.cc:289:2: warning: #warning is a GCC extension [enabled by default]
     lda_core.cc:289:2: warning: #warning "lda IS NOT using sse instructions" [-Wcpp]
    See ‘/home/hornik/tmp/R.check/r-release-gcc/Work/PKGS/RVowpalWabbit.Rcheck/00install.out’ for details.
Flavor: r-release-linux-ix86

Version: 0.0.6
Check: whether package can be installed
Result: ERROR
    Installation failed.
    See ‘/Volumes/XT3/Builds/R-dev-web/QA/Simon/packages/snowleopard-x86_64/results/3.1/RVowpalWabbit.Rcheck/00install.out’ for details.
Flavor: r-release-macosx-x86_64