CRAN Package Check Results for Package RVowpalWabbit

Last updated on 2016-07-29 23:47:06.

Flavor Version Tinstall Tcheck Ttotal Status Flags
r-devel-linux-x86_64-debian-clang 0.0.7 130.19 12.17 142.36 NOTE
r-devel-linux-x86_64-debian-gcc 0.0.7 136.55 11.68 148.24 NOTE
r-devel-linux-x86_64-fedora-clang 0.0.7 19.86 NOTE --install=fake
r-devel-linux-x86_64-fedora-gcc 0.0.7 222.54 NOTE
r-devel-osx-x86_64-clang 0.0.7 166.47 NOTE
r-patched-linux-x86_64 0.0.7 106.08 13.95 120.03 NOTE
r-release-linux-x86_64 0.0.7 106.18 13.90 120.07 NOTE
r-release-osx-x86_64-mavericks 0.0.7 ERROR

Memtest notes: clang-UBSAN gcc6-UBSAN gcc7-UBSAN

Check Details

Version: 0.0.7
Check: installed package size
Result: NOTE
     installed size is 23.6Mb
     sub-directories of 1Mb or more:
     libs 3.9Mb
     test 19.6Mb
Flavors: r-devel-linux-x86_64-debian-clang, r-devel-linux-x86_64-debian-gcc, r-devel-linux-x86_64-fedora-gcc, r-devel-osx-x86_64-clang, r-patched-linux-x86_64, r-release-linux-x86_64

Version: 0.0.7
Flags: --install=fake
Check: installed package size
Result: NOTE
     installed size is 19.7Mb
     sub-directories of 1Mb or more:
     test 19.6Mb
Flavor: r-devel-linux-x86_64-fedora-clang

Version: 0.0.7
Check: whether package can be installed
Result: ERROR
    Installation failed.
Flavor: r-release-osx-x86_64-mavericks