CRAN Package Check Results for Package RVowpalWabbit

Last updated on 2017-09-20 19:47:35.

Flavor Version Tinstall Tcheck Ttotal Status Flags
r-devel-linux-x86_64-debian-clang 0.0.9 125.10 19.03 144.13 OK
r-devel-linux-x86_64-debian-gcc 0.0.9 129.07 18.77 147.84 OK
r-devel-linux-x86_64-fedora-clang 0.0.9 317.80 NOTE
r-devel-linux-x86_64-fedora-gcc 0.0.9 285.03 NOTE
r-patched-linux-x86_64 0.0.9 124.83 18.16 142.99 OK
r-release-linux-x86_64 0.0.9 124.38 19.22 143.60 OK
r-release-osx-x86_64 0.0.9 ERROR
r-oldrel-osx-x86_64 0.0.9 ERROR

Additional issues

clang-UBSAN gcc-UBSAN

Check Details

Version: 0.0.9
Check: installed package size
Result: NOTE
     installed size is 24.1Mb
     sub-directories of 1Mb or more:
     libs 4.4Mb
     test 19.6Mb
Flavors: r-devel-linux-x86_64-fedora-clang, r-devel-linux-x86_64-fedora-gcc

Version: 0.0.9
Check: whether package can be installed
Result: ERROR
    Installation failed.
Flavors: r-release-osx-x86_64, r-oldrel-osx-x86_64