CRAN Package Check Results for Package RVowpalWabbit

Last updated on 2014-08-29 05:47:31.

Flavor Version Tinstall Tcheck Ttotal Status Flags
r-devel-linux-x86_64-debian-clang 0.0.6 84.60 12.78 97.38 NOTE
r-devel-linux-x86_64-debian-gcc 0.0.6 100.65 12.59 113.24 NOTE
r-devel-linux-x86_64-fedora-gcc 0.0.6 211.51 NOTE
r-patched-linux-x86_64 0.0.6 98.89 13.21 112.10 NOTE
r-release-linux-ix86 0.0.6 126.43 20.63 147.06 WARN
r-release-linux-x86_64 0.0.6 99.86 13.77 113.62 NOTE
r-release-osx-x86_64-mavericks 0.0.6 ERROR
r-release-osx-x86_64-snowleopard 0.0.6 ERROR

Check Details

Version: 0.0.6
Check: installed package size
Result: NOTE
     installed size is 23.0Mb
     sub-directories of 1Mb or more:
     libs 3.3Mb
     test 19.6Mb
Flavors: r-devel-linux-x86_64-debian-clang, r-devel-linux-x86_64-debian-gcc, r-devel-linux-x86_64-fedora-gcc, r-patched-linux-x86_64, r-release-linux-ix86, r-release-linux-x86_64

Version: 0.0.6
Check: dependencies in R code
Result: NOTE
    Package in Depends field not imported from: ‘Rcpp’
     These packages need to be imported from (in the NAMESPACE file)
     for when this namespace is loaded but not attached.
    See the information on DESCRIPTION files in the chapter ‘Creating R
    packages’ of the ‘Writing R Extensions’ manual.
Flavors: r-devel-linux-x86_64-debian-clang, r-devel-linux-x86_64-debian-gcc, r-devel-linux-x86_64-fedora-gcc, r-patched-linux-x86_64, r-release-linux-ix86, r-release-linux-x86_64

Version: 0.0.6
Check: compiled code
Result: NOTE
    File ‘/home/hornik/tmp/R.check/r-devel-clang/Work/build/Packages/RVowpalWabbit/libs/RVowpalWabbit.so’:
     Found ‘rand’, possibly from ‘rand’ (C)
     Objects: ‘parse_regressor.o’, ‘parser.o’
    
    Compiled code should not call entry points which might terminate R nor
    write to stdout/stderr instead of to the console, nor the C RNG.
    
    See ‘Writing portable packages’ in the ‘Writing R Extensions’ manual.
Flavor: r-devel-linux-x86_64-debian-clang

Version: 0.0.6
Check: compiled code
Result: NOTE
    File ‘/home/hornik/tmp/R.check/r-devel-gcc/Work/build/Packages/RVowpalWabbit/libs/RVowpalWabbit.so’:
     Found ‘rand’, possibly from ‘rand’ (C)
     Objects: ‘parse_regressor.o’, ‘parser.o’
    
    Compiled code should not call entry points which might terminate R nor
    write to stdout/stderr instead of to the console, nor the C RNG.
    
    See ‘Writing portable packages’ in the ‘Writing R Extensions’ manual.
Flavor: r-devel-linux-x86_64-debian-gcc

Version: 0.0.6
Check: compiled code
Result: NOTE
    File ‘/data/gannet/ripley/R/packages/tests-devel/RVowpalWabbit.Rcheck/RVowpalWabbit/libs/RVowpalWabbit.so’:
     Found ‘rand’, possibly from ‘rand’ (C)
     Objects: ‘parse_regressor.o’, ‘parser.o’
    
    Compiled code should not call entry points which might terminate R nor
    write to stdout/stderr instead of to the console, nor the C RNG.
    
    See ‘Writing portable packages’ in the ‘Writing R Extensions’ manual.
Flavor: r-devel-linux-x86_64-fedora-gcc

Version: 0.0.6
Check: whether package can be installed
Result: WARN
    Found the following significant warnings:
     lda_core.cc:289:2: warning: #warning is a GCC extension
     lda_core.cc:289:2: warning: #warning "lda IS NOT using sse instructions" [-Wcpp]
Flavor: r-release-linux-ix86

Version: 0.0.6
Check: whether package can be installed
Result: ERROR
    Installation failed.
Flavors: r-release-osx-x86_64-mavericks, r-release-osx-x86_64-snowleopard