CRAN Package Check Results for Package RVowpalWabbit

Last updated on 2014-07-24 05:48:33.

Flavor Version Tinstall Tcheck Ttotal Status Flags
r-devel-linux-x86_64-debian-clang 0.0.6 81.60 13.05 94.65 NOTE
r-devel-linux-x86_64-debian-gcc 0.0.6 98.17 12.93 111.10 NOTE
r-devel-linux-x86_64-fedora-gcc 0.0.6 210.49 NOTE
r-patched-linux-x86_64 0.0.6 98.53 13.18 111.71 NOTE
r-release-linux-ix86 0.0.6 125.15 20.91 146.06 WARN
r-release-linux-x86_64 0.0.6 104.86 13.16 118.02 NOTE
r-release-osx-x86_64-mavericks 0.0.6 ERROR
r-release-osx-x86_64-snowleopard 0.0.6 ERROR

Check Details

Version: 0.0.6
Check: installed package size
Result: NOTE
     installed size is 23.0Mb
     sub-directories of 1Mb or more:
     libs 3.3Mb
     test 19.6Mb
Flavors: r-devel-linux-x86_64-debian-clang, r-devel-linux-x86_64-debian-gcc, r-devel-linux-x86_64-fedora-gcc, r-patched-linux-x86_64, r-release-linux-ix86, r-release-linux-x86_64

Version: 0.0.6
Check: dependencies in R code
Result: NOTE
    Package in Depends field not imported from: ‘Rcpp’
     These packages need to be imported from (in the NAMESPACE file)
     for when this namespace is loaded but not attached.
    See the information on DESCRIPTION files in the chapter ‘Creating R
    packages’ of the ‘Writing R Extensions’ manual.
Flavors: r-devel-linux-x86_64-debian-clang, r-devel-linux-x86_64-debian-gcc, r-devel-linux-x86_64-fedora-gcc, r-patched-linux-x86_64, r-release-linux-ix86, r-release-linux-x86_64

Version: 0.0.6
Check: whether package can be installed
Result: WARNING
    Found the following significant warnings:
     lda_core.cc:289:2: warning: #warning is a GCC extension
     lda_core.cc:289:2: warning: #warning "lda IS NOT using sse instructions" [-Wcpp]
    See ‘/home/hornik/tmp/R.check/r-release-gcc/Work/PKGS/RVowpalWabbit.Rcheck/00install.out’ for details.
Flavor: r-release-linux-ix86

Version: 0.0.6
Check: whether package can be installed
Result: ERROR
    Installation failed.
    See ‘/Builds/CRAN-QA-Simon/packages/mavericks-x86_64/results/3.1/RVowpalWabbit.Rcheck/00install.out’ for details.
Flavor: r-release-osx-x86_64-mavericks

Version: 0.0.6
Check: whether package can be installed
Result: ERROR
    Installation failed.
    See ‘/Volumes/XT3/Builds/R-dev-web/QA/Simon/packages/snowleopard-x86_64/results/3.1/RVowpalWabbit.Rcheck/00install.out’ for details.
Flavor: r-release-osx-x86_64-snowleopard