CRAN Package Check Results for Package RVowpalWabbit

Last updated on 2017-07-28 01:51:24.

Flavor Version Tinstall Tcheck Ttotal Status Flags
r-devel-linux-x86_64-debian-clang 0.0.9 125.82 24.63 150.45 OK
r-devel-linux-x86_64-debian-gcc 0.0.9 128.51 24.36 152.87 OK
r-devel-linux-x86_64-fedora-clang 0.0.9 316.62 NOTE
r-devel-linux-x86_64-fedora-gcc 0.0.9 293.17 NOTE
r-patched-linux-x86_64 0.0.9 124.55 23.86 148.41 OK
r-release-linux-x86_64 0.0.9 124.95 24.20 149.16 OK
r-release-osx-x86_64 0.0.9 ERROR
r-oldrel-osx-x86_64 0.0.9 ERROR

Additional issues

clang-UBSAN gcc-UBSAN

Check Details

Version: 0.0.9
Check: installed package size
Result: NOTE
     installed size is 24.1Mb
     sub-directories of 1Mb or more:
     libs 4.4Mb
     test 19.6Mb
Flavors: r-devel-linux-x86_64-fedora-clang, r-devel-linux-x86_64-fedora-gcc

Version: 0.0.9
Check: whether package can be installed
Result: ERROR
    Installation failed.
Flavors: r-release-osx-x86_64, r-oldrel-osx-x86_64