CRAN Package Check Results for Package RVowpalWabbit

Last updated on 2017-11-25 07:51:56 CET.

Flavor Version Tinstall Tcheck Ttotal Status Flags
r-devel-linux-x86_64-debian-clang 0.0.9 159.20 48.35 207.55 OK
r-devel-linux-x86_64-debian-gcc 0.0.9 139.80 45.54 185.33 OK
r-devel-linux-x86_64-fedora-clang 0.0.9 307.74 NOTE
r-devel-linux-x86_64-fedora-gcc 0.0.9 271.51 NOTE
r-patched-linux-x86_64 0.0.9 165.97 52.31 218.28 OK
r-release-linux-x86_64 0.0.9 162.98 49.58 212.57 OK
r-release-osx-x86_64 0.0.9 ERROR
r-oldrel-osx-x86_64 0.0.9 ERROR

Additional issues

clang-UBSAN gcc-UBSAN

Check Details

Version: 0.0.9
Check: installed package size
Result: NOTE
     installed size is 24.2Mb
     sub-directories of 1Mb or more:
     libs 4.5Mb
     test 19.6Mb
Flavors: r-devel-linux-x86_64-fedora-clang, r-devel-linux-x86_64-fedora-gcc

Version: 0.0.9
Check: whether package can be installed
Result: ERROR
    Installation failed.
Flavors: r-release-osx-x86_64, r-oldrel-osx-x86_64