CRAN Package Check Results for Package RVowpalWabbit

Last updated on 2015-04-26 12:46:40.

Flavor Version Tinstall Tcheck Ttotal Status Flags
r-devel-linux-x86_64-debian-clang 0.0.6 93.16 11.99 105.15 NOTE
r-devel-linux-x86_64-debian-gcc 0.0.6 100.35 12.41 112.76 NOTE
r-devel-linux-x86_64-fedora-gcc 0.0.6 219.41 NOTE
r-patched-linux-x86_64 0.0.6 105.23 11.66 116.89 NOTE
r-release-linux-x86_64 0.0.6 101.47 11.90 113.37 NOTE
r-release-osx-x86_64-mavericks 0.0.6 ERROR
r-release-osx-x86_64-snowleopard 0.0.6 ERROR

Check Details

Version: 0.0.6
Check: installed package size
Result: NOTE
     installed size is 25.4Mb
     sub-directories of 1Mb or more:
     libs 5.7Mb
     test 19.6Mb
Flavor: r-devel-linux-x86_64-fedora-gcc

Version: 0.0.6
Check: dependencies in R code
Result: NOTE
    Package in Depends field not imported from: ‘Rcpp’
     These packages need to be imported from (in the NAMESPACE file)
     for when this namespace is loaded but not attached.
Flavor: r-devel-linux-x86_64-fedora-gcc

Version: 0.0.6
Check: compiled code
Result: NOTE
    File ‘RVowpalWabbit/libs/RVowpalWabbit.so’:
     Found ‘rand’, possibly from ‘rand’ (C)
     Objects: ‘parse_regressor.o’, ‘parser.o’
    
    Compiled code should not call entry points which might terminate R nor
    write to stdout/stderr instead of to the console, nor the system RNG.
    
    See ‘Writing portable packages’ in the ‘Writing R Extensions’ manual.
Flavor: r-devel-linux-x86_64-fedora-gcc

Version: 0.0.6
Check: whether package can be installed
Result: ERROR
    Installation failed.
Flavor: r-release-osx-x86_64-mavericks