CRAN Package Check Results for Package RVowpalWabbit

Last updated on 2016-12-09 03:51:56.

Flavor Version Tinstall Tcheck Ttotal Status Flags
r-devel-linux-x86_64-debian-clang 0.0.8 112.39 18.02 130.41 OK
r-devel-linux-x86_64-debian-gcc 0.0.8 117.64 17.15 134.78 OK
r-devel-linux-x86_64-fedora-clang 0.0.8 24.30 NOTE --install=fake --no-stop-on-test-error
r-devel-linux-x86_64-fedora-gcc 0.0.8 274.94 NOTE --no-stop-on-test-error
r-devel-macos-x86_64-clang 0.0.8 188.12 NOTE --no-stop-on-test-error
r-patched-linux-x86_64 0.0.8 95.82 12.20 108.02 OK
r-release-linux-x86_64 0.0.8 94.43 12.08 106.51 OK
r-release-osx-x86_64-mavericks 0.0.8 ERROR

Memtest notes: clang-UBSAN clang-UBSAN gcc6-UBSAN gcc6-UBSAN gcc7-UBSAN gcc7-UBSAN

Check Details

Version: 0.0.8
Flags: --install=fake --no-stop-on-test-error
Check: installed package size
Result: NOTE
     installed size is 19.7Mb
     sub-directories of 1Mb or more:
     test 19.6Mb
Flavor: r-devel-linux-x86_64-fedora-clang

Version: 0.0.8
Flags: --no-stop-on-test-error
Check: installed package size
Result: NOTE
     installed size is 25.6Mb
     sub-directories of 1Mb or more:
     libs 6.0Mb
     test 19.6Mb
Flavors: r-devel-linux-x86_64-fedora-gcc, r-devel-macos-x86_64-clang

Version: 0.0.8
Check: whether package can be installed
Result: ERROR
    Installation failed.
Flavor: r-release-osx-x86_64-mavericks