CRAN Package Check Results for Package RVowpalWabbit

Last updated on 2017-02-23 15:48:44.

Flavor Version Tinstall Tcheck Ttotal Status Flags
r-devel-linux-x86_64-debian-clang 0.0.8 115.07 18.01 133.07 NOTE
r-devel-linux-x86_64-debian-gcc 0.0.8 121.75 18.84 140.59 NOTE
r-devel-linux-x86_64-fedora-clang 0.0.8 22.89 NOTE --install=fake --no-stop-on-test-error
r-devel-linux-x86_64-fedora-gcc 0.0.8 267.87 NOTE --no-stop-on-test-error
r-devel-macos-x86_64-clang 0.0.8 192.42 NOTE --no-stop-on-test-error
r-patched-linux-x86_64 0.0.8 95.75 11.86 107.62 OK
r-release-linux-x86_64 0.0.8 95.85 12.03 107.87 OK
r-release-osx-x86_64-mavericks 0.0.8 ERROR

Memtest notes: clang-UBSAN clang-UBSAN gcc6-UBSAN gcc6-UBSAN gcc7-UBSAN gcc7-UBSAN

Check Details

Version: 0.0.8
Check: compiled code
Result: NOTE
    File ‘RVowpalWabbit/libs/RVowpalWabbit.so’:
     Found no calls to: ‘R_registerRoutines’, ‘R_useDynamicSymbols’
    
    It is good practice to register native routines and to disable symbol
    search.
    
    See ‘Writing portable packages’ in the ‘Writing R Extensions’ manual.
Flavors: r-devel-linux-x86_64-debian-clang, r-devel-linux-x86_64-debian-gcc

Version: 0.0.8
Flags: --install=fake --no-stop-on-test-error
Check: installed package size
Result: NOTE
     installed size is 19.7Mb
     sub-directories of 1Mb or more:
     test 19.6Mb
Flavor: r-devel-linux-x86_64-fedora-clang

Version: 0.0.8
Flags: --no-stop-on-test-error
Check: installed package size
Result: NOTE
     installed size is 25.6Mb
     sub-directories of 1Mb or more:
     libs 6.0Mb
     test 19.6Mb
Flavors: r-devel-linux-x86_64-fedora-gcc, r-devel-macos-x86_64-clang

Version: 0.0.8
Flags: --no-stop-on-test-error
Check: compiled code
Result: NOTE
    File ‘RVowpalWabbit/libs/RVowpalWabbit.so’:
     Found no calls to: ‘R_registerRoutines’, ‘R_useDynamicSymbols’
    
    It is good practice to register native routines and to disable symbol
    search.
    
    See ‘Writing portable packages’ in the ‘Writing R Extensions’ manual.
Flavors: r-devel-linux-x86_64-fedora-gcc, r-devel-macos-x86_64-clang

Version: 0.0.8
Check: whether package can be installed
Result: ERROR
    Installation failed.
Flavor: r-release-osx-x86_64-mavericks