CRAN Package Check Results for Package RVtests

Last updated on 2015-07-03 09:47:16.

Flavor Version Tinstall Tcheck Ttotal Status Flags
r-devel-linux-x86_64-debian-clang 1.2 2.77 35.29 38.06 NOTE
r-devel-linux-x86_64-debian-gcc 1.2 2.53 34.84 37.37 NOTE
r-devel-linux-x86_64-fedora-clang 1.2 73.12 NOTE
r-devel-linux-x86_64-fedora-gcc 1.2 72.25 NOTE
r-devel-osx-x86_64-clang 1.2 69.15 OK
r-devel-windows-ix86+x86_64 1.2 8.00 52.00 60.00 NOTE
r-patched-linux-x86_64 1.2 2.60 33.89 36.50 OK
r-patched-solaris-sparc 1.2 454.90 OK
r-patched-solaris-x86 1.2 104.60 OK
r-release-linux-x86_64 1.2 2.68 33.81 36.49 OK
r-release-osx-x86_64-mavericks 1.2 OK
r-release-windows-ix86+x86_64 1.2 8.00 55.00 63.00 OK
r-oldrel-windows-ix86+x86_64 1.2 10.00 69.00 79.00 OK

Check Details

Version: 1.2
Check: R code for possible problems
Result: NOTE
    LASSO: no visible global function definition for ‘lm’
    LASSO: no visible global function definition for ‘anova’
    LASSO: no visible global function definition for ‘glm’
    LASSO: no visible global function definition for ‘pchisq’
    LASSO : <anonymous>: no visible global function definition for
     ‘extractAIC’
    PCR : <anonymous>: no visible global function definition for ‘cor’
    PLS : <anonymous>: no visible global function definition for ‘cor’
    RR : RRscore: no visible binding for global variable ‘sd’
    SPLS: no visible global function definition for ‘lm’
    SPLS: no visible global function definition for ‘anova’
    SPLS : <anonymous>: no visible global function definition for
     ‘extractAIC’
    VTWOD : getScores: no visible global function definition for ‘sd’
    VTWOD : getScores: no visible global function definition for ‘pnorm’
    Undefined global functions or variables:
     anova cor extractAIC glm lm pchisq pnorm sd
Flavors: r-devel-linux-x86_64-debian-clang, r-devel-linux-x86_64-debian-gcc, r-devel-linux-x86_64-fedora-clang, r-devel-linux-x86_64-fedora-gcc, r-devel-windows-ix86+x86_64