CRAN Package Check Results for Package RVtests

Last updated on 2017-02-22 22:50:58.

Flavor Version Tinstall Tcheck Ttotal Status Flags
r-devel-linux-x86_64-debian-clang 1.2 2.36 34.24 36.59 NOTE
r-devel-linux-x86_64-debian-gcc 1.2 2.34 34.03 36.37 NOTE
r-devel-linux-x86_64-fedora-clang 1.2 80.08 NOTE --no-stop-on-test-error
r-devel-linux-x86_64-fedora-gcc 1.2 78.90 NOTE --no-stop-on-test-error
r-devel-macos-x86_64-clang 1.2 63.17 NOTE --no-stop-on-test-error
r-devel-windows-ix86+x86_64 1.2 10.00 84.00 94.00 NOTE
r-patched-linux-x86_64 1.2 2.32 29.42 31.74 NOTE
r-patched-solaris-sparc 1.2 421.30 NOTE
r-patched-solaris-x86 1.2 95.30 NOTE
r-release-linux-x86_64 1.2 2.15 29.59 31.74 NOTE
r-release-osx-x86_64-mavericks 1.2 NOTE
r-release-windows-ix86+x86_64 1.2 10.00 83.00 93.00 NOTE
r-oldrel-windows-ix86+x86_64 1.2 10.00 81.00 91.00 OK

Check Details

Version: 1.2
Check: R code for possible problems
Result: NOTE
    LASSO: no visible global function definition for ‘lm’
    LASSO: no visible global function definition for ‘anova’
    LASSO: no visible global function definition for ‘glm’
    LASSO: no visible global function definition for ‘pchisq’
    LASSO : <anonymous>: no visible global function definition for
     ‘extractAIC’
    PCR : <anonymous>: no visible global function definition for ‘cor’
    PLS : <anonymous>: no visible global function definition for ‘cor’
    RR : RRscore: no visible binding for global variable ‘sd’
    SPLS: no visible global function definition for ‘lm’
    SPLS: no visible global function definition for ‘anova’
    SPLS : <anonymous>: no visible global function definition for
     ‘extractAIC’
    VTWOD : getScores: no visible global function definition for ‘sd’
    VTWOD : getScores: no visible global function definition for ‘pnorm’
    Undefined global functions or variables:
     anova cor extractAIC glm lm pchisq pnorm sd
    Consider adding
     importFrom("stats", "anova", "cor", "extractAIC", "glm", "lm",
     "pchisq", "pnorm", "sd")
    to your NAMESPACE file.
Flavors: r-devel-linux-x86_64-debian-clang, r-devel-linux-x86_64-debian-gcc, r-devel-windows-ix86+x86_64, r-patched-linux-x86_64, r-patched-solaris-sparc, r-patched-solaris-x86, r-release-linux-x86_64, r-release-osx-x86_64-mavericks, r-release-windows-ix86+x86_64

Version: 1.2
Flags: --no-stop-on-test-error
Check: R code for possible problems
Result: NOTE
    LASSO: no visible global function definition for ‘lm’
    LASSO: no visible global function definition for ‘anova’
    LASSO: no visible global function definition for ‘glm’
    LASSO: no visible global function definition for ‘pchisq’
    LASSO : <anonymous>: no visible global function definition for
     ‘extractAIC’
    PCR : <anonymous>: no visible global function definition for ‘cor’
    PLS : <anonymous>: no visible global function definition for ‘cor’
    RR : RRscore: no visible binding for global variable ‘sd’
    SPLS: no visible global function definition for ‘lm’
    SPLS: no visible global function definition for ‘anova’
    SPLS : <anonymous>: no visible global function definition for
     ‘extractAIC’
    VTWOD : getScores: no visible global function definition for ‘sd’
    VTWOD : getScores: no visible global function definition for ‘pnorm’
    Undefined global functions or variables:
     anova cor extractAIC glm lm pchisq pnorm sd
    Consider adding
     importFrom("stats", "anova", "cor", "extractAIC", "glm", "lm",
     "pchisq", "pnorm", "sd")
    to your NAMESPACE file.
Flavors: r-devel-linux-x86_64-fedora-clang, r-devel-linux-x86_64-fedora-gcc, r-devel-macos-x86_64-clang