CRAN Package Check Results for Package RVtests

Last updated on 2016-02-08 06:47:29.

Flavor Version Tinstall Tcheck Ttotal Status Flags
r-devel-linux-x86_64-debian-gcc 1.2 2.54 31.97 34.50 NOTE
r-devel-linux-x86_64-fedora-clang 1.2 68.16 NOTE
r-devel-linux-x86_64-fedora-gcc 1.2 65.23 NOTE
r-devel-osx-x86_64-clang 1.2 73.25 NOTE
r-devel-windows-ix86+x86_64 1.2 11.00 49.00 60.00 NOTE
r-patched-linux-x86_64 1.2 2.68 34.37 37.05 OK
r-patched-solaris-sparc 1.2 436.30 OK
r-patched-solaris-x86 1.2 95.00 OK
r-release-linux-x86_64 1.2 2.97 34.39 37.36 OK
r-release-osx-x86_64-mavericks 1.2 OK
r-release-windows-ix86+x86_64 1.2 10.00 60.00 70.00 OK
r-oldrel-windows-ix86+x86_64 1.2 14.00 74.00 88.00 OK

Check Details

Version: 1.2
Check: R code for possible problems
Result: NOTE
    LASSO: no visible global function definition for ‘lm’
    LASSO: no visible global function definition for ‘anova’
    LASSO: no visible global function definition for ‘glm’
    LASSO: no visible global function definition for ‘pchisq’
    LASSO : <anonymous>: no visible global function definition for
     ‘extractAIC’
    PCR : <anonymous>: no visible global function definition for ‘cor’
    PLS : <anonymous>: no visible global function definition for ‘cor’
    RR : RRscore: no visible binding for global variable ‘sd’
    SPLS: no visible global function definition for ‘lm’
    SPLS: no visible global function definition for ‘anova’
    SPLS : <anonymous>: no visible global function definition for
     ‘extractAIC’
    VTWOD : getScores: no visible global function definition for ‘sd’
    VTWOD : getScores: no visible global function definition for ‘pnorm’
    Undefined global functions or variables:
     anova cor extractAIC glm lm pchisq pnorm sd
    Consider adding
     importFrom("stats", "anova", "cor", "extractAIC", "glm", "lm",
     "pchisq", "pnorm", "sd")
    to your NAMESPACE file.
Flavors: r-devel-linux-x86_64-debian-gcc, r-devel-linux-x86_64-fedora-clang, r-devel-linux-x86_64-fedora-gcc, r-devel-osx-x86_64-clang, r-devel-windows-ix86+x86_64