CRAN Package Check Results for Package RVtests

Last updated on 2017-05-24 11:50:10.

Flavor Version Tinstall Tcheck Ttotal Status Flags
r-devel-linux-x86_64-debian-clang 1.2 2.52 36.25 38.77 NOTE
r-devel-linux-x86_64-debian-gcc 1.2 2.62 35.70 38.32 NOTE
r-devel-linux-x86_64-fedora-clang 1.2 82.31 NOTE --no-stop-on-test-error
r-devel-linux-x86_64-fedora-gcc 1.2 78.57 NOTE --no-stop-on-test-error
r-devel-windows-ix86+x86_64 1.2 7.00 64.00 71.00 NOTE
r-patched-linux-x86_64 1.2 2.46 34.30 36.76 NOTE
r-patched-solaris-sparc 1.2 464.40 NOTE
r-patched-solaris-x86 1.2 107.60 NOTE
r-release-linux-x86_64 1.2 2.42 34.19 36.61 NOTE
r-release-windows-ix86+x86_64 1.2 5.00 85.00 90.00 NOTE
r-release-osx-x86_64 1.2 NOTE
r-oldrel-windows-ix86+x86_64 1.2 9.00 77.00 86.00 NOTE
r-oldrel-osx-x86_64 1.2 NOTE

Check Details

Version: 1.2
Check: R code for possible problems
Result: NOTE
    LASSO: no visible global function definition for ‘lm’
    LASSO: no visible global function definition for ‘anova’
    LASSO: no visible global function definition for ‘glm’
    LASSO: no visible global function definition for ‘pchisq’
    LASSO : <anonymous>: no visible global function definition for
     ‘extractAIC’
    PCR : <anonymous>: no visible global function definition for ‘cor’
    PLS : <anonymous>: no visible global function definition for ‘cor’
    RR : RRscore: no visible binding for global variable ‘sd’
    SPLS: no visible global function definition for ‘lm’
    SPLS: no visible global function definition for ‘anova’
    SPLS : <anonymous>: no visible global function definition for
     ‘extractAIC’
    VTWOD : getScores: no visible global function definition for ‘sd’
    VTWOD : getScores: no visible global function definition for ‘pnorm’
    Undefined global functions or variables:
     anova cor extractAIC glm lm pchisq pnorm sd
    Consider adding
     importFrom("stats", "anova", "cor", "extractAIC", "glm", "lm",
     "pchisq", "pnorm", "sd")
    to your NAMESPACE file.
Flavors: r-devel-linux-x86_64-debian-clang, r-devel-linux-x86_64-debian-gcc, r-devel-windows-ix86+x86_64, r-patched-linux-x86_64, r-patched-solaris-sparc, r-patched-solaris-x86, r-release-linux-x86_64, r-release-windows-ix86+x86_64, r-release-osx-x86_64, r-oldrel-windows-ix86+x86_64, r-oldrel-osx-x86_64

Version: 1.2
Flags: --no-stop-on-test-error
Check: R code for possible problems
Result: NOTE
    LASSO: no visible global function definition for ‘lm’
    LASSO: no visible global function definition for ‘anova’
    LASSO: no visible global function definition for ‘glm’
    LASSO: no visible global function definition for ‘pchisq’
    LASSO : <anonymous>: no visible global function definition for
     ‘extractAIC’
    PCR : <anonymous>: no visible global function definition for ‘cor’
    PLS : <anonymous>: no visible global function definition for ‘cor’
    RR : RRscore: no visible binding for global variable ‘sd’
    SPLS: no visible global function definition for ‘lm’
    SPLS: no visible global function definition for ‘anova’
    SPLS : <anonymous>: no visible global function definition for
     ‘extractAIC’
    VTWOD : getScores: no visible global function definition for ‘sd’
    VTWOD : getScores: no visible global function definition for ‘pnorm’
    Undefined global functions or variables:
     anova cor extractAIC glm lm pchisq pnorm sd
    Consider adding
     importFrom("stats", "anova", "cor", "extractAIC", "glm", "lm",
     "pchisq", "pnorm", "sd")
    to your NAMESPACE file.
Flavors: r-devel-linux-x86_64-fedora-clang, r-devel-linux-x86_64-fedora-gcc