CRAN Package Check Results for Package RVtests

Last updated on 2021-12-03 13:53:49 CET.

Flavor Version Tinstall Tcheck Ttotal Status Flags
r-devel-linux-x86_64-debian-clang 1.2 8.73 68.72 77.45 NOTE
r-devel-linux-x86_64-debian-gcc 1.2 6.83 53.44 60.27 NOTE
r-devel-linux-x86_64-fedora-clang 1.2 104.75 NOTE
r-devel-linux-x86_64-fedora-gcc 1.2 92.79 NOTE
r-devel-windows-x86_64-new-UL 1.2 14.00 104.00 118.00 NOTE
r-devel-windows-x86_64-new-TK 1.2 NOTE
r-devel-windows-x86_64-old 1.2 13.00 74.00 87.00 NOTE
r-patched-linux-x86_64 1.2 12.96 65.53 78.49 NOTE
r-patched-solaris-x86 1.2 135.50 NOTE
r-release-linux-x86_64 1.2 7.95 65.67 73.62 NOTE
r-release-macos-arm64 1.2 NOTE
r-release-macos-x86_64 1.2 NOTE
r-release-windows-ix86+x86_64 1.2 18.00 97.00 115.00 NOTE
r-oldrel-macos-x86_64 1.2 NOTE
r-oldrel-windows-ix86+x86_64 1.2 18.00 92.00 110.00 NOTE

Check Details

Version: 1.2
Check: R code for possible problems
Result: NOTE
    LASSO: no visible global function definition for 'lm'
    LASSO: no visible global function definition for 'anova'
    LASSO: no visible global function definition for 'glm'
    LASSO: no visible global function definition for 'pchisq'
    LASSO : <anonymous>: no visible global function definition for
     'extractAIC'
    PCR : <anonymous>: no visible global function definition for 'cor'
    PLS : <anonymous>: no visible global function definition for 'cor'
    RR : RRscore: no visible binding for global variable 'sd'
    SPLS: no visible global function definition for 'lm'
    SPLS: no visible global function definition for 'anova'
    SPLS : <anonymous>: no visible global function definition for
     'extractAIC'
    VTWOD : getScores: no visible global function definition for 'sd'
    VTWOD : getScores: no visible global function definition for 'pnorm'
    Undefined global functions or variables:
     anova cor extractAIC glm lm pchisq pnorm sd
    Consider adding
     importFrom("stats", "anova", "cor", "extractAIC", "glm", "lm",
     "pchisq", "pnorm", "sd")
    to your NAMESPACE file.
Flavors: r-devel-linux-x86_64-debian-clang, r-devel-linux-x86_64-debian-gcc, r-devel-linux-x86_64-fedora-clang, r-devel-linux-x86_64-fedora-gcc, r-devel-windows-x86_64-new-UL, r-devel-windows-x86_64-new-TK, r-devel-windows-x86_64-old, r-patched-linux-x86_64, r-patched-solaris-x86, r-release-linux-x86_64, r-release-macos-arm64, r-release-macos-x86_64, r-release-windows-ix86+x86_64, r-oldrel-macos-x86_64, r-oldrel-windows-ix86+x86_64