CRAN Package Check Results for Package RVtests

Last updated on 2015-08-04 14:48:17.

Flavor Version Tinstall Tcheck Ttotal Status Flags
r-devel-linux-x86_64-debian-clang 1.2 3.60 34.56 38.16 NOTE
r-devel-linux-x86_64-debian-gcc 1.2 2.52 33.42 35.95 NOTE
r-devel-linux-x86_64-fedora-clang 1.2 76.09 NOTE
r-devel-linux-x86_64-fedora-gcc 1.2 70.63 NOTE
r-devel-osx-x86_64-clang 1.2 64.37 OK
r-devel-windows-ix86+x86_64 1.2 12.00 55.00 67.00 NOTE
r-patched-linux-x86_64 1.2 3.54 34.19 37.74 OK
r-patched-solaris-sparc 1.2 460.80 OK
r-patched-solaris-x86 1.2 103.60 OK
r-release-linux-x86_64 1.2 2.70 34.47 37.17 OK
r-release-osx-x86_64-mavericks 1.2 OK
r-release-windows-ix86+x86_64 1.2 10.00 82.00 92.00 OK
r-oldrel-windows-ix86+x86_64 1.2 11.00 100.00 111.00 OK

Check Details

Version: 1.2
Check: R code for possible problems
Result: NOTE
    LASSO: no visible global function definition for ‘lm’
    LASSO: no visible global function definition for ‘anova’
    LASSO: no visible global function definition for ‘glm’
    LASSO: no visible global function definition for ‘pchisq’
    LASSO : <anonymous>: no visible global function definition for
     ‘extractAIC’
    PCR : <anonymous>: no visible global function definition for ‘cor’
    PLS : <anonymous>: no visible global function definition for ‘cor’
    RR : RRscore: no visible binding for global variable ‘sd’
    SPLS: no visible global function definition for ‘lm’
    SPLS: no visible global function definition for ‘anova’
    SPLS : <anonymous>: no visible global function definition for
     ‘extractAIC’
    VTWOD : getScores: no visible global function definition for ‘sd’
    VTWOD : getScores: no visible global function definition for ‘pnorm’
    Undefined global functions or variables:
     anova cor extractAIC glm lm pchisq pnorm sd
    Consider adding
     importFrom("stats", "anova", "cor", "extractAIC", "glm", "lm",
     "pchisq", "pnorm", "sd")
    to your NAMESPACE.
Flavors: r-devel-linux-x86_64-debian-clang, r-devel-linux-x86_64-debian-gcc, r-devel-linux-x86_64-fedora-clang, r-devel-linux-x86_64-fedora-gcc, r-devel-windows-ix86+x86_64