CRAN Package Check Results for Package RWBP

Last updated on 2020-09-19 10:48:15 CEST.

Flavor Version Tinstall Tcheck Ttotal Status Flags
r-devel-linux-x86_64-debian-clang 1.0 2.65 29.07 31.72 NOTE
r-devel-linux-x86_64-debian-gcc 1.0 1.81 22.70 24.51 NOTE
r-devel-linux-x86_64-fedora-clang 1.0 47.87 NOTE
r-devel-linux-x86_64-fedora-gcc 1.0 37.93 NOTE
r-devel-windows-ix86+x86_64 1.0 7.00 39.00 46.00 NOTE
r-patched-linux-x86_64 1.0 2.57 28.59 31.16 NOTE
r-patched-solaris-x86 1.0 64.50 NOTE
r-release-linux-x86_64 1.0 2.63 28.63 31.26 NOTE
r-release-macos-x86_64 1.0 NOTE
r-release-windows-ix86+x86_64 1.0 8.00 36.00 44.00 NOTE
r-oldrel-macos-x86_64 1.0 NOTE
r-oldrel-windows-ix86+x86_64 1.0 4.00 39.00 43.00 NOTE

Check Details

Version: 1.0
Check: R code for possible problems
Result: NOTE
    RWBP.default: no visible global function definition for 'na.omit'
    RWBP.default: no visible global function definition for 'kmeans'
    RWBP.formula: no visible global function definition for 'model.extract'
    predict.RWBP: no visible global function definition for 'head'
    Undefined global functions or variables:
     head kmeans model.extract na.omit
    Consider adding
     importFrom("stats", "kmeans", "model.extract", "na.omit")
     importFrom("utils", "head")
    to your NAMESPACE file.
Flavors: r-devel-linux-x86_64-debian-clang, r-devel-linux-x86_64-debian-gcc, r-devel-linux-x86_64-fedora-clang, r-devel-linux-x86_64-fedora-gcc, r-devel-windows-ix86+x86_64, r-patched-linux-x86_64, r-patched-solaris-x86, r-release-linux-x86_64, r-release-macos-x86_64, r-release-windows-ix86+x86_64

Version: 1.0
Check: R code for possible problems
Result: NOTE
    RWBP.default: no visible global function definition for ‘na.omit’
    RWBP.default: no visible global function definition for ‘kmeans’
    RWBP.formula: no visible global function definition for ‘model.extract’
    plot.RWBP: no visible global function definition for ‘plot’
    predict.RWBP: no visible global function definition for ‘head’
    Undefined global functions or variables:
     head kmeans model.extract na.omit plot
    Consider adding
     importFrom("graphics", "plot")
     importFrom("stats", "kmeans", "model.extract", "na.omit")
     importFrom("utils", "head")
    to your NAMESPACE file.
Flavors: r-oldrel-macos-x86_64, r-oldrel-windows-ix86+x86_64