CRAN Package Check Results for Package RWeather

Last updated on 2014-09-02 15:49:07.

Flavor Version Tinstall Tcheck Ttotal Status Flags
r-devel-linux-x86_64-debian-clang 0.4 0.98 13.17 14.15 NOTE
r-devel-linux-x86_64-debian-gcc 0.4 0.90 13.06 13.96 NOTE
r-devel-linux-x86_64-fedora-clang 0.4 30.84 NOTE
r-devel-linux-x86_64-fedora-gcc 0.4 28.54 NOTE
r-devel-osx-x86_64-clang 0.4 31.68 NOTE
r-devel-windows-ix86+x86_64 0.4 3.00 21.00 24.00 NOTE
r-patched-linux-x86_64 0.4 0.97 13.47 14.44 NOTE
r-patched-solaris-sparc 0.4 176.40 NOTE
r-patched-solaris-x86 0.4 44.20 NOTE
r-release-linux-ix86 0.4 1.43 20.33 21.76 NOTE
r-release-linux-x86_64 0.4 1.02 13.97 14.99 NOTE
r-release-osx-x86_64-mavericks 0.4 NOTE
r-release-osx-x86_64-snowleopard 0.4 OK
r-release-windows-ix86+x86_64 0.4 3.00 30.00 33.00 NOTE
r-oldrel-windows-ix86+x86_64 0.4 5.00 30.00 35.00 NOTE

Check Details

Version: 0.4
Check: dependencies in R code
Result: NOTE
    Package in Depends field not imported from: ‘XML’
     These packages need to be imported from (in the NAMESPACE file)
     for when this namespace is loaded but not attached.
    See the information on DESCRIPTION files in the chapter ‘Creating R
    packages’ of the ‘Writing R Extensions’ manual.
Flavors: r-devel-linux-x86_64-debian-clang, r-devel-linux-x86_64-debian-gcc, r-devel-linux-x86_64-fedora-clang, r-devel-linux-x86_64-fedora-gcc, r-devel-osx-x86_64-clang, r-devel-windows-ix86+x86_64, r-patched-linux-x86_64, r-patched-solaris-sparc, r-patched-solaris-x86, r-release-linux-ix86, r-release-linux-x86_64, r-release-osx-x86_64-mavericks, r-release-windows-ix86+x86_64, r-oldrel-windows-ix86+x86_64

Version: 0.4
Check: R code for possible problems
Result: NOTE
    getWeatherFromNOAA: no visible global function definition for
     ‘xmlTreeParse’
    getWeatherFromNOAA: no visible global function definition for
     ‘xpathSApply’
    getWeatherFromNOAA: no visible binding for global variable ‘xmlValue’
    getWeatherFromYahoo: no visible global function definition for
     ‘xmlTreeParse’
    getWeatherFromYahoo: no visible global function definition for
     ‘xpathSApply’
    getWeatherFromYahoo: no visible binding for global variable
     ‘xmlGetAttr’
Flavors: r-devel-linux-x86_64-debian-clang, r-devel-linux-x86_64-debian-gcc, r-devel-linux-x86_64-fedora-clang, r-devel-linux-x86_64-fedora-gcc, r-devel-osx-x86_64-clang, r-devel-windows-ix86+x86_64