CRAN Package Check Results for Package RWeather

Last updated on 2014-07-24 03:48:55.

Flavor Version Tinstall Tcheck Ttotal Status Flags
r-devel-linux-x86_64-debian-clang 0.4 0.98 13.33 14.31 NOTE
r-devel-linux-x86_64-debian-gcc 0.4 0.98 13.49 14.47 NOTE
r-devel-linux-x86_64-fedora-clang 0.4 32.87 NOTE
r-devel-linux-x86_64-fedora-gcc 0.4 30.46 NOTE
r-devel-osx-x86_64-clang 0.4 33.29 NOTE
r-devel-windows-ix86+x86_64 0.4 4.00 21.00 25.00 NOTE
r-patched-linux-x86_64 0.4 0.96 13.34 14.30 NOTE
r-patched-solaris-sparc 0.4 175.80 NOTE
r-patched-solaris-x86 0.4 44.40 NOTE
r-release-linux-ix86 0.4 1.34 20.22 21.56 NOTE
r-release-linux-x86_64 0.4 1.05 13.58 14.62 NOTE
r-release-osx-x86_64-mavericks 0.4 NOTE
r-release-osx-x86_64-snowleopard 0.4 OK
r-release-windows-ix86+x86_64 0.4 4.00 20.00 24.00 NOTE
r-oldrel-windows-ix86+x86_64 0.4 4.00 24.00 28.00 NOTE

Check Details

Version: 0.4
Check: dependencies in R code
Result: NOTE
    Package in Depends field not imported from: ‘XML’
     These packages need to be imported from (in the NAMESPACE file)
     for when this namespace is loaded but not attached.
    See the information on DESCRIPTION files in the chapter ‘Creating R
    packages’ of the ‘Writing R Extensions’ manual.
Flavors: r-devel-linux-x86_64-debian-clang, r-devel-linux-x86_64-debian-gcc, r-devel-linux-x86_64-fedora-clang, r-devel-linux-x86_64-fedora-gcc, r-devel-osx-x86_64-clang, r-devel-windows-ix86+x86_64, r-patched-linux-x86_64, r-patched-solaris-sparc, r-patched-solaris-x86, r-release-linux-ix86, r-release-linux-x86_64, r-release-osx-x86_64-mavericks, r-release-windows-ix86+x86_64, r-oldrel-windows-ix86+x86_64