CRAN Package Check Results for Package RWeather

Last updated on 2014-04-24 19:54:07.

Flavor Version Tinstall Tcheck Ttotal Status Flags
r-devel-linux-x86_64-debian-clang 0.4 1.06 14.16 15.22 NOTE
r-devel-linux-x86_64-debian-gcc 0.4 1.12 13.88 15.00 NOTE
r-devel-linux-x86_64-fedora-clang 0.4 31.94 NOTE
r-devel-linux-x86_64-fedora-gcc 0.4 30.77 NOTE
r-devel-osx-x86_64-clang 0.4 35.15 NOTE
r-devel-osx-x86_64-gcc 0.4 ERROR
r-devel-windows-ix86+x86_64 0.4 3.00 22.00 25.00 NOTE
r-patched-linux-x86_64 0.4 1.12 13.92 15.04 NOTE
r-patched-solaris-sparc 0.4 175.80 NOTE
r-patched-solaris-x86 0.4 45.00 NOTE
r-release-linux-ix86 0.4 2.00 28.00 30.00 NOTE
r-release-linux-x86_64 0.4 1.09 14.25 15.34 NOTE
r-release-osx-x86_64-mavericks 0.4 WARN
r-release-osx-x86_64-snowleopard 0.4 OK
r-release-windows-ix86+x86_64 0.4 6.00 30.00 36.00 NOTE
r-oldrel-windows-ix86+x86_64 0.4 4.00 24.00 28.00 NOTE

Check Details

Version: 0.4
Check: dependencies in R code
Result: NOTE
    Package in Depends field not imported from: ‘XML’
     These packages need to be imported from (in the NAMESPACE file)
     for when this namespace is loaded but not attached.
    See the information on DESCRIPTION files in the chapter ‘Creating R
    packages’ of the ‘Writing R Extensions’ manual.
Flavors: r-devel-linux-x86_64-debian-clang, r-devel-linux-x86_64-debian-gcc, r-devel-linux-x86_64-fedora-clang, r-devel-linux-x86_64-fedora-gcc, r-devel-osx-x86_64-clang, r-devel-windows-ix86+x86_64, r-patched-linux-x86_64, r-patched-solaris-sparc, r-patched-solaris-x86, r-release-linux-ix86, r-release-linux-x86_64, r-release-osx-x86_64-mavericks, r-release-windows-ix86+x86_64, r-oldrel-windows-ix86+x86_64

Version: 0.4
Check: package dependencies
Result: ERROR
    Package required but not available: ‘XML’
    
    See the information on DESCRIPTION files in the chapter ‘Creating R
    packages’ of the ‘Writing R Extensions’ manual.
Flavor: r-devel-osx-x86_64-gcc

Version: 0.4
Check: PDF version of manual
Result: WARNING
    LaTeX errors when creating PDF version.
    This typically indicates Rd problems.
    LaTeX errors found:
    ! LaTeX Error: File `upquote.sty' not found.
    
    Type X to quit or <RETURN> to proceed,
    or enter new name. (Default extension: sty)
    
    1c7a5a/Rd2.tex:8: ==> Fatal error occurred, no output PDF file produced!
Flavor: r-release-osx-x86_64-mavericks