CRAN Package Check Results for Package RWeather

Last updated on 2015-09-01 03:49:12.

Flavor Version Tinstall Tcheck Ttotal Status Flags
r-devel-linux-x86_64-debian-clang 0.4 0.74 11.34 12.08 NOTE
r-devel-linux-x86_64-debian-gcc 0.4 0.79 11.60 12.39 NOTE
r-devel-linux-x86_64-fedora-clang 0.4 23.57 NOTE
r-devel-linux-x86_64-fedora-gcc 0.4 21.85 NOTE
r-devel-osx-x86_64-clang 0.4 23.16 NOTE
r-devel-windows-ix86+x86_64 0.4 3.00 24.00 27.00 NOTE
r-patched-linux-x86_64 0.4 0.81 11.84 12.66 NOTE
r-patched-solaris-sparc 0.4 161.90 NOTE
r-patched-solaris-x86 0.4 37.20 NOTE
r-release-linux-x86_64 0.4 0.82 11.77 12.60 NOTE
r-release-osx-x86_64-mavericks 0.4 NOTE
r-release-windows-ix86+x86_64 0.4 3.00 29.00 32.00 NOTE
r-oldrel-windows-ix86+x86_64 0.4 5.00 23.00 28.00 NOTE

Check Details

Version: 0.4
Check: DESCRIPTION meta-information
Result: NOTE
    Malformed Description field: should contain one or more complete sentences.
Flavors: r-devel-linux-x86_64-debian-clang, r-devel-linux-x86_64-debian-gcc, r-devel-linux-x86_64-fedora-clang, r-devel-linux-x86_64-fedora-gcc, r-devel-osx-x86_64-clang, r-devel-windows-ix86+x86_64, r-patched-linux-x86_64, r-patched-solaris-sparc, r-patched-solaris-x86, r-release-linux-x86_64, r-release-osx-x86_64-mavericks, r-release-windows-ix86+x86_64

Version: 0.4
Check: dependencies in R code
Result: NOTE
    Package in Depends field not imported from: ‘XML’
     These packages need to be imported from (in the NAMESPACE file)
     for when this namespace is loaded but not attached.
Flavors: r-devel-linux-x86_64-debian-clang, r-devel-linux-x86_64-debian-gcc, r-devel-linux-x86_64-fedora-clang, r-devel-linux-x86_64-fedora-gcc, r-devel-osx-x86_64-clang, r-devel-windows-ix86+x86_64, r-patched-linux-x86_64, r-patched-solaris-sparc, r-patched-solaris-x86, r-release-linux-x86_64, r-release-osx-x86_64-mavericks, r-release-windows-ix86+x86_64, r-oldrel-windows-ix86+x86_64

Version: 0.4
Check: R code for possible problems
Result: NOTE
    getWeatherFromNOAA: no visible global function definition for
     ‘URLencode’
    getWeatherFromNOAA: no visible global function definition for
     ‘xmlTreeParse’
    getWeatherFromNOAA: no visible global function definition for
     ‘xpathSApply’
    getWeatherFromNOAA: no visible binding for global variable ‘xmlValue’
    getWeatherFromYahoo: no visible global function definition for
     ‘URLencode’
    getWeatherFromYahoo: no visible global function definition for
     ‘xmlTreeParse’
    getWeatherFromYahoo: no visible global function definition for
     ‘xpathSApply’
    getWeatherFromYahoo: no visible binding for global variable
     ‘xmlGetAttr’
    Undefined global functions or variables:
     URLencode xmlGetAttr xmlTreeParse xmlValue xpathSApply
    Consider adding
     importFrom("utils", "URLencode")
    to your NAMESPACE.
Flavors: r-devel-linux-x86_64-debian-clang, r-devel-linux-x86_64-debian-gcc, r-devel-linux-x86_64-fedora-clang, r-devel-linux-x86_64-fedora-gcc, r-devel-windows-ix86+x86_64

Version: 0.4
Check: R code for possible problems
Result: NOTE
    getWeatherFromNOAA: no visible global function definition for
     ‘xmlTreeParse’
    getWeatherFromNOAA: no visible global function definition for
     ‘xpathSApply’
    getWeatherFromNOAA: no visible binding for global variable ‘xmlValue’
    getWeatherFromYahoo: no visible global function definition for
     ‘xmlTreeParse’
    getWeatherFromYahoo: no visible global function definition for
     ‘xpathSApply’
    getWeatherFromYahoo: no visible binding for global variable
     ‘xmlGetAttr’
    Undefined global functions or variables:
     xmlGetAttr xmlTreeParse xmlValue xpathSApply
Flavor: r-devel-osx-x86_64-clang

Version: 0.4
Check: R code for possible problems
Result: NOTE
    getWeatherFromNOAA: no visible global function definition for
     ‘xmlTreeParse’
    getWeatherFromNOAA: no visible global function definition for
     ‘xpathSApply’
    getWeatherFromNOAA: no visible binding for global variable ‘xmlValue’
    getWeatherFromYahoo: no visible global function definition for
     ‘xmlTreeParse’
    getWeatherFromYahoo: no visible global function definition for
     ‘xpathSApply’
    getWeatherFromYahoo: no visible binding for global variable
     ‘xmlGetAttr’
Flavors: r-patched-linux-x86_64, r-patched-solaris-sparc, r-patched-solaris-x86, r-release-linux-x86_64, r-release-osx-x86_64-mavericks, r-release-windows-ix86+x86_64, r-oldrel-windows-ix86+x86_64