CRAN Package Check Results for Package RWeather

Last updated on 2015-03-03 17:47:55.

Flavor Version Tinstall Tcheck Ttotal Status Flags
r-devel-linux-x86_64-debian-clang 0.4 0.94 12.07 13.01 NOTE
r-devel-linux-x86_64-debian-gcc 0.4 0.81 11.66 12.47 NOTE
r-devel-linux-x86_64-fedora-clang 0.4 25.38 NOTE
r-devel-linux-x86_64-fedora-gcc 0.4 23.54 NOTE
r-devel-osx-x86_64-clang 0.4 27.81 NOTE
r-devel-windows-ix86+x86_64 0.4 3.00 21.00 24.00 NOTE
r-patched-linux-x86_64 0.4 0.99 14.08 15.07 NOTE
r-patched-solaris-sparc 0.4 190.00 NOTE
r-patched-solaris-x86 0.4 44.10 NOTE
r-release-linux-ix86 0.4 1.30 19.65 20.96 NOTE
r-release-linux-x86_64 0.4 1.00 13.96 14.95 NOTE
r-release-osx-x86_64-mavericks 0.4 NOTE
r-release-osx-x86_64-snowleopard 0.4 OK
r-release-windows-ix86+x86_64 0.4 3.00 23.00 26.00 NOTE
r-oldrel-windows-ix86+x86_64 0.4 4.00 25.00 29.00 NOTE

Check Details

Version: 0.4
Check: DESCRIPTION meta-information
Result: NOTE
    Malformed Description field: should contain one or more complete sentences.
Flavors: r-devel-linux-x86_64-debian-clang, r-devel-linux-x86_64-debian-gcc, r-devel-linux-x86_64-fedora-clang, r-devel-linux-x86_64-fedora-gcc, r-devel-osx-x86_64-clang, r-devel-windows-ix86+x86_64

Version: 0.4
Check: dependencies in R code
Result: NOTE
    Package in Depends field not imported from: ‘XML’
     These packages need to be imported from (in the NAMESPACE file)
     for when this namespace is loaded but not attached.
Flavors: r-devel-linux-x86_64-debian-clang, r-devel-linux-x86_64-debian-gcc, r-devel-linux-x86_64-fedora-clang, r-devel-linux-x86_64-fedora-gcc, r-devel-osx-x86_64-clang, r-devel-windows-ix86+x86_64, r-patched-linux-x86_64, r-patched-solaris-sparc, r-patched-solaris-x86

Version: 0.4
Check: R code for possible problems
Result: NOTE
    getWeatherFromNOAA: no visible global function definition for
     ‘xmlTreeParse’
    getWeatherFromNOAA: no visible global function definition for
     ‘xpathSApply’
    getWeatherFromNOAA: no visible binding for global variable ‘xmlValue’
    getWeatherFromYahoo: no visible global function definition for
     ‘xmlTreeParse’
    getWeatherFromYahoo: no visible global function definition for
     ‘xpathSApply’
    getWeatherFromYahoo: no visible binding for global variable
     ‘xmlGetAttr’
Flavors: r-devel-linux-x86_64-debian-clang, r-devel-linux-x86_64-debian-gcc, r-devel-linux-x86_64-fedora-clang, r-devel-linux-x86_64-fedora-gcc, r-devel-osx-x86_64-clang, r-devel-windows-ix86+x86_64, r-patched-linux-x86_64, r-patched-solaris-sparc, r-patched-solaris-x86, r-release-linux-ix86, r-release-linux-x86_64, r-release-osx-x86_64-mavericks, r-release-windows-ix86+x86_64

Version: 0.4
Check: dependencies in R code
Result: NOTE
    Package in Depends field not imported from: ‘XML’
     These packages need to be imported from (in the NAMESPACE file)
     for when this namespace is loaded but not attached.
    See the information on DESCRIPTION files in the chapter ‘Creating R
    packages’ of the ‘Writing R Extensions’ manual.
Flavors: r-release-linux-ix86, r-release-linux-x86_64, r-release-osx-x86_64-mavericks, r-release-windows-ix86+x86_64, r-oldrel-windows-ix86+x86_64