CRAN Package Check Results for Package RWeka

Last updated on 2014-04-24 23:48:12.

Flavor Version Tinstall Tcheck Ttotal Status Flags
r-devel-linux-x86_64-debian-clang 0.4-22 2.57 38.27 40.84 OK
r-devel-linux-x86_64-debian-gcc 0.4-22 2.50 38.10 40.60 OK
r-devel-linux-x86_64-fedora-clang 0.4-22 87.84 OK
r-devel-linux-x86_64-fedora-gcc 0.4-22 84.42 OK
r-devel-osx-x86_64-clang 0.4-22 78.16 OK
r-devel-osx-x86_64-gcc 0.4-22 NOTE
r-devel-windows-ix86+x86_64 0.4-22 7.00 56.00 63.00 OK
r-patched-linux-x86_64 0.4-22 2.50 37.99 40.49 OK
r-patched-solaris-sparc 0.4-22 420.60 OK
r-patched-solaris-x86 0.4-22 107.10 OK
r-release-linux-ix86 0.4-22 4.00 64.00 68.00 OK
r-release-linux-x86_64 0.4-22 2.52 39.06 41.58 OK
r-release-osx-x86_64-mavericks 0.4-22 WARN
r-release-osx-x86_64-snowleopard 0.4-22 OK
r-release-windows-ix86+x86_64 0.4-22 7.00 61.00 68.00 OK
r-oldrel-windows-ix86+x86_64 0.4-22 5.00 52.00 57.00 OK

Check Details

Version: 0.4-22
Check: package dependencies
Result: NOTE
    Package suggested but not available for checking: ‘partykit’
Flavors: r-devel-osx-x86_64-gcc, r-release-osx-x86_64-mavericks

Version: 0.4-22
Check: Rd cross-references
Result: NOTE
    Package unavailable to check Rd xrefs: ‘partykit’
Flavors: r-devel-osx-x86_64-gcc, r-release-osx-x86_64-mavericks

Version: 0.4-22
Check: re-building of vignette outputs
Result: NOTE
    Error in re-building vignettes:
     ...
    Loading required package: RWeka
    Error in texi2dvi(file = file, pdf = TRUE, clean = clean, quiet = quiet, :
     Running 'texi2dvi' on 'RWeka.tex' failed.
    LaTeX errors:
    ! LaTeX Error: File `a4wide.sty' not found.
    
    Type X to quit or <RETURN> to proceed,
    or enter new name. (Default extension: sty)
    
    est/RWeka/vignettes/RWeka.tex:5: ==> Fatal error occurred, no output PDF file
    produced!
    Calls: buildVignettes -> texi2pdf -> texi2dvi
    Execution halted
Flavor: r-release-osx-x86_64-mavericks

Version: 0.4-22
Check: PDF version of manual
Result: WARNING
    LaTeX errors when creating PDF version.
    This typically indicates Rd problems.
    LaTeX errors found:
    ! LaTeX Error: File `upquote.sty' not found.
    
    Type X to quit or <RETURN> to proceed,
    or enter new name. (Default extension: sty)
    
    b0e3c8/Rd2.tex:8: ==> Fatal error occurred, no output PDF file produced!
Flavor: r-release-osx-x86_64-mavericks