CRAN Package Check Results for Package RWeka

Last updated on 2015-05-23 14:47:09.

Flavor Version Tinstall Tcheck Ttotal Status Flags
r-devel-linux-x86_64-debian-clang 0.4-24 1.82 32.29 34.11 OK
r-devel-linux-x86_64-debian-gcc 0.4-24 1.72 30.76 32.48 OK
r-devel-linux-x86_64-fedora-clang 0.4-24 72.11 OK
r-devel-linux-x86_64-fedora-gcc 0.4-24 70.15 OK
r-devel-osx-x86_64-clang 0.4-24 66.75 OK
r-devel-windows-ix86+x86_64 0.4-24 6.00 49.00 55.00 OK
r-patched-linux-x86_64 0.4-24 1.71 31.71 33.42 OK
r-patched-solaris-sparc 0.4-24 307.60 OK --no-examples --no-vignettes
r-patched-solaris-x86 0.4-24 75.70 OK --no-examples --no-vignettes
r-release-linux-x86_64 0.4-24 2.18 30.80 32.98 OK
r-release-osx-x86_64-mavericks 0.4-24 OK
r-release-osx-x86_64-snowleopard 0.4-24 NOTE
r-release-windows-ix86+x86_64 0.4-24 6.00 52.00 58.00 OK
r-oldrel-windows-ix86+x86_64 0.4-24 7.00 56.00 63.00 OK

Check Details

Version: 0.4-24
Check: package dependencies
Result: NOTE
    Package suggested but not available for checking: ‘partykit’
Flavor: r-release-osx-x86_64-snowleopard

Version: 0.4-24
Check: Rd cross-references
Result: NOTE
    Package unavailable to check Rd xrefs: ‘partykit’
Flavor: r-release-osx-x86_64-snowleopard