CRAN Package Check Results for Package RWeka

Last updated on 2016-06-28 21:47:03.

Flavor Version Tinstall Tcheck Ttotal Status Flags
r-devel-linux-x86_64-debian-gcc 0.4-29 1.84 35.37 37.21 OK
r-devel-linux-x86_64-fedora-clang 0.4-29 68.58 OK
r-devel-linux-x86_64-fedora-gcc 0.4-29 64.19 OK
r-devel-osx-x86_64-clang 0.4-29 59.19 OK
r-devel-windows-ix86+x86_64 0.4-29 7.00 64.00 71.00 OK
r-patched-linux-x86_64 0.4-29 2.07 34.04 36.11 OK
r-patched-solaris-sparc 0.4-29 299.30 OK --no-examples --no-vignettes
r-patched-solaris-x86 0.4-29 63.90 OK --no-examples --no-vignettes
r-release-linux-x86_64 0.4-29 1.86 33.22 35.08 OK
r-release-osx-x86_64-mavericks 0.4-29 ERROR
r-release-windows-ix86+x86_64 0.4-29 8.00 85.00 93.00 OK
r-oldrel-windows-ix86+x86_64 0.4-29 8.00 68.00 76.00 OK

Check Details

Version: 0.4-29
Check: whether package can be installed
Result: ERROR
    Installation failed.
Flavor: r-release-osx-x86_64-mavericks