CRAN Package Check Results for Package RWeka

Last updated on 2016-10-01 12:48:03.

Flavor Version Tinstall Tcheck Ttotal Status Flags
r-devel-linux-x86_64-debian-clang 0.4-29 1.82 34.82 36.64 OK
r-devel-linux-x86_64-debian-gcc 0.4-29 1.69 33.87 35.56 OK
r-devel-linux-x86_64-fedora-clang 0.4-29 73.39 OK
r-devel-linux-x86_64-fedora-gcc 0.4-29 65.28 OK
r-devel-macos-x86_64-clang 0.4-29 55.07 OK
r-devel-windows-ix86+x86_64 0.4-29 6.00 82.00 88.00 OK
r-patched-linux-x86_64 0.4-29 1.82 32.73 34.54 OK
r-patched-solaris-sparc 0.4-29 299.30 OK --no-examples --no-vignettes
r-patched-solaris-x86 0.4-29 62.00 OK --no-examples --no-vignettes
r-release-linux-x86_64 0.4-29 1.71 32.18 33.89 OK
r-release-osx-x86_64-mavericks 0.4-29 ERROR
r-release-windows-ix86+x86_64 0.4-29 8.00 62.00 70.00 OK
r-oldrel-windows-ix86+x86_64 0.4-29 12.00 91.00 103.00 OK

Check Details

Version: 0.4-29
Check: whether package can be installed
Result: ERROR
    Installation failed.
Flavor: r-release-osx-x86_64-mavericks