CRAN Package Check Results for Package RWeka

Last updated on 2016-07-30 06:47:54.

Flavor Version Tinstall Tcheck Ttotal Status Flags
r-devel-linux-x86_64-debian-clang 0.4-29 1.73 32.70 34.43 OK
r-devel-linux-x86_64-debian-gcc 0.4-29 1.88 31.49 33.37 OK
r-devel-linux-x86_64-fedora-clang 0.4-29 67.61 OK
r-devel-linux-x86_64-fedora-gcc 0.4-29 64.79 OK
r-devel-osx-x86_64-clang 0.4-29 59.43 OK
r-devel-windows-ix86+x86_64 0.4-29 8.00 69.00 77.00 OK
r-patched-linux-x86_64 0.4-29 1.98 35.56 37.54 OK
r-patched-solaris-sparc 0.4-29 299.30 OK --no-examples --no-vignettes
r-patched-solaris-x86 0.4-29 61.40 OK --no-examples --no-vignettes
r-release-linux-x86_64 0.4-29 2.46 38.59 41.05 OK
r-release-osx-x86_64-mavericks 0.4-29 ERROR
r-release-windows-ix86+x86_64 0.4-29 10.00 83.00 93.00 OK
r-oldrel-windows-ix86+x86_64 0.4-29 10.00 101.00 111.00 OK

Check Details

Version: 0.4-29
Check: whether package can be installed
Result: ERROR
    Installation failed.
Flavor: r-release-osx-x86_64-mavericks