CRAN Package Check Results for Package RWeka

Last updated on 2017-11-21 06:48:10 CET.

Flavor Version Tinstall Tcheck Ttotal Status Flags
r-devel-linux-x86_64-debian-clang 0.4-36 2.63 46.45 49.08 OK
r-devel-linux-x86_64-debian-gcc 0.4-36 2.69 45.37 48.06 OK
r-devel-linux-x86_64-fedora-clang 0.4-36 119.79 OK
r-devel-linux-x86_64-fedora-gcc 0.4-36 165.21 OK
r-devel-windows-ix86+x86_64 0.4-36 15.00 93.00 108.00 OK
r-patched-linux-x86_64 0.4-36 3.10 50.03 53.13 OK
r-patched-solaris-x86 0.4-36 121.70 OK
r-release-linux-x86_64 0.4-36 2.77 49.70 52.47 OK
r-release-windows-ix86+x86_64 0.4-36 10.00 99.00 109.00 OK
r-release-osx-x86_64 0.4-36 OK
r-oldrel-windows-ix86+x86_64 0.4-36 7.00 89.00 96.00 OK
r-oldrel-osx-x86_64 0.4-36 ERROR

Check Details

Version: 0.4-36
Check: package dependencies
Result: ERROR
    Package required and available but unsuitable version: ‘RWekajars’
    
    See section ‘The DESCRIPTION file’ in the ‘Writing R Extensions’
    manual.
Flavor: r-oldrel-osx-x86_64