CRAN Package Check Results for Package RWeka

Last updated on 2015-04-21 06:47:39.

Flavor Version Tinstall Tcheck Ttotal Status Flags
r-devel-linux-x86_64-debian-clang 0.4-24 1.88 32.29 34.17 OK
r-devel-linux-x86_64-debian-gcc 0.4-24 1.70 30.70 32.40 OK
r-devel-linux-x86_64-fedora-clang 0.4-24 72.23 OK
r-devel-linux-x86_64-fedora-gcc 0.4-24 71.76 OK
r-devel-osx-x86_64-clang 0.4-24 71.76 OK
r-devel-windows-ix86+x86_64 0.4-24 6.00 71.00 77.00 OK
r-patched-linux-x86_64 0.4-24 1.71 32.04 33.75 OK
r-patched-solaris-sparc 0.4-24 314.80 OK --no-examples --no-vignettes
r-patched-solaris-x86 0.4-24 72.40 OK --no-examples --no-vignettes
r-release-linux-x86_64 0.4-24 1.67 31.72 33.39 OK
r-release-osx-x86_64-mavericks 0.4-24 OK
r-release-osx-x86_64-snowleopard 0.4-24 NOTE
r-release-windows-ix86+x86_64 0.4-24 4.00 44.00 48.00 OK
r-oldrel-windows-ix86+x86_64 0.4-24 5.00 55.00 60.00 OK

Check Details

Version: 0.4-24
Check: package dependencies
Result: NOTE
    Package suggested but not available for checking: ‘partykit’
Flavor: r-release-osx-x86_64-snowleopard

Version: 0.4-24
Check: Rd cross-references
Result: NOTE
    Package unavailable to check Rd xrefs: ‘partykit’
Flavor: r-release-osx-x86_64-snowleopard