CRAN Package Check Results for Package RWeka

Last updated on 2017-05-25 10:47:28.

Flavor Version Tinstall Tcheck Ttotal Status Flags
r-devel-linux-x86_64-debian-clang 0.4-34 2.88 49.24 52.12 OK
r-devel-linux-x86_64-debian-gcc 0.4-34 2.76 49.15 51.91 OK
r-devel-linux-x86_64-fedora-clang 0.4-34 128.29 OK --no-stop-on-test-error
r-devel-linux-x86_64-fedora-gcc 0.4-34 127.50 OK --no-stop-on-test-error
r-devel-windows-ix86+x86_64 0.4-34 9.00 121.00 130.00 OK
r-patched-linux-x86_64 0.4-34 2.57 49.87 52.44 OK
r-patched-solaris-sparc 0.4-34 415.40 OK --no-examples --no-vignettes
r-patched-solaris-x86 0.4-34 92.20 OK --no-examples --no-vignettes
r-release-linux-x86_64 0.4-34 2.84 48.44 51.27 OK
r-release-windows-ix86+x86_64 0.4-34 12.00 144.00 156.00 OK
r-release-osx-x86_64 0.4-34 NOTE
r-oldrel-windows-ix86+x86_64 0.4-34 10.00 111.00 121.00 OK
r-oldrel-osx-x86_64 0.4-34 ERROR

Check Details

Version: 0.4-34
Check: re-building of vignette outputs
Result: NOTE
    Error in re-building vignettes:
     ...
    Loading required package: RWeka
    Error in texi2dvi(file = file, pdf = TRUE, clean = clean, quiet = quiet, :
     Running 'texi2dvi' on 'RWeka.tex' failed.
    LaTeX errors:
    ! LaTeX Error: File `a4wide.sty' not found.
    
    Type X to quit or <RETURN> to proceed,
    or enter new name. (Default extension: sty)
    
    ! Emergency stop.
    <read *>
    
    l.5 ^^M
    
    ! ==> Fatal error occurred, no output PDF file produced!
    Calls: buildVignettes -> texi2pdf -> texi2dvi
    Execution halted
Flavor: r-release-osx-x86_64

Version: 0.4-34
Check: whether package can be installed
Result: ERROR
    Installation failed.
Flavor: r-oldrel-osx-x86_64