CRAN Package Check Results for Package RWeka

Last updated on 2017-09-22 10:47:48.

Flavor Version Tinstall Tcheck Ttotal Status Flags
r-devel-linux-x86_64-debian-clang 0.4-34 2.62 48.58 51.19 OK
r-devel-linux-x86_64-debian-gcc 0.4-34 2.58 48.53 51.11 OK
r-devel-linux-x86_64-fedora-clang 0.4-34 128.67 OK
r-devel-linux-x86_64-fedora-gcc 0.4-34 131.04 OK
r-devel-windows-ix86+x86_64 0.4-34 8.00 97.00 105.00 OK
r-patched-linux-x86_64 0.4-34 2.68 48.32 51.00 OK
r-patched-solaris-x86 0.4-34 118.60 OK
r-release-linux-x86_64 0.4-34 2.60 49.12 51.71 OK
r-release-windows-ix86+x86_64 0.4-34 9.00 99.00 108.00 OK
r-release-osx-x86_64 0.4-34 NOTE
r-oldrel-windows-ix86+x86_64 0.4-34 7.00 89.00 96.00 OK
r-oldrel-osx-x86_64 0.4-34 ERROR

Check Details

Version: 0.4-34
Check: re-building of vignette outputs
Result: NOTE
    Error in re-building vignettes:
     ...
    Loading required package: RWeka
    Error in texi2dvi(file = file, pdf = TRUE, clean = clean, quiet = quiet, :
     Running 'texi2dvi' on 'RWeka.tex' failed.
    LaTeX errors:
    ! LaTeX Error: File `a4wide.sty' not found.
    
    Type X to quit or <RETURN> to proceed,
    or enter new name. (Default extension: sty)
    
    ! Emergency stop.
    <read *>
    
    l.5 ^^M
    
    ! ==> Fatal error occurred, no output PDF file produced!
    Calls: buildVignettes -> texi2pdf -> texi2dvi
    Execution halted
Flavor: r-release-osx-x86_64

Version: 0.4-34
Check: whether package can be installed
Result: ERROR
    Installation failed.
Flavor: r-oldrel-osx-x86_64