CRAN Package Check Results for Package RWeka

Last updated on 2014-09-02 10:51:58.

Flavor Version Tinstall Tcheck Ttotal Status Flags
r-devel-linux-x86_64-debian-clang 0.4-23 2.35 35.80 38.15 OK
r-devel-linux-x86_64-debian-gcc 0.4-23 2.23 35.12 37.35 OK
r-devel-linux-x86_64-fedora-clang 0.4-23 93.38 OK
r-devel-linux-x86_64-fedora-gcc 0.4-23 81.38 OK
r-devel-osx-x86_64-clang 0.4-23 73.81 OK
r-devel-windows-ix86+x86_64 0.4-23 6.00 57.00 63.00 OK
r-patched-linux-x86_64 0.4-23 2.34 36.58 38.92 OK
r-patched-solaris-sparc 0.4-23 362.70 OK --no-examples --no-vignettes
r-patched-solaris-x86 0.4-23 87.20 OK --no-examples --no-vignettes
r-release-linux-ix86 0.4-23 3.08 46.71 49.78 OK
r-release-linux-x86_64 0.4-23 2.34 37.53 39.87 OK
r-release-osx-x86_64-mavericks 0.4-23 NOTE
r-release-osx-x86_64-snowleopard 0.4-23 OK
r-release-windows-ix86+x86_64 0.4-23 7.00 58.00 65.00 OK
r-oldrel-windows-ix86+x86_64 0.4-23 9.00 53.00 62.00 OK

Check Details

Version: 0.4-23
Check: re-building of vignette outputs
Result: NOTE
    Error in re-building vignettes:
     ...
    Loading required package: RWeka
    Error in texi2dvi(file = file, pdf = TRUE, clean = clean, quiet = quiet, :
     Running 'texi2dvi' on 'RWeka.tex' failed.
    LaTeX errors:
    ! LaTeX Error: File `a4wide.sty' not found.
    
    Type X to quit or <RETURN> to proceed,
    or enter new name. (Default extension: sty)
    
    est/RWeka/vignettes/RWeka.tex:5: ==> Fatal error occurred, no output PDF file
    produced!
    Calls: buildVignettes -> texi2pdf -> texi2dvi
    Execution halted
Flavor: r-release-osx-x86_64-mavericks