CRAN Package Check Results for Package RWeka

Last updated on 2017-04-26 03:48:35.

Flavor Version Tinstall Tcheck Ttotal Status Flags
r-devel-linux-x86_64-debian-clang 0.4-33 2.61 46.49 49.11 OK
r-devel-linux-x86_64-debian-gcc 0.4-33 2.76 48.19 50.95 OK
r-devel-linux-x86_64-fedora-clang 0.4-33 129.88 OK --no-stop-on-test-error
r-devel-linux-x86_64-fedora-gcc 0.4-33 126.52 OK --no-stop-on-test-error
r-devel-windows-ix86+x86_64 0.4-33 10.00 102.00 112.00 OK
r-patched-linux-x86_64 0.4-33 2.78 49.88 52.66 OK
r-patched-solaris-sparc 0.4-33 429.60 OK --no-examples --no-vignettes
r-patched-solaris-x86 0.4-33 92.00 OK --no-examples --no-vignettes
r-release-linux-x86_64 0.4-33 2.98 48.17 51.15 OK
r-release-windows-ix86+x86_64 0.4-33 8.00 93.00 101.00 OK
r-release-osx-x86_64 0.4-33 NOTE
r-oldrel-windows-ix86+x86_64 0.4-33 8.00 77.00 85.00 OK
r-oldrel-osx-x86_64 0.4-33 ERROR

Check Details

Version: 0.4-33
Check: re-building of vignette outputs
Result: NOTE
    Error in re-building vignettes:
     ...
    Loading required package: RWeka
    Error in texi2dvi(file = file, pdf = TRUE, clean = clean, quiet = quiet, :
     Running 'texi2dvi' on 'RWeka.tex' failed.
    LaTeX errors:
    ! LaTeX Error: File `a4wide.sty' not found.
    
    Type X to quit or <RETURN> to proceed,
    or enter new name. (Default extension: sty)
    
    ! Emergency stop.
    <read *>
    
    l.5 ^^M
    
    ! ==> Fatal error occurred, no output PDF file produced!
    Calls: buildVignettes -> texi2pdf -> texi2dvi
    Execution halted
Flavor: r-release-osx-x86_64

Version: 0.4-33
Check: whether package can be installed
Result: ERROR
    Installation failed.
Flavor: r-oldrel-osx-x86_64