CRAN Package Check Results for Package RWeka

Last updated on 2017-03-25 17:49:55.

Flavor Version Tinstall Tcheck Ttotal Status Flags
r-devel-linux-x86_64-debian-clang 0.4-32 1.97 38.63 40.60 OK
r-devel-linux-x86_64-debian-gcc 0.4-32 2.00 38.62 40.62 OK
r-devel-linux-x86_64-fedora-clang 0.4-32 84.15 OK --no-stop-on-test-error
r-devel-linux-x86_64-fedora-gcc 0.4-32 82.39 OK --no-stop-on-test-error
r-devel-macos-x86_64-clang 0.4-32 67.79 OK --no-stop-on-test-error
r-patched-linux-x86_64 0.4-32 2.11 37.39 39.50 OK
r-patched-solaris-sparc 0.4-32 335.00 OK --no-examples --no-vignettes
r-patched-solaris-x86 0.4-32 72.10 OK --no-examples --no-vignettes
r-release-linux-x86_64 0.4-32 1.81 33.31 35.12 OK
r-release-osx-x86_64-mavericks 0.4-32 ERROR
r-release-windows-ix86+x86_64 0.4-32 9.00 70.00 79.00 OK
r-oldrel-windows-ix86+x86_64 0.4-32 10.00 92.00 102.00 OK

Check Details

Version: 0.4-32
Check: whether package can be installed
Result: ERROR
    Installation failed.
Flavor: r-release-osx-x86_64-mavericks