CRAN Package Check Results for Package RWeka

Last updated on 2016-12-07 12:54:09.

Flavor Version Tinstall Tcheck Ttotal Status Flags
r-devel-linux-x86_64-debian-clang 0.4-29 2.19 36.82 39.01 OK
r-devel-linux-x86_64-debian-gcc 0.4-29 2.22 36.54 38.75 OK
r-devel-linux-x86_64-fedora-clang 0.4-29 85.13 OK --no-stop-on-test-error
r-devel-linux-x86_64-fedora-gcc 0.4-29 81.20 OK --no-stop-on-test-error
r-devel-macos-x86_64-clang 0.4-29 64.85 OK --no-stop-on-test-error
r-devel-windows-ix86+x86_64 0.4-29 10.00 92.00 102.00 OK
r-patched-linux-x86_64 0.4-29 1.81 31.55 33.36 OK
r-patched-solaris-sparc 0.4-29 299.30 OK --no-examples --no-vignettes
r-patched-solaris-x86 0.4-29 61.70 OK --no-examples --no-vignettes
r-release-linux-x86_64 0.4-29 1.76 31.44 33.20 OK
r-release-osx-x86_64-mavericks 0.4-29 ERROR
r-release-windows-ix86+x86_64 0.4-29 5.00 64.00 69.00 OK
r-oldrel-windows-ix86+x86_64 0.4-29 7.00 69.00 76.00 OK

Check Details

Version: 0.4-29
Check: whether package can be installed
Result: ERROR
    Installation failed.
Flavor: r-release-osx-x86_64-mavericks