CRAN Package Check Results for Package RWeka

Last updated on 2017-01-17 15:48:35.

Flavor Version Tinstall Tcheck Ttotal Status Flags
r-devel-linux-x86_64-debian-clang 0.4-30 2.32 37.63 39.95 OK
r-devel-linux-x86_64-debian-gcc 0.4-29 2.04 36.85 38.90 OK
r-devel-linux-x86_64-fedora-clang 0.4-30 82.94 OK --no-stop-on-test-error
r-devel-linux-x86_64-fedora-gcc 0.4-30 84.27 OK --no-stop-on-test-error
r-devel-macos-x86_64-clang 0.4-30 36.23 OK --no-stop-on-test-error
r-devel-windows-ix86+x86_64 0.4-30 8.00 99.00 107.00 OK
r-patched-linux-x86_64 0.4-30 1.81 32.85 34.66 OK
r-patched-solaris-sparc 0.4-30 282.40 OK --no-examples --no-vignettes
r-patched-solaris-x86 0.4-30 55.20 OK --no-examples --no-vignettes
r-release-linux-x86_64 0.4-30 1.94 32.42 34.36 OK
r-release-osx-x86_64-mavericks 0.4-30 ERROR
r-release-windows-ix86+x86_64 0.4-30 8.00 97.00 105.00 OK
r-oldrel-windows-ix86+x86_64 0.4-30 6.00 72.00 78.00 OK

Check Details

Version: 0.4-30
Check: whether package can be installed
Result: ERROR
    Installation failed.
Flavor: r-release-osx-x86_64-mavericks