CRAN Package Check Results for Package RWeka

Last updated on 2016-08-28 21:50:08.

Flavor Version Tinstall Tcheck Ttotal Status Flags
r-devel-linux-x86_64-debian-clang 0.4-29 1.88 32.80 34.68 OK
r-devel-linux-x86_64-debian-gcc 0.4-29 1.78 31.90 33.69 OK
r-devel-linux-x86_64-fedora-clang 0.4-29 68.38 OK
r-devel-linux-x86_64-fedora-gcc 0.4-29 66.56 OK
r-devel-osx-x86_64-clang 0.4-29 58.99 OK
r-devel-windows-ix86+x86_64 0.4-29 8.00 99.00 107.00 OK
r-patched-linux-x86_64 0.4-29 1.70 32.28 33.99 OK
r-patched-solaris-sparc 0.4-29 299.30 OK --no-examples --no-vignettes
r-patched-solaris-x86 0.4-29 62.20 OK --no-examples --no-vignettes
r-release-linux-x86_64 0.4-29 1.90 33.10 35.01 OK
r-release-osx-x86_64-mavericks 0.4-29 ERROR
r-release-windows-ix86+x86_64 0.4-29 13.00 130.00 143.00 OK
r-oldrel-windows-ix86+x86_64 0.4-29 10.00 84.00 94.00 OK

Check Details

Version: 0.4-29
Check: whether package can be installed
Result: ERROR
    Installation failed.
Flavor: r-release-osx-x86_64-mavericks