CRAN Package Check Results for Package RWeka

Last updated on 2017-02-26 23:48:41.

Flavor Version Tinstall Tcheck Ttotal Status Flags
r-devel-linux-x86_64-debian-clang 0.4-31 2.05 38.71 40.75 OK
r-devel-linux-x86_64-debian-gcc 0.4-31 2.31 40.30 42.61 OK
r-devel-linux-x86_64-fedora-clang 0.4-31 82.45 OK --no-stop-on-test-error
r-devel-linux-x86_64-fedora-gcc 0.4-31 81.18 OK --no-stop-on-test-error
r-devel-macos-x86_64-clang 0.4-31 69.30 OK --no-stop-on-test-error
r-devel-windows-ix86+x86_64 0.4-31 6.00 100.00 106.00 OK
r-patched-linux-x86_64 0.4-31 1.83 33.71 35.54 OK
r-patched-solaris-sparc 0.4-31 289.00 OK --no-examples --no-vignettes
r-patched-solaris-x86 0.4-31 61.40 OK --no-examples --no-vignettes
r-release-linux-x86_64 0.4-31 1.85 32.60 34.44 OK
r-release-osx-x86_64-mavericks 0.4-31 ERROR
r-release-windows-ix86+x86_64 0.4-31 10.00 105.00 115.00 OK
r-oldrel-windows-ix86+x86_64 0.4-31 10.00 96.00 106.00 OK

Check Details

Version: 0.4-31
Check: whether package can be installed
Result: ERROR
    Installation failed.
Flavor: r-release-osx-x86_64-mavericks