CRAN Package Check Results for Package RWeka

Last updated on 2018-02-24 17:48:34 CET.

Flavor Version Tinstall Tcheck Ttotal Status Flags
r-devel-linux-x86_64-debian-clang 0.4-37 5.87 97.92 103.79 OK
r-devel-linux-x86_64-debian-gcc 0.4-37 5.39 75.14 80.53 OK
r-devel-linux-x86_64-fedora-clang 0.4-37 125.93 OK
r-devel-linux-x86_64-fedora-gcc 0.4-37 124.42 OK
r-devel-windows-ix86+x86_64 0.4-37 14.00 115.00 129.00 OK
r-patched-linux-x86_64 0.4-37 4.59 104.54 109.13 OK
r-release-linux-x86_64 0.4-37 4.57 104.57 109.14 OK
r-release-windows-ix86+x86_64 0.4-37 9.00 120.00 129.00 OK
r-release-osx-x86_64 0.4-37 OK
r-oldrel-windows-ix86+x86_64 0.4-37 7.00 88.00 95.00 OK
r-oldrel-osx-x86_64 0.4-37 ERROR

Check Details

Version: 0.4-37
Check: package dependencies
Result: ERROR
    Package required and available but unsuitable version: ‘RWekajars’
    
    See section ‘The DESCRIPTION file’ in the ‘Writing R Extensions’
    manual.
Flavor: r-oldrel-osx-x86_64