CRAN Package Check Results for Package RWeka

Last updated on 2017-07-26 02:48:14.

Flavor Version Tinstall Tcheck Ttotal Status Flags
r-devel-linux-x86_64-debian-clang 0.4-34 2.61 57.02 59.63 OK
r-devel-linux-x86_64-debian-gcc 0.4-34 2.79 54.90 57.69 OK
r-devel-linux-x86_64-fedora-clang 0.4-34 131.14 OK
r-devel-linux-x86_64-fedora-gcc 0.4-34 133.81 OK
r-devel-windows-ix86+x86_64 0.4-34 12.00 117.00 129.00 OK
r-patched-linux-x86_64 0.4-34 2.76 57.36 60.12 OK
r-patched-solaris-x86 0.4-34 118.50 OK
r-release-linux-x86_64 0.4-34 2.68 56.60 59.28 OK
r-release-windows-ix86+x86_64 0.4-34 8.00 123.00 131.00 OK
r-release-osx-x86_64 0.4-34 NOTE
r-oldrel-windows-ix86+x86_64 0.4-34 8.00 91.00 99.00 OK
r-oldrel-osx-x86_64 0.4-34 ERROR

Check Details

Version: 0.4-34
Check: re-building of vignette outputs
Result: NOTE
    Error in re-building vignettes:
     ...
    Loading required package: RWeka
    Error in texi2dvi(file = file, pdf = TRUE, clean = clean, quiet = quiet, :
     Running 'texi2dvi' on 'RWeka.tex' failed.
    LaTeX errors:
    ! LaTeX Error: File `a4wide.sty' not found.
    
    Type X to quit or <RETURN> to proceed,
    or enter new name. (Default extension: sty)
    
    ! Emergency stop.
    <read *>
    
    l.5 ^^M
    
    ! ==> Fatal error occurred, no output PDF file produced!
    Calls: buildVignettes -> texi2pdf -> texi2dvi
    Execution halted
Flavor: r-release-osx-x86_64

Version: 0.4-34
Check: whether package can be installed
Result: ERROR
    Installation failed.
Flavor: r-oldrel-osx-x86_64