CRAN Package Check Results for Package RWeka

Last updated on 2016-05-29 03:48:33.

Flavor Version Tinstall Tcheck Ttotal Status Flags
r-devel-linux-x86_64-debian-gcc 0.4-27 1.77 34.16 35.93 OK
r-devel-linux-x86_64-fedora-clang 0.4-27 66.42 OK
r-devel-linux-x86_64-fedora-gcc 0.4-27 64.00 OK
r-devel-osx-x86_64-clang 0.4-27 73.64 OK
r-devel-windows-ix86+x86_64 0.4-27 5.00 71.00 76.00 OK
r-patched-linux-x86_64 0.4-27 1.86 33.03 34.89 OK
r-patched-solaris-sparc 0.4-27 309.60 OK --no-examples --no-vignettes
r-patched-solaris-x86 0.4-27 63.80 OK --no-examples --no-vignettes
r-release-linux-x86_64 0.4-27 2.02 31.38 33.40 OK
r-release-osx-x86_64-mavericks 0.4-27 ERROR
r-release-windows-ix86+x86_64 0.4-27 9.00 68.00 77.00 OK
r-oldrel-windows-ix86+x86_64 0.4-27 6.00 69.00 75.00 OK

Check Details

Version: 0.4-27
Check: examples
Result: ERROR
    Running examples in ‘RWeka-Ex.R’ failed
    The error most likely occurred in:
    
    > ### Name: WOW
    > ### Title: Weka Option Wizard
    > ### Aliases: WOW
    > ### Keywords: documentation
    >
    > ### ** Examples
    >
    > ## The name of an "existing" (registered) interface.
    > WOW("J48")
    Error in .jnew(name) :
     java.lang.UnsupportedClassVersionError: weka/classifiers/trees/J48 : Unsupported major.minor version 51.0
    Calls: WOW -> .jnew -> .External
    Execution halted
Flavor: r-release-osx-x86_64-mavericks

Version: 0.4-27
Check: tests
Result: ERROR
    Running the tests in ‘tests/data_exchange.R’ failed.
    Last 13 lines of output:
     4 0.8830174 TRUE C bad
     5 0.9404673 FALSE B good
     6 0.0455565 TRUE C good
     7 0.5281055 FALSE B bad
     8 0.8924190 FALSE B good
     9 0.5514350 FALSE A good
     10 0.4566147 TRUE A good
     >
     > jx <- RWeka:::read_data_into_Weka(x, length(x))
     Error in .jnew("weka/core/Attribute", attname[i]) :
     java.lang.UnsupportedClassVersionError: weka/core/Attribute : Unsupported major.minor version 51.0
     Calls: <Anonymous> -> .jnew -> .External
     Execution halted
Flavor: r-release-osx-x86_64-mavericks

Version: 0.4-27
Check: running R code from vignettes
Result: ERROR
    Errors in running code in vignettes:
    when running code in ‘RWeka.Rnw’
     ...
    
    > require("RWeka")
    Loading required package: RWeka
    
    > m1 <- J48(Species ~ ., data = iris)
    
     When sourcing ‘RWeka.R’:
    Error: java.lang.UnsupportedClassVersionError: weka/core/Attribute : Unsupported major.minor version 51.0
    Execution halted
Flavor: r-release-osx-x86_64-mavericks

Version: 0.4-27
Check: re-building of vignette outputs
Result: NOTE
    Error in re-building vignettes:
     ...
    Loading required package: RWeka
    
    Error: processing vignette 'RWeka.Rnw' failed with diagnostics:
     chunk 6
    Error in .jnew("weka/core/Attribute", attname[i], .jcast(levels, "java/util/List")) :
     java.lang.UnsupportedClassVersionError: weka/core/Attribute : Unsupported major.minor version 51.0
    Execution halted
Flavor: r-release-osx-x86_64-mavericks