CRAN Package Check Results for Package RWekajars

Last updated on 2017-07-20 19:48:19.

Flavor Version Tinstall Tcheck Ttotal Status Flags
r-devel-linux-x86_64-debian-clang 3.9.1-3 1.84 18.47 20.30 OK
r-devel-linux-x86_64-debian-gcc 3.9.1-3 1.77 18.38 20.15 OK
r-devel-linux-x86_64-fedora-clang 3.9.1-3 28.77 NOTE
r-devel-linux-x86_64-fedora-gcc 3.9.1-3 27.97 NOTE
r-devel-windows-ix86+x86_64 3.9.1-3 5.00 30.00 35.00 NOTE
r-patched-linux-x86_64 3.9.1-3 2.00 18.41 20.41 OK
r-patched-solaris-x86 3.9.1-3 37.80 NOTE
r-release-linux-x86_64 3.9.1-3 1.76 18.48 20.24 OK
r-release-windows-ix86+x86_64 3.9.1-3 5.00 28.00 33.00 NOTE
r-release-osx-x86_64 3.9.1-3 NOTE
r-oldrel-windows-ix86+x86_64 3.9.1-3 7.00 43.00 50.00 NOTE
r-oldrel-osx-x86_64 3.9.1-3 NOTE

Check Details

Version: 3.9.1-3
Check: installed package size
Result: NOTE
     installed size is 10.7Mb
     sub-directories of 1Mb or more:
     java 10.6Mb
Flavors: r-devel-linux-x86_64-fedora-clang, r-devel-linux-x86_64-fedora-gcc, r-devel-windows-ix86+x86_64, r-patched-solaris-x86, r-release-windows-ix86+x86_64, r-release-osx-x86_64, r-oldrel-windows-ix86+x86_64, r-oldrel-osx-x86_64