CRAN Package Check Results for Package RWekajars

Last updated on 2018-04-20 19:50:02 CEST.

Flavor Version Tinstall Tcheck Ttotal Status Flags
r-devel-linux-x86_64-debian-clang 3.9.2-1 2.60 24.51 27.11 OK
r-devel-linux-x86_64-debian-gcc 3.9.2-1 2.20 19.24 21.44 OK
r-devel-linux-x86_64-fedora-clang 3.9.2-1 26.80 NOTE
r-devel-linux-x86_64-fedora-gcc 3.9.2-1 25.79 NOTE
r-devel-windows-ix86+x86_64 3.9.2-1 4.00 38.00 42.00 NOTE
r-devel-osx-x86_64 3.9.2-1 NOTE
r-patched-linux-x86_64 3.9.2-1 2.99 23.98 26.97 OK
r-release-linux-x86_64 3.9.2-1 2.85 25.29 28.14 OK
r-release-windows-ix86+x86_64 3.9.2-1 8.00 41.00 49.00 NOTE
r-release-osx-x86_64 3.9.2-1 NOTE
r-oldrel-windows-ix86+x86_64 3.9.2-1 5.00 25.00 30.00 NOTE

Check Details

Version: 3.9.2-1
Check: installed package size
Result: NOTE
     installed size is 10.7Mb
     sub-directories of 1Mb or more:
     java 10.6Mb
Flavors: r-devel-linux-x86_64-fedora-clang, r-devel-linux-x86_64-fedora-gcc, r-devel-windows-ix86+x86_64, r-devel-osx-x86_64, r-release-windows-ix86+x86_64, r-release-osx-x86_64, r-oldrel-windows-ix86+x86_64