CRAN Package Check Results for Package RWekajars

Last updated on 2016-06-30 17:51:52.

Flavor Version Tinstall Tcheck Ttotal Status Flags
r-devel-linux-x86_64-debian-gcc 3.9.0-1 1.98 12.58 14.56 NOTE
r-devel-linux-x86_64-fedora-clang 3.9.0-1 23.04 NOTE
r-devel-linux-x86_64-fedora-gcc 3.9.0-1 21.41 NOTE
r-devel-osx-x86_64-clang 3.9.0-1 20.96 NOTE
r-devel-windows-ix86+x86_64 3.9.0-1 7.00 27.00 34.00 NOTE
r-patched-linux-x86_64 3.9.0-1 1.94 13.20 15.14 NOTE
r-patched-solaris-sparc 3.9.0-1 148.50 NOTE
r-patched-solaris-x86 3.9.0-1 32.50 NOTE
r-release-linux-x86_64 3.9.0-1 1.78 11.85 13.63 NOTE
r-release-osx-x86_64-mavericks 3.9.0-1 NOTE
r-release-windows-ix86+x86_64 3.9.0-1 6.00 42.00 48.00 NOTE
r-oldrel-windows-ix86+x86_64 3.9.0-1 6.00 26.00 32.00 NOTE

Check Details

Version: 3.9.0-1
Check: installed package size
Result: NOTE
     installed size is 10.6Mb
     sub-directories of 1Mb or more:
     java 10.6Mb
Flavors: r-devel-linux-x86_64-debian-gcc, r-devel-linux-x86_64-fedora-clang, r-devel-linux-x86_64-fedora-gcc, r-devel-osx-x86_64-clang, r-devel-windows-ix86+x86_64, r-patched-linux-x86_64, r-patched-solaris-sparc, r-patched-solaris-x86, r-release-linux-x86_64, r-release-osx-x86_64-mavericks, r-release-windows-ix86+x86_64, r-oldrel-windows-ix86+x86_64