CRAN Package Check Results for Package RWekajars

Last updated on 2016-12-08 23:49:48.

Flavor Version Tinstall Tcheck Ttotal Status Flags
r-devel-linux-x86_64-debian-clang 3.9.0-1 2.03 13.45 15.48 OK
r-devel-linux-x86_64-debian-gcc 3.9.0-1 2.06 13.01 15.07 OK
r-devel-linux-x86_64-fedora-clang 3.9.0-1 27.95 NOTE --no-stop-on-test-error
r-devel-linux-x86_64-fedora-gcc 3.9.0-1 27.63 NOTE --no-stop-on-test-error
r-devel-macos-x86_64-clang 3.9.0-1 23.78 NOTE
r-devel-windows-ix86+x86_64 3.9.0-1 7.00 41.00 48.00 NOTE
r-patched-linux-x86_64 3.9.0-1 1.89 11.12 13.01 OK
r-patched-solaris-sparc 3.9.0-1 148.50 NOTE
r-patched-solaris-x86 3.9.0-1 31.90 NOTE
r-release-linux-x86_64 3.9.0-1 1.87 11.10 12.97 OK
r-release-osx-x86_64-mavericks 3.9.0-1 NOTE
r-release-windows-ix86+x86_64 3.9.0-1 5.00 39.00 44.00 NOTE
r-oldrel-windows-ix86+x86_64 3.9.0-1 5.00 24.00 29.00 NOTE

Check Details

Version: 3.9.0-1
Flags: --no-stop-on-test-error
Check: installed package size
Result: NOTE
     installed size is 10.6Mb
     sub-directories of 1Mb or more:
     java 10.6Mb
Flavors: r-devel-linux-x86_64-fedora-clang, r-devel-linux-x86_64-fedora-gcc

Version: 3.9.0-1
Check: installed package size
Result: NOTE
     installed size is 10.6Mb
     sub-directories of 1Mb or more:
     java 10.6Mb
Flavors: r-devel-macos-x86_64-clang, r-devel-windows-ix86+x86_64, r-patched-solaris-sparc, r-patched-solaris-x86, r-release-osx-x86_64-mavericks, r-release-windows-ix86+x86_64, r-oldrel-windows-ix86+x86_64