CRAN Package Check Results for Package RWekajars

Last updated on 2017-09-25 16:47:32.

Flavor Version Tinstall Tcheck Ttotal Status Flags
r-devel-linux-x86_64-debian-clang 3.9.1-3 1.90 13.76 15.66 OK
r-devel-linux-x86_64-debian-gcc 3.9.1-3 2.01 13.82 15.83 OK
r-devel-linux-x86_64-fedora-clang 3.9.1-3 28.10 NOTE
r-devel-linux-x86_64-fedora-gcc 3.9.1-3 28.86 NOTE
r-devel-windows-ix86+x86_64 3.9.1-3 7.00 28.00 35.00 NOTE
r-patched-linux-x86_64 3.9.1-3 2.01 13.78 15.79 OK
r-patched-solaris-x86 3.9.1-3 38.20 NOTE
r-release-linux-x86_64 3.9.1-3 2.04 13.98 16.02 OK
r-release-windows-ix86+x86_64 3.9.1-3 5.00 30.00 35.00 NOTE
r-release-osx-x86_64 3.9.1-3 NOTE
r-oldrel-windows-ix86+x86_64 3.9.1-3 7.00 43.00 50.00 NOTE
r-oldrel-osx-x86_64 3.9.1-3 NOTE

Check Details

Version: 3.9.1-3
Check: installed package size
Result: NOTE
     installed size is 10.7Mb
     sub-directories of 1Mb or more:
     java 10.6Mb
Flavors: r-devel-linux-x86_64-fedora-clang, r-devel-linux-x86_64-fedora-gcc, r-devel-windows-ix86+x86_64, r-patched-solaris-x86, r-release-windows-ix86+x86_64, r-release-osx-x86_64, r-oldrel-windows-ix86+x86_64, r-oldrel-osx-x86_64