CRAN Package Check Results for Package RWekajars

Last updated on 2017-04-23 23:51:25.

Flavor Version Tinstall Tcheck Ttotal Status Flags
r-devel-linux-x86_64-debian-clang 3.9.1-3 2.00 14.61 16.61 OK
r-devel-linux-x86_64-debian-gcc 3.9.1-3 1.88 14.69 16.57 OK
r-devel-linux-x86_64-fedora-clang 3.9.1-3 27.35 NOTE --no-stop-on-test-error
r-devel-linux-x86_64-fedora-gcc 3.9.1-3 26.40 NOTE --no-stop-on-test-error
r-devel-windows-ix86+x86_64 3.9.1-3 5.00 29.00 34.00 NOTE
r-patched-linux-x86_64 3.9.1-3 1.90 13.41 15.31 OK
r-patched-solaris-sparc 3.9.1-3 168.60 NOTE
r-patched-solaris-x86 3.9.1-3 37.60 NOTE
r-release-linux-x86_64 3.9.1-3 1.88 13.84 15.71 OK
r-release-windows-ix86+x86_64 3.9.1-3 5.00 28.00 33.00 NOTE
r-release-osx-x86_64 3.9.1-3 NOTE
r-oldrel-windows-ix86+x86_64 3.9.1-3 7.00 43.00 50.00 NOTE
r-oldrel-osx-x86_64 3.9.1-3 NOTE

Check Details

Version: 3.9.1-3
Flags: --no-stop-on-test-error
Check: installed package size
Result: NOTE
     installed size is 10.7Mb
     sub-directories of 1Mb or more:
     java 10.6Mb
Flavors: r-devel-linux-x86_64-fedora-clang, r-devel-linux-x86_64-fedora-gcc

Version: 3.9.1-3
Check: installed package size
Result: NOTE
     installed size is 10.6Mb
     sub-directories of 1Mb or more:
     java 10.6Mb
Flavors: r-devel-windows-ix86+x86_64, r-patched-solaris-sparc, r-patched-solaris-x86, r-release-windows-ix86+x86_64, r-release-osx-x86_64, r-oldrel-windows-ix86+x86_64, r-oldrel-osx-x86_64