CRAN Package Check Results for Package RWekajars

Last updated on 2017-11-24 14:50:08 CET.

Flavor Version Tinstall Tcheck Ttotal Status Flags
r-devel-linux-x86_64-debian-clang 3.9.1-5 2.59 41.11 43.70 OK
r-devel-linux-x86_64-debian-gcc 3.9.1-5 1.84 39.00 40.84 OK
r-devel-linux-x86_64-fedora-clang 3.9.1-5 25.71 NOTE
r-devel-linux-x86_64-fedora-gcc 3.9.1-5 24.91 NOTE
r-devel-windows-ix86+x86_64 3.9.1-5 7.00 31.00 38.00 NOTE
r-patched-linux-x86_64 3.9.1-5 2.77 43.81 46.58 OK
r-patched-solaris-x86 3.9.1-5 38.90 NOTE
r-release-linux-x86_64 3.9.1-5 2.92 44.50 47.42 OK
r-release-windows-ix86+x86_64 3.9.1-5 6.00 30.00 36.00 NOTE
r-release-osx-x86_64 3.9.1-5 NOTE
r-oldrel-windows-ix86+x86_64 3.9.1-5 5.00 29.00 34.00 NOTE
r-oldrel-osx-x86_64 3.9.1-5 ERROR

Check Details

Version: 3.9.1-5
Check: installed package size
Result: NOTE
     installed size is 10.7Mb
     sub-directories of 1Mb or more:
     java 10.6Mb
Flavors: r-devel-linux-x86_64-fedora-clang, r-devel-linux-x86_64-fedora-gcc, r-devel-windows-ix86+x86_64, r-patched-solaris-x86, r-release-windows-ix86+x86_64, r-release-osx-x86_64, r-oldrel-windows-ix86+x86_64

Version: 3.9.1-5
Check: whether package can be installed
Result: ERROR
    Installation failed.
Flavor: r-oldrel-osx-x86_64