CRAN Package Check Results for Package RWekajars

Last updated on 2018-02-22 16:48:01 CET.

Flavor Version Tinstall Tcheck Ttotal Status Flags
r-devel-linux-x86_64-debian-clang 3.9.2-1 2.04 19.30 21.34 OK
r-devel-linux-x86_64-debian-gcc 3.9.2-1 1.68 16.65 18.33 OK
r-devel-linux-x86_64-fedora-clang 3.9.2-1 27.68 NOTE
r-devel-linux-x86_64-fedora-gcc 3.9.2-1 25.63 NOTE
r-devel-windows-ix86+x86_64 3.9.2-1 6.00 40.00 46.00 NOTE
r-patched-linux-x86_64 3.9.2-1 2.65 21.62 24.27 OK
r-release-linux-x86_64 3.9.2-1 2.41 21.62 24.03 OK
r-release-windows-ix86+x86_64 3.9.2-1 8.00 41.00 49.00 NOTE
r-release-osx-x86_64 3.9.2-1 NOTE
r-oldrel-windows-ix86+x86_64 3.9.2-1 7.00 41.00 48.00 NOTE
r-oldrel-osx-x86_64 3.9.2-1 ERROR

Check Details

Version: 3.9.2-1
Check: installed package size
Result: NOTE
     installed size is 10.7Mb
     sub-directories of 1Mb or more:
     java 10.6Mb
Flavors: r-devel-linux-x86_64-fedora-clang, r-devel-linux-x86_64-fedora-gcc, r-devel-windows-ix86+x86_64, r-release-windows-ix86+x86_64, r-release-osx-x86_64, r-oldrel-windows-ix86+x86_64

Version: 3.9.2-1
Check: whether package can be installed
Result: ERROR
    Installation failed.
Flavor: r-oldrel-osx-x86_64