CRAN Package Check Results for Package RWekajars

Last updated on 2016-07-26 22:47:49.

Flavor Version Tinstall Tcheck Ttotal Status Flags
r-devel-linux-x86_64-debian-clang 3.9.0-1 2.24 13.00 15.23 NOTE
r-devel-linux-x86_64-debian-gcc 3.9.0-1 1.91 13.58 15.49 NOTE
r-devel-linux-x86_64-fedora-clang 3.9.0-1 22.81 NOTE
r-devel-linux-x86_64-fedora-gcc 3.9.0-1 21.28 NOTE
r-devel-osx-x86_64-clang 3.9.0-1 21.05 NOTE
r-devel-windows-ix86+x86_64 3.9.0-1 5.00 27.00 32.00 NOTE
r-patched-linux-x86_64 3.9.0-1 1.88 13.27 15.15 NOTE
r-patched-solaris-sparc 3.9.0-1 148.50 NOTE
r-patched-solaris-x86 3.9.0-1 31.90 NOTE
r-release-linux-x86_64 3.9.0-1 2.45 12.91 15.36 NOTE
r-release-osx-x86_64-mavericks 3.9.0-1 NOTE
r-release-windows-ix86+x86_64 3.9.0-1 6.00 42.00 48.00 NOTE
r-oldrel-windows-ix86+x86_64 3.9.0-1 6.00 26.00 32.00 NOTE

Check Details

Version: 3.9.0-1
Check: installed package size
Result: NOTE
     installed size is 10.6Mb
     sub-directories of 1Mb or more:
     java 10.6Mb
Flavors: r-devel-linux-x86_64-debian-clang, r-devel-linux-x86_64-debian-gcc, r-devel-linux-x86_64-fedora-clang, r-devel-linux-x86_64-fedora-gcc, r-devel-osx-x86_64-clang, r-devel-windows-ix86+x86_64, r-patched-linux-x86_64, r-patched-solaris-sparc, r-patched-solaris-x86, r-release-linux-x86_64, r-release-osx-x86_64-mavericks, r-release-windows-ix86+x86_64, r-oldrel-windows-ix86+x86_64