CRAN Package Check Results for Package RWekajars

Last updated on 2016-08-29 06:47:23.

Flavor Version Tinstall Tcheck Ttotal Status Flags
r-devel-linux-x86_64-debian-clang 3.9.0-1 1.82 11.79 13.61 NOTE
r-devel-linux-x86_64-debian-gcc 3.9.0-1 1.76 11.33 13.09 NOTE
r-devel-linux-x86_64-fedora-clang 3.9.0-1 23.30 NOTE
r-devel-linux-x86_64-fedora-gcc 3.9.0-1 21.89 NOTE
r-devel-osx-x86_64-clang 3.9.0-1 21.26 NOTE
r-devel-windows-ix86+x86_64 3.9.0-1 8.00 37.00 45.00 NOTE
r-patched-linux-x86_64 3.9.0-1 1.71 11.23 12.94 NOTE
r-patched-solaris-sparc 3.9.0-1 148.50 NOTE
r-patched-solaris-x86 3.9.0-1 31.60 NOTE
r-release-linux-x86_64 3.9.0-1 1.86 11.63 13.49 NOTE
r-release-osx-x86_64-mavericks 3.9.0-1 NOTE
r-release-windows-ix86+x86_64 3.9.0-1 6.00 42.00 48.00 NOTE
r-oldrel-windows-ix86+x86_64 3.9.0-1 6.00 26.00 32.00 NOTE

Check Details

Version: 3.9.0-1
Check: installed package size
Result: NOTE
     installed size is 10.6Mb
     sub-directories of 1Mb or more:
     java 10.6Mb
Flavors: r-devel-linux-x86_64-debian-clang, r-devel-linux-x86_64-debian-gcc, r-devel-linux-x86_64-fedora-clang, r-devel-linux-x86_64-fedora-gcc, r-devel-osx-x86_64-clang, r-devel-windows-ix86+x86_64, r-patched-linux-x86_64, r-patched-solaris-sparc, r-patched-solaris-x86, r-release-linux-x86_64, r-release-osx-x86_64-mavericks, r-release-windows-ix86+x86_64, r-oldrel-windows-ix86+x86_64