CRAN Package Check Results for Package RWekajars

Last updated on 2016-02-14 10:46:57.

Flavor Version Tinstall Tcheck Ttotal Status Flags
r-devel-linux-x86_64-debian-gcc 3.7.12-1 1.56 10.29 11.85 NOTE
r-devel-linux-x86_64-fedora-clang 3.7.12-1 22.66 NOTE
r-devel-linux-x86_64-fedora-gcc 3.7.12-1 20.89 NOTE
r-devel-osx-x86_64-clang 3.7.12-1 27.13 NOTE
r-devel-windows-ix86+x86_64 3.7.12-1 6.00 32.00 38.00 NOTE
r-patched-linux-x86_64 3.7.12-1 1.60 11.51 13.10 NOTE
r-patched-solaris-sparc 3.7.12-1 155.10 NOTE
r-patched-solaris-x86 3.7.12-1 32.50 NOTE
r-release-linux-x86_64 3.7.12-1 1.53 11.58 13.11 NOTE
r-release-osx-x86_64-mavericks 3.7.12-1 NOTE
r-release-windows-ix86+x86_64 3.7.12-1 6.00 22.00 28.00 NOTE
r-oldrel-windows-ix86+x86_64 3.7.12-1 8.00 26.00 34.00 NOTE

Check Details

Version: 3.7.12-1
Check: installed package size
Result: NOTE
     installed size is 7.1Mb
     sub-directories of 1Mb or more:
     java 7.1Mb
Flavors: r-devel-linux-x86_64-debian-gcc, r-devel-linux-x86_64-fedora-clang, r-devel-linux-x86_64-fedora-gcc, r-devel-osx-x86_64-clang, r-devel-windows-ix86+x86_64, r-patched-linux-x86_64, r-patched-solaris-sparc, r-patched-solaris-x86, r-release-linux-x86_64, r-release-osx-x86_64-mavericks, r-release-windows-ix86+x86_64, r-oldrel-windows-ix86+x86_64