CRAN Package Check Results for Package RWekajars

Last updated on 2016-05-01 08:48:30.

Flavor Version Tinstall Tcheck Ttotal Status Flags
r-devel-linux-x86_64-debian-gcc 3.7.13-1 1.52 11.28 12.81 NOTE
r-devel-linux-x86_64-fedora-clang 3.7.13-1 22.49 NOTE
r-devel-linux-x86_64-fedora-gcc 3.7.13-1 21.10 NOTE
r-devel-osx-x86_64-clang 3.7.13-1 27.62 NOTE
r-devel-windows-ix86+x86_64 3.7.13-1 4.00 26.00 30.00 NOTE
r-patched-linux-x86_64 3.7.13-1 1.46 11.19 12.65 NOTE
r-patched-solaris-sparc 3.7.13-1 144.70 NOTE
r-patched-solaris-x86 3.7.13-1 31.60 NOTE
r-release-linux-x86_64 3.7.13-1 1.63 12.15 13.79 NOTE
r-release-osx-x86_64-mavericks 3.7.13-1 NOTE
r-release-windows-ix86+x86_64 3.7.13-1 7.00 35.00 42.00 NOTE
r-oldrel-windows-ix86+x86_64 3.7.13-1 9.00 49.00 58.00 NOTE

Check Details

Version: 3.7.13-1
Check: installed package size
Result: NOTE
     installed size is 7.3Mb
     sub-directories of 1Mb or more:
     java 7.2Mb
Flavors: r-devel-linux-x86_64-debian-gcc, r-devel-linux-x86_64-fedora-clang, r-devel-linux-x86_64-fedora-gcc, r-devel-osx-x86_64-clang, r-devel-windows-ix86+x86_64, r-patched-linux-x86_64, r-patched-solaris-sparc, r-patched-solaris-x86, r-release-linux-x86_64, r-release-osx-x86_64-mavericks, r-release-windows-ix86+x86_64, r-oldrel-windows-ix86+x86_64