CRAN Package Check Results for Package RWekajars

Last updated on 2015-04-19 19:52:02.

Flavor Version Tinstall Tcheck Ttotal Status Flags
r-devel-linux-x86_64-debian-clang 3.7.12-1 1.68 11.78 13.46 NOTE
r-devel-linux-x86_64-debian-gcc 3.7.12-1 1.51 11.69 13.20 NOTE
r-devel-linux-x86_64-fedora-clang 3.7.12-1 26.14 NOTE
r-devel-linux-x86_64-fedora-gcc 3.7.12-1 25.75 NOTE
r-devel-osx-x86_64-clang 3.7.12-1 28.37 NOTE
r-devel-windows-ix86+x86_64 3.7.12-1 6.00 27.00 33.00 NOTE
r-patched-linux-x86_64 3.7.12-1 1.64 12.27 13.91 NOTE
r-patched-solaris-sparc 3.7.12-1 167.50 NOTE
r-patched-solaris-x86 3.7.12-1 40.80 NOTE
r-release-linux-x86_64 3.7.12-1 1.51 11.66 13.16 NOTE
r-release-osx-x86_64-mavericks 3.7.12-1 NOTE
r-release-osx-x86_64-snowleopard 3.7.12-1 NOTE
r-release-windows-ix86+x86_64 3.7.12-1 4.00 22.00 26.00 NOTE
r-oldrel-windows-ix86+x86_64 3.7.12-1 8.00 25.00 33.00 NOTE

Check Details

Version: 3.7.12-1
Check: installed package size
Result: NOTE
     installed size is 7.1Mb
     sub-directories of 1Mb or more:
     java 7.1Mb
Flavors: r-devel-linux-x86_64-debian-clang, r-devel-linux-x86_64-debian-gcc, r-devel-linux-x86_64-fedora-clang, r-devel-linux-x86_64-fedora-gcc, r-devel-osx-x86_64-clang, r-devel-windows-ix86+x86_64, r-patched-linux-x86_64, r-patched-solaris-sparc, r-patched-solaris-x86, r-release-linux-x86_64, r-release-osx-x86_64-mavericks, r-release-osx-x86_64-snowleopard, r-release-windows-ix86+x86_64, r-oldrel-windows-ix86+x86_64