CRAN Package Check Results for Package RWekajars

Last updated on 2016-09-25 06:53:29.

Flavor Version Tinstall Tcheck Ttotal Status Flags
r-devel-linux-x86_64-debian-clang 3.9.0-1 1.72 11.36 13.08 NOTE
r-devel-linux-x86_64-debian-gcc 3.9.0-1 1.60 10.76 12.36 NOTE
r-devel-linux-x86_64-fedora-clang 3.9.0-1 21.83 NOTE
r-devel-linux-x86_64-fedora-gcc 3.9.0-1 20.66 NOTE
r-devel-macos-x86_64-clang 3.9.0-1 19.23 NOTE
r-devel-windows-ix86+x86_64 3.9.0-1 7.00 27.00 34.00 NOTE
r-patched-linux-x86_64 3.9.0-1 1.74 11.37 13.12 NOTE
r-patched-solaris-sparc 3.9.0-1 148.50 NOTE
r-patched-solaris-x86 3.9.0-1 31.70 NOTE
r-release-linux-x86_64 3.9.0-1 1.76 11.30 13.05 NOTE
r-release-osx-x86_64-mavericks 3.9.0-1 NOTE
r-release-windows-ix86+x86_64 3.9.0-1 5.00 36.00 41.00 NOTE
r-oldrel-windows-ix86+x86_64 3.9.0-1 6.00 26.00 32.00 NOTE

Check Details

Version: 3.9.0-1
Check: installed package size
Result: NOTE
     installed size is 10.6Mb
     sub-directories of 1Mb or more:
     java 10.6Mb
Flavors: r-devel-linux-x86_64-debian-clang, r-devel-linux-x86_64-debian-gcc, r-devel-linux-x86_64-fedora-clang, r-devel-linux-x86_64-fedora-gcc, r-devel-macos-x86_64-clang, r-devel-windows-ix86+x86_64, r-patched-linux-x86_64, r-patched-solaris-sparc, r-patched-solaris-x86, r-release-linux-x86_64, r-release-osx-x86_64-mavericks, r-release-windows-ix86+x86_64, r-oldrel-windows-ix86+x86_64