CRAN Package Check Results for Package RWekajars

Last updated on 2014-11-29 08:53:28.

Flavor Version Tinstall Tcheck Ttotal Status Flags
r-devel-linux-x86_64-debian-clang 3.7.11-1 1.91 14.26 16.17 NOTE
r-devel-linux-x86_64-debian-gcc 3.7.11-1 1.81 13.72 15.53 NOTE
r-devel-linux-x86_64-fedora-clang 3.7.11-1 34.99 NOTE
r-devel-linux-x86_64-fedora-gcc 3.7.11-1 35.37 NOTE
r-devel-osx-x86_64-clang 3.7.11-1 31.81 NOTE
r-devel-windows-ix86+x86_64 3.7.11-1 5.00 20.00 25.00 NOTE
r-patched-linux-x86_64 3.7.11-1 1.97 14.22 16.20 NOTE
r-patched-solaris-sparc 3.7.11-1 196.20 NOTE
r-patched-solaris-x86 3.7.11-1 45.70 NOTE
r-release-linux-ix86 3.7.11-1 2.58 18.09 20.66 NOTE
r-release-linux-x86_64 3.7.11-1 2.04 14.38 16.42 NOTE
r-release-osx-x86_64-mavericks 3.7.11-1 NOTE
r-release-osx-x86_64-snowleopard 3.7.11-1 NOTE
r-release-windows-ix86+x86_64 3.7.11-1 6.00 23.00 29.00 NOTE
r-oldrel-windows-ix86+x86_64 3.7.11-1 5.00 23.00 28.00 NOTE

Check Details

Version: 3.7.11-1
Check: installed package size
Result: NOTE
     installed size is 7.1Mb
     sub-directories of 1Mb or more:
     java 7.0Mb
Flavors: r-devel-linux-x86_64-debian-clang, r-devel-linux-x86_64-debian-gcc, r-devel-linux-x86_64-fedora-clang, r-devel-linux-x86_64-fedora-gcc, r-devel-osx-x86_64-clang, r-devel-windows-ix86+x86_64, r-patched-linux-x86_64, r-patched-solaris-sparc, r-patched-solaris-x86, r-release-linux-ix86, r-release-linux-x86_64, r-release-osx-x86_64-mavericks, r-release-osx-x86_64-snowleopard, r-release-windows-ix86+x86_64, r-oldrel-windows-ix86+x86_64