CRAN Package Check Results for Package RWekajars

Last updated on 2017-03-23 03:48:15.

Flavor Version Tinstall Tcheck Ttotal Status Flags
r-devel-linux-x86_64-debian-clang 3.9.1-1 2.04 13.61 15.66 OK
r-devel-linux-x86_64-debian-gcc 3.9.1-1 2.10 13.45 15.54 OK
r-devel-linux-x86_64-fedora-clang 3.9.1-2 23.54 NOTE --no-stop-on-test-error
r-devel-linux-x86_64-fedora-gcc 3.9.1-2 24.78 NOTE --no-stop-on-test-error
r-devel-macos-x86_64-clang 3.9.1-1 23.12 NOTE --no-stop-on-test-error
r-devel-windows-ix86+x86_64 3.9.1-1 5.00 27.00 32.00 NOTE
r-patched-linux-x86_64 3.9.1-1 1.78 11.39 13.17 OK
r-patched-solaris-sparc 3.9.1-2 165.90 NOTE
r-patched-solaris-x86 3.9.1-2 36.80 NOTE
r-release-linux-x86_64 3.9.1-1 1.83 11.59 13.42 OK
r-release-osx-x86_64-mavericks 3.9.1-1 NOTE
r-release-windows-ix86+x86_64 3.9.1-1 7.00 38.00 45.00 NOTE
r-oldrel-windows-ix86+x86_64 3.9.1-1 6.00 26.00 32.00 NOTE

Check Details

Version: 3.9.1-2
Flags: --no-stop-on-test-error
Check: installed package size
Result: NOTE
     installed size is 10.7Mb
     sub-directories of 1Mb or more:
     java 10.6Mb
Flavors: r-devel-linux-x86_64-fedora-clang, r-devel-linux-x86_64-fedora-gcc

Version: 3.9.1-1
Flags: --no-stop-on-test-error
Check: installed package size
Result: NOTE
     installed size is 10.6Mb
     sub-directories of 1Mb or more:
     java 10.6Mb
Flavor: r-devel-macos-x86_64-clang

Version: 3.9.1-1
Check: installed package size
Result: NOTE
     installed size is 10.6Mb
     sub-directories of 1Mb or more:
     java 10.6Mb
Flavors: r-devel-windows-ix86+x86_64, r-release-osx-x86_64-mavericks, r-release-windows-ix86+x86_64, r-oldrel-windows-ix86+x86_64

Version: 3.9.1-2
Check: installed package size
Result: NOTE
     installed size is 11.1Mb
     sub-directories of 1Mb or more:
     java 11.1Mb
Flavors: r-patched-solaris-sparc, r-patched-solaris-x86