CRAN Package Check Results for Package RWekajars

Last updated on 2014-04-24 17:49:53.

Flavor Version Tinstall Tcheck Ttotal Status Flags
r-devel-linux-x86_64-debian-clang 3.7.10-1 2.12 14.66 16.78 NOTE
r-devel-linux-x86_64-debian-gcc 3.7.10-1 2.00 14.79 16.79 NOTE
r-devel-linux-x86_64-fedora-clang 3.7.10-1 34.38 NOTE
r-devel-linux-x86_64-fedora-gcc 3.7.10-1 32.36 NOTE
r-devel-osx-x86_64-clang 3.7.10-1 30.88 NOTE
r-devel-osx-x86_64-gcc 3.7.10-1 NOTE
r-devel-windows-ix86+x86_64 3.7.10-1 5.00 21.00 26.00 NOTE
r-patched-linux-x86_64 3.7.10-1 1.98 14.51 16.50 NOTE
r-patched-solaris-sparc 3.7.10-1 194.20 NOTE
r-patched-solaris-x86 3.7.10-1 47.70 NOTE
r-release-linux-ix86 3.7.10-1 4.00 26.00 30.00 NOTE
r-release-linux-x86_64 3.7.10-1 2.15 14.89 17.04 NOTE
r-release-osx-x86_64-mavericks 3.7.10-1 NOTE
r-release-windows-ix86+x86_64 3.7.10-1 8.00 28.00 36.00 NOTE
r-oldrel-windows-ix86+x86_64 3.7.10-1 4.00 21.00 25.00 NOTE

Check Details

Version: 3.7.10-1
Check: installed package size
Result: NOTE
     installed size is 6.5Mb
     sub-directories of 1Mb or more:
     java 6.4Mb
Flavors: r-devel-linux-x86_64-debian-clang, r-devel-linux-x86_64-debian-gcc, r-devel-linux-x86_64-fedora-clang, r-devel-linux-x86_64-fedora-gcc, r-devel-osx-x86_64-clang, r-devel-osx-x86_64-gcc, r-devel-windows-ix86+x86_64, r-patched-linux-x86_64, r-patched-solaris-sparc, r-patched-solaris-x86, r-release-linux-ix86, r-release-linux-x86_64, r-release-osx-x86_64-mavericks, r-release-windows-ix86+x86_64, r-oldrel-windows-ix86+x86_64