CRAN Package Check Results for Package RWekajars

Last updated on 2017-01-19 03:53:11.

Flavor Version Tinstall Tcheck Ttotal Status Flags
r-devel-linux-x86_64-debian-clang 3.9.1-1 1.72 13.49 15.21 OK
r-devel-linux-x86_64-debian-gcc 3.9.1-1 1.86 13.16 15.03 OK
r-devel-linux-x86_64-fedora-clang 3.9.1-1 26.59 NOTE --no-stop-on-test-error
r-devel-linux-x86_64-fedora-gcc 3.9.1-1 28.42 NOTE --no-stop-on-test-error
r-devel-macos-x86_64-clang 3.9.1-1 13.12 NOTE --no-stop-on-test-error
r-devel-windows-ix86+x86_64 3.9.1-1 8.00 40.00 48.00 NOTE
r-patched-linux-x86_64 3.9.1-1 1.62 11.09 12.71 OK
r-patched-solaris-sparc 3.9.1-1 142.00 NOTE
r-patched-solaris-x86 3.9.1-1 29.20 NOTE
r-release-linux-x86_64 3.9.1-1 1.90 11.07 12.97 OK
r-release-osx-x86_64-mavericks 3.9.1-1 NOTE
r-release-windows-ix86+x86_64 3.9.1-1 7.00 38.00 45.00 NOTE
r-oldrel-windows-ix86+x86_64 3.9.1-1 6.00 26.00 32.00 NOTE

Check Details

Version: 3.9.1-1
Flags: --no-stop-on-test-error
Check: installed package size
Result: NOTE
     installed size is 10.7Mb
     sub-directories of 1Mb or more:
     java 10.6Mb
Flavors: r-devel-linux-x86_64-fedora-clang, r-devel-linux-x86_64-fedora-gcc, r-devel-macos-x86_64-clang

Version: 3.9.1-1
Check: installed package size
Result: NOTE
     installed size is 10.6Mb
     sub-directories of 1Mb or more:
     java 10.6Mb
Flavors: r-devel-windows-ix86+x86_64, r-patched-solaris-sparc, r-patched-solaris-x86, r-release-osx-x86_64-mavericks, r-release-windows-ix86+x86_64, r-oldrel-windows-ix86+x86_64