CRAN Package Check Results for Package RWekajars

Last updated on 2014-08-01 14:47:31.

Flavor Version Tinstall Tcheck Ttotal Status Flags
r-devel-linux-x86_64-debian-clang 3.7.11-1 2.06 13.96 16.02 NOTE
r-devel-linux-x86_64-debian-gcc 3.7.11-1 2.09 13.99 16.08 NOTE
r-devel-linux-x86_64-fedora-clang 3.7.11-1 34.26 NOTE
r-devel-linux-x86_64-fedora-gcc 3.7.11-1 30.76 NOTE
r-devel-osx-x86_64-clang 3.7.11-1 31.16 NOTE
r-devel-windows-ix86+x86_64 3.7.11-1 5.00 20.00 25.00 NOTE
r-patched-linux-x86_64 3.7.11-1 2.08 13.77 15.86 NOTE
r-patched-solaris-sparc 3.7.11-1 191.30 NOTE
r-patched-solaris-x86 3.7.11-1 50.50 NOTE
r-release-linux-ix86 3.7.11-1 2.63 18.40 21.03 NOTE
r-release-linux-x86_64 3.7.11-1 2.10 14.36 16.46 NOTE
r-release-osx-x86_64-mavericks 3.7.11-1 NOTE
r-release-osx-x86_64-snowleopard 3.7.11-1 NOTE
r-release-windows-ix86+x86_64 3.7.11-1 7.00 23.00 30.00 NOTE
r-oldrel-windows-ix86+x86_64 3.7.11-1 5.00 23.00 28.00 NOTE

Check Details

Version: 3.7.11-1
Check: installed package size
Result: NOTE
     installed size is 6.9Mb
     sub-directories of 1Mb or more:
     java 6.8Mb
Flavors: r-devel-linux-x86_64-debian-clang, r-devel-linux-x86_64-debian-gcc, r-devel-linux-x86_64-fedora-clang, r-devel-linux-x86_64-fedora-gcc, r-devel-osx-x86_64-clang, r-devel-windows-ix86+x86_64, r-patched-linux-x86_64, r-patched-solaris-sparc, r-patched-solaris-x86, r-release-linux-ix86, r-release-linux-x86_64, r-release-osx-x86_64-mavericks, r-release-osx-x86_64-snowleopard, r-release-windows-ix86+x86_64, r-oldrel-windows-ix86+x86_64