CRAN Package Check Results for Package RWekajars

Last updated on 2014-09-21 23:47:29.

Flavor Version Tinstall Tcheck Ttotal Status Flags
r-devel-linux-x86_64-debian-clang 3.7.11-1 1.90 14.08 15.99 NOTE
r-devel-linux-x86_64-debian-gcc 3.7.11-1 1.94 13.87 15.81 NOTE
r-devel-linux-x86_64-fedora-clang 3.7.11-1 32.68 NOTE
r-devel-linux-x86_64-fedora-gcc 3.7.11-1 29.55 NOTE
r-devel-osx-x86_64-clang 3.7.11-1 31.60 NOTE
r-devel-windows-ix86+x86_64 3.7.11-1 5.00 22.00 27.00 NOTE
r-patched-linux-x86_64 3.7.11-1 1.98 14.41 16.38 NOTE
r-patched-solaris-sparc 3.7.11-1 196.20 NOTE
r-patched-solaris-x86 3.7.11-1 50.80 NOTE
r-release-linux-ix86 3.7.11-1 2.64 18.88 21.52 NOTE
r-release-linux-x86_64 3.7.11-1 2.11 14.58 16.70 NOTE
r-release-osx-x86_64-mavericks 3.7.11-1 NOTE
r-release-osx-x86_64-snowleopard 3.7.11-1 NOTE
r-release-windows-ix86+x86_64 3.7.11-1 7.00 23.00 30.00 NOTE
r-oldrel-windows-ix86+x86_64 3.7.11-1 5.00 23.00 28.00 NOTE

Check Details

Version: 3.7.11-1
Check: installed package size
Result: NOTE
     installed size is 7.1Mb
     sub-directories of 1Mb or more:
     java 7.0Mb
Flavors: r-devel-linux-x86_64-debian-clang, r-devel-linux-x86_64-debian-gcc, r-devel-linux-x86_64-fedora-clang, r-devel-linux-x86_64-fedora-gcc, r-devel-osx-x86_64-clang, r-devel-windows-ix86+x86_64, r-patched-linux-x86_64, r-patched-solaris-sparc, r-patched-solaris-x86, r-release-linux-ix86, r-release-linux-x86_64, r-release-osx-x86_64-mavericks, r-release-osx-x86_64-snowleopard, r-release-windows-ix86+x86_64, r-oldrel-windows-ix86+x86_64