CRAN Package Check Results for Package RWiener

Last updated on 2015-07-30 22:50:08.

Flavor Version Tinstall Tcheck Ttotal Status Flags
r-devel-linux-x86_64-debian-clang 1.2-0 1.06 8.63 9.69 NOTE
r-devel-linux-x86_64-debian-gcc 1.2-0 1.14 8.60 9.74 NOTE
r-devel-linux-x86_64-fedora-clang 1.2-0 18.67 NOTE
r-devel-linux-x86_64-fedora-gcc 1.2-0 17.39 NOTE
r-devel-osx-x86_64-clang 1.2-0 19.72 OK
r-devel-windows-ix86+x86_64 1.2-0 11.00 20.00 31.00 NOTE
r-patched-linux-x86_64 1.2-0 1.22 8.99 10.21 OK
r-patched-solaris-sparc 1.2-0 118.30 OK
r-patched-solaris-x86 1.2-0 27.60 OK
r-release-linux-x86_64 1.2-0 1.16 8.80 9.96 OK
r-release-osx-x86_64-mavericks 1.2-0 OK
r-release-windows-ix86+x86_64 1.2-0 13.00 38.00 51.00 OK
r-oldrel-windows-ix86+x86_64 1.2-0 13.00 35.00 48.00 OK

Check Details

Version: 1.2-0
Check: R code for possible problems
Result: NOTE
    wiener_plot: no visible global function definition for ‘density’
    wiener_plot: no visible global function definition for ‘par’
    wiener_plot: no visible global function definition for ‘plot’
    wiener_plot: no visible global function definition for ‘rug’
    wiener_plot: no visible global function definition for ‘mtext’
    Undefined global functions or variables:
     density mtext par plot rug
    Consider adding
     importFrom("graphics", "mtext", "par", "plot", "rug")
     importFrom("stats", "density")
    to your NAMESPACE.
Flavors: r-devel-linux-x86_64-debian-clang, r-devel-linux-x86_64-debian-gcc, r-devel-linux-x86_64-fedora-clang, r-devel-linux-x86_64-fedora-gcc, r-devel-windows-ix86+x86_64