CRAN Package Check Results for Package RWiener

Last updated on 2014-04-24 23:48:12.

Flavor Version Tinstall Tcheck Ttotal Status Flags
r-devel-linux-x86_64-debian-clang 1.2-0 1.08 9.37 10.45 OK
r-devel-linux-x86_64-debian-gcc 1.2-0 1.17 9.51 10.68 OK
r-devel-linux-x86_64-fedora-clang 1.2-0 20.41 OK
r-devel-linux-x86_64-fedora-gcc 1.2-0 19.46 OK
r-devel-osx-x86_64-clang 1.2-0 24.28 OK
r-devel-osx-x86_64-gcc 1.2-0 OK
r-devel-windows-ix86+x86_64 1.2-0 7.00 20.00 27.00 OK
r-patched-linux-x86_64 1.2-0 1.15 9.32 10.48 OK
r-patched-solaris-sparc 1.2-0 115.70 OK
r-patched-solaris-x86 1.2-0 29.60 OK
r-release-linux-ix86 1.2-0 2.00 22.00 24.00 OK
r-release-linux-x86_64 1.2-0 1.16 9.43 10.59 OK
r-release-osx-x86_64-mavericks 1.2-0 WARN
r-release-osx-x86_64-snowleopard 1.2-0 OK
r-release-windows-ix86+x86_64 1.2-0 8.00 20.00 28.00 OK
r-oldrel-windows-ix86+x86_64 1.2-0 8.00 20.00 28.00 OK

Check Details

Version: 1.2-0
Check: PDF version of manual
Result: WARNING
    LaTeX errors when creating PDF version.
    This typically indicates Rd problems.
    LaTeX errors found:
    ! LaTeX Error: File `upquote.sty' not found.
    
    Type X to quit or <RETURN> to proceed,
    or enter new name. (Default extension: sty)
    
    22320f/Rd2.tex:8: ==> Fatal error occurred, no output PDF file produced!
Flavor: r-release-osx-x86_64-mavericks