CRAN Package Check Results for Package RWiener

Last updated on 2016-08-29 15:47:35.

Flavor Version Tinstall Tcheck Ttotal Status Flags
r-devel-linux-x86_64-debian-clang 1.2-0 1.21 8.88 10.09 NOTE
r-devel-linux-x86_64-debian-gcc 1.2-0 1.17 8.85 10.03 NOTE
r-devel-linux-x86_64-fedora-clang 1.2-0 16.78 NOTE
r-devel-linux-x86_64-fedora-gcc 1.2-0 16.30 NOTE
r-devel-osx-x86_64-clang 1.2-0 15.53 NOTE
r-devel-windows-ix86+x86_64 1.2-0 16.00 27.00 43.00 NOTE
r-patched-linux-x86_64 1.2-0 1.16 8.77 9.94 NOTE
r-patched-solaris-sparc 1.2-0 97.70 NOTE
r-patched-solaris-x86 1.2-0 22.60 NOTE
r-release-linux-x86_64 1.2-0 1.17 8.60 9.77 NOTE
r-release-osx-x86_64-mavericks 1.2-0 NOTE
r-release-windows-ix86+x86_64 1.2-0 8.00 27.00 35.00 NOTE
r-oldrel-windows-ix86+x86_64 1.2-0 16.00 34.00 50.00 OK

Check Details

Version: 1.2-0
Check: R code for possible problems
Result: NOTE
    wiener_plot: no visible global function definition for ‘density’
    wiener_plot: no visible global function definition for ‘par’
    wiener_plot: no visible global function definition for ‘plot’
    wiener_plot: no visible global function definition for ‘rug’
    wiener_plot: no visible global function definition for ‘mtext’
    Undefined global functions or variables:
     density mtext par plot rug
    Consider adding
     importFrom("graphics", "mtext", "par", "plot", "rug")
     importFrom("stats", "density")
    to your NAMESPACE file.
Flavors: r-devel-linux-x86_64-debian-clang, r-devel-linux-x86_64-debian-gcc, r-devel-linux-x86_64-fedora-clang, r-devel-linux-x86_64-fedora-gcc, r-devel-osx-x86_64-clang, r-devel-windows-ix86+x86_64, r-patched-linux-x86_64, r-patched-solaris-sparc, r-patched-solaris-x86, r-release-linux-x86_64, r-release-osx-x86_64-mavericks, r-release-windows-ix86+x86_64