CRAN Package Check Results for Package RWiener

Last updated on 2016-02-07 03:50:49.

Flavor Version Tinstall Tcheck Ttotal Status Flags
r-devel-linux-x86_64-debian-gcc 1.2-0 1.19 7.72 8.91 NOTE
r-devel-linux-x86_64-fedora-clang 1.2-0 16.24 NOTE
r-devel-linux-x86_64-fedora-gcc 1.2-0 15.20 NOTE
r-devel-osx-x86_64-clang 1.2-0 19.74 NOTE
r-devel-windows-ix86+x86_64 1.2-0 13.00 37.00 50.00 NOTE
r-patched-linux-x86_64 1.2-0 1.14 8.38 9.52 OK
r-patched-solaris-sparc 1.2-0 104.20 OK
r-patched-solaris-x86 1.2-0 23.30 OK
r-release-linux-x86_64 1.2-0 1.23 8.43 9.66 OK
r-release-osx-x86_64-mavericks 1.2-0 OK
r-release-windows-ix86+x86_64 1.2-0 9.00 22.00 31.00 OK
r-oldrel-windows-ix86+x86_64 1.2-0 13.00 23.00 36.00 OK

Check Details

Version: 1.2-0
Check: R code for possible problems
Result: NOTE
    wiener_plot: no visible global function definition for ‘density’
    wiener_plot: no visible global function definition for ‘par’
    wiener_plot: no visible global function definition for ‘plot’
    wiener_plot: no visible global function definition for ‘rug’
    wiener_plot: no visible global function definition for ‘mtext’
    Undefined global functions or variables:
     density mtext par plot rug
    Consider adding
     importFrom("graphics", "mtext", "par", "plot", "rug")
     importFrom("stats", "density")
    to your NAMESPACE file.
Flavors: r-devel-linux-x86_64-debian-gcc, r-devel-linux-x86_64-fedora-clang, r-devel-linux-x86_64-fedora-gcc, r-devel-osx-x86_64-clang, r-devel-windows-ix86+x86_64