CRAN Package Check Results for Package RWiener

Last updated on 2016-09-30 12:50:36.

Flavor Version Tinstall Tcheck Ttotal Status Flags
r-devel-linux-x86_64-debian-clang 1.2-0 1.32 9.76 11.08 NOTE
r-devel-linux-x86_64-debian-gcc 1.2-0 1.32 9.71 11.03 NOTE
r-devel-linux-x86_64-fedora-clang 1.2-0 19.02 NOTE
r-devel-linux-x86_64-fedora-gcc 1.2-0 16.51 NOTE
r-devel-macos-x86_64-clang 1.2-0 15.55 NOTE
r-devel-windows-ix86+x86_64 1.2-0 6.00 37.00 43.00 NOTE
r-patched-linux-x86_64 1.2-0 1.23 9.11 10.34 NOTE
r-patched-solaris-sparc 1.2-0 97.70 NOTE
r-patched-solaris-x86 1.2-0 22.20 NOTE
r-release-linux-x86_64 1.2-0 1.27 8.92 10.19 NOTE
r-release-osx-x86_64-mavericks 1.2-0 NOTE
r-release-windows-ix86+x86_64 1.2-0 6.00 30.00 36.00 NOTE
r-oldrel-windows-ix86+x86_64 1.2-0 16.00 33.00 49.00 OK

Check Details

Version: 1.2-0
Check: R code for possible problems
Result: NOTE
    wiener_plot: no visible global function definition for ‘density’
    wiener_plot: no visible global function definition for ‘par’
    wiener_plot: no visible global function definition for ‘plot’
    wiener_plot: no visible global function definition for ‘rug’
    wiener_plot: no visible global function definition for ‘mtext’
    Undefined global functions or variables:
     density mtext par plot rug
    Consider adding
     importFrom("graphics", "mtext", "par", "plot", "rug")
     importFrom("stats", "density")
    to your NAMESPACE file.
Flavors: r-devel-linux-x86_64-debian-clang, r-devel-linux-x86_64-debian-gcc, r-devel-linux-x86_64-fedora-clang, r-devel-linux-x86_64-fedora-gcc, r-devel-macos-x86_64-clang, r-devel-windows-ix86+x86_64, r-patched-linux-x86_64, r-patched-solaris-sparc, r-patched-solaris-x86, r-release-linux-x86_64, r-release-osx-x86_64-mavericks, r-release-windows-ix86+x86_64