CRAN Package Check Results for Package RWiener

Last updated on 2018-01-17 18:47:12 CET.

Flavor Version Tinstall Tcheck Ttotal Status Flags
r-devel-linux-x86_64-debian-clang 1.3-1 2.20 48.81 51.01 WARN
r-devel-linux-x86_64-debian-gcc 1.3-1 1.60 35.37 36.97 OK
r-devel-linux-x86_64-fedora-clang 1.3-1 57.04 WARN
r-devel-linux-x86_64-fedora-gcc 1.3-1 54.08 OK
r-devel-windows-ix86+x86_64 1.3-1 16.00 83.00 99.00 OK
r-patched-linux-x86_64 1.3-1 1.80 43.94 45.74 OK
r-patched-solaris-x86 1.3-1 64.60 OK
r-release-linux-x86_64 1.3-1 2.03 44.22 46.25 OK
r-release-windows-ix86+x86_64 1.3-1 9.00 103.00 112.00 OK
r-release-osx-x86_64 1.3-1 OK
r-oldrel-windows-ix86+x86_64 1.3-1 15.00 99.00 114.00 OK
r-oldrel-osx-x86_64 1.3-1 OK

Check Details

Version: 1.3-1
Check: whether package can be installed
Result: WARN
    Found the following significant warnings:
     qwiener.c:60:12: warning: explicitly assigning value of variable of type 'double' to itself [-Wself-assign]
     qwiener.c:69:12: warning: explicitly assigning value of variable of type 'double' to itself [-Wself-assign]
Flavors: r-devel-linux-x86_64-debian-clang, r-devel-linux-x86_64-fedora-clang