CRAN Package Check Results for Package RWiener

Last updated on 2018-05-21 23:51:10 CEST.

Flavor Version Tinstall Tcheck Ttotal Status Flags
r-devel-linux-x86_64-debian-clang 1.3-1 4.02 38.47 42.49 WARN
r-devel-linux-x86_64-debian-gcc 1.3-1 3.10 31.92 35.02 OK
r-devel-linux-x86_64-fedora-clang 1.3-1 56.89 WARN
r-devel-linux-x86_64-fedora-gcc 1.3-1 54.67 OK
r-devel-windows-ix86+x86_64 1.3-1 18.00 71.00 89.00 OK
r-patched-linux-x86_64 1.3-1 3.15 43.01 46.16 OK
r-patched-solaris-x86 1.3-1 70.10 OK
r-release-linux-x86_64 1.3-1 3.73 42.47 46.20 OK
r-release-windows-ix86+x86_64 1.3-1 18.00 97.00 115.00 OK
r-release-osx-x86_64 1.3-1 WARN
r-oldrel-windows-ix86+x86_64 1.3-1 19.00 97.00 116.00 OK
r-oldrel-osx-x86_64 1.3-1 OK

Check Details

Version: 1.3-1
Check: whether package can be installed
Result: WARN
    Found the following significant warnings:
     qwiener.c:60:12: warning: explicitly assigning value of variable of type 'double' to itself [-Wself-assign]
     qwiener.c:69:12: warning: explicitly assigning value of variable of type 'double' to itself [-Wself-assign]
Flavors: r-devel-linux-x86_64-debian-clang, r-devel-linux-x86_64-fedora-clang, r-release-osx-x86_64