CRAN Package Check Results for Package RWiener

Last updated on 2017-01-20 23:50:48.

Flavor Version Tinstall Tcheck Ttotal Status Flags
r-devel-linux-x86_64-debian-clang 1.2-0 1.37 10.92 12.29 NOTE
r-devel-linux-x86_64-debian-gcc 1.2-0 1.34 10.41 11.75 NOTE
r-devel-linux-x86_64-fedora-clang 1.2-0 19.59 NOTE --no-stop-on-test-error
r-devel-linux-x86_64-fedora-gcc 1.2-0 20.56 NOTE --no-stop-on-test-error
r-devel-macos-x86_64-clang 1.2-0 17.83 NOTE --no-stop-on-test-error
r-devel-windows-ix86+x86_64 1.2-0 10.00 37.00 47.00 NOTE
r-patched-linux-x86_64 1.2-0 1.18 8.89 10.07 NOTE
r-patched-solaris-sparc 1.2-0 99.90 NOTE
r-patched-solaris-x86 1.2-0 23.90 NOTE
r-release-linux-x86_64 1.2-0 1.19 8.59 9.77 NOTE
r-release-osx-x86_64-mavericks 1.2-0 NOTE
r-release-windows-ix86+x86_64 1.2-0 6.00 40.00 46.00 NOTE
r-oldrel-windows-ix86+x86_64 1.2-0 44.00 32.00 76.00 OK

Check Details

Version: 1.2-0
Check: R code for possible problems
Result: NOTE
    wiener_plot: no visible global function definition for ‘density’
    wiener_plot: no visible global function definition for ‘par’
    wiener_plot: no visible global function definition for ‘plot’
    wiener_plot: no visible global function definition for ‘rug’
    wiener_plot: no visible global function definition for ‘mtext’
    Undefined global functions or variables:
     density mtext par plot rug
    Consider adding
     importFrom("graphics", "mtext", "par", "plot", "rug")
     importFrom("stats", "density")
    to your NAMESPACE file.
Flavors: r-devel-linux-x86_64-debian-clang, r-devel-linux-x86_64-debian-gcc, r-devel-windows-ix86+x86_64, r-patched-linux-x86_64, r-patched-solaris-sparc, r-patched-solaris-x86, r-release-linux-x86_64, r-release-osx-x86_64-mavericks, r-release-windows-ix86+x86_64

Version: 1.2-0
Flags: --no-stop-on-test-error
Check: R code for possible problems
Result: NOTE
    wiener_plot: no visible global function definition for ‘density’
    wiener_plot: no visible global function definition for ‘par’
    wiener_plot: no visible global function definition for ‘plot’
    wiener_plot: no visible global function definition for ‘rug’
    wiener_plot: no visible global function definition for ‘mtext’
    Undefined global functions or variables:
     density mtext par plot rug
    Consider adding
     importFrom("graphics", "mtext", "par", "plot", "rug")
     importFrom("stats", "density")
    to your NAMESPACE file.
Flavors: r-devel-linux-x86_64-fedora-clang, r-devel-linux-x86_64-fedora-gcc, r-devel-macos-x86_64-clang