CRAN Package Check Results for Package RWiener

Last updated on 2015-08-28 10:49:18.

Flavor Version Tinstall Tcheck Ttotal Status Flags
r-devel-linux-x86_64-debian-clang 1.2-0 1.01 8.39 9.40 NOTE
r-devel-linux-x86_64-debian-gcc 1.2-0 1.08 8.07 9.15 NOTE
r-devel-linux-x86_64-fedora-clang 1.2-0 17.61 NOTE
r-devel-linux-x86_64-fedora-gcc 1.2-0 16.34 NOTE
r-devel-osx-x86_64-clang 1.2-0 18.65 OK
r-devel-windows-ix86+x86_64 1.2-0 15.00 24.00 39.00 NOTE
r-patched-linux-x86_64 1.2-0 1.17 8.92 10.08 OK
r-patched-solaris-sparc 1.2-0 118.30 OK
r-patched-solaris-x86 1.2-0 27.90 OK
r-release-linux-x86_64 1.2-0 1.14 8.89 10.03 OK
r-release-osx-x86_64-mavericks 1.2-0 OK
r-release-windows-ix86+x86_64 1.2-0 11.00 32.00 43.00 OK
r-oldrel-windows-ix86+x86_64 1.2-0 14.00 31.00 45.00 OK

Check Details

Version: 1.2-0
Check: R code for possible problems
Result: NOTE
    wiener_plot: no visible global function definition for ‘density’
    wiener_plot: no visible global function definition for ‘par’
    wiener_plot: no visible global function definition for ‘plot’
    wiener_plot: no visible global function definition for ‘rug’
    wiener_plot: no visible global function definition for ‘mtext’
    Undefined global functions or variables:
     density mtext par plot rug
    Consider adding
     importFrom("graphics", "mtext", "par", "plot", "rug")
     importFrom("stats", "density")
    to your NAMESPACE.
Flavors: r-devel-linux-x86_64-debian-clang, r-devel-linux-x86_64-debian-gcc, r-devel-linux-x86_64-fedora-clang, r-devel-linux-x86_64-fedora-gcc, r-devel-windows-ix86+x86_64