CRAN Package Check Results for Package RWiener

Last updated on 2016-07-29 23:47:07.

Flavor Version Tinstall Tcheck Ttotal Status Flags
r-devel-linux-x86_64-debian-clang 1.2-0 1.26 9.00 10.26 NOTE
r-devel-linux-x86_64-debian-gcc 1.2-0 1.20 8.87 10.07 NOTE
r-devel-linux-x86_64-fedora-clang 1.2-0 16.11 NOTE
r-devel-linux-x86_64-fedora-gcc 1.2-0 15.29 NOTE
r-devel-osx-x86_64-clang 1.2-0 15.51 NOTE
r-devel-windows-ix86+x86_64 1.2-0 8.00 27.00 35.00 NOTE
r-patched-linux-x86_64 1.2-0 1.57 11.06 12.63 NOTE
r-patched-solaris-sparc 1.2-0 97.70 NOTE
r-patched-solaris-x86 1.2-0 22.40 NOTE
r-release-linux-x86_64 1.2-0 1.49 10.36 11.85 NOTE
r-release-osx-x86_64-mavericks 1.2-0 NOTE
r-release-windows-ix86+x86_64 1.2-0 8.00 40.00 48.00 NOTE
r-oldrel-windows-ix86+x86_64 1.2-0 13.00 33.00 46.00 OK

Check Details

Version: 1.2-0
Check: R code for possible problems
Result: NOTE
    wiener_plot: no visible global function definition for ‘density’
    wiener_plot: no visible global function definition for ‘par’
    wiener_plot: no visible global function definition for ‘plot’
    wiener_plot: no visible global function definition for ‘rug’
    wiener_plot: no visible global function definition for ‘mtext’
    Undefined global functions or variables:
     density mtext par plot rug
    Consider adding
     importFrom("graphics", "mtext", "par", "plot", "rug")
     importFrom("stats", "density")
    to your NAMESPACE file.
Flavors: r-devel-linux-x86_64-debian-clang, r-devel-linux-x86_64-debian-gcc, r-devel-linux-x86_64-fedora-clang, r-devel-linux-x86_64-fedora-gcc, r-devel-osx-x86_64-clang, r-devel-windows-ix86+x86_64, r-patched-linux-x86_64, r-patched-solaris-sparc, r-patched-solaris-x86, r-release-linux-x86_64, r-release-osx-x86_64-mavericks, r-release-windows-ix86+x86_64