CRAN Package Check Results for Package RWiener

Last updated on 2016-05-27 11:50:22.

Flavor Version Tinstall Tcheck Ttotal Status Flags
r-devel-linux-x86_64-debian-gcc 1.2-0 1.27 8.95 10.22 NOTE
r-devel-linux-x86_64-fedora-clang 1.2-0 16.66 NOTE
r-devel-linux-x86_64-fedora-gcc 1.2-0 16.04 NOTE
r-devel-osx-x86_64-clang 1.2-0 20.53 NOTE
r-devel-windows-ix86+x86_64 1.2-0 7.00 27.00 34.00 NOTE
r-patched-linux-x86_64 1.2-0 1.21 8.70 9.91 NOTE
r-patched-solaris-sparc 1.2-0 98.50 NOTE
r-patched-solaris-x86 1.2-0 22.90 NOTE
r-release-linux-x86_64 1.2-0 1.22 8.89 10.12 NOTE
r-release-osx-x86_64-mavericks 1.2-0 NOTE
r-release-windows-ix86+x86_64 1.2-0 15.00 25.00 40.00 NOTE
r-oldrel-windows-ix86+x86_64 1.2-0 10.00 32.00 42.00 OK

Check Details

Version: 1.2-0
Check: R code for possible problems
Result: NOTE
    wiener_plot: no visible global function definition for ‘density’
    wiener_plot: no visible global function definition for ‘par’
    wiener_plot: no visible global function definition for ‘plot’
    wiener_plot: no visible global function definition for ‘rug’
    wiener_plot: no visible global function definition for ‘mtext’
    Undefined global functions or variables:
     density mtext par plot rug
    Consider adding
     importFrom("graphics", "mtext", "par", "plot", "rug")
     importFrom("stats", "density")
    to your NAMESPACE file.
Flavors: r-devel-linux-x86_64-debian-gcc, r-devel-linux-x86_64-fedora-clang, r-devel-linux-x86_64-fedora-gcc, r-devel-osx-x86_64-clang, r-devel-windows-ix86+x86_64, r-patched-linux-x86_64, r-patched-solaris-sparc, r-patched-solaris-x86, r-release-linux-x86_64, r-release-osx-x86_64-mavericks, r-release-windows-ix86+x86_64