CRAN Package Check Results for Package RWildbook

Last updated on 2019-03-24 16:49:52 CET.

Flavor Version Tinstall Tcheck Ttotal Status Flags
r-devel-linux-x86_64-debian-clang 0.9.3 8.48 85.04 93.52 OK
r-devel-linux-x86_64-debian-gcc 0.9.3 6.33 67.49 73.82 OK
r-devel-linux-x86_64-fedora-clang 0.9.3 115.62 NOTE
r-devel-linux-x86_64-fedora-gcc 0.9.3 107.63 NOTE
r-devel-windows-ix86+x86_64 0.9.3 24.00 130.00 154.00 OK
r-patched-linux-x86_64 0.9.3 6.46 78.92 85.38 OK
r-patched-solaris-x86 0.9.3 157.70 NOTE
r-release-linux-x86_64 0.9.3 5.76 79.73 85.49 OK
r-release-windows-ix86+x86_64 0.9.3 10.00 94.00 104.00 OK
r-release-osx-x86_64 0.9.3 NOTE
r-oldrel-windows-ix86+x86_64 0.9.3 11.00 109.00 120.00 OK
r-oldrel-osx-x86_64 0.9.3 NOTE

Check Details

Version: 0.9.3
Check: data for non-ASCII characters
Result: NOTE
     Note: found 6 marked UTF-8 strings
Flavors: r-devel-linux-x86_64-fedora-clang, r-devel-linux-x86_64-fedora-gcc, r-patched-solaris-x86, r-release-osx-x86_64, r-oldrel-osx-x86_64