CRAN Package Check Results for Package RWildbook

Last updated on 2019-05-26 17:53:07 CEST.

Flavor Version Tinstall Tcheck Ttotal Status Flags
r-devel-linux-x86_64-debian-clang 0.9.3 8.62 86.57 95.19 OK
r-devel-linux-x86_64-debian-gcc 0.9.3 7.58 66.51 74.09 OK
r-devel-linux-x86_64-fedora-clang 0.9.3 113.25 NOTE
r-devel-linux-x86_64-fedora-gcc 0.9.3 113.41 NOTE
r-devel-windows-ix86+x86_64 0.9.3 16.00 94.00 110.00 OK
r-patched-linux-x86_64 0.9.3 OK
r-patched-solaris-x86 0.9.3 175.10 NOTE
r-release-linux-x86_64 0.9.3 8.45 83.58 92.03 OK
r-release-windows-ix86+x86_64 0.9.3 20.00 124.00 144.00 OK
r-release-osx-x86_64 0.9.3 NOTE
r-oldrel-windows-ix86+x86_64 0.9.3 17.00 94.00 111.00 OK
r-oldrel-osx-x86_64 0.9.3 NOTE

Check Details

Version: 0.9.3
Check: data for non-ASCII characters
Result: NOTE
     Note: found 6 marked UTF-8 strings
Flavors: r-devel-linux-x86_64-fedora-clang, r-devel-linux-x86_64-fedora-gcc, r-patched-solaris-x86, r-release-osx-x86_64, r-oldrel-osx-x86_64